{"text_format":"1","workbook":"xlsx","n_sheets":7,"sheets":["Instructions","Meta data_sheet","Meta data_lookup","Raw data_sheet","Raw data_format","24hr_PM10_chart","24hr_PM2.5_chart"],"not_rendered":{"charts":4,"images":0,"macros":1,"external_links":0,"defined_names":10,"comments":0,"pivot_tables":0},"unopened":[{"sheet":"24hr_PM10_chart","index":5,"reason":"not_a_worksheet"},{"sheet":"24hr_PM2.5_chart","index":6,"reason":"not_a_worksheet"}],"bounds":{"document_bytes":16777216,"sheet_cells":100000,"rows_first":2000,"rows_last":500,"rows_between":2000,"halvings":0,"cell_chars":16384,"cell_head_chars":4096},"cells_cut":0,"cells_raw":0,"read":"whole","date_system":"1900"}

{"sheet":"Instructions","index":0,"n_rows":0,"n_cols":0,"rows_kept":0,"cut":false,"hidden":false,"merged":[]}

{"sheet":"Meta data_sheet","index":1,"n_rows":17,"n_cols":5,"rows_kept":17,"cut":false,"hidden":false,"merged":[[18,0,18,1],[16,0,16,1]]}
["Ambient Monitoring Station","Details",null,"Ambient Monitoring Results","Details"]
["Location","Will-gai",null,"PM2.5 monitoring start (dd/mm/yyyy hh:mm)","2019-05-01"]
["Easting",{"$f":"VLOOKUP($B$2,'Meta data_lookup'!$A$2:$D$5,2,FALSE)","v":231804},null,"PM2.5 monitoring end","2019-06-01"]
["Northing",{"$f":"VLOOKUP($B$2,'Meta data_lookup'!$A$2:$D$5,3,FALSE)","v":6596392},null,"PM2.5 monitoring period (h)",{"$f":"(E3-E2)*24","v":744}]
["Site elevation (m)",{"$f":"VLOOKUP($B$2,'Meta data_lookup'!$A$2:$D$5,4,FALSE)","v":294},null,"Number of valid PM2.5 results",{"$f":"COUNTIF('Raw data_sheet'!G2:G745,\"Valid\")","v":527}]
["Description of surrounding land use","Agriculture/Mining",null,"Proportion of valid PM2.5 results (%)",{"$f":"E5/E4","v":0.70833333333333337}]
["Typical sources impacting on the site","Agriculture",null,"PM10 monitoring start (dd/mm/yyyy hh:mm)","2019-05-01"]
["Site compliance with AS/NZS 3580.1.1:2007","Yes",null,"PM10 monitoring end","2019-06-01"]
["PM2.5 method compliance with AS/NZS 3580.9.13:2013\n","Yes",null,"PM10 monitoring period (h)",{"$f":"(E8-E7)*24","v":744}]
["PM2.5 instrument make","Thermo Scientific",null,"Number of valid PM10 results",{"$f":"COUNTIF('Raw data_sheet'!J2:J745,\"Valid\")","v":542}]
["PM2.5 instrument model","1405DF",null,"Proportion of valid PM10 results (%)",{"$f":"E10/E9","v":0.728494623655914}]
["PM2.5 instrument intake height (m)",3.5]
["PM10 method compliance with AS 3580.9.8-2008\n","No*"]
["PM10 instrument make","Thermo Scientific"]
["PM10 instrument model","1405DF"]
["PM10 instrument intake height (m)",3.5]
["*The 1405DF TEOM used at this site measures PM10 indirectly rather than directly. The unit does however meet the intent of AS 3580.9.8-2008, and this method has been accredited by the USEPA. It is considered scientifically robust and is used extensively throughout NSW with EPA's knowledge and informal acceptance."]

{"sheet":"Meta data_lookup","index":2,"n_rows":5,"n_cols":4,"rows_kept":5,"cut":false,"hidden":false,"merged":[]}
["Location","Easting","Northing","Site elevation (m)"]
["Maules Creek",225302,6623037,"ND"]
["Breeza",237993,6542606,"ND"]
["Will-gai",231804,6596392,294]
["Werris Creek",276783,6528734,362]

{"sheet":"Raw data_sheet","index":3,"n_rows":745,"n_cols":21,"rows_kept":745,"cut":false,"hidden":false,"merged":[]}
["Year","Month","Day","Hour","Date and time","PM2.5_hourly","PM2.5_Data_Status","PM2.5_24hr_rolling_average","PM10_hourly","PM10_Data_Status","PM10_24hr_rolling_average","Cause of data invalidity, if applicable","Detailed comments","PM2.5_hourly_valid_plot","PM2.5_24hr_rolling_ave_valid_plot","PM10_hourly_valid_plot","PM10_24hr_rolling_ave_valid_plot","PM10_hourly_valid_plot_series","PM10_24hr_rolling_average_valid_plot_series","PM2.5_hourly_valid_plot_series","PM2.5_24hr_rolling_average_valid_plot_series"]
[2019,5,1,0,{"$f":"DATE(A2,B2,C2)+TIME(D2,0,0)","v":43586},{"$f":"NA()","v":{"$error":"#N/A"}},"Invalid",{"$f":"NA()","v":{"$error":"#N/A"}},{"$f":"NA()","v":{"$error":"#N/A"}},"Invalid",{"$f":"NA()","v":{"$error":"#N/A"}},null,"Technical fault rendered data unreliable",{"$f":"IF(G2=\"Valid\", F2, NA())","v":{"$error":"#N/A"}},{"$f":"IF(G2=\"Valid\", H2, NA())","v":{"$error":"#N/A"}},{"$f":"IF(J2=\"Valid\", I2, NA())","v":{"$error":"#N/A"}},{"$f":"IF(J2=\"Valid\", K2, NA())","v":{"$error":"#N/A"}}]
[{"$f":"A2","v":2019},{"$f":"B2","v":5},{"$f":"C2","v":1},{"$f":"IF(D2=23,0,D2+1)","v":1},{"$f":"E2+0.0416666666666666","v":43586.041666666664},{"$f":"NA()","v":{"$error":"#N/A"}},"Invalid",{"$f":"NA()","v":{"$error":"#N/A"}},{"$f":"NA()","v":{"$error":"#N/A"}},"Invalid",{"$f":"NA()","v":{"$error":"#N/A"}},null,"Technical fault rendered data unreliable",{"$error":"#N/A"},{"$error":"#N/A"},{"$error":"#N/A"},{"$error":"#N/A"}]
[{"$f":"A3","v":2019},{"$f":"B3","v":5},1,{"$f":"IF(D3=23,0,D3+1)","v":2},{"$f":"E3+0.0416666666666666","v":43586.083333333328},{"$f":"NA()","v":{"$error":"#N/A"}},"Invalid",{"$f":"NA()","v":{"$error":"#N/A"}},{"$f":"NA()","v":{"$error":"#N/A"}},"Invalid",{"$f":"NA()","v":{"$error":"#N/A"}},null,"Technical fault rendered data unreliable",{"$error":"#N/A"},{"$error":"#N/A"},{"$error":"#N/A"},{"$error":"#N/A"}]
[2019,5,1,3,43586.124999999993,{"$f":"NA()","v":{"$error":"#N/A"}},"Invalid",{"$f":"NA()","v":{"$error":"#N/A"}},{"$f":"NA()","v":{"$error":"#N/A"}},"Invalid",{"$f":"NA()","v":{"$error":"#N/A"}},null,"Technical fault rendered data unreliable",{"$error":"#N/A"},{"$error":"#N/A"},{"$error":"#N/A"},{"$error":"#N/A"}]
[2019,5,1,4,43586.166666666657,{"$f":"NA()","v":{"$error":"#N/A"}},"Invalid",{"$f":"NA()","v":{"$error":"#N/A"}},{"$f":"NA()","v":{"$error":"#N/A"}},"Invalid",{"$f":"NA()","v":{"$error":"#N/A"}},null,"Technical fault rendered data unreliable",{"$error":"#N/A"},{"$error":"#N/A"},{"$error":"#N/A"},{"$error":"#N/A"}]
[2019,5,1,5,43586.208333333321,{"$f":"NA()","v":{"$error":"#N/A"}},"Invalid",{"$f":"NA()","v":{"$error":"#N/A"}},{"$f":"NA()","v":{"$error":"#N/A"}},"Invalid",{"$f":"NA()","v":{"$error":"#N/A"}},null,"Technical fault rendered data unreliable",{"$error":"#N/A"},{"$error":"#N/A"},{"$error":"#N/A"},{"$error":"#N/A"}]
[2019,5,1,6,43586.249999999985,{"$f":"NA()","v":{"$error":"#N/A"}},"Invalid",{"$f":"NA()","v":{"$error":"#N/A"}},{"$f":"NA()","v":{"$error":"#N/A"}},"Invalid",{"$f":"NA()","v":{"$error":"#N/A"}},null,"Technical fault rendered data unreliable",{"$error":"#N/A"},{"$error":"#N/A"},{"$error":"#N/A"},{"$error":"#N/A"}]
[2019,5,1,7,43586.29166666665,{"$f":"NA()","v":{"$error":"#N/A"}},"Invalid",{"$f":"NA()","v":{"$error":"#N/A"}},{"$f":"NA()","v":{"$error":"#N/A"}},"Invalid",{"$f":"NA()","v":{"$error":"#N/A"}},null,"Technical fault rendered data unreliable",{"$error":"#N/A"},{"$error":"#N/A"},{"$error":"#N/A"},{"$error":"#N/A"}]
[2019,5,1,8,43586.333333333314,{"$f":"NA()","v":{"$error":"#N/A"}},"Invalid",{"$f":"NA()","v":{"$error":"#N/A"}},{"$f":"NA()","v":{"$error":"#N/A"}},"Invalid",{"$f":"NA()","v":{"$error":"#N/A"}},null,"Technical fault rendered data unreliable",{"$error":"#N/A"},{"$error":"#N/A"},{"$error":"#N/A"},{"$error":"#N/A"}]
[2019,5,1,9,43586.374999999978,{"$f":"NA()","v":{"$error":"#N/A"}},"Invalid",{"$f":"NA()","v":{"$error":"#N/A"}},{"$f":"NA()","v":{"$error":"#N/A"}},"Invalid",{"$f":"NA()","v":{"$error":"#N/A"}},null,"Technical fault rendered data unreliable",{"$error":"#N/A"},{"$error":"#N/A"},{"$error":"#N/A"},{"$error":"#N/A"}]
[2019,5,1,10,43586.416666666642,{"$f":"NA()","v":{"$error":"#N/A"}},"Invalid",{"$f":"NA()","v":{"$error":"#N/A"}},{"$f":"NA()","v":{"$error":"#N/A"}},"Invalid",{"$f":"NA()","v":{"$error":"#N/A"}},null,"Technical fault rendered data unreliable",{"$error":"#N/A"},{"$error":"#N/A"},{"$error":"#N/A"},{"$error":"#N/A"}]
[2019,5,1,11,43586.458333333307,{"$f":"NA()","v":{"$error":"#N/A"}},"Invalid",{"$f":"NA()","v":{"$error":"#N/A"}},{"$f":"NA()","v":{"$error":"#N/A"}},"Invalid",{"$f":"NA()","v":{"$error":"#N/A"}},null,"Technical fault rendered data unreliable",{"$error":"#N/A"},{"$error":"#N/A"},{"$error":"#N/A"},{"$error":"#N/A"}]
[2019,5,1,12,43586.499999999971,{"$f":"NA()","v":{"$error":"#N/A"}},"Invalid",{"$f":"NA()","v":{"$error":"#N/A"}},{"$f":"NA()","v":{"$error":"#N/A"}},"Invalid",{"$f":"NA()","v":{"$error":"#N/A"}},null,"Technical fault rendered data unreliable",{"$error":"#N/A"},{"$error":"#N/A"},{"$error":"#N/A"},{"$error":"#N/A"}]
[2019,5,1,13,43586.541666666635,{"$f":"NA()","v":{"$error":"#N/A"}},"Invalid",{"$f":"NA()","v":{"$error":"#N/A"}},{"$f":"NA()","v":{"$error":"#N/A"}},"Invalid",{"$f":"NA()","v":{"$error":"#N/A"}},null,"Technical fault rendered data unreliable",{"$error":"#N/A"},{"$error":"#N/A"},{"$error":"#N/A"},{"$error":"#N/A"}]
[2019,5,1,14,43586.583333333299,{"$f":"NA()","v":{"$error":"#N/A"}},"Invalid",{"$f":"NA()","v":{"$error":"#N/A"}},{"$f":"NA()","v":{"$error":"#N/A"}},"Invalid",{"$f":"NA()","v":{"$error":"#N/A"}},null,"Technical fault rendered data unreliable",{"$error":"#N/A"},{"$error":"#N/A"},{"$error":"#N/A"},{"$error":"#N/A"}]
[2019,5,1,15,43586.624999999964,{"$f":"NA()","v":{"$error":"#N/A"}},"Invalid",{"$f":"NA()","v":{"$error":"#N/A"}},{"$f":"NA()","v":{"$error":"#N/A"}},"Invalid",{"$f":"NA()","v":{"$error":"#N/A"}},null,"Technical fault rendered data unreliable",{"$error":"#N/A"},{"$error":"#N/A"},{"$error":"#N/A"},{"$error":"#N/A"}]
[2019,5,1,16,43586.666666666628,{"$f":"NA()","v":{"$error":"#N/A"}},"Invalid",{"$f":"NA()","v":{"$error":"#N/A"}},{"$f":"NA()","v":{"$error":"#N/A"}},"Invalid",{"$f":"NA()","v":{"$error":"#N/A"}},null,"Technical fault rendered data unreliable",{"$error":"#N/A"},{"$error":"#N/A"},{"$error":"#N/A"},{"$error":"#N/A"}]
[2019,5,1,17,43586.708333333292,{"$f":"NA()","v":{"$error":"#N/A"}},"Invalid",{"$f":"NA()","v":{"$error":"#N/A"}},{"$f":"NA()","v":{"$error":"#N/A"}},"Invalid",{"$f":"NA()","v":{"$error":"#N/A"}},null,"Technical fault rendered data unreliable",{"$error":"#N/A"},{"$error":"#N/A"},{"$error":"#N/A"},{"$error":"#N/A"}]
[2019,5,1,18,43586.749999999956,{"$f":"NA()","v":{"$error":"#N/A"}},"Invalid",{"$f":"NA()","v":{"$error":"#N/A"}},{"$f":"NA()","v":{"$error":"#N/A"}},"Invalid",{"$f":"NA()","v":{"$error":"#N/A"}},null,"Technical fault rendered data unreliable",{"$error":"#N/A"},{"$error":"#N/A"},{"$error":"#N/A"},{"$error":"#N/A"}]
[2019,5,1,19,43586.791666666621,{"$f":"NA()","v":{"$error":"#N/A"}},"Invalid",{"$f":"NA()","v":{"$error":"#N/A"}},{"$f":"NA()","v":{"$error":"#N/A"}},"Invalid",{"$f":"NA()","v":{"$error":"#N/A"}},null,"Technical fault rendered data unreliable",{"$error":"#N/A"},{"$error":"#N/A"},{"$error":"#N/A"},{"$error":"#N/A"}]
[2019,5,1,20,43586.833333333285,{"$f":"NA()","v":{"$error":"#N/A"}},"Invalid",{"$f":"NA()","v":{"$error":"#N/A"}},{"$f":"NA()","v":{"$error":"#N/A"}},"Invalid",{"$f":"NA()","v":{"$error":"#N/A"}},null,"Technical fault rendered data unreliable",{"$error":"#N/A"},{"$error":"#N/A"},{"$error":"#N/A"},{"$error":"#N/A"}]
[2019,5,1,21,43586.874999999949,{"$f":"NA()","v":{"$error":"#N/A"}},"Invalid",{"$f":"NA()","v":{"$error":"#N/A"}},{"$f":"NA()","v":{"$error":"#N/A"}},"Invalid",{"$f":"NA()","v":{"$error":"#N/A"}},null,"Technical fault rendered data unreliable",{"$error":"#N/A"},{"$error":"#N/A"},{"$error":"#N/A"},{"$error":"#N/A"}]
[2019,5,1,22,43586.916666666613,{"$f":"NA()","v":{"$error":"#N/A"}},"Invalid",{"$f":"NA()","v":{"$error":"#N/A"}},{"$f":"NA()","v":{"$error":"#N/A"}},"Invalid",{"$f":"NA()","v":{"$error":"#N/A"}},null,"Technical fault rendered data unreliable",{"$error":"#N/A"},{"$error":"#N/A"},{"$error":"#N/A"},{"$error":"#N/A"}]
[2019,{"$f":"B24","v":5},{"$f":"C24","v":1},23,43586.958333333278,{"$f":"NA()","v":{"$error":"#N/A"}},"Invalid",{"$f":"NA()","v":{"$error":"#N/A"}},{"$f":"NA()","v":{"$error":"#N/A"}},"Invalid",{"$f":"NA()","v":{"$error":"#N/A"}},null,"Technical fault rendered data unreliable",{"$error":"#N/A"},{"$error":"#N/A"},{"$error":"#N/A"},{"$error":"#N/A"}]
[2019,{"$f":"B25","v":5},{"$f":"C2+1","v":2},0,43586.999999999942,{"$f":"NA()","v":{"$error":"#N/A"}},"Invalid",{"$f":"NA()","v":{"$error":"#N/A"}},{"$f":"NA()","v":{"$error":"#N/A"}},"Invalid",{"$f":"NA()","v":{"$error":"#N/A"}},null,"Technical fault rendered data unreliable",{"$error":"#N/A"},{"$error":"#N/A"},{"$error":"#N/A"},{"$error":"#N/A"}]
[2019,{"$f":"B26","v":5},{"$f":"C3+1","v":2},1,43587.041666666606,{"$f":"NA()","v":{"$error":"#N/A"}},"Invalid",{"$f":"NA()","v":{"$error":"#N/A"}},{"$f":"NA()","v":{"$error":"#N/A"}},"Invalid",{"$f":"NA()","v":{"$error":"#N/A"}},null,"Technical fault rendered data unreliable",{"$error":"#N/A"},{"$error":"#N/A"},{"$error":"#N/A"},{"$error":"#N/A"}]
[2019,5,2,2,43587.08333333327,{"$f":"NA()","v":{"$error":"#N/A"}},"Invalid",{"$f":"NA()","v":{"$error":"#N/A"}},{"$f":"NA()","v":{"$error":"#N/A"}},"Invalid",{"$f":"NA()","v":{"$error":"#N/A"}},null,"Technical fault rendered data unreliable",{"$error":"#N/A"},{"$error":"#N/A"},{"$error":"#N/A"},{"$error":"#N/A"}]
[2019,5,2,3,43587.124999999935,{"$f":"NA()","v":{"$error":"#N/A"}},"Invalid",{"$f":"NA()","v":{"$error":"#N/A"}},{"$f":"NA()","v":{"$error":"#N/A"}},"Invalid",{"$f":"NA()","v":{"$error":"#N/A"}},null,"Technical fault rendered data unreliable",{"$error":"#N/A"},{"$error":"#N/A"},{"$error":"#N/A"},{"$error":"#N/A"}]
[2019,5,2,4,43587.166666666599,{"$f":"NA()","v":{"$error":"#N/A"}},"Invalid",{"$f":"NA()","v":{"$error":"#N/A"}},{"$f":"NA()","v":{"$error":"#N/A"}},"Invalid",{"$f":"NA()","v":{"$error":"#N/A"}},null,"Technical fault rendered data unreliable",{"$error":"#N/A"},{"$error":"#N/A"},{"$error":"#N/A"},{"$error":"#N/A"}]
[2019,5,2,5,43587.208333333263,{"$f":"NA()","v":{"$error":"#N/A"}},"Invalid",{"$f":"NA()","v":{"$error":"#N/A"}},{"$f":"NA()","v":{"$error":"#N/A"}},"Invalid",{"$f":"NA()","v":{"$error":"#N/A"}},null,"Technical fault rendered data unreliable",{"$error":"#N/A"},{"$error":"#N/A"},{"$error":"#N/A"},{"$error":"#N/A"}]
[2019,5,2,6,43587.249999999927,{"$f":"NA()","v":{"$error":"#N/A"}},"Invalid",{"$f":"NA()","v":{"$error":"#N/A"}},{"$f":"NA()","v":{"$error":"#N/A"}},"Invalid",{"$f":"NA()","v":{"$error":"#N/A"}},null,"Technical fault rendered data unreliable",{"$error":"#N/A"},{"$error":"#N/A"},{"$error":"#N/A"},{"$error":"#N/A"}]
[2019,5,2,7,43587.291666666591,{"$f":"NA()","v":{"$error":"#N/A"}},"Invalid",{"$f":"NA()","v":{"$error":"#N/A"}},{"$f":"NA()","v":{"$error":"#N/A"}},"Invalid",{"$f":"NA()","v":{"$error":"#N/A"}},null,"Technical fault rendered data unreliable",{"$error":"#N/A"},{"$error":"#N/A"},{"$error":"#N/A"},{"$error":"#N/A"}]
[2019,5,2,8,43587.333333333256,{"$f":"NA()","v":{"$error":"#N/A"}},"Invalid",{"$f":"NA()","v":{"$error":"#N/A"}},{"$f":"NA()","v":{"$error":"#N/A"}},"Invalid",{"$f":"NA()","v":{"$error":"#N/A"}},null,"Technical fault rendered data unreliable",{"$error":"#N/A"},{"$error":"#N/A"},{"$error":"#N/A"},{"$error":"#N/A"}]
[2019,5,2,9,43587.37499999992,{"$f":"NA()","v":{"$error":"#N/A"}},"Invalid",{"$f":"NA()","v":{"$error":"#N/A"}},{"$f":"NA()","v":{"$error":"#N/A"}},"Invalid",{"$f":"NA()","v":{"$error":"#N/A"}},null,"Technical fault rendered data unreliable",{"$error":"#N/A"},{"$error":"#N/A"},{"$error":"#N/A"},{"$error":"#N/A"}]
[2019,5,2,10,43587.416666666584,{"$f":"NA()","v":{"$error":"#N/A"}},"Invalid",{"$f":"NA()","v":{"$error":"#N/A"}},{"$f":"NA()","v":{"$error":"#N/A"}},"Invalid",{"$f":"NA()","v":{"$error":"#N/A"}},null,"Technical fault rendered data unreliable",{"$error":"#N/A"},{"$error":"#N/A"},{"$error":"#N/A"},{"$error":"#N/A"}]
[2019,5,2,11,43587.458333333248,{"$f":"NA()","v":{"$error":"#N/A"}},"Invalid",{"$f":"NA()","v":{"$error":"#N/A"}},{"$f":"NA()","v":{"$error":"#N/A"}},"Invalid",{"$f":"NA()","v":{"$error":"#N/A"}},null,"Technical fault rendered data unreliable",{"$error":"#N/A"},{"$error":"#N/A"},{"$error":"#N/A"},{"$error":"#N/A"}]
[2019,5,2,12,43587.499999999913,{"$f":"NA()","v":{"$error":"#N/A"}},"Invalid",{"$f":"NA()","v":{"$error":"#N/A"}},{"$f":"NA()","v":{"$error":"#N/A"}},"Invalid",{"$f":"NA()","v":{"$error":"#N/A"}},null,"Technical fault rendered data unreliable",{"$error":"#N/A"},{"$error":"#N/A"},{"$error":"#N/A"},{"$error":"#N/A"}]
[2019,5,2,13,43587.541666666577,{"$f":"NA()","v":{"$error":"#N/A"}},"Invalid",{"$f":"NA()","v":{"$error":"#N/A"}},{"$f":"NA()","v":{"$error":"#N/A"}},"Invalid",{"$f":"NA()","v":{"$error":"#N/A"}},null,"Technical fault rendered data unreliable",{"$error":"#N/A"},{"$error":"#N/A"},{"$error":"#N/A"},{"$error":"#N/A"}]
[2019,5,2,14,43587.583333333241,{"$f":"NA()","v":{"$error":"#N/A"}},"Invalid",{"$f":"NA()","v":{"$error":"#N/A"}},{"$f":"NA()","v":{"$error":"#N/A"}},"Invalid",{"$f":"NA()","v":{"$error":"#N/A"}},null,"Technical fault rendered data unreliable",{"$error":"#N/A"},{"$error":"#N/A"},{"$error":"#N/A"},{"$error":"#N/A"}]
[2019,5,2,15,43587.624999999905,{"$f":"NA()","v":{"$error":"#N/A"}},"Invalid",{"$f":"NA()","v":{"$error":"#N/A"}},{"$f":"NA()","v":{"$error":"#N/A"}},"Invalid",{"$f":"NA()","v":{"$error":"#N/A"}},null,"Technical fault rendered data unreliable",{"$error":"#N/A"},{"$error":"#N/A"},{"$error":"#N/A"},{"$error":"#N/A"}]
[2019,5,2,16,43587.66666666657,{"$f":"NA()","v":{"$error":"#N/A"}},"Invalid",{"$f":"NA()","v":{"$error":"#N/A"}},{"$f":"NA()","v":{"$error":"#N/A"}},"Invalid",{"$f":"NA()","v":{"$error":"#N/A"}},null,"Technical fault rendered data unreliable",{"$error":"#N/A"},{"$error":"#N/A"},{"$error":"#N/A"},{"$error":"#N/A"}]
[2019,5,2,17,43587.708333333234,{"$f":"NA()","v":{"$error":"#N/A"}},"Invalid",{"$f":"NA()","v":{"$error":"#N/A"}},{"$f":"NA()","v":{"$error":"#N/A"}},"Invalid",{"$f":"NA()","v":{"$error":"#N/A"}},null,"Technical fault rendered data unreliable",{"$error":"#N/A"},{"$error":"#N/A"},{"$error":"#N/A"},{"$error":"#N/A"}]
[2019,5,2,18,43587.749999999898,{"$f":"NA()","v":{"$error":"#N/A"}},"Invalid",{"$f":"NA()","v":{"$error":"#N/A"}},{"$f":"NA()","v":{"$error":"#N/A"}},"Invalid",{"$f":"NA()","v":{"$error":"#N/A"}},null,"Technical fault rendered data unreliable",{"$error":"#N/A"},{"$error":"#N/A"},{"$error":"#N/A"},{"$error":"#N/A"}]
[2019,5,2,19,43587.791666666562,{"$f":"NA()","v":{"$error":"#N/A"}},"Invalid",{"$f":"NA()","v":{"$error":"#N/A"}},{"$f":"NA()","v":{"$error":"#N/A"}},"Invalid",{"$f":"NA()","v":{"$error":"#N/A"}},null,"Technical fault rendered data unreliable",{"$error":"#N/A"},{"$error":"#N/A"},{"$error":"#N/A"},{"$error":"#N/A"}]
[2019,5,2,20,43587.833333333227,{"$f":"NA()","v":{"$error":"#N/A"}},"Invalid",{"$f":"NA()","v":{"$error":"#N/A"}},{"$f":"NA()","v":{"$error":"#N/A"}},"Invalid",{"$f":"NA()","v":{"$error":"#N/A"}},null,"Technical fault rendered data unreliable",{"$error":"#N/A"},{"$error":"#N/A"},{"$error":"#N/A"},{"$error":"#N/A"}]
[2019,5,2,21,43587.874999999891,{"$f":"NA()","v":{"$error":"#N/A"}},"Invalid",{"$f":"NA()","v":{"$error":"#N/A"}},{"$f":"NA()","v":{"$error":"#N/A"}},"Invalid",{"$f":"NA()","v":{"$error":"#N/A"}},null,"Technical fault rendered data unreliable",{"$error":"#N/A"},{"$error":"#N/A"},{"$error":"#N/A"},{"$error":"#N/A"}]
[2019,5,2,22,43587.916666666555,{"$f":"NA()","v":{"$error":"#N/A"}},"Invalid",{"$f":"NA()","v":{"$error":"#N/A"}},{"$f":"NA()","v":{"$error":"#N/A"}},"Invalid",{"$f":"NA()","v":{"$error":"#N/A"}},null,"Technical fault rendered data unreliable",{"$error":"#N/A"},{"$error":"#N/A"},{"$error":"#N/A"},{"$error":"#N/A"}]
[2019,5,2,23,43587.958333333219,{"$f":"NA()","v":{"$error":"#N/A"}},"Invalid",{"$f":"NA()","v":{"$error":"#N/A"}},{"$f":"NA()","v":{"$error":"#N/A"}},"Invalid",{"$f":"NA()","v":{"$error":"#N/A"}},null,"Technical fault rendered data unreliable",{"$error":"#N/A"},{"$error":"#N/A"},{"$error":"#N/A"},{"$error":"#N/A"}]
[2019,5,3,0,43587.999999999884,{"$f":"NA()","v":{"$error":"#N/A"}},"Invalid",{"$f":"NA()","v":{"$error":"#N/A"}},{"$f":"NA()","v":{"$error":"#N/A"}},"Invalid",{"$f":"NA()","v":{"$error":"#N/A"}},null,"Technical fault rendered data unreliable",{"$error":"#N/A"},{"$error":"#N/A"},{"$error":"#N/A"},{"$error":"#N/A"}]
[2019,5,3,1,43588.041666666548,{"$f":"NA()","v":{"$error":"#N/A"}},"Invalid",{"$f":"NA()","v":{"$error":"#N/A"}},{"$f":"NA()","v":{"$error":"#N/A"}},"Invalid",{"$f":"NA()","v":{"$error":"#N/A"}},null,"Technical fault rendered data unreliable",{"$error":"#N/A"},{"$error":"#N/A"},{"$error":"#N/A"},{"$error":"#N/A"}]
[2019,5,3,2,43588.083333333212,{"$f":"NA()","v":{"$error":"#N/A"}},"Invalid",{"$f":"NA()","v":{"$error":"#N/A"}},{"$f":"NA()","v":{"$error":"#N/A"}},"Invalid",{"$f":"NA()","v":{"$error":"#N/A"}},null,"Technical fault rendered data unreliable",{"$error":"#N/A"},{"$error":"#N/A"},{"$error":"#N/A"},{"$error":"#N/A"}]
[2019,5,3,3,43588.124999999876,{"$f":"NA()","v":{"$error":"#N/A"}},"Invalid",{"$f":"NA()","v":{"$error":"#N/A"}},{"$f":"NA()","v":{"$error":"#N/A"}},"Invalid",{"$f":"NA()","v":{"$error":"#N/A"}},null,"Technical fault rendered data unreliable",{"$error":"#N/A"},{"$error":"#N/A"},{"$error":"#N/A"},{"$error":"#N/A"}]
[2019,5,3,4,43588.166666666541,{"$f":"NA()","v":{"$error":"#N/A"}},"Invalid",{"$f":"NA()","v":{"$error":"#N/A"}},{"$f":"NA()","v":{"$error":"#N/A"}},"Invalid",{"$f":"NA()","v":{"$error":"#N/A"}},null,"Technical fault rendered data unreliable",{"$error":"#N/A"},{"$error":"#N/A"},{"$error":"#N/A"},{"$error":"#N/A"}]
[2019,5,3,5,43588.208333333205,{"$f":"NA()","v":{"$error":"#N/A"}},"Invalid",{"$f":"NA()","v":{"$error":"#N/A"}},{"$f":"NA()","v":{"$error":"#N/A"}},"Invalid",{"$f":"NA()","v":{"$error":"#N/A"}},null,"Technical fault rendered data unreliable",{"$error":"#N/A"},{"$error":"#N/A"},{"$error":"#N/A"},{"$error":"#N/A"}]
[2019,5,3,6,43588.249999999869,{"$f":"NA()","v":{"$error":"#N/A"}},"Invalid",{"$f":"NA()","v":{"$error":"#N/A"}},{"$f":"NA()","v":{"$error":"#N/A"}},"Invalid",{"$f":"NA()","v":{"$error":"#N/A"}},null,"Technical fault rendered data unreliable",{"$error":"#N/A"},{"$error":"#N/A"},{"$error":"#N/A"},{"$error":"#N/A"}]
[2019,5,3,7,43588.291666666533,{"$f":"NA()","v":{"$error":"#N/A"}},"Invalid",{"$f":"NA()","v":{"$error":"#N/A"}},{"$f":"NA()","v":{"$error":"#N/A"}},"Invalid",{"$f":"NA()","v":{"$error":"#N/A"}},null,"Technical fault rendered data unreliable",{"$error":"#N/A"},{"$error":"#N/A"},{"$error":"#N/A"},{"$error":"#N/A"}]
[2019,5,3,8,43588.333333333198,{"$f":"NA()","v":{"$error":"#N/A"}},"Invalid",{"$f":"NA()","v":{"$error":"#N/A"}},{"$f":"NA()","v":{"$error":"#N/A"}},"Invalid",{"$f":"NA()","v":{"$error":"#N/A"}},null,"Technical fault rendered data unreliable",{"$error":"#N/A"},{"$error":"#N/A"},{"$error":"#N/A"},{"$error":"#N/A"}]
[2019,5,3,9,43588.374999999862,{"$f":"NA()","v":{"$error":"#N/A"}},"Invalid",{"$f":"NA()","v":{"$error":"#N/A"}},{"$f":"NA()","v":{"$error":"#N/A"}},"Invalid",{"$f":"NA()","v":{"$error":"#N/A"}},null,"Technical fault rendered data unreliable",{"$error":"#N/A"},{"$error":"#N/A"},{"$error":"#N/A"},{"$error":"#N/A"}]
[2019,5,3,10,43588.416666666526,{"$f":"NA()","v":{"$error":"#N/A"}},"Invalid",{"$f":"NA()","v":{"$error":"#N/A"}},{"$f":"NA()","v":{"$error":"#N/A"}},"Invalid",{"$f":"NA()","v":{"$error":"#N/A"}},null,"Technical fault rendered data unreliable",{"$error":"#N/A"},{"$error":"#N/A"},{"$error":"#N/A"},{"$error":"#N/A"}]
[2019,5,3,11,43588.45833333319,{"$f":"NA()","v":{"$error":"#N/A"}},"Invalid",{"$f":"NA()","v":{"$error":"#N/A"}},{"$f":"NA()","v":{"$error":"#N/A"}},"Invalid",{"$f":"NA()","v":{"$error":"#N/A"}},null,"Technical fault rendered data unreliable",{"$error":"#N/A"},{"$error":"#N/A"},{"$error":"#N/A"},{"$error":"#N/A"}]
[2019,5,3,12,43588.499999999854,{"$f":"NA()","v":{"$error":"#N/A"}},"Invalid",{"$f":"NA()","v":{"$error":"#N/A"}},{"$f":"NA()","v":{"$error":"#N/A"}},"Invalid",{"$f":"NA()","v":{"$error":"#N/A"}},null,"Technical fault rendered data unreliable",{"$error":"#N/A"},{"$error":"#N/A"},{"$error":"#N/A"},{"$error":"#N/A"}]
[2019,5,3,13,43588.541666666519,{"$f":"NA()","v":{"$error":"#N/A"}},"Invalid",{"$f":"NA()","v":{"$error":"#N/A"}},{"$f":"NA()","v":{"$error":"#N/A"}},"Invalid",{"$f":"NA()","v":{"$error":"#N/A"}},null,"Technical fault rendered data unreliable",{"$error":"#N/A"},{"$error":"#N/A"},{"$error":"#N/A"},{"$error":"#N/A"}]
[2019,5,3,14,43588.583333333183,{"$f":"NA()","v":{"$error":"#N/A"}},"Invalid",{"$f":"NA()","v":{"$error":"#N/A"}},{"$f":"NA()","v":{"$error":"#N/A"}},"Invalid",{"$f":"NA()","v":{"$error":"#N/A"}},null,"Technical fault rendered data unreliable",{"$error":"#N/A"},{"$error":"#N/A"},{"$error":"#N/A"},{"$error":"#N/A"}]
[2019,5,3,15,43588.624999999847,{"$f":"NA()","v":{"$error":"#N/A"}},"Invalid",{"$f":"NA()","v":{"$error":"#N/A"}},{"$f":"NA()","v":{"$error":"#N/A"}},"Invalid",{"$f":"NA()","v":{"$error":"#N/A"}},null,"Technical fault rendered data unreliable",{"$error":"#N/A"},{"$error":"#N/A"},{"$error":"#N/A"},{"$error":"#N/A"}]
[2019,5,3,16,43588.666666666511,{"$f":"NA()","v":{"$error":"#N/A"}},"Invalid",{"$f":"NA()","v":{"$error":"#N/A"}},{"$f":"NA()","v":{"$error":"#N/A"}},"Invalid",{"$f":"NA()","v":{"$error":"#N/A"}},null,"Technical fault rendered data unreliable",{"$f":"IF(G66=\"Valid\", F66, NA())","v":{"$error":"#N/A"}},{"$f":"IF(G66=\"Valid\", H66, NA())","v":{"$error":"#N/A"}},{"$f":"IF(J66=\"Valid\", I66, NA())","v":{"$error":"#N/A"}},{"$f":"IF(J66=\"Valid\", K66, NA())","v":{"$error":"#N/A"}}]
[2019,5,3,17,43588.708333333176,{"$f":"NA()","v":{"$error":"#N/A"}},"Invalid",{"$f":"NA()","v":{"$error":"#N/A"}},{"$f":"NA()","v":{"$error":"#N/A"}},"Invalid",{"$f":"NA()","v":{"$error":"#N/A"}},null,"Technical fault rendered data unreliable",{"$error":"#N/A"},{"$error":"#N/A"},{"$error":"#N/A"},{"$error":"#N/A"}]
[{"$f":"A67","v":2019},5,3,{"$f":"IF(D67=23,0,D67+1)","v":18},{"$f":"E67+0.0416666666666666","v":43588.74999999984},{"$f":"NA()","v":{"$error":"#N/A"}},"Invalid",{"$f":"NA()","v":{"$error":"#N/A"}},{"$f":"NA()","v":{"$error":"#N/A"}},"Invalid",{"$f":"NA()","v":{"$error":"#N/A"}},null,"Technical fault rendered data unreliable",{"$error":"#N/A"},{"$error":"#N/A"},{"$error":"#N/A"},{"$error":"#N/A"}]
[2019,5,3,19,43588.791666666504,{"$f":"NA()","v":{"$error":"#N/A"}},"Invalid",{"$f":"NA()","v":{"$error":"#N/A"}},{"$f":"NA()","v":{"$error":"#N/A"}},"Invalid",{"$f":"NA()","v":{"$error":"#N/A"}},null,"Technical fault rendered data unreliable",{"$error":"#N/A"},{"$error":"#N/A"},{"$error":"#N/A"},{"$error":"#N/A"}]
[2019,5,3,20,43588.833333333168,{"$f":"NA()","v":{"$error":"#N/A"}},"Invalid",{"$f":"NA()","v":{"$error":"#N/A"}},{"$f":"NA()","v":{"$error":"#N/A"}},"Invalid",{"$f":"NA()","v":{"$error":"#N/A"}},null,"Technical fault rendered data unreliable",{"$error":"#N/A"},{"$error":"#N/A"},{"$error":"#N/A"},{"$error":"#N/A"}]
[2019,5,3,21,43588.874999999833,{"$f":"NA()","v":{"$error":"#N/A"}},"Invalid",{"$f":"NA()","v":{"$error":"#N/A"}},{"$f":"NA()","v":{"$error":"#N/A"}},"Invalid",{"$f":"NA()","v":{"$error":"#N/A"}},null,"Technical fault rendered data unreliable",{"$error":"#N/A"},{"$error":"#N/A"},{"$error":"#N/A"},{"$error":"#N/A"}]
[2019,5,3,22,43588.916666666497,{"$f":"NA()","v":{"$error":"#N/A"}},"Invalid",{"$f":"NA()","v":{"$error":"#N/A"}},{"$f":"NA()","v":{"$error":"#N/A"}},"Invalid",{"$f":"NA()","v":{"$error":"#N/A"}},null,"Technical fault rendered data unreliable",{"$error":"#N/A"},{"$error":"#N/A"},{"$error":"#N/A"},{"$error":"#N/A"}]
[2019,5,3,23,43588.958333333161,{"$f":"NA()","v":{"$error":"#N/A"}},"Invalid",{"$f":"NA()","v":{"$error":"#N/A"}},{"$f":"NA()","v":{"$error":"#N/A"}},"Invalid",{"$f":"NA()","v":{"$error":"#N/A"}},null,"Technical fault rendered data unreliable",{"$error":"#N/A"},{"$error":"#N/A"},{"$error":"#N/A"},{"$error":"#N/A"}]
[2019,5,4,0,43588.999999999825,{"$f":"NA()","v":{"$error":"#N/A"}},"Invalid",{"$f":"NA()","v":{"$error":"#N/A"}},{"$f":"NA()","v":{"$error":"#N/A"}},"Invalid",{"$f":"NA()","v":{"$error":"#N/A"}},null,"Technical fault rendered data unreliable",{"$error":"#N/A"},{"$error":"#N/A"},{"$error":"#N/A"},{"$error":"#N/A"}]
[2019,5,4,1,43589.04166666649,{"$f":"NA()","v":{"$error":"#N/A"}},"Invalid",{"$f":"NA()","v":{"$error":"#N/A"}},{"$f":"NA()","v":{"$error":"#N/A"}},"Invalid",{"$f":"NA()","v":{"$error":"#N/A"}},null,"Technical fault rendered data unreliable",{"$error":"#N/A"},{"$error":"#N/A"},{"$error":"#N/A"},{"$error":"#N/A"}]
[2019,5,4,2,43589.083333333154,{"$f":"NA()","v":{"$error":"#N/A"}},"Invalid",{"$f":"NA()","v":{"$error":"#N/A"}},{"$f":"NA()","v":{"$error":"#N/A"}},"Invalid",{"$f":"NA()","v":{"$error":"#N/A"}},null,"Technical fault rendered data unreliable",{"$error":"#N/A"},{"$error":"#N/A"},{"$error":"#N/A"},{"$error":"#N/A"}]
[2019,5,4,3,43589.124999999818,{"$f":"NA()","v":{"$error":"#N/A"}},"Invalid",{"$f":"NA()","v":{"$error":"#N/A"}},{"$f":"NA()","v":{"$error":"#N/A"}},"Invalid",{"$f":"NA()","v":{"$error":"#N/A"}},null,"Technical fault rendered data unreliable",{"$error":"#N/A"},{"$error":"#N/A"},{"$error":"#N/A"},{"$error":"#N/A"}]
[2019,5,4,4,43589.166666666482,{"$f":"NA()","v":{"$error":"#N/A"}},"Invalid",{"$f":"NA()","v":{"$error":"#N/A"}},{"$f":"NA()","v":{"$error":"#N/A"}},"Invalid",{"$f":"NA()","v":{"$error":"#N/A"}},null,"Technical fault rendered data unreliable",{"$error":"#N/A"},{"$error":"#N/A"},{"$error":"#N/A"},{"$error":"#N/A"}]
[2019,5,4,5,43589.208333333147,{"$f":"NA()","v":{"$error":"#N/A"}},"Invalid",{"$f":"NA()","v":{"$error":"#N/A"}},{"$f":"NA()","v":{"$error":"#N/A"}},"Invalid",{"$f":"NA()","v":{"$error":"#N/A"}},null,"Technical fault rendered data unreliable",{"$error":"#N/A"},{"$error":"#N/A"},{"$error":"#N/A"},{"$error":"#N/A"}]
[2019,5,4,6,43589.249999999811,{"$f":"NA()","v":{"$error":"#N/A"}},"Invalid",{"$f":"NA()","v":{"$error":"#N/A"}},{"$f":"NA()","v":{"$error":"#N/A"}},"Invalid",{"$f":"NA()","v":{"$error":"#N/A"}},null,"Technical fault rendered data unreliable",{"$error":"#N/A"},{"$error":"#N/A"},{"$error":"#N/A"},{"$error":"#N/A"}]
[2019,5,4,7,43589.291666666475,{"$f":"NA()","v":{"$error":"#N/A"}},"Invalid",{"$f":"NA()","v":{"$error":"#N/A"}},{"$f":"NA()","v":{"$error":"#N/A"}},"Invalid",{"$f":"NA()","v":{"$error":"#N/A"}},null,"Technical fault rendered data unreliable",{"$error":"#N/A"},{"$error":"#N/A"},{"$error":"#N/A"},{"$error":"#N/A"}]
[2019,5,4,8,43589.333333333139,{"$f":"NA()","v":{"$error":"#N/A"}},"Invalid",{"$f":"NA()","v":{"$error":"#N/A"}},{"$f":"NA()","v":{"$error":"#N/A"}},"Invalid",{"$f":"NA()","v":{"$error":"#N/A"}},null,"Technical fault rendered data unreliable",{"$error":"#N/A"},{"$error":"#N/A"},{"$error":"#N/A"},{"$error":"#N/A"}]
[2019,5,4,9,43589.374999999804,{"$f":"NA()","v":{"$error":"#N/A"}},"Invalid",{"$f":"NA()","v":{"$error":"#N/A"}},{"$f":"NA()","v":{"$error":"#N/A"}},"Invalid",{"$f":"NA()","v":{"$error":"#N/A"}},null,"Technical fault rendered data unreliable",{"$error":"#N/A"},{"$error":"#N/A"},{"$error":"#N/A"},{"$error":"#N/A"}]
[2019,5,4,10,43589.416666666468,{"$f":"NA()","v":{"$error":"#N/A"}},"Invalid",{"$f":"NA()","v":{"$error":"#N/A"}},{"$f":"NA()","v":{"$error":"#N/A"}},"Invalid",{"$f":"NA()","v":{"$error":"#N/A"}},null,"Technical fault rendered data unreliable",{"$error":"#N/A"},{"$error":"#N/A"},{"$error":"#N/A"},{"$error":"#N/A"}]
[2019,5,4,11,43589.458333333132,{"$f":"NA()","v":{"$error":"#N/A"}},"Invalid",{"$f":"NA()","v":{"$error":"#N/A"}},{"$f":"NA()","v":{"$error":"#N/A"}},"Invalid",{"$f":"NA()","v":{"$error":"#N/A"}},null,"Technical fault rendered data unreliable",{"$error":"#N/A"},{"$error":"#N/A"},{"$error":"#N/A"},{"$error":"#N/A"}]
[2019,5,4,12,43589.499999999796,{"$f":"NA()","v":{"$error":"#N/A"}},"Invalid",{"$f":"NA()","v":{"$error":"#N/A"}},{"$f":"NA()","v":{"$error":"#N/A"}},"Invalid",{"$f":"NA()","v":{"$error":"#N/A"}},null,"Technical fault rendered data unreliable",{"$error":"#N/A"},{"$error":"#N/A"},{"$error":"#N/A"},{"$error":"#N/A"}]
[2019,5,4,13,43589.541666666461,{"$f":"NA()","v":{"$error":"#N/A"}},"Invalid",{"$f":"NA()","v":{"$error":"#N/A"}},{"$f":"NA()","v":{"$error":"#N/A"}},"Invalid",{"$f":"NA()","v":{"$error":"#N/A"}},null,"Technical fault rendered data unreliable",{"$error":"#N/A"},{"$error":"#N/A"},{"$error":"#N/A"},{"$error":"#N/A"}]
[2019,5,4,14,43589.583333333125,{"$f":"NA()","v":{"$error":"#N/A"}},"Invalid",{"$f":"NA()","v":{"$error":"#N/A"}},{"$f":"NA()","v":{"$error":"#N/A"}},"Invalid",{"$f":"NA()","v":{"$error":"#N/A"}},null,"Technical fault rendered data unreliable",{"$error":"#N/A"},{"$error":"#N/A"},{"$error":"#N/A"},{"$error":"#N/A"}]
[2019,5,4,15,43589.624999999789,{"$f":"NA()","v":{"$error":"#N/A"}},"Invalid",{"$f":"NA()","v":{"$error":"#N/A"}},{"$f":"NA()","v":{"$error":"#N/A"}},"Invalid",{"$f":"NA()","v":{"$error":"#N/A"}},null,"Technical fault rendered data unreliable",{"$error":"#N/A"},{"$error":"#N/A"},{"$error":"#N/A"},{"$error":"#N/A"}]
[2019,5,4,16,43589.666666666453,{"$f":"NA()","v":{"$error":"#N/A"}},"Invalid",{"$f":"NA()","v":{"$error":"#N/A"}},{"$f":"NA()","v":{"$error":"#N/A"}},"Invalid",{"$f":"NA()","v":{"$error":"#N/A"}},null,"Technical fault rendered data unreliable",{"$error":"#N/A"},{"$error":"#N/A"},{"$error":"#N/A"},{"$error":"#N/A"}]
[2019,{"$f":"B90","v":5},{"$f":"C67+1","v":4},17,43589.708333333117,{"$f":"NA()","v":{"$error":"#N/A"}},"Invalid",{"$f":"NA()","v":{"$error":"#N/A"}},{"$f":"NA()","v":{"$error":"#N/A"}},"Invalid",{"$f":"NA()","v":{"$error":"#N/A"}},null,"Technical fault rendered data unreliable",{"$error":"#N/A"},{"$error":"#N/A"},{"$error":"#N/A"},{"$error":"#N/A"}]
[2019,5,4,18,43589.749999999782,{"$f":"NA()","v":{"$error":"#N/A"}},"Invalid",{"$f":"NA()","v":{"$error":"#N/A"}},{"$f":"NA()","v":{"$error":"#N/A"}},"Invalid",{"$f":"NA()","v":{"$error":"#N/A"}},null,"Technical fault rendered data unreliable",{"$error":"#N/A"},{"$error":"#N/A"},{"$error":"#N/A"},{"$error":"#N/A"}]
[2019,5,4,19,43589.791666666446,{"$f":"NA()","v":{"$error":"#N/A"}},"Invalid",{"$f":"NA()","v":{"$error":"#N/A"}},{"$f":"NA()","v":{"$error":"#N/A"}},"Invalid",{"$f":"NA()","v":{"$error":"#N/A"}},null,"Technical fault rendered data unreliable",{"$error":"#N/A"},{"$error":"#N/A"},{"$error":"#N/A"},{"$error":"#N/A"}]
[2019,5,4,20,43589.83333333311,{"$f":"NA()","v":{"$error":"#N/A"}},"Invalid",{"$f":"NA()","v":{"$error":"#N/A"}},{"$f":"NA()","v":{"$error":"#N/A"}},"Invalid",{"$f":"NA()","v":{"$error":"#N/A"}},null,"Technical fault rendered data unreliable",{"$error":"#N/A"},{"$error":"#N/A"},{"$error":"#N/A"},{"$error":"#N/A"}]
[2019,5,4,21,43589.874999999774,{"$f":"NA()","v":{"$error":"#N/A"}},"Invalid",{"$f":"NA()","v":{"$error":"#N/A"}},{"$f":"NA()","v":{"$error":"#N/A"}},"Invalid",{"$f":"NA()","v":{"$error":"#N/A"}},null,"Technical fault rendered data unreliable",{"$error":"#N/A"},{"$error":"#N/A"},{"$error":"#N/A"},{"$error":"#N/A"}]
[2019,5,4,22,43589.916666666439,{"$f":"NA()","v":{"$error":"#N/A"}},"Invalid",{"$f":"NA()","v":{"$error":"#N/A"}},{"$f":"NA()","v":{"$error":"#N/A"}},"Invalid",{"$f":"NA()","v":{"$error":"#N/A"}},null,"Technical fault rendered data unreliable",{"$error":"#N/A"},{"$error":"#N/A"},{"$error":"#N/A"},{"$error":"#N/A"}]
[2019,5,4,23,43589.958333333103,{"$f":"NA()","v":{"$error":"#N/A"}},"Invalid",{"$f":"NA()","v":{"$error":"#N/A"}},{"$f":"NA()","v":{"$error":"#N/A"}},"Invalid",{"$f":"NA()","v":{"$error":"#N/A"}},null,"Technical fault rendered data unreliable",{"$error":"#N/A"},{"$error":"#N/A"},{"$error":"#N/A"},{"$error":"#N/A"}]
[2019,5,5,0,43589.999999999767,{"$f":"NA()","v":{"$error":"#N/A"}},"Invalid",{"$f":"NA()","v":{"$error":"#N/A"}},{"$f":"NA()","v":{"$error":"#N/A"}},"Invalid",{"$f":"NA()","v":{"$error":"#N/A"}},null,"Technical fault rendered data unreliable",{"$error":"#N/A"},{"$error":"#N/A"},{"$error":"#N/A"},{"$error":"#N/A"}]
[2019,5,5,1,43590.041666666431,{"$f":"NA()","v":{"$error":"#N/A"}},"Invalid",{"$f":"NA()","v":{"$error":"#N/A"}},{"$f":"NA()","v":{"$error":"#N/A"}},"Invalid",{"$f":"NA()","v":{"$error":"#N/A"}},null,"Technical fault rendered data unreliable",{"$error":"#N/A"},{"$error":"#N/A"},{"$error":"#N/A"},{"$error":"#N/A"}]
[2019,5,5,2,43590.083333333096,{"$f":"NA()","v":{"$error":"#N/A"}},"Invalid",{"$f":"NA()","v":{"$error":"#N/A"}},{"$f":"NA()","v":{"$error":"#N/A"}},"Invalid",{"$f":"NA()","v":{"$error":"#N/A"}},null,"Technical fault rendered data unreliable",{"$error":"#N/A"},{"$error":"#N/A"},{"$error":"#N/A"},{"$error":"#N/A"}]
[2019,5,5,3,43590.12499999976,{"$f":"NA()","v":{"$error":"#N/A"}},"Invalid",{"$f":"NA()","v":{"$error":"#N/A"}},{"$f":"NA()","v":{"$error":"#N/A"}},"Invalid",{"$f":"NA()","v":{"$error":"#N/A"}},null,"Technical fault rendered data unreliable",{"$error":"#N/A"},{"$error":"#N/A"},{"$error":"#N/A"},{"$error":"#N/A"}]
[2019,5,5,4,43590.166666666424,{"$f":"NA()","v":{"$error":"#N/A"}},"Invalid",{"$f":"NA()","v":{"$error":"#N/A"}},{"$f":"NA()","v":{"$error":"#N/A"}},"Invalid",{"$f":"NA()","v":{"$error":"#N/A"}},null,"Technical fault rendered data unreliable",{"$error":"#N/A"},{"$error":"#N/A"},{"$error":"#N/A"},{"$error":"#N/A"}]
[2019,5,5,5,43590.208333333088,{"$f":"NA()","v":{"$error":"#N/A"}},"Invalid",{"$f":"NA()","v":{"$error":"#N/A"}},{"$f":"NA()","v":{"$error":"#N/A"}},"Invalid",{"$f":"NA()","v":{"$error":"#N/A"}},null,"Technical fault rendered data unreliable",{"$error":"#N/A"},{"$error":"#N/A"},{"$error":"#N/A"},{"$error":"#N/A"}]
[2019,5,5,6,43590.249999999753,{"$f":"NA()","v":{"$error":"#N/A"}},"Invalid",{"$f":"NA()","v":{"$error":"#N/A"}},{"$f":"NA()","v":{"$error":"#N/A"}},"Invalid",{"$f":"NA()","v":{"$error":"#N/A"}},null,"Technical fault rendered data unreliable",{"$error":"#N/A"},{"$error":"#N/A"},{"$error":"#N/A"},{"$error":"#N/A"}]
[2019,5,5,7,43590.291666666417,{"$f":"NA()","v":{"$error":"#N/A"}},"Invalid",{"$f":"NA()","v":{"$error":"#N/A"}},{"$f":"NA()","v":{"$error":"#N/A"}},"Invalid",{"$f":"NA()","v":{"$error":"#N/A"}},null,"Technical fault rendered data unreliable",{"$error":"#N/A"},{"$error":"#N/A"},{"$error":"#N/A"},{"$error":"#N/A"}]
[2019,5,5,8,43590.333333333081,{"$f":"NA()","v":{"$error":"#N/A"}},"Invalid",{"$f":"NA()","v":{"$error":"#N/A"}},{"$f":"NA()","v":{"$error":"#N/A"}},"Invalid",{"$f":"NA()","v":{"$error":"#N/A"}},null,"Technical fault rendered data unreliable",{"$error":"#N/A"},{"$error":"#N/A"},{"$error":"#N/A"},{"$error":"#N/A"}]
[2019,5,5,9,43590.374999999745,{"$f":"NA()","v":{"$error":"#N/A"}},"Invalid",{"$f":"NA()","v":{"$error":"#N/A"}},{"$f":"NA()","v":{"$error":"#N/A"}},"Invalid",{"$f":"NA()","v":{"$error":"#N/A"}},null,"Technical fault rendered data unreliable",{"$error":"#N/A"},{"$error":"#N/A"},{"$error":"#N/A"},{"$error":"#N/A"}]
[2019,5,5,10,43590.41666666641,{"$f":"NA()","v":{"$error":"#N/A"}},"Invalid",{"$f":"NA()","v":{"$error":"#N/A"}},{"$f":"NA()","v":{"$error":"#N/A"}},"Invalid",{"$f":"NA()","v":{"$error":"#N/A"}},null,"Technical fault rendered data unreliable",{"$error":"#N/A"},{"$error":"#N/A"},{"$error":"#N/A"},{"$error":"#N/A"}]
[2019,5,5,11,43590.458333333074,{"$f":"NA()","v":{"$error":"#N/A"}},"Invalid",{"$f":"NA()","v":{"$error":"#N/A"}},{"$f":"NA()","v":{"$error":"#N/A"}},"Invalid",{"$f":"NA()","v":{"$error":"#N/A"}},null,"Technical fault rendered data unreliable",{"$error":"#N/A"},{"$error":"#N/A"},{"$error":"#N/A"},{"$error":"#N/A"}]
[2019,5,5,12,43590.499999999738,{"$f":"NA()","v":{"$error":"#N/A"}},"Invalid",{"$f":"NA()","v":{"$error":"#N/A"}},{"$f":"NA()","v":{"$error":"#N/A"}},"Invalid",{"$f":"NA()","v":{"$error":"#N/A"}},null,"Technical fault rendered data unreliable",{"$error":"#N/A"},{"$error":"#N/A"},{"$error":"#N/A"},{"$error":"#N/A"}]
[2019,5,5,13,43590.541666666402,{"$f":"NA()","v":{"$error":"#N/A"}},"Invalid",{"$f":"NA()","v":{"$error":"#N/A"}},{"$f":"NA()","v":{"$error":"#N/A"}},"Invalid",{"$f":"NA()","v":{"$error":"#N/A"}},null,"Technical fault rendered data unreliable",{"$error":"#N/A"},{"$error":"#N/A"},{"$error":"#N/A"},{"$error":"#N/A"}]
[2019,5,5,14,43590.583333333067,{"$f":"NA()","v":{"$error":"#N/A"}},"Invalid",{"$f":"NA()","v":{"$error":"#N/A"}},{"$f":"NA()","v":{"$error":"#N/A"}},"Invalid",{"$f":"NA()","v":{"$error":"#N/A"}},null,"Technical fault rendered data unreliable",{"$error":"#N/A"},{"$error":"#N/A"},{"$error":"#N/A"},{"$error":"#N/A"}]
[2019,5,5,15,43590.624999999731,{"$f":"NA()","v":{"$error":"#N/A"}},"Invalid",{"$f":"NA()","v":{"$error":"#N/A"}},{"$f":"NA()","v":{"$error":"#N/A"}},"Invalid",{"$f":"NA()","v":{"$error":"#N/A"}},null,"Technical fault rendered data unreliable",{"$error":"#N/A"},{"$error":"#N/A"},{"$error":"#N/A"},{"$error":"#N/A"}]
[2019,5,5,16,43590.666666666395,{"$f":"NA()","v":{"$error":"#N/A"}},"Invalid",{"$f":"NA()","v":{"$error":"#N/A"}},{"$f":"NA()","v":{"$error":"#N/A"}},"Invalid",{"$f":"NA()","v":{"$error":"#N/A"}},null,"Technical fault rendered data unreliable",{"$error":"#N/A"},{"$error":"#N/A"},{"$error":"#N/A"},{"$error":"#N/A"}]
[2019,5,5,17,43590.708333333059,{"$f":"NA()","v":{"$error":"#N/A"}},"Invalid",{"$f":"NA()","v":{"$error":"#N/A"}},{"$f":"NA()","v":{"$error":"#N/A"}},"Invalid",{"$f":"NA()","v":{"$error":"#N/A"}},null,"Technical fault rendered data unreliable",{"$error":"#N/A"},{"$error":"#N/A"},{"$error":"#N/A"},{"$error":"#N/A"}]
[2019,5,5,18,43590.749999999724,{"$f":"NA()","v":{"$error":"#N/A"}},"Invalid",{"$f":"NA()","v":{"$error":"#N/A"}},{"$f":"NA()","v":{"$error":"#N/A"}},"Invalid",{"$f":"NA()","v":{"$error":"#N/A"}},null,"Technical fault rendered data unreliable",{"$error":"#N/A"},{"$error":"#N/A"},{"$error":"#N/A"},{"$error":"#N/A"}]
[2019,5,5,19,43590.791666666388,{"$f":"NA()","v":{"$error":"#N/A"}},"Invalid",{"$f":"NA()","v":{"$error":"#N/A"}},{"$f":"NA()","v":{"$error":"#N/A"}},"Invalid",{"$f":"NA()","v":{"$error":"#N/A"}},null,"Technical fault rendered data unreliable",{"$error":"#N/A"},{"$error":"#N/A"},{"$error":"#N/A"},{"$error":"#N/A"}]
[2019,5,5,20,43590.833333333052,{"$f":"NA()","v":{"$error":"#N/A"}},"Invalid",{"$f":"NA()","v":{"$error":"#N/A"}},{"$f":"NA()","v":{"$error":"#N/A"}},"Invalid",{"$f":"NA()","v":{"$error":"#N/A"}},null,"Technical fault rendered data unreliable",{"$error":"#N/A"},{"$error":"#N/A"},{"$error":"#N/A"},{"$error":"#N/A"}]
[2019,5,5,21,43590.874999999716,{"$f":"NA()","v":{"$error":"#N/A"}},"Invalid",{"$f":"NA()","v":{"$error":"#N/A"}},{"$f":"NA()","v":{"$error":"#N/A"}},"Invalid",{"$f":"NA()","v":{"$error":"#N/A"}},null,"Technical fault rendered data unreliable",{"$error":"#N/A"},{"$error":"#N/A"},{"$error":"#N/A"},{"$error":"#N/A"}]
[2019,5,5,22,43590.91666666638,{"$f":"NA()","v":{"$error":"#N/A"}},"Invalid",{"$f":"NA()","v":{"$error":"#N/A"}},{"$f":"NA()","v":{"$error":"#N/A"}},"Invalid",{"$f":"NA()","v":{"$error":"#N/A"}},null,"Technical fault rendered data unreliable",{"$error":"#N/A"},{"$error":"#N/A"},{"$error":"#N/A"},{"$error":"#N/A"}]
[2019,5,5,23,43590.958333333045,{"$f":"NA()","v":{"$error":"#N/A"}},"Invalid",{"$f":"NA()","v":{"$error":"#N/A"}},{"$f":"NA()","v":{"$error":"#N/A"}},"Invalid",{"$f":"NA()","v":{"$error":"#N/A"}},null,"Technical fault rendered data unreliable",{"$error":"#N/A"},{"$error":"#N/A"},{"$error":"#N/A"},{"$error":"#N/A"}]
[2019,5,6,0,43590.999999999709,{"$f":"NA()","v":{"$error":"#N/A"}},"Invalid",{"$f":"NA()","v":{"$error":"#N/A"}},{"$f":"NA()","v":{"$error":"#N/A"}},"Invalid",{"$f":"NA()","v":{"$error":"#N/A"}},null,"Technical fault rendered data unreliable",{"$error":"#N/A"},{"$error":"#N/A"},{"$error":"#N/A"},{"$error":"#N/A"}]
[2019,5,6,1,43591.041666666373,{"$f":"NA()","v":{"$error":"#N/A"}},"Invalid",{"$f":"NA()","v":{"$error":"#N/A"}},{"$f":"NA()","v":{"$error":"#N/A"}},"Invalid",{"$f":"NA()","v":{"$error":"#N/A"}},null,"Technical fault rendered data unreliable",{"$error":"#N/A"},{"$error":"#N/A"},{"$error":"#N/A"},{"$error":"#N/A"}]
[2019,5,6,2,43591.083333333037,{"$f":"NA()","v":{"$error":"#N/A"}},"Invalid",{"$f":"NA()","v":{"$error":"#N/A"}},{"$f":"NA()","v":{"$error":"#N/A"}},"Invalid",{"$f":"NA()","v":{"$error":"#N/A"}},null,"Technical fault rendered data unreliable",{"$error":"#N/A"},{"$error":"#N/A"},{"$error":"#N/A"},{"$error":"#N/A"}]
[2019,5,6,3,43591.124999999702,{"$f":"NA()","v":{"$error":"#N/A"}},"Invalid",{"$f":"NA()","v":{"$error":"#N/A"}},{"$f":"NA()","v":{"$error":"#N/A"}},"Invalid",{"$f":"NA()","v":{"$error":"#N/A"}},null,"Technical fault rendered data unreliable",{"$error":"#N/A"},{"$error":"#N/A"},{"$error":"#N/A"},{"$error":"#N/A"}]
[2019,5,6,4,43591.166666666366,{"$f":"NA()","v":{"$error":"#N/A"}},"Invalid",{"$f":"NA()","v":{"$error":"#N/A"}},{"$f":"NA()","v":{"$error":"#N/A"}},"Invalid",{"$f":"NA()","v":{"$error":"#N/A"}},null,"Technical fault rendered data unreliable",{"$error":"#N/A"},{"$error":"#N/A"},{"$error":"#N/A"},{"$error":"#N/A"}]
[2019,5,6,5,43591.20833333303,{"$f":"NA()","v":{"$error":"#N/A"}},"Invalid",{"$f":"NA()","v":{"$error":"#N/A"}},{"$f":"NA()","v":{"$error":"#N/A"}},"Invalid",{"$f":"NA()","v":{"$error":"#N/A"}},null,"Technical fault rendered data unreliable",{"$error":"#N/A"},{"$error":"#N/A"},{"$error":"#N/A"},{"$error":"#N/A"}]
[2019,5,6,6,43591.249999999694,{"$f":"NA()","v":{"$error":"#N/A"}},"Invalid",{"$f":"NA()","v":{"$error":"#N/A"}},{"$f":"NA()","v":{"$error":"#N/A"}},"Invalid",{"$f":"NA()","v":{"$error":"#N/A"}},null,"Technical fault rendered data unreliable",{"$error":"#N/A"},{"$error":"#N/A"},{"$error":"#N/A"},{"$error":"#N/A"}]
[2019,5,6,7,43591.291666666359,{"$f":"NA()","v":{"$error":"#N/A"}},"Invalid",{"$f":"NA()","v":{"$error":"#N/A"}},{"$f":"NA()","v":{"$error":"#N/A"}},"Invalid",{"$f":"NA()","v":{"$error":"#N/A"}},null,"Technical fault rendered data unreliable",{"$error":"#N/A"},{"$error":"#N/A"},{"$error":"#N/A"},{"$error":"#N/A"}]
[2019,5,6,8,43591.333333333023,{"$f":"NA()","v":{"$error":"#N/A"}},"Invalid",{"$f":"NA()","v":{"$error":"#N/A"}},{"$f":"NA()","v":{"$error":"#N/A"}},"Invalid",{"$f":"NA()","v":{"$error":"#N/A"}},null,"Technical fault rendered data unreliable",{"$f":"IF(G130=\"Valid\", F130, NA())","v":{"$error":"#N/A"}},{"$f":"IF(G130=\"Valid\", H130, NA())","v":{"$error":"#N/A"}},{"$f":"IF(J130=\"Valid\", I130, NA())","v":{"$error":"#N/A"}},{"$f":"IF(J130=\"Valid\", K130, NA())","v":{"$error":"#N/A"}}]
[2019,5,6,9,43591.374999999687,{"$f":"NA()","v":{"$error":"#N/A"}},"Invalid",{"$f":"NA()","v":{"$error":"#N/A"}},{"$f":"NA()","v":{"$error":"#N/A"}},"Invalid",{"$f":"NA()","v":{"$error":"#N/A"}},null,"Technical fault rendered data unreliable",{"$error":"#N/A"},{"$error":"#N/A"},{"$error":"#N/A"},{"$error":"#N/A"}]
[{"$f":"A131","v":2019},5,6,{"$f":"IF(D131=23,0,D131+1)","v":10},{"$f":"E131+0.0416666666666666","v":43591.416666666351},{"$f":"NA()","v":{"$error":"#N/A"}},"Invalid",{"$f":"NA()","v":{"$error":"#N/A"}},{"$f":"NA()","v":{"$error":"#N/A"}},"Invalid",{"$f":"NA()","v":{"$error":"#N/A"}},null,"Technical fault rendered data unreliable",{"$error":"#N/A"},{"$error":"#N/A"},{"$error":"#N/A"},{"$error":"#N/A"}]
[2019,5,6,11,43591.458333333016,{"$f":"NA()","v":{"$error":"#N/A"}},"Invalid",{"$f":"NA()","v":{"$error":"#N/A"}},{"$f":"NA()","v":{"$error":"#N/A"}},"Invalid",{"$f":"NA()","v":{"$error":"#N/A"}},null,"Technical fault rendered data unreliable",{"$error":"#N/A"},{"$error":"#N/A"},{"$error":"#N/A"},{"$error":"#N/A"}]
[2019,5,6,12,43591.49999999968,{"$f":"NA()","v":{"$error":"#N/A"}},"Invalid",{"$f":"NA()","v":{"$error":"#N/A"}},{"$f":"NA()","v":{"$error":"#N/A"}},"Invalid",{"$f":"NA()","v":{"$error":"#N/A"}},null,"Technical fault rendered data unreliable",{"$error":"#N/A"},{"$error":"#N/A"},{"$error":"#N/A"},{"$error":"#N/A"}]
[2019,5,6,13,43591.541666666344,{"$f":"NA()","v":{"$error":"#N/A"}},"Invalid",{"$f":"NA()","v":{"$error":"#N/A"}},{"$f":"NA()","v":{"$error":"#N/A"}},"Invalid",{"$f":"NA()","v":{"$error":"#N/A"}},null,"Technical fault rendered data unreliable",{"$error":"#N/A"},{"$error":"#N/A"},{"$error":"#N/A"},{"$error":"#N/A"}]
[2019,5,6,14,43591.583333333008,{"$f":"NA()","v":{"$error":"#N/A"}},"Invalid",{"$f":"NA()","v":{"$error":"#N/A"}},{"$f":"NA()","v":{"$error":"#N/A"}},"Invalid",{"$f":"NA()","v":{"$error":"#N/A"}},null,"Technical fault rendered data unreliable",{"$error":"#N/A"},{"$error":"#N/A"},{"$error":"#N/A"},{"$error":"#N/A"}]
[2019,5,6,15,43591.624999999673,{"$f":"NA()","v":{"$error":"#N/A"}},"Invalid",{"$f":"NA()","v":{"$error":"#N/A"}},{"$f":"NA()","v":{"$error":"#N/A"}},"Invalid",{"$f":"NA()","v":{"$error":"#N/A"}},null,"Technical fault rendered data unreliable",{"$error":"#N/A"},{"$error":"#N/A"},{"$error":"#N/A"},{"$error":"#N/A"}]
[2019,5,6,16,43591.666666666337,{"$f":"NA()","v":{"$error":"#N/A"}},"Invalid",{"$f":"NA()","v":{"$error":"#N/A"}},{"$f":"NA()","v":{"$error":"#N/A"}},"Invalid",{"$f":"NA()","v":{"$error":"#N/A"}},null,"Technical fault rendered data unreliable",{"$error":"#N/A"},{"$error":"#N/A"},{"$error":"#N/A"},{"$error":"#N/A"}]
[2019,5,6,17,43591.708333333001,{"$f":"NA()","v":{"$error":"#N/A"}},"Invalid",{"$f":"NA()","v":{"$error":"#N/A"}},{"$f":"NA()","v":{"$error":"#N/A"}},"Invalid",{"$f":"NA()","v":{"$error":"#N/A"}},null,"Technical fault rendered data unreliable",{"$error":"#N/A"},{"$error":"#N/A"},{"$error":"#N/A"},{"$error":"#N/A"}]
[2019,5,6,18,43591.749999999665,{"$f":"NA()","v":{"$error":"#N/A"}},"Invalid",{"$f":"NA()","v":{"$error":"#N/A"}},{"$f":"NA()","v":{"$error":"#N/A"}},"Invalid",{"$f":"NA()","v":{"$error":"#N/A"}},null,"Technical fault rendered data unreliable",{"$error":"#N/A"},{"$error":"#N/A"},{"$error":"#N/A"},{"$error":"#N/A"}]
[2019,5,6,19,43591.79166666633,{"$f":"NA()","v":{"$error":"#N/A"}},"Invalid",{"$f":"NA()","v":{"$error":"#N/A"}},{"$f":"NA()","v":{"$error":"#N/A"}},"Invalid",{"$f":"NA()","v":{"$error":"#N/A"}},null,"Technical fault rendered data unreliable",{"$error":"#N/A"},{"$error":"#N/A"},{"$error":"#N/A"},{"$error":"#N/A"}]
[2019,5,6,20,43591.833333332994,{"$f":"NA()","v":{"$error":"#N/A"}},"Invalid",{"$f":"NA()","v":{"$error":"#N/A"}},{"$f":"NA()","v":{"$error":"#N/A"}},"Invalid",{"$f":"NA()","v":{"$error":"#N/A"}},null,"Technical fault rendered data unreliable",{"$error":"#N/A"},{"$error":"#N/A"},{"$error":"#N/A"},{"$error":"#N/A"}]
[2019,5,6,21,43591.874999999658,{"$f":"NA()","v":{"$error":"#N/A"}},"Invalid",{"$f":"NA()","v":{"$error":"#N/A"}},{"$f":"NA()","v":{"$error":"#N/A"}},"Invalid",{"$f":"NA()","v":{"$error":"#N/A"}},null,"Technical fault rendered data unreliable",{"$error":"#N/A"},{"$error":"#N/A"},{"$error":"#N/A"},{"$error":"#N/A"}]
[2019,5,6,22,43591.916666666322,{"$f":"NA()","v":{"$error":"#N/A"}},"Invalid",{"$f":"NA()","v":{"$error":"#N/A"}},{"$f":"NA()","v":{"$error":"#N/A"}},"Invalid",{"$f":"NA()","v":{"$error":"#N/A"}},null,"Technical fault rendered data unreliable",{"$error":"#N/A"},{"$error":"#N/A"},{"$error":"#N/A"},{"$error":"#N/A"}]
[2019,5,6,23,43591.958333332987,{"$f":"NA()","v":{"$error":"#N/A"}},"Invalid",{"$f":"NA()","v":{"$error":"#N/A"}},{"$f":"NA()","v":{"$error":"#N/A"}},"Invalid",{"$f":"NA()","v":{"$error":"#N/A"}},null,"Technical fault rendered data unreliable",{"$error":"#N/A"},{"$error":"#N/A"},{"$error":"#N/A"},{"$error":"#N/A"}]
[2019,5,7,0,43591.999999999651,{"$f":"NA()","v":{"$error":"#N/A"}},"Invalid",{"$f":"NA()","v":{"$error":"#N/A"}},{"$f":"NA()","v":{"$error":"#N/A"}},"Invalid",{"$f":"NA()","v":{"$error":"#N/A"}},null,"Technical fault rendered data unreliable",{"$error":"#N/A"},{"$error":"#N/A"},{"$error":"#N/A"},{"$error":"#N/A"}]
[2019,5,7,1,43592.041666666315,{"$f":"NA()","v":{"$error":"#N/A"}},"Invalid",{"$f":"NA()","v":{"$error":"#N/A"}},{"$f":"NA()","v":{"$error":"#N/A"}},"Invalid",{"$f":"NA()","v":{"$error":"#N/A"}},null,"Technical fault rendered data unreliable",{"$error":"#N/A"},{"$error":"#N/A"},{"$error":"#N/A"},{"$error":"#N/A"}]
[2019,5,7,2,43592.083333332979,{"$f":"NA()","v":{"$error":"#N/A"}},"Invalid",{"$f":"NA()","v":{"$error":"#N/A"}},{"$f":"NA()","v":{"$error":"#N/A"}},"Invalid",{"$f":"NA()","v":{"$error":"#N/A"}},null,"Technical fault rendered data unreliable",{"$error":"#N/A"},{"$error":"#N/A"},{"$error":"#N/A"},{"$error":"#N/A"}]
[2019,5,7,3,43592.124999999643,{"$f":"NA()","v":{"$error":"#N/A"}},"Invalid",{"$f":"NA()","v":{"$error":"#N/A"}},{"$f":"NA()","v":{"$error":"#N/A"}},"Invalid",{"$f":"NA()","v":{"$error":"#N/A"}},null,"Technical fault rendered data unreliable",{"$error":"#N/A"},{"$error":"#N/A"},{"$error":"#N/A"},{"$error":"#N/A"}]
[2019,5,7,4,43592.166666666308,{"$f":"NA()","v":{"$error":"#N/A"}},"Invalid",{"$f":"NA()","v":{"$error":"#N/A"}},{"$f":"NA()","v":{"$error":"#N/A"}},"Invalid",{"$f":"NA()","v":{"$error":"#N/A"}},null,"Technical fault rendered data unreliable",{"$error":"#N/A"},{"$error":"#N/A"},{"$error":"#N/A"},{"$error":"#N/A"}]
[2019,5,7,5,43592.208333332972,{"$f":"NA()","v":{"$error":"#N/A"}},"Invalid",{"$f":"NA()","v":{"$error":"#N/A"}},{"$f":"NA()","v":{"$error":"#N/A"}},"Invalid",{"$f":"NA()","v":{"$error":"#N/A"}},null,"Technical fault rendered data unreliable",{"$error":"#N/A"},{"$error":"#N/A"},{"$error":"#N/A"},{"$error":"#N/A"}]
[2019,5,7,6,43592.249999999636,{"$f":"NA()","v":{"$error":"#N/A"}},"Invalid",{"$f":"NA()","v":{"$error":"#N/A"}},{"$f":"NA()","v":{"$error":"#N/A"}},"Invalid",{"$f":"NA()","v":{"$error":"#N/A"}},null,"Technical fault rendered data unreliable",{"$error":"#N/A"},{"$error":"#N/A"},{"$error":"#N/A"},{"$error":"#N/A"}]
[2019,5,7,7,43592.2916666663,{"$f":"NA()","v":{"$error":"#N/A"}},"Invalid",{"$f":"NA()","v":{"$error":"#N/A"}},{"$f":"NA()","v":{"$error":"#N/A"}},"Invalid",{"$f":"NA()","v":{"$error":"#N/A"}},null,"Technical fault rendered data unreliable",{"$error":"#N/A"},{"$error":"#N/A"},{"$error":"#N/A"},{"$error":"#N/A"}]
[2019,5,7,8,43592.333333332965,{"$f":"NA()","v":{"$error":"#N/A"}},"Invalid",{"$f":"NA()","v":{"$error":"#N/A"}},{"$f":"NA()","v":{"$error":"#N/A"}},"Invalid",{"$f":"NA()","v":{"$error":"#N/A"}},null,"Technical fault rendered data unreliable",{"$error":"#N/A"},{"$error":"#N/A"},{"$error":"#N/A"},{"$error":"#N/A"}]
[2019,{"$f":"B154","v":5},{"$f":"C131+1","v":7},9,43592.374999999629,{"$f":"NA()","v":{"$error":"#N/A"}},"Invalid",{"$f":"NA()","v":{"$error":"#N/A"}},{"$f":"NA()","v":{"$error":"#N/A"}},"Invalid",{"$f":"NA()","v":{"$error":"#N/A"}},null,"Technical fault rendered data unreliable",{"$error":"#N/A"},{"$error":"#N/A"},{"$error":"#N/A"},{"$error":"#N/A"}]
[2019,5,7,10,43592.416666666293,{"$f":"NA()","v":{"$error":"#N/A"}},"Invalid",{"$f":"NA()","v":{"$error":"#N/A"}},{"$f":"NA()","v":{"$error":"#N/A"}},"Invalid",{"$f":"NA()","v":{"$error":"#N/A"}},null,"Technical fault rendered data unreliable",{"$error":"#N/A"},{"$error":"#N/A"},{"$error":"#N/A"},{"$error":"#N/A"}]
[2019,5,7,11,43592.458333332957,{"$f":"NA()","v":{"$error":"#N/A"}},"Invalid",{"$f":"NA()","v":{"$error":"#N/A"}},{"$f":"NA()","v":{"$error":"#N/A"}},"Invalid",{"$f":"NA()","v":{"$error":"#N/A"}},null,"Technical fault rendered data unreliable",{"$error":"#N/A"},{"$error":"#N/A"},{"$error":"#N/A"},{"$error":"#N/A"}]
[2019,5,7,12,43592.499999999622,{"$f":"NA()","v":{"$error":"#N/A"}},"Invalid",{"$f":"NA()","v":{"$error":"#N/A"}},{"$f":"NA()","v":{"$error":"#N/A"}},"Invalid",{"$f":"NA()","v":{"$error":"#N/A"}},null,"Technical fault rendered data unreliable",{"$error":"#N/A"},{"$error":"#N/A"},{"$error":"#N/A"},{"$error":"#N/A"}]
[2019,5,7,13,43592.541666666286,{"$f":"NA()","v":{"$error":"#N/A"}},"Invalid",{"$f":"NA()","v":{"$error":"#N/A"}},{"$f":"NA()","v":{"$error":"#N/A"}},"Invalid",{"$f":"NA()","v":{"$error":"#N/A"}},null,"Technical fault rendered data unreliable",{"$error":"#N/A"},{"$error":"#N/A"},{"$error":"#N/A"},{"$error":"#N/A"}]
[2019,5,7,14,43592.58333333295,{"$f":"NA()","v":{"$error":"#N/A"}},"Invalid",{"$f":"NA()","v":{"$error":"#N/A"}},{"$f":"NA()","v":{"$error":"#N/A"}},"Invalid",{"$f":"NA()","v":{"$error":"#N/A"}},null,"Technical fault rendered data unreliable",{"$error":"#N/A"},{"$error":"#N/A"},{"$error":"#N/A"},{"$error":"#N/A"}]
[2019,5,7,15,43592.624999999614,{"$f":"NA()","v":{"$error":"#N/A"}},"Invalid",{"$f":"NA()","v":{"$error":"#N/A"}},{"$f":"NA()","v":{"$error":"#N/A"}},"Invalid",{"$f":"NA()","v":{"$error":"#N/A"}},null,"Technical fault rendered data unreliable",{"$error":"#N/A"},{"$error":"#N/A"},{"$error":"#N/A"},{"$error":"#N/A"}]
[2019,5,7,16,43592.666666666279,{"$f":"NA()","v":{"$error":"#N/A"}},"Invalid",{"$f":"NA()","v":{"$error":"#N/A"}},{"$f":"NA()","v":{"$error":"#N/A"}},"Invalid",{"$f":"NA()","v":{"$error":"#N/A"}},null,"Technical fault rendered data unreliable",{"$error":"#N/A"},{"$error":"#N/A"},{"$error":"#N/A"},{"$error":"#N/A"}]
[2019,5,7,17,43592.708333332943,{"$f":"NA()","v":{"$error":"#N/A"}},"Invalid",{"$f":"NA()","v":{"$error":"#N/A"}},{"$f":"NA()","v":{"$error":"#N/A"}},"Invalid",{"$f":"NA()","v":{"$error":"#N/A"}},null,"Technical fault rendered data unreliable",{"$error":"#N/A"},{"$error":"#N/A"},{"$error":"#N/A"},{"$error":"#N/A"}]
[2019,5,7,18,43592.749999999607,{"$f":"NA()","v":{"$error":"#N/A"}},"Invalid",{"$f":"NA()","v":{"$error":"#N/A"}},{"$f":"NA()","v":{"$error":"#N/A"}},"Invalid",{"$f":"NA()","v":{"$error":"#N/A"}},null,"Technical fault rendered data unreliable",{"$error":"#N/A"},{"$error":"#N/A"},{"$error":"#N/A"},{"$error":"#N/A"}]
[2019,5,7,19,43592.791666666271,{"$f":"NA()","v":{"$error":"#N/A"}},"Invalid",{"$f":"NA()","v":{"$error":"#N/A"}},{"$f":"NA()","v":{"$error":"#N/A"}},"Invalid",{"$f":"NA()","v":{"$error":"#N/A"}},null,"Technical fault rendered data unreliable",{"$error":"#N/A"},{"$error":"#N/A"},{"$error":"#N/A"},{"$error":"#N/A"}]
[2019,5,7,20,43592.833333332936,{"$f":"NA()","v":{"$error":"#N/A"}},"Invalid",{"$f":"NA()","v":{"$error":"#N/A"}},{"$f":"NA()","v":{"$error":"#N/A"}},"Invalid",{"$f":"NA()","v":{"$error":"#N/A"}},null,"Technical fault rendered data unreliable",{"$error":"#N/A"},{"$error":"#N/A"},{"$error":"#N/A"},{"$error":"#N/A"}]
[2019,5,7,21,43592.8749999996,{"$f":"NA()","v":{"$error":"#N/A"}},"Invalid",{"$f":"NA()","v":{"$error":"#N/A"}},{"$f":"NA()","v":{"$error":"#N/A"}},"Invalid",{"$f":"NA()","v":{"$error":"#N/A"}},null,"Technical fault rendered data unreliable",{"$error":"#N/A"},{"$error":"#N/A"},{"$error":"#N/A"},{"$error":"#N/A"}]
[2019,5,7,22,43592.916666666264,{"$f":"NA()","v":{"$error":"#N/A"}},"Invalid",{"$f":"NA()","v":{"$error":"#N/A"}},{"$f":"NA()","v":{"$error":"#N/A"}},"Invalid",{"$f":"NA()","v":{"$error":"#N/A"}},null,"Technical fault rendered data unreliable",{"$error":"#N/A"},{"$error":"#N/A"},{"$error":"#N/A"},{"$error":"#N/A"}]
[2019,5,7,23,43592.958333332928,{"$f":"NA()","v":{"$error":"#N/A"}},"Invalid",{"$f":"NA()","v":{"$error":"#N/A"}},{"$f":"NA()","v":{"$error":"#N/A"}},"Invalid",{"$f":"NA()","v":{"$error":"#N/A"}},null,"Technical fault rendered data unreliable",{"$error":"#N/A"},{"$error":"#N/A"},{"$error":"#N/A"},{"$error":"#N/A"}]
[2019,5,8,0,43592.999999999593,{"$f":"NA()","v":{"$error":"#N/A"}},"Invalid",{"$f":"NA()","v":{"$error":"#N/A"}},{"$f":"NA()","v":{"$error":"#N/A"}},"Invalid",{"$f":"NA()","v":{"$error":"#N/A"}},null,"Technical fault rendered data unreliable",{"$error":"#N/A"},{"$error":"#N/A"},{"$error":"#N/A"},{"$error":"#N/A"}]
[2019,5,8,1,43593.041666666257,{"$f":"NA()","v":{"$error":"#N/A"}},"Invalid",{"$f":"NA()","v":{"$error":"#N/A"}},{"$f":"NA()","v":{"$error":"#N/A"}},"Invalid",{"$f":"NA()","v":{"$error":"#N/A"}},null,"Technical fault rendered data unreliable",{"$error":"#N/A"},{"$error":"#N/A"},{"$error":"#N/A"},{"$error":"#N/A"}]
[2019,5,8,2,43593.083333332921,{"$f":"NA()","v":{"$error":"#N/A"}},"Invalid",{"$f":"NA()","v":{"$error":"#N/A"}},{"$f":"NA()","v":{"$error":"#N/A"}},"Invalid",{"$f":"NA()","v":{"$error":"#N/A"}},null,"Technical fault rendered data unreliable",{"$error":"#N/A"},{"$error":"#N/A"},{"$error":"#N/A"},{"$error":"#N/A"}]
[2019,5,8,3,43593.124999999585,{"$f":"NA()","v":{"$error":"#N/A"}},"Invalid",{"$f":"NA()","v":{"$error":"#N/A"}},{"$f":"NA()","v":{"$error":"#N/A"}},"Invalid",{"$f":"NA()","v":{"$error":"#N/A"}},null,"Technical fault rendered data unreliable",{"$error":"#N/A"},{"$error":"#N/A"},{"$error":"#N/A"},{"$error":"#N/A"}]
[2019,5,8,4,43593.16666666625,{"$f":"NA()","v":{"$error":"#N/A"}},"Invalid",{"$f":"NA()","v":{"$error":"#N/A"}},{"$f":"NA()","v":{"$error":"#N/A"}},"Invalid",{"$f":"NA()","v":{"$error":"#N/A"}},null,"Technical fault rendered data unreliable",{"$error":"#N/A"},{"$error":"#N/A"},{"$error":"#N/A"},{"$error":"#N/A"}]
[2019,5,8,5,43593.208333332914,{"$f":"NA()","v":{"$error":"#N/A"}},"Invalid",{"$f":"NA()","v":{"$error":"#N/A"}},{"$f":"NA()","v":{"$error":"#N/A"}},"Invalid",{"$f":"NA()","v":{"$error":"#N/A"}},null,"Technical fault rendered data unreliable",{"$error":"#N/A"},{"$error":"#N/A"},{"$error":"#N/A"},{"$error":"#N/A"}]
[2019,5,8,6,43593.249999999578,{"$f":"NA()","v":{"$error":"#N/A"}},"Invalid",{"$f":"NA()","v":{"$error":"#N/A"}},{"$f":"NA()","v":{"$error":"#N/A"}},"Invalid",{"$f":"NA()","v":{"$error":"#N/A"}},null,"Technical fault rendered data unreliable",{"$error":"#N/A"},{"$error":"#N/A"},{"$error":"#N/A"},{"$error":"#N/A"}]
[2019,5,8,7,43593.291666666242,{"$f":"NA()","v":{"$error":"#N/A"}},"Invalid",{"$f":"NA()","v":{"$error":"#N/A"}},{"$f":"NA()","v":{"$error":"#N/A"}},"Invalid",{"$f":"NA()","v":{"$error":"#N/A"}},null,"Technical fault rendered data unreliable",{"$error":"#N/A"},{"$error":"#N/A"},{"$error":"#N/A"},{"$error":"#N/A"}]
[2019,5,8,8,43593.333333332906,{"$f":"NA()","v":{"$error":"#N/A"}},"Invalid",{"$f":"NA()","v":{"$error":"#N/A"}},{"$f":"NA()","v":{"$error":"#N/A"}},"Invalid",{"$f":"NA()","v":{"$error":"#N/A"}},null,"Technical fault rendered data unreliable",{"$error":"#N/A"},{"$error":"#N/A"},{"$error":"#N/A"},{"$error":"#N/A"}]
[2019,5,8,9,43593.374999999571,{"$f":"NA()","v":{"$error":"#N/A"}},"Invalid",{"$f":"NA()","v":{"$error":"#N/A"}},{"$f":"NA()","v":{"$error":"#N/A"}},"Invalid",{"$f":"NA()","v":{"$error":"#N/A"}},null,"Technical fault rendered data unreliable",{"$error":"#N/A"},{"$error":"#N/A"},{"$error":"#N/A"},{"$error":"#N/A"}]
[2019,5,8,10,43593.416666666235,{"$f":"NA()","v":{"$error":"#N/A"}},"Invalid",{"$f":"NA()","v":{"$error":"#N/A"}},{"$f":"NA()","v":{"$error":"#N/A"}},"Invalid",{"$f":"NA()","v":{"$error":"#N/A"}},null,"Technical fault rendered data unreliable",{"$error":"#N/A"},{"$error":"#N/A"},{"$error":"#N/A"},{"$error":"#N/A"}]
[2019,5,8,11,43593.458333332899,{"$f":"NA()","v":{"$error":"#N/A"}},"Invalid",{"$f":"NA()","v":{"$error":"#N/A"}},{"$f":"NA()","v":{"$error":"#N/A"}},"Invalid",{"$f":"NA()","v":{"$error":"#N/A"}},null,"Technical fault rendered data unreliable",{"$error":"#N/A"},{"$error":"#N/A"},{"$error":"#N/A"},{"$error":"#N/A"}]
[2019,5,8,12,43593.499999999563,{"$f":"NA()","v":{"$error":"#N/A"}},"Invalid",{"$f":"NA()","v":{"$error":"#N/A"}},{"$f":"NA()","v":{"$error":"#N/A"}},"Invalid",{"$f":"NA()","v":{"$error":"#N/A"}},null,"Technical fault rendered data unreliable",{"$error":"#N/A"},{"$error":"#N/A"},{"$error":"#N/A"},{"$error":"#N/A"}]
[2019,5,8,13,43593.541666666228,{"$f":"NA()","v":{"$error":"#N/A"}},"Invalid",{"$f":"NA()","v":{"$error":"#N/A"}},{"$f":"NA()","v":{"$error":"#N/A"}},"Invalid",{"$f":"NA()","v":{"$error":"#N/A"}},null,"Technical fault rendered data unreliable",{"$error":"#N/A"},{"$error":"#N/A"},{"$error":"#N/A"},{"$error":"#N/A"}]
[2019,5,8,14,43593.583333332892,{"$f":"NA()","v":{"$error":"#N/A"}},"Invalid",{"$f":"NA()","v":{"$error":"#N/A"}},{"$f":"NA()","v":{"$error":"#N/A"}},"Invalid",{"$f":"NA()","v":{"$error":"#N/A"}},null,"Technical fault rendered data unreliable",{"$error":"#N/A"},{"$error":"#N/A"},{"$error":"#N/A"},{"$error":"#N/A"}]
[2019,5,8,15,43593.624999999556,{"$f":"NA()","v":{"$error":"#N/A"}},"Invalid",{"$f":"NA()","v":{"$error":"#N/A"}},{"$f":"NA()","v":{"$error":"#N/A"}},"Invalid",{"$f":"NA()","v":{"$error":"#N/A"}},null,"Technical fault rendered data unreliable",{"$error":"#N/A"},{"$error":"#N/A"},{"$error":"#N/A"},{"$error":"#N/A"}]
[2019,5,8,16,43593.66666666622,{"$f":"NA()","v":{"$error":"#N/A"}},"Invalid",{"$f":"NA()","v":{"$error":"#N/A"}},{"$f":"NA()","v":{"$error":"#N/A"}},"Invalid",{"$f":"NA()","v":{"$error":"#N/A"}},null,"Technical fault rendered data unreliable",{"$error":"#N/A"},{"$error":"#N/A"},{"$error":"#N/A"},{"$error":"#N/A"}]
[2019,5,8,17,43593.708333332885,{"$f":"NA()","v":{"$error":"#N/A"}},"Invalid",{"$f":"NA()","v":{"$error":"#N/A"}},{"$f":"NA()","v":{"$error":"#N/A"}},"Invalid",{"$f":"NA()","v":{"$error":"#N/A"}},null,"Technical fault rendered data unreliable",{"$error":"#N/A"},{"$error":"#N/A"},{"$error":"#N/A"},{"$error":"#N/A"}]
[2019,5,8,18,43593.749999999549,{"$f":"NA()","v":{"$error":"#N/A"}},"Invalid",{"$f":"NA()","v":{"$error":"#N/A"}},{"$f":"NA()","v":{"$error":"#N/A"}},"Invalid",{"$f":"NA()","v":{"$error":"#N/A"}},null,"Technical fault rendered data unreliable",{"$error":"#N/A"},{"$error":"#N/A"},{"$error":"#N/A"},{"$error":"#N/A"}]
[2019,5,8,19,43593.791666666213,-1,"Valid",1,14.5,"Valid",10.7,null,null,-1,1,14.5,10.7,14.5,10.7,-1,1]
[2019,5,8,20,43593.833333332877,1.4,"Valid",1,18.600000000000001,"Valid",11,null,null,1.4,1,18.600000000000001,11,18.600000000000001,11,1.4,1]
[2019,5,8,21,43593.874999999542,1.4,"Valid",1,18.2,"Valid",11.2,null,null,1.4,1,18.2,11.2,18.2,11.2,1.4,1]
[2019,5,8,22,43593.916666666206,2.5,"Valid",1,19.100000000000001,"Valid",11.5,null,null,2.5,1,19.100000000000001,11.5,19.100000000000001,11.5,2.5,1]
[2019,5,8,23,43593.95833333287,-0.1,"Valid",1,11.9,"Valid",11.9,null,null,-0.1,1,11.9,11.9,11.9,11.9,-0.1,1]
[2019,5,9,0,43593.999999999534,-0.6,"Valid",0.9,10.1,"Valid",11.7,null,null,{"$f":"IF(G194=\"Valid\", F194, NA())","v":-0.6},{"$f":"IF(G194=\"Valid\", H194, NA())","v":0.9},{"$f":"IF(J194=\"Valid\", I194, NA())","v":10.1},{"$f":"IF(J194=\"Valid\", K194, NA())","v":11.7},10.1,11.7,-0.6,0.9]
[2019,5,9,1,43594.041666666199,-2.2000000000000002,"Valid",0.7,12.8,"Valid",12,null,null,-2.2000000000000002,0.7,12.8,12,12.8,12,-2.2000000000000002,0.7]
[{"$f":"A195","v":2019},5,9,{"$f":"IF(D195=23,0,D195+1)","v":2},{"$f":"E195+0.0416666666666666","v":43594.083333332863},5.0999999999999996,"Valid",0.9,12.3,"Valid",12.7,null,null,5.0999999999999996,0.9,12.3,12.7,12.3,12.7,5.0999999999999996,0.9]
[2019,5,9,3,43594.124999999527,4.2,"Valid",1.2,16,"Valid",13.4,null,null,4.2,1.2,16,13.4,16,13.4,4.2,1.2]
[2019,5,9,4,43594.166666666191,3.2,"Valid",1.3,12.3,"Valid",13.6,null,null,3.2,1.3,12.3,13.6,12.3,13.6,3.2,1.3]
[2019,5,9,5,43594.208333332856,0.3,"Valid",1.4,9.6,"Valid",13.8,null,null,0.3,1.4,9.6,13.8,9.6,13.8,0.3,1.4]
[2019,5,9,6,43594.24999999952,0.8,"Valid",1.5,10.4,"Valid",13,null,null,0.8,1.5,10.4,13,10.4,13,0.8,1.5]
[2019,5,9,7,43594.291666666184,-0.8,"Valid",1.1000000000000001,19.5,"Valid",13.2,null,null,-0.8,1.1000000000000001,19.5,13.2,19.5,13.2,-0.8,1.1000000000000001]
[2019,5,9,8,43594.333333332848,{"$f":"NA()","v":{"$error":"#N/A"}},"Invalid",{"$f":"NA()","v":{"$error":"#N/A"}},20.399999999999999,"Valid",14,"Calibration Error","value outside range",{"$error":"#N/A"},{"$error":"#N/A"},20.399999999999999,14,20.399999999999999,14]
[2019,5,9,9,43594.374999999513,3.5,"Valid",1.3,17.399999999999999,"Valid",14.4,null,null,3.5,1.3,17.399999999999999,14.4,17.399999999999999,14.4,3.5,1.3]
[2019,5,9,10,43594.416666666177,2.8,"Valid",1.4,14.2,"Valid",15.2,null,null,2.8,1.4,14.2,15.2,14.2,15.2,2.8,1.4]
[2019,5,9,11,43594.458333332841,{"$f":"NA()","v":{"$error":"#N/A"}},"Invalid",{"$f":"NA()","v":{"$error":"#N/A"}},7.9,"Valid",14.9,"Calibration Error","value outside range",{"$error":"#N/A"},{"$error":"#N/A"},7.9,14.9,7.9,14.9]
[2019,5,9,12,43594.499999999505,-0.9,"Valid",1.3,8.3000000000000007,"Valid",14.5,null,null,-0.9,1.3,8.3000000000000007,14.5,8.3000000000000007,14.5,-0.9,1.3]
[2019,5,9,13,43594.541666666169,3.5,"Valid",1.4,16.3,"Valid",14.6,null,null,3.5,1.4,16.3,14.6,16.3,14.6,3.5,1.4]
[2019,5,9,14,43594.583333332834,4.3,"Valid",1.5,19.2,"Valid",14.8,null,null,4.3,1.5,19.2,14.8,19.2,14.8,4.3,1.5]
[2019,5,9,15,43594.624999999498,1.5,"Valid",1.1000000000000001,15.1,"Valid",15.3,null,null,1.5,1.1000000000000001,15.1,15.3,15.1,15.3,1.5,1.1000000000000001]
[2019,5,9,16,43594.666666666162,2.4,"Valid",1.1000000000000001,13.7,"Valid",15.1,null,null,2.4,1.1000000000000001,13.7,15.1,13.7,15.1,2.4,1.1000000000000001]
[2019,5,9,17,43594.708333332826,3.8,"Valid",1.2,16.899999999999999,"Valid",15,null,null,3.8,1.2,16.899999999999999,15,16.899999999999999,15,3.8,1.2]
[2019,5,9,18,43594.749999999491,9.1,"Valid",1.5,62.7,"Valid",16.8,null,null,9.1,1.5,62.7,16.8,62.7,16.8,9.1,1.5]
[2019,5,9,19,43594.791666666155,4.8,"Valid",1.7,49.5,"Valid",18.100000000000001,null,null,4.8,1.7,49.5,18.100000000000001,49.5,18.100000000000001,4.8,1.7]
[2019,5,9,20,43594.833333332819,0.1,"Valid",1.6,10.5,"Valid",17.7,null,null,0.1,1.6,10.5,17.7,10.5,17.7,0.1,1.6]
[2019,5,9,21,43594.874999999483,0,"Valid",1.6,20.5,"Valid",17.7,null,null,0,1.6,20.5,17.7,20.5,17.7,0,1.6]
[2019,5,9,22,43594.916666666148,1.9,"Valid",1.5,16.2,"Valid",17.7,null,null,1.9,1.5,16.2,17.7,16.2,17.7,1.9,1.5]
[2019,5,9,23,43594.958333332812,3.5,"Valid",1.7,14.7,"Valid",17.7,null,null,3.5,1.7,14.7,17.7,14.7,17.7,3.5,1.7]
[2019,5,10,0,43594.999999999476,{"$f":"NA()","v":{"$error":"#N/A"}},"Invalid",{"$f":"NA()","v":{"$error":"#N/A"}},8.8000000000000007,"Valid",17.600000000000001,"Calibration Error","value outside range",{"$error":"#N/A"},{"$error":"#N/A"},8.8000000000000007,17.600000000000001,8.8000000000000007,17.600000000000001]
[2019,{"$f":"B218","v":5},{"$f":"C195+1","v":10},1,43595.04166666614,-1,"Valid",1.6,10.8,"Valid",17.5,null,null,-1,1.6,10.8,17.5,10.8,17.5,-1,1.6]
[2019,5,10,2,43595.083333332805,{"$f":"NA()","v":{"$error":"#N/A"}},"Invalid",{"$f":"NA()","v":{"$error":"#N/A"}},10,"Valid",17.399999999999999,"Calibration Error","value outside range",{"$error":"#N/A"},{"$error":"#N/A"},10,17.399999999999999,10,17.399999999999999]
[2019,5,10,3,43595.124999999469,-1.6,"Valid",1.1000000000000001,12.1,"Valid",17.3,null,null,-1.6,1.1000000000000001,12.1,17.3,12.1,17.3,-1.6,1.1000000000000001]
[2019,5,10,4,43595.166666666133,3.1,"Valid",1,15.1,"Valid",17.3,null,null,3.1,1,15.1,17.3,15.1,17.3,3.1,1]
[2019,5,10,5,43595.208333332797,4.8,"Valid",1.2,15.6,"Valid",17.600000000000001,null,null,4.8,1.2,15.6,17.600000000000001,15.6,17.600000000000001,4.8,1.2]
[2019,5,10,6,43595.249999999462,{"$f":"NA()","v":{"$error":"#N/A"}},"Invalid",{"$f":"NA()","v":{"$error":"#N/A"}},8.1999999999999993,"Valid",17.399999999999999,"Calibration Error","value outside range",{"$error":"#N/A"},{"$error":"#N/A"},8.1999999999999993,17.399999999999999,8.1999999999999993,17.399999999999999]
[2019,5,10,7,43595.291666666126,{"$f":"NA()","v":{"$error":"#N/A"}},"Invalid",{"$f":"NA()","v":{"$error":"#N/A"}},13.5,"Valid",17.2,"Calibration Error","value outside range",{"$error":"#N/A"},{"$error":"#N/A"},13.5,17.2,13.5,17.2]
[2019,5,10,8,43595.33333333279,0.5,"Valid",1.2,14.3,"Valid",17.100000000000001,null,null,0.5,1.2,14.3,17.100000000000001,14.3,17.100000000000001,0.5,1.2]
[2019,5,10,9,43595.374999999454,7.9,"Valid",1.4,23.3,"Valid",17.399999999999999,null,null,7.9,1.4,23.3,17.399999999999999,23.3,17.399999999999999,7.9,1.4]
[2019,5,10,10,43595.416666666119,3.6,"Valid",1.5,21.3,"Valid",18,null,null,3.6,1.5,21.3,18,21.3,18,3.6,1.5]
[2019,5,10,11,43595.458333332783,8.8000000000000007,"Valid",1.9,23.9,"Valid",18.600000000000001,null,null,8.8000000000000007,1.9,23.9,18.600000000000001,23.9,18.600000000000001,8.8000000000000007,1.9]
[2019,5,10,12,43595.499999999447,0.2,"Valid",2,12.9,"Valid",18.7,null,null,0.2,2,12.9,18.7,12.9,18.7,0.2,2]
[2019,5,10,13,43595.541666666111,1,"Valid",1.9,9.8000000000000007,"Valid",18.399999999999999,null,null,1,1.9,9.8000000000000007,18.399999999999999,9.8000000000000007,18.399999999999999,1,1.9]
[2019,5,10,14,43595.583333332776,6.4,"Valid",1.9,28.6,"Valid",18.7,null,null,6.4,1.9,28.6,18.7,28.6,18.7,6.4,1.9]
[2019,5,10,15,43595.62499999944,3.1,"Valid",2,28.8,"Valid",19.3,null,null,3.1,2,28.8,19.3,28.8,19.3,3.1,2]
[2019,5,10,16,43595.666666666104,0,"Valid",1.9,12.5,"Valid",19.3,null,null,0,1.9,12.5,19.3,12.5,19.3,0,1.9]
[2019,5,10,17,43595.708333332768,2.4,"Valid",1.9,8.5,"Valid",18.8,null,null,2.4,1.9,8.5,18.8,8.5,18.8,2.4,1.9]
[2019,5,10,18,43595.749999999432,-1.6,"Valid",1.4,8.9,"Valid",16.5,null,null,-1.6,1.4,8.9,16.5,8.9,16.5,-1.6,1.4]
[2019,5,10,19,43595.791666666097,-0.2,"Valid",1.2,13.3,"Valid",15,null,null,-0.2,1.2,13.3,15,13.3,15,-0.2,1.2]
[2019,5,10,20,43595.833333332761,-1.3,"Valid",1.1000000000000001,5.7,"Valid",14.7,null,null,-1.3,1.1000000000000001,5.7,14.7,5.7,14.7,-1.3,1.1000000000000001]
[2019,5,10,21,43595.874999999425,-1,"Valid",1.1000000000000001,3.3,"Valid",13.9,null,null,-1,1.1000000000000001,3.3,13.9,3.3,13.9,-1,1.1000000000000001]
[2019,5,10,22,43595.916666666089,-1.7,"Valid",0.9,2.4,"Valid",13.3,null,null,-1.7,0.9,2.4,13.3,2.4,13.3,-1.7,0.9]
[2019,5,10,23,43595.958333332754,-1.3,"Valid",0.7,0.7,"Valid",12.7,null,null,-1.3,0.7,0.7,12.7,0.7,12.7,-1.3,0.7]
[2019,5,11,0,43595.999999999418,-2.2000000000000002,"Valid",0.8,0.9,"Valid",12.4,null,null,-2.2000000000000002,0.8,0.9,12.4,0.9,12.4,-2.2000000000000002,0.8]
[2019,5,11,1,43596.041666666082,-0.6,"Valid",0.8,2,"Valid",12,null,null,-0.6,0.8,2,12,2,12,-0.6,0.8]
[2019,5,11,2,43596.083333332746,0.7,"Valid",0.9,3.6,"Valid",11.7,null,null,0.7,0.9,3.6,11.7,3.6,11.7,0.7,0.9]
[2019,5,11,3,43596.124999999411,-1.3,"Valid",0.9,2.6,"Valid",11.4,null,null,-1.3,0.9,2.6,11.4,2.6,11.4,-1.3,0.9]
[2019,5,11,4,43596.166666666075,1,"Valid",0.9,6.1,"Valid",11,null,null,1,0.9,6.1,11,6.1,11,1,0.9]
[2019,5,11,5,43596.208333332739,2.6,"Valid",0.8,7.3,"Valid",10.6,null,null,2.6,0.8,7.3,10.6,7.3,10.6,2.6,0.8]
[2019,5,11,6,43596.249999999403,1.3,"Valid",1,7.1,"Valid",10.6,null,null,1.3,1,7.1,10.6,7.1,10.6,1.3,1]
[2019,5,11,7,43596.291666666068,1.4,"Valid",1.2,7.7,"Valid",10.4,null,null,1.4,1.2,7.7,10.4,7.7,10.4,1.4,1.2]
[2019,5,11,8,43596.333333332732,1.4,"Valid",1.2,8.4,"Valid",10.199999999999999,null,null,1.4,1.2,8.4,10.199999999999999,8.4,10.199999999999999,1.4,1.2]
[2019,5,11,9,43596.374999999396,-0.9,"Valid",0.9,6.5,"Valid",9.5,null,null,-0.9,0.9,6.5,9.5,6.5,9.5,-0.9,0.9]
[2019,5,11,10,43596.41666666606,0.8,"Valid",0.8,7.3,"Valid",9,null,null,0.8,0.8,7.3,9,7.3,9,0.8,0.8]
[2019,5,11,11,43596.458333332725,4.2,"Valid",0.6,7.2,"Valid",8.4,null,null,4.2,0.6,7.2,8.4,7.2,8.4,4.2,0.6]
[2019,5,11,12,43596.499999999389,2.1,"Valid",0.7,3.6,"Valid",8,null,null,2.1,0.7,3.6,8,3.6,8,2.1,0.7]
[2019,5,11,13,43596.541666666053,1.5,"Valid",0.7,3,"Valid",7.8,null,null,1.5,0.7,3,7.8,3,7.8,1.5,0.7]
[2019,5,11,14,43596.583333332717,-2.1,"Valid",0.4,0.8,"Valid",6.7,null,null,-2.1,0.4,0.8,6.7,0.8,6.7,-2.1,0.4]
[2019,5,11,15,43596.624999999382,{"$f":"NA()","v":{"$error":"#N/A"}},"Invalid",{"$f":"NA()","v":{"$error":"#N/A"}},-0.4,"Valid",5.5,"Calibration Error","value outside range",{"$error":"#N/A"},{"$error":"#N/A"},-0.4,5.5,-0.4,5.5]
[2019,5,11,16,43596.666666666046,-2.4,"Valid",0,0.5,"Valid",5,null,null,{"$f":"IF(G258=\"Valid\", F258, NA())","v":-2.4},{"$f":"IF(G258=\"Valid\", H258, NA())","v":0},{"$f":"IF(J258=\"Valid\", I258, NA())","v":0.5},{"$f":"IF(J258=\"Valid\", K258, NA())","v":5},0.5,5,-2.4,0]
[2019,5,11,17,43596.70833333271,0.6,"Valid",-0.1,3.2,"Valid",4.7,null,null,0.6,-0.1,3.2,4.7,3.2,4.7,0.6,-0.1]
[{"$f":"A259","v":2019},5,11,{"$f":"IF(D259=23,0,D259+1)","v":18},{"$f":"E259+0.0416666666666666","v":43596.749999999374},0.7,"Valid",0,3.9,"Valid",4.5,null,null,0.7,0,3.9,4.5,3.9,4.5,0.7,0]
[2019,5,11,19,43596.791666666039,5.3,"Valid",0.3,16,"Valid",4.5999999999999996,null,null,5.3,0.3,16,4.5999999999999996,16,4.5999999999999996,5.3,0.3]
[2019,5,11,20,43596.833333332703,6.6,"Valid",0.6,9.8000000000000007,"Valid",4.7,null,null,6.6,0.6,9.8000000000000007,4.7,9.8000000000000007,4.7,6.6,0.6]
[2019,5,11,21,43596.874999999367,-0.5,"Valid",0.6,1.8,"Valid",4.7,null,null,-0.5,0.6,1.8,4.7,1.8,4.7,-0.5,0.6]
[2019,5,11,22,43596.916666666031,-0.7,"Valid",0.6,2.4,"Valid",4.5999999999999996,null,null,-0.7,0.6,2.4,4.5999999999999996,2.4,4.5999999999999996,-0.7,0.6]
[2019,5,11,23,43596.958333332695,-1.4,"Valid",0.6,1.5,"Valid",4.5999999999999996,null,null,-1.4,0.6,1.5,4.5999999999999996,1.5,4.5999999999999996,-1.4,0.6]
[2019,5,12,0,43596.99999999936,2.6,"Valid",0.8,5.3,"Valid",4.8,null,null,2.6,0.8,5.3,4.8,5.3,4.8,2.6,0.8]
[2019,5,12,1,43597.041666666024,-0.5,"Valid",0.8,2.2000000000000002,"Valid",4.8,null,null,-0.5,0.8,2.2000000000000002,4.8,2.2000000000000002,4.8,-0.5,0.8]
[2019,5,12,2,43597.083333332688,5.8,"Valid",1,8.1,"Valid",5,null,null,5.8,1,8.1,5,8.1,5,5.8,1]
[2019,5,12,3,43597.124999999352,2.4,"Valid",1.2,4.8,"Valid",5.0999999999999996,null,null,2.4,1.2,4.8,5.0999999999999996,4.8,5.0999999999999996,2.4,1.2]
[2019,5,12,4,43597.166666666017,-0.3,"Valid",1.1000000000000001,1.9,"Valid",4.9000000000000004,null,null,-0.3,1.1000000000000001,1.9,4.9000000000000004,1.9,4.9000000000000004,-0.3,1.1000000000000001]
[2019,5,12,5,43597.208333332681,-0.3,"Valid",1,1.5,"Valid",4.7,null,null,-0.3,1,1.5,4.7,1.5,4.7,-0.3,1]
[2019,5,12,6,43597.249999999345,-0.4,"Valid",0.9,4.8,"Valid",4.5999999999999996,null,null,-0.4,0.9,4.8,4.5999999999999996,4.8,4.5999999999999996,-0.4,0.9]
[2019,5,12,7,43597.291666666009,10.3,"Valid",1.3,11.1,"Valid",4.7,null,null,10.3,1.3,11.1,4.7,11.1,4.7,10.3,1.3]
[2019,5,12,8,43597.333333332674,9.6,"Valid",1.7,15.8,"Valid",5.0999999999999996,null,null,9.6,1.7,15.8,5.0999999999999996,15.8,5.0999999999999996,9.6,1.7]
[2019,5,12,9,43597.374999999338,{"$f":"NA()","v":{"$error":"#N/A"}},"Invalid",{"$f":"NA()","v":{"$error":"#N/A"}},-2.4,"Valid",4.8,"Calibration Error","value outside range",{"$error":"#N/A"},{"$error":"#N/A"},-2.4,4.8,-2.4,4.8]
[2019,5,12,10,43597.416666666002,4.2,"Valid",1.7,6.3,"Valid",4.7,null,null,4.2,1.7,6.3,4.7,6.3,4.7,4.2,1.7]
[2019,5,12,11,43597.458333332666,11.1,"Valid",2,12.6,"Valid",5,null,null,11.1,2,12.6,5,12.6,5,11.1,2]
[2019,5,12,12,43597.499999999331,3.9,"Valid",2,6.6,"Valid",5.2,null,null,3.9,2,6.6,5.2,6.6,5.2,3.9,2]
[2019,5,12,13,43597.541666665995,-2.4,"Valid",1.9,1,"Valid",5.0999999999999996,null,null,-2.4,1.9,1,5.0999999999999996,1,5.0999999999999996,-2.4,1.9]
[2019,5,12,14,43597.583333332659,3.4,"Valid",2.1,6.3,"Valid",5.3,null,null,3.4,2.1,6.3,5.3,6.3,5.3,3.4,2.1]
[2019,5,12,15,43597.624999999323,2.4,"Valid",2.4,4.5999999999999996,"Valid",5.6,null,null,2.4,2.4,4.5999999999999996,5.6,4.5999999999999996,5.6,2.4,2.4]
[2019,5,12,16,43597.666666665988,0.3,"Valid",2.5,4.7,"Valid",5.7,null,null,0.3,2.5,4.7,5.7,4.7,5.7,0.3,2.5]
[2019,{"$f":"B282","v":5},{"$f":"C259+1","v":12},17,43597.708333332652,8,"Valid",2.8,11.3,"Valid",6.1,null,null,8,2.8,11.3,6.1,11.3,6.1,8,2.8]
[2019,5,12,18,43597.749999999316,5.3,"Valid",2.9,13.7,"Valid",6.4,null,null,5.3,2.9,13.7,6.4,13.7,6.4,5.3,2.9]
[2019,5,12,19,43597.79166666598,11.2,"Valid",3.2,33.299999999999997,"Valid",7.1,null,null,11.2,3.2,33.299999999999997,7.1,33.299999999999997,7.1,11.2,3.2]
[2019,5,12,20,43597.833333332645,9.1,"Valid",3.2,12.5,"Valid",7.1,null,null,9.1,3.2,12.5,7.1,12.5,7.1,9.1,3.2]
[2019,5,12,21,43597.874999999309,24.5,"Valid",4.3,24.8,"Valid",8.1999999999999993,null,null,24.5,4.3,24.8,8.1999999999999993,24.8,8.1999999999999993,24.5,4.3]
[2019,5,12,22,43597.916666665973,0.3,"Valid",4.3,5.3,"Valid",8.3000000000000007,null,null,0.3,4.3,5.3,8.3000000000000007,5.3,8.3000000000000007,0.3,4.3]
[2019,5,12,23,43597.958333332637,2.9,"Valid",4.5,24.1,"Valid",9.1,null,null,2.9,4.5,24.1,9.1,24.1,9.1,2.9,4.5]
[2019,5,13,0,43597.999999999302,18.8,"Valid",5.0999999999999996,27.2,"Valid",10,null,null,18.8,5.0999999999999996,27.2,10,27.2,10,18.8,5.0999999999999996]
[2019,5,13,1,43598.041666665966,5,"Valid",5.4,7.9,"Valid",10.199999999999999,null,null,5,5.4,7.9,10.199999999999999,7.9,10.199999999999999,5,5.4]
[2019,5,13,2,43598.08333333263,1.1000000000000001,"Valid",5.0999999999999996,3.8,"Valid",10,null,null,1.1000000000000001,5.0999999999999996,3.8,10,3.8,10,1.1000000000000001,5.0999999999999996]
[2019,5,13,3,43598.124999999294,3.3,"Valid",5.2,6.5,"Valid",10.1,null,null,3.3,5.2,6.5,10.1,6.5,10.1,3.3,5.2]
[2019,5,13,4,43598.166666665958,{"$f":"NA()","v":{"$error":"#N/A"}},"Invalid",{"$f":"NA()","v":{"$error":"#N/A"}},50.5,"Valid",12.1,"Calibration Error","value outside range",{"$error":"#N/A"},{"$error":"#N/A"},50.5,12.1,50.5,12.1]
[2019,5,13,5,43598.208333332623,7.3,"Valid",7.7,10.1,"Valid",12.5,null,null,7.3,7.7,10.1,12.5,10.1,12.5,7.3,7.7]
[2019,5,13,6,43598.249999999287,{"$f":"NA()","v":{"$error":"#N/A"}},"Invalid",{"$f":"NA()","v":{"$error":"#N/A"}},{"$f":"NA()","v":{"$error":"#N/A"}},"Invalid",{"$f":"NA()","v":{"$error":"#N/A"}},"Calibration Error","value outside range",{"$error":"#N/A"},{"$error":"#N/A"},{"$error":"#N/A"},{"$error":"#N/A"}]
[2019,5,13,7,43598.291666665951,{"$f":"NA()","v":{"$error":"#N/A"}},"Invalid",{"$f":"NA()","v":{"$error":"#N/A"}},39.1,"Valid",1,"Calibration Error","value outside range",{"$error":"#N/A"},{"$error":"#N/A"},39.1,1,39.1,1]
[2019,5,13,8,43598.333333332615,153.1,"Valid",-1,154,"Valid",6.7,null,null,153.1,-1,154,6.7,154,6.7,153.1,-1]
[2019,5,13,9,43598.37499999928,60.3,"Valid",1.7,64.400000000000006,"Valid",9.6,null,null,60.3,1.7,64.400000000000006,9.6,64.400000000000006,9.6,60.3,1.7]
[2019,5,13,10,43598.416666665944,11.9,"Valid",2.1,20.7,"Valid",10.3,null,null,11.9,2.1,20.7,10.3,20.7,10.3,11.9,2.1]
[2019,5,13,11,43598.458333332608,14.2,"Valid",2.2000000000000002,18,"Valid",10.6,null,null,14.2,2.2000000000000002,18,10.6,18,10.6,14.2,2.2000000000000002]
[2019,5,13,12,43598.499999999272,21.9,"Valid",3,22,"Valid",11.3,null,null,21.9,3,22,11.3,22,11.3,21.9,3]
[2019,5,13,13,43598.541666665937,19.600000000000001,"Valid",3.9,18.5,"Valid",12,null,null,19.600000000000001,3.9,18.5,12,18.5,12,19.600000000000001,3.9]
[2019,5,13,14,43598.583333332601,{"$f":"NA()","v":{"$error":"#N/A"}},"Invalid",{"$f":"NA()","v":{"$error":"#N/A"}},{"$f":"NA()","v":{"$error":"#N/A"}},"Invalid",{"$f":"NA()","v":{"$error":"#N/A"}},"Calibration Error","value outside range",{"$error":"#N/A"},{"$error":"#N/A"},{"$error":"#N/A"},{"$error":"#N/A"}]
[2019,5,13,15,43598.624999999265,33.200000000000003,"Valid",1.2,42.9,"Valid",10.199999999999999,null,null,33.200000000000003,1.2,42.9,10.199999999999999,42.9,10.199999999999999,33.200000000000003,1.2]
[2019,5,13,16,43598.666666665929,51.2,"Valid",3.3,53.8,"Valid",12.2,null,null,51.2,3.3,53.8,12.2,53.8,12.2,51.2,3.3]
[2019,5,13,17,43598.708333332594,{"$f":"NA()","v":{"$error":"#N/A"}},"Invalid",{"$f":"NA()","v":{"$error":"#N/A"}},-0.5,"Valid",11.7,"Calibration Error","value outside range",{"$error":"#N/A"},{"$error":"#N/A"},-0.5,11.7,-0.5,11.7]
[2019,5,13,18,43598.749999999258,{"$f":"NA()","v":{"$error":"#N/A"}},"Invalid",{"$f":"NA()","v":{"$error":"#N/A"}},13.5,"Valid",11.6,"Calibration Error","value outside range",{"$error":"#N/A"},{"$error":"#N/A"},13.5,11.6,13.5,11.6]
[2019,5,13,19,43598.791666665922,96,"Valid",4,102.6,"Valid",14.3,null,null,96,4,102.6,14.3,102.6,14.3,96,4]
[2019,5,13,20,43598.833333332586,66.2,"Valid",6.3,66,"Valid",16.5,null,null,66.2,6.3,66,16.5,66,16.5,66.2,6.3]
[2019,5,13,21,43598.874999999251,{"$f":"NA()","v":{"$error":"#N/A"}},"Invalid",{"$f":"NA()","v":{"$error":"#N/A"}},{"$f":"NA()","v":{"$error":"#N/A"}},"Invalid",{"$f":"NA()","v":{"$error":"#N/A"}},"Calibration Error","value outside range",{"$error":"#N/A"},{"$error":"#N/A"},{"$error":"#N/A"},{"$error":"#N/A"}]
[2019,5,13,22,43598.916666665915,154.9,"Valid",9.6,150.5,"Valid",19.8,null,null,154.9,9.6,150.5,19.8,150.5,19.8,154.9,9.6]
[2019,5,13,23,43598.958333332579,{"$f":"NA()","v":{"$error":"#N/A"}},"Invalid",{"$f":"NA()","v":{"$error":"#N/A"}},13.5,"Valid",19.399999999999999,"Calibration Error","value outside range",{"$error":"#N/A"},{"$error":"#N/A"},13.5,19.399999999999999,13.5,19.399999999999999]
[2019,5,14,0,43598.999999999243,{"$f":"NA()","v":{"$error":"#N/A"}},"Invalid",{"$f":"NA()","v":{"$error":"#N/A"}},{"$f":"NA()","v":{"$error":"#N/A"}},"Invalid",{"$f":"NA()","v":{"$error":"#N/A"}},"Calibration Error","value outside range",{"$error":"#N/A"},{"$error":"#N/A"},{"$error":"#N/A"},{"$error":"#N/A"}]
[2019,5,14,1,43599.041666665908,35.6,"Valid",7.8,35.4,"Valid",18.3,null,null,35.6,7.8,35.4,18.3,35.4,18.3,35.6,7.8]
[2019,5,14,2,43599.083333332572,35.200000000000003,"Valid",9.1999999999999993,35.700000000000003,"Valid",19.600000000000001,null,null,35.200000000000003,9.1999999999999993,35.700000000000003,19.600000000000001,35.700000000000003,19.600000000000001,35.200000000000003,9.1999999999999993]
[2019,5,14,3,43599.124999999236,-0.8,"Valid",9,5.9,"Valid",19.600000000000001,null,null,-0.8,9,5.9,19.600000000000001,5.9,19.600000000000001,-0.8,9]
[2019,5,14,4,43599.1666666659,13.2,"Valid",7.3,18.5,"Valid",18.2,null,null,13.2,7.3,18.5,18.2,18.5,18.2,13.2,7.3]
[2019,5,14,5,43599.208333332565,8.8000000000000007,"Valid",7.4,15.4,"Valid",18.399999999999999,null,null,8.8000000000000007,7.4,15.4,18.399999999999999,15.4,18.399999999999999,8.8000000000000007,7.4]
[2019,5,14,6,43599.249999999229,26.5,"Valid",22.8,32.5,"Valid",32.6,null,null,26.5,22.8,32.5,32.6,32.5,32.6,26.5,22.8]
[2019,5,14,7,43599.291666665893,{"$f":"NA()","v":{"$error":"#N/A"}},"Invalid",{"$f":"NA()","v":{"$error":"#N/A"}},12,"Valid",31.2,"Calibration Error","value outside range",{"$error":"#N/A"},{"$error":"#N/A"},12,31.2,12,31.2]
[2019,5,14,8,43599.333333332557,17.7,"Valid",16.899999999999999,38.6,"Valid",26.5,null,null,{"$f":"IF(G322=\"Valid\", F322, NA())","v":17.7},{"$f":"IF(G322=\"Valid\", H322, NA())","v":16.899999999999999},{"$f":"IF(J322=\"Valid\", I322, NA())","v":38.6},{"$f":"IF(J322=\"Valid\", K322, NA())","v":26.5},38.6,26.5,17.7,16.899999999999999]
[2019,5,14,9,43599.374999999221,15,"Valid",15.1,27.5,"Valid",25,null,null,15,15.1,27.5,25,27.5,25,15,15.1]
[{"$f":"A323","v":2019},5,14,{"$f":"IF(D323=23,0,D323+1)","v":10},{"$f":"E323+0.0416666666666666","v":43599.416666665886},8.4,"Valid",15.1,19.399999999999999,"Valid",25.3,null,null,8.4,15.1,19.399999999999999,25.3,19.399999999999999,25.3,8.4,15.1]
[2019,5,14,11,43599.45833333255,{"$f":"NA()","v":{"$error":"#N/A"}},"Invalid",{"$f":"NA()","v":{"$error":"#N/A"}},{"$f":"NA()","v":{"$error":"#N/A"}},"Invalid",{"$f":"NA()","v":{"$error":"#N/A"}},"Power Failure","no data",{"$error":"#N/A"},{"$error":"#N/A"},{"$error":"#N/A"},{"$error":"#N/A"}]
[2019,5,14,12,43599.499999999214,{"$f":"NA()","v":{"$error":"#N/A"}},"Invalid",{"$f":"NA()","v":{"$error":"#N/A"}},{"$f":"NA()","v":{"$error":"#N/A"}},"Invalid",{"$f":"NA()","v":{"$error":"#N/A"}},"Power Failure","no data",{"$error":"#N/A"},{"$error":"#N/A"},{"$error":"#N/A"},{"$error":"#N/A"}]
[2019,5,14,13,43599.541666665878,{"$f":"NA()","v":{"$error":"#N/A"}},"Invalid",{"$f":"NA()","v":{"$error":"#N/A"}},{"$f":"NA()","v":{"$error":"#N/A"}},"Invalid",{"$f":"NA()","v":{"$error":"#N/A"}},"Power Failure","no data",{"$error":"#N/A"},{"$error":"#N/A"},{"$error":"#N/A"},{"$error":"#N/A"}]
[2019,5,14,14,43599.583333332543,{"$f":"NA()","v":{"$error":"#N/A"}},"Invalid",{"$f":"NA()","v":{"$error":"#N/A"}},{"$f":"NA()","v":{"$error":"#N/A"}},"Invalid",{"$f":"NA()","v":{"$error":"#N/A"}},"Power Failure","no data",{"$error":"#N/A"},{"$error":"#N/A"},{"$error":"#N/A"},{"$error":"#N/A"}]
[2019,5,14,15,43599.624999999207,{"$f":"NA()","v":{"$error":"#N/A"}},"Invalid",{"$f":"NA()","v":{"$error":"#N/A"}},{"$f":"NA()","v":{"$error":"#N/A"}},"Invalid",{"$f":"NA()","v":{"$error":"#N/A"}},"Power Failure","no data",{"$error":"#N/A"},{"$error":"#N/A"},{"$error":"#N/A"},{"$error":"#N/A"}]
[2019,5,14,16,43599.666666665871,{"$f":"NA()","v":{"$error":"#N/A"}},"Invalid",{"$f":"NA()","v":{"$error":"#N/A"}},{"$f":"NA()","v":{"$error":"#N/A"}},"Invalid",{"$f":"NA()","v":{"$error":"#N/A"}},"Power Failure","no data",{"$error":"#N/A"},{"$error":"#N/A"},{"$error":"#N/A"},{"$error":"#N/A"}]
[2019,5,14,17,43599.708333332535,10.9,"Valid",7.2791666666666659,20.5,"Valid",38,null,null,10.9,7.2791666666666659,20.5,38,20.5,38,10.9,7.2791666666666659]
[2019,5,14,18,43599.7499999992,37.507692307692302,"Valid",7.1708333333333334,87.2,"Valid",42.6,null,null,37.507692307692302,7.1708333333333334,87.2,42.6,87.2,42.6,37.507692307692302,7.1708333333333334]
[2019,5,14,19,43599.791666665864,35.378571428571426,"Valid",7.1499999999999995,95.1,"Valid",42.1,null,null,35.378571428571426,7.1499999999999995,95.1,42.1,95.1,42.1,35.378571428571426,7.1499999999999995]
[2019,5,14,20,43599.833333332528,29.4,"Valid",6.9833333333333334,12.5,"Valid",38.799999999999997,null,null,29.4,6.9833333333333334,12.5,38.799999999999997,12.5,38.799999999999997,29.4,6.9833333333333334]
[2019,5,14,21,43599.874999999192,24.871428571428567,"Valid",7.9118055555555538,14.7,"Valid",37.299999999999997,null,null,24.871428571428567,7.9118055555555538,14.7,37.299999999999997,14.7,37.299999999999997,24.871428571428567,7.9118055555555538]
[2019,5,14,22,43599.916666665857,23.45333333333333,"Valid",7.7826388888888873,21.1,"Valid",29.7,null,null,23.45333333333333,7.7826388888888873,21.1,29.7,21.1,29.7,23.45333333333333,7.7826388888888873]
[2019,5,14,23,43599.958333332521,13.720000000000002,"Valid",13.1,13.5,"Valid",29.7,null,null,13.720000000000002,13.1,13.5,29.7,13.5,29.7,13.720000000000002,13.1]
[2019,5,15,0,43599.999999999185,13.087500000000002,"Valid",12.5,10.5,"Valid",28.7,null,null,13.087500000000002,12.5,10.5,28.7,10.5,28.7,13.087500000000002,12.5]
[2019,5,15,1,43600.041666665849,12.482352941176472,"Valid",10.7,12.3,"Valid",27.4,null,null,12.482352941176472,10.7,12.3,27.4,12.3,27.4,12.482352941176472,10.7]
[2019,5,15,2,43600.083333332514,10.73529411764706,"Valid",9.1,15,"Valid",26.2,null,null,10.73529411764706,9.1,15,26.2,15,26.2,10.73529411764706,9.1]
[2019,5,15,3,43600.124999999178,9.1058823529411779,"Valid",9.6,14.9,"Valid",26.7,null,null,9.1058823529411779,9.6,14.9,26.7,14.9,26.7,9.1058823529411779,9.6]
[2019,5,15,4,43600.166666665842,9.6000000000000014,"Valid",9.3000000000000007,38.4,"Valid",27.8,null,null,9.6000000000000014,9.3000000000000007,38.4,27.8,38.4,27.8,9.6000000000000014,9.3000000000000007]
[2019,5,15,5,43600.208333332506,9.2705882352941167,"Valid",9,9.1,"Valid",27.5,null,null,9.2705882352941167,9,9.1,27.5,9.1,27.5,9.2705882352941167,9]
[2019,5,15,6,43600.249999999171,8.9941176470588236,"Valid",7.8,9.1999999999999993,"Valid",26.2,null,null,8.9941176470588236,7.8,9.1999999999999993,26.2,9.1999999999999993,26.2,8.9941176470588236,7.8]
[2019,5,15,7,43600.291666665835,8,"Valid",7.8,27.8,"Valid",27.1,null,null,8,7.8,27.8,27.1,27.8,27.1,8,7.8]
[2019,5,15,8,43600.333333332499,13.3,"Valid",7.6,104.2,"Valid",30.7,null,null,13.3,7.6,104.2,30.7,104.2,30.7,13.3,7.6]
[2019,{"$f":"B346","v":5},{"$f":"C323+1","v":15},9,43600.374999999163,5.9,"Valid",7.1,29.6,"Valid",30.8,null,null,5.9,7.1,29.6,30.8,29.6,30.8,5.9,7.1]
[2019,5,15,10,43600.416666665828,5.9,"Valid",6.9,12.3,"Valid",30.4,null,null,5.9,6.9,12.3,30.4,12.3,30.4,5.9,6.9]
[2019,5,15,11,43600.458333332492,7.2,"Valid",7,14.8,"Valid",29.6,null,null,7.2,7,14.8,29.6,14.8,29.6,7.2,7]
[2019,5,15,12,43600.499999999156,8.6,"Valid",7,13.2,"Valid",28.8,null,null,8.6,7,13.2,28.8,13.2,28.8,8.6,7]
[2019,5,15,13,43600.54166666582,7,"Valid",7,11.2,"Valid",28,null,null,7,7,11.2,28,11.2,28,7,7]
[2019,5,15,14,43600.583333332484,7.2,"Valid",7,11.4,"Valid",27.2,null,null,7.2,7,11.4,27.2,11.4,27.2,7.2,7]
[2019,5,15,15,43600.624999999149,6.3,"Valid",7,9.9,"Valid",26.5,null,null,6.3,7,9.9,26.5,9.9,26.5,6.3,7]
[2019,5,15,16,43600.666666665813,6.5,"Valid",7.1,12.2,"Valid",26.5,null,null,6.5,7.1,12.2,26.5,12.2,26.5,6.5,7.1]
[2019,5,15,17,43600.708333332477,6.7,"Valid",6.9,13.6,"Valid",26.2,null,null,6.7,6.9,13.6,26.2,13.6,26.2,6.7,6.9]
[2019,5,15,18,43600.749999999141,12.2,"Valid",7.1,49.8,"Valid",24.3,null,null,12.2,7.1,49.8,24.3,49.8,24.3,12.2,7.1]
[2019,5,15,19,43600.791666665806,14.5,"Valid",7.1,60,"Valid",22.6,null,null,14.5,7.1,60,22.6,60,22.6,14.5,7.1]
[2019,5,15,20,43600.83333333247,5.5,"Valid",7.2,13,"Valid",22.6,null,null,5.5,7.2,13,22.6,13,22.6,5.5,7.2]
[2019,5,15,21,43600.874999999134,10.199999999999999,"Valid",7.5,19.8,"Valid",22.9,null,null,10.199999999999999,7.5,19.8,22.9,19.8,22.9,10.199999999999999,7.5]
[2019,5,15,22,43600.916666665798,7.5,"Valid",7.4,15.5,"Valid",22.6,null,null,7.5,7.4,15.5,22.6,15.5,22.6,7.5,7.4]
[2019,5,15,23,43600.958333332463,7.4,"Valid",7.6,22.1,"Valid",22.9,null,null,7.4,7.6,22.1,22.9,22.1,22.9,7.4,7.6]
[2019,5,16,0,43600.999999999127,5.0999999999999996,"Valid",7.6,12.1,"Valid",22.8,null,null,5.0999999999999996,7.6,12.1,22.8,12.1,22.8,5.0999999999999996,7.6]
[2019,5,16,1,43601.041666665791,7.6,"Valid",7.6,14.9,"Valid",22.8,null,null,7.6,7.6,14.9,22.8,14.9,22.8,7.6,7.6]
[2019,5,16,2,43601.083333332455,5.9,"Valid",7.6,10.8,"Valid",22.6,null,null,5.9,7.6,10.8,22.6,10.8,22.6,5.9,7.6]
[2019,5,16,3,43601.12499999912,9.1,"Valid",7.6,12.8,"Valid",22.5,null,null,9.1,7.6,12.8,22.5,12.8,22.5,9.1,7.6]
[2019,5,16,4,43601.166666665784,6.8,"Valid",7.6,9.1,"Valid",21.3,null,null,6.8,7.6,9.1,21.3,9.1,21.3,6.8,7.6]
[2019,5,16,5,43601.208333332448,8.3000000000000007,"Valid",7.7,11,"Valid",21.3,null,null,8.3000000000000007,7.7,11,21.3,11,21.3,8.3000000000000007,7.7]
[2019,5,16,6,43601.249999999112,9.3000000000000007,"Valid",7.9,19.899999999999999,"Valid",21.7,null,null,9.3000000000000007,7.9,19.899999999999999,21.7,19.899999999999999,21.7,9.3000000000000007,7.9]
[2019,5,16,7,43601.291666665777,25.4,"Valid",8.6,193.6,"Valid",28.7,null,null,25.4,8.6,193.6,28.7,193.6,28.7,25.4,8.6]
[2019,5,16,8,43601.333333332441,12.2,"Valid",8.6,69.8,"Valid",27.5,null,null,12.2,8.6,69.8,27.5,69.8,27.5,12.2,8.6]
[2019,5,16,9,43601.374999999105,10.4,"Valid",8.9,37.200000000000003,"Valid",28,null,null,10.4,8.9,37.200000000000003,28,37.200000000000003,28,10.4,8.9]
[2019,5,16,10,43601.416666665769,6.7,"Valid",9,17,"Valid",28.5,null,null,6.7,9,17,28.5,17,28.5,6.7,9]
[2019,5,16,11,43601.458333332434,6.9,"Valid",9.1,10.3,"Valid",28.5,null,null,6.9,9.1,10.3,28.5,10.3,28.5,6.9,9.1]
[2019,5,16,12,43601.499999999098,3.6,"Valid",8.9,6.3,"Valid",28.4,null,null,3.6,8.9,6.3,28.4,6.3,28.4,3.6,8.9]
[2019,5,16,13,43601.541666665762,4.4000000000000004,"Valid",8.8000000000000007,6.4,"Valid",28.3,null,null,4.4000000000000004,8.8000000000000007,6.4,28.3,6.4,28.3,4.4000000000000004,8.8000000000000007]
[2019,5,16,14,43601.583333332426,4.0999999999999996,"Valid",8.6999999999999993,7.5,"Valid",28.2,null,null,4.0999999999999996,8.6999999999999993,7.5,28.2,7.5,28.2,4.0999999999999996,8.6999999999999993]
[2019,5,16,15,43601.624999999091,5,"Valid",8.6,8.4,"Valid",28.1,null,null,5,8.6,8.4,28.1,8.4,28.1,5,8.6]
[2019,5,16,16,43601.666666665755,6.8,"Valid",8.6999999999999993,14.3,"Valid",28.2,null,null,6.8,8.6999999999999993,14.3,28.2,14.3,28.2,6.8,8.6999999999999993]
[2019,5,16,17,43601.708333332419,5.7,"Valid",8.6,13.6,"Valid",28.1,null,null,5.7,8.6,13.6,28.1,13.6,28.1,5.7,8.6]
[2019,5,16,18,43601.749999999083,10.7,"Valid",8.4,44.3,"Valid",27.6,null,null,10.7,8.4,44.3,27.6,44.3,27.6,10.7,8.4]
[2019,5,16,19,43601.791666665747,8.1,"Valid",8.1,45.7,"Valid",26.8,null,null,8.1,8.1,45.7,26.8,45.7,26.8,8.1,8.1]
[2019,5,16,20,43601.833333332412,6.5,"Valid",8.1999999999999993,10.199999999999999,"Valid",26.9,null,null,6.5,8.1999999999999993,10.199999999999999,26.9,10.199999999999999,26.9,6.5,8.1999999999999993]
[2019,5,16,21,43601.874999999076,2.2000000000000002,"Valid",7.9,7.3,"Valid",26.3,null,null,2.2000000000000002,7.9,7.3,26.3,7.3,26.3,2.2000000000000002,7.9]
[2019,5,16,22,43601.91666666574,6.9,"Valid",7.8,28.1,"Valid",26.8,null,null,6.9,7.8,28.1,26.8,28.1,26.8,6.9,7.8]
[2019,5,16,23,43601.958333332404,3.7,"Valid",7.6,8.5,"Valid",26.1,null,null,3.7,7.6,8.5,26.1,8.5,26.1,3.7,7.6]
[2019,5,17,0,43601.999999999069,5,"Valid",7.6,8.9,"Valid",25.8,null,null,{"$f":"IF(G386=\"Valid\", F386, NA())","v":5},{"$f":"IF(G386=\"Valid\", H386, NA())","v":7.6},{"$f":"IF(J386=\"Valid\", I386, NA())","v":8.9},{"$f":"IF(J386=\"Valid\", K386, NA())","v":25.8},8.9,25.8,5,7.6]
[2019,5,17,1,43602.041666665733,3.8,"Valid",7.4,7,"Valid",25.5,null,null,3.8,7.4,7,25.5,7,25.5,3.8,7.4]
[{"$f":"A387","v":2019},5,17,{"$f":"IF(D387=23,0,D387+1)","v":2},{"$f":"E387+0.0416666666666666","v":43602.083333332397},2.7,"Valid",7.3,4.9000000000000004,"Valid",25.2,null,null,2.7,7.3,4.9000000000000004,25.2,4.9000000000000004,25.2,2.7,7.3]
[2019,5,17,3,43602.124999999061,4.7,"Valid",7.1,6.1,"Valid",25.1,null,null,4.7,7.1,6.1,25.1,6.1,25.1,4.7,7.1]
[2019,5,17,4,43602.166666665726,2.8,"Valid",6.9,4.3,"Valid",24.8,null,null,2.8,6.9,4.3,24.8,4.3,24.8,2.8,6.9]
[2019,5,17,5,43602.20833333239,5.0999999999999996,"Valid",6.8,6.2,"Valid",24.7,null,null,5.0999999999999996,6.8,6.2,24.7,6.2,24.7,5.0999999999999996,6.8]
[2019,5,17,6,43602.249999999054,3.2,"Valid",6.5,4.2,"Valid",24,null,null,3.2,6.5,4.2,24,4.2,24,3.2,6.5]
[2019,5,17,7,43602.291666665718,6.7,"Valid",5.7,24,"Valid",16.600000000000001,null,null,6.7,5.7,24,16.600000000000001,24,16.600000000000001,6.7,5.7]
[2019,5,17,8,43602.333333332383,9,"Valid",5.5,21.6,"Valid",14.5,null,null,9,5.5,21.6,14.5,21.6,14.5,9,5.5]
[2019,5,17,9,43602.374999999047,4.4000000000000004,"Valid",5.3,13.3,"Valid",13.7,null,null,4.4000000000000004,5.3,13.3,13.7,13.3,13.7,4.4000000000000004,5.3]
[2019,5,17,10,43602.416666665711,0.9,"Valid",5.0999999999999996,4,"Valid",13.2,null,null,0.9,5.0999999999999996,4,13.2,4,13.2,0.9,5.0999999999999996]
[2019,5,17,11,43602.458333332375,4.2,"Valid",5,6.6,"Valid",13.1,null,null,4.2,5,6.6,13.1,6.6,13.1,4.2,5]
[2019,5,17,12,43602.49999999904,8.4,"Valid",5.3,9.9,"Valid",13.3,null,null,8.4,5.3,9.9,13.3,9.9,13.3,8.4,5.3]
[2019,5,17,13,43602.541666665704,1.9,"Valid",5.2,2.9,"Valid",13.2,null,null,1.9,5.2,2.9,13.2,2.9,13.2,1.9,5.2]
[2019,5,17,14,43602.583333332368,1.2,"Valid",5.0999999999999996,3.3,"Valid",13,null,null,1.2,5.0999999999999996,3.3,13,3.3,13,1.2,5.0999999999999996]
[2019,5,17,15,43602.624999999032,1.3,"Valid",4.9000000000000004,4.4000000000000004,"Valid",12.9,null,null,1.3,4.9000000000000004,4.4000000000000004,12.9,4.4000000000000004,12.9,1.3,4.9000000000000004]
[2019,5,17,16,43602.666666665697,3.5,"Valid",4.8,11.7,"Valid",12.7,null,null,3.5,4.8,11.7,12.7,11.7,12.7,3.5,4.8]
[2019,5,17,17,43602.708333332361,3.1,"Valid",4.5999999999999996,17.7,"Valid",12.8,null,null,3.1,4.5999999999999996,17.7,12.8,17.7,12.8,3.1,4.5999999999999996]
[2019,5,17,18,43602.749999999025,5.6,"Valid",4.4000000000000004,22,"Valid",11.8,null,null,5.6,4.4000000000000004,22,11.8,22,11.8,5.6,4.4000000000000004]
[2019,5,17,19,43602.791666665689,11.6,"Valid",4.5,65.400000000000006,"Valid",12.5,null,null,11.6,4.5,65.400000000000006,12.5,65.400000000000006,12.5,11.6,4.5]
[2019,5,17,20,43602.833333332354,8.9,"Valid",4.5999999999999996,41,"Valid",13.8,null,null,8.9,4.5999999999999996,41,13.8,41,13.8,8.9,4.5999999999999996]
[2019,5,17,21,43602.874999999018,3.6,"Valid",4.5999999999999996,10,"Valid",13.9,null,null,3.6,4.5999999999999996,10,13.9,10,13.9,3.6,4.5999999999999996]
[2019,5,17,22,43602.916666665682,5,"Valid",4.5,9.8000000000000007,"Valid",13.1,null,null,5,4.5,9.8000000000000007,13.1,9.8000000000000007,13.1,5,4.5]
[2019,5,17,23,43602.958333332346,6,"Valid",4.5999999999999996,8.6999999999999993,"Valid",13.1,null,null,6,4.5999999999999996,8.6999999999999993,13.1,8.6999999999999993,13.1,6,4.5999999999999996]
[2019,5,18,0,43602.99999999901,7.9,"Valid",4.7,20.6,"Valid",13.6,null,null,7.9,4.7,20.6,13.6,20.6,13.6,7.9,4.7]
[2019,{"$f":"B410","v":5},{"$f":"C387+1","v":18},1,43603.041666665675,6.2,"Valid",4.8,12.9,"Valid",13.8,null,null,6.2,4.8,12.9,13.8,12.9,13.8,6.2,4.8]
[2019,5,18,2,43603.083333332339,3.3,"Valid",4.9000000000000004,5.8,"Valid",13.8,null,null,3.3,4.9000000000000004,5.8,13.8,5.8,13.8,3.3,4.9000000000000004]
[2019,5,18,3,43603.124999999003,1.9,"Valid",4.7,3.5,"Valid",13.7,null,null,1.9,4.7,3.5,13.7,3.5,13.7,1.9,4.7]
[2019,5,18,4,43603.166666665667,1.8,"Valid",4.7,3.7,"Valid",13.7,null,null,1.8,4.7,3.7,13.7,3.7,13.7,1.8,4.7]
[2019,5,18,5,43603.208333332332,3.2,"Valid",4.5999999999999996,6.2,"Valid",13.6,null,null,3.2,4.5999999999999996,6.2,13.6,6.2,13.6,3.2,4.5999999999999996]
[2019,5,18,6,43603.249999998996,4.7,"Valid",4.7,7,"Valid",13.7,null,null,4.7,4.7,7,13.7,7,13.7,4.7,4.7]
[2019,5,18,7,43603.29166666566,{"$f":"NA()","v":{"$error":"#N/A"}},"Invalid",{"$f":"NA()","v":{"$error":"#N/A"}},{"$f":"NA()","v":{"$error":"#N/A"}},"Invalid",{"$f":"NA()","v":{"$error":"#N/A"}},"Power Failure","no data",{"$error":"#N/A"},{"$error":"#N/A"},{"$error":"#N/A"},{"$error":"#N/A"}]
[2019,5,18,8,43603.333333332324,{"$f":"NA()","v":{"$error":"#N/A"}},"Invalid",{"$f":"NA()","v":{"$error":"#N/A"}},{"$f":"NA()","v":{"$error":"#N/A"}},"Invalid",{"$f":"+NA()","v":{"$error":"#N/A"}},"Power Failure","no data",{"$error":"#N/A"},{"$error":"#N/A"},{"$error":"#N/A"},{"$error":"#N/A"}]
[2019,5,18,9,43603.374999998989,{"$f":"NA()","v":{"$error":"#N/A"}},"Invalid",{"$f":"+NA()","v":{"$error":"#N/A"}},{"$f":"NA()","v":{"$error":"#N/A"}},"Invalid",{"$f":"+NA()","v":{"$error":"#N/A"}},"Power Failure","no data",{"$error":"#N/A"},{"$error":"#N/A"},{"$error":"#N/A"},{"$error":"#N/A"}]
[2019,5,18,10,43603.416666665653,{"$f":"NA()","v":{"$error":"#N/A"}},"Invalid",{"$f":"NA()","v":{"$error":"#N/A"}},{"$f":"NA()","v":{"$error":"#N/A"}},"Invalid",{"$f":"NA()","v":{"$error":"#N/A"}},"Power Failure","no data",{"$error":"#N/A"},{"$error":"#N/A"},{"$error":"#N/A"},{"$error":"#N/A"}]
[2019,5,18,11,43603.458333332317,{"$f":"NA()","v":{"$error":"#N/A"}},"Invalid",{"$f":"NA()","v":{"$error":"#N/A"}},{"$f":"NA()","v":{"$error":"#N/A"}},"Invalid",{"$f":"NA()","v":{"$error":"#N/A"}},"Power Failure","no data",{"$error":"#N/A"},{"$error":"#N/A"},{"$error":"#N/A"},{"$error":"#N/A"}]
[2019,5,18,12,43603.499999998981,7.1,"Valid",4.5999999999999996,11.4,"Valid",14.1,null,null,7.1,4.5999999999999996,11.4,14.1,11.4,14.1,7.1,4.5999999999999996]
[2019,5,18,13,43603.541666665646,5.8,"Valid",4.8,9.5,"Valid",14.5,null,null,5.8,4.8,9.5,14.5,9.5,14.5,5.8,4.8]
[2019,5,18,14,43603.58333333231,2,"Valid",4.9000000000000004,5.5,"Valid",14.6,null,null,2,4.9000000000000004,5.5,14.6,5.5,14.6,2,4.9000000000000004]
[2019,5,18,15,43603.624999998974,6.3,"Valid",5.0999999999999996,12,"Valid",15,null,null,6.3,5.0999999999999996,12,15,12,15,6.3,5.0999999999999996]
[2019,5,18,16,43603.666666665638,4.9000000000000004,"Valid",5.2,9.3000000000000007,"Valid",14.8,null,null,4.9000000000000004,5.2,9.3000000000000007,14.8,9.3000000000000007,14.8,4.9000000000000004,5.2]
[2019,5,18,17,43603.708333332303,1.8,"Valid",5.0999999999999996,7.3,"Valid",14.3,null,null,1.8,5.0999999999999996,7.3,14.3,7.3,14.3,1.8,5.0999999999999996]
[2019,5,18,18,43603.749999998967,13.5,"Valid",5.6,95.7,"Valid",18.2,null,null,13.5,5.6,95.7,18.2,95.7,18.2,13.5,5.6]
[2019,5,18,19,43603.791666665631,11.1,"Valid",5.5,48.7,"Valid",17.3,null,null,11.1,5.5,48.7,17.3,48.7,17.3,11.1,5.5]
[2019,5,18,20,43603.833333332295,6.1,"Valid",5.4,13.8,"Valid",15.9,null,null,6.1,5.4,13.8,15.9,13.8,15.9,6.1,5.4]
[2019,5,18,21,43603.87499999896,7.8,"Valid",5.6,14.6,"Valid",16.100000000000001,null,null,7.8,5.6,14.6,16.100000000000001,14.6,16.100000000000001,7.8,5.6]
[2019,5,18,22,43603.916666665624,7.6,"Valid",5.7,14.7,"Valid",16.399999999999999,null,null,7.6,5.7,14.7,16.399999999999999,14.7,16.399999999999999,7.6,5.7]
[2019,5,18,23,43603.958333332288,10.4,"Valid",6,19.399999999999999,"Valid",16.899999999999999,null,null,10.4,6,19.399999999999999,16.899999999999999,19.399999999999999,16.899999999999999,10.4,6]
[2019,5,19,0,43603.999999998952,6.6,"Valid",5.9,20.2,"Valid",16.899999999999999,null,null,6.6,5.9,20.2,16.899999999999999,20.2,16.899999999999999,6.6,5.9]
[2019,5,19,1,43604.041666665617,5.4,"Valid",5.9,7.3,"Valid",16.600000000000001,null,null,5.4,5.9,7.3,16.600000000000001,7.3,16.600000000000001,5.4,5.9]
[2019,5,19,2,43604.083333332281,8.1,"Valid",6.1,10.1,"Valid",16.8,null,null,8.1,6.1,10.1,16.8,10.1,16.8,8.1,6.1]
[2019,5,19,3,43604.124999998945,4.5999999999999996,"Valid",6.3,6,"Valid",17,null,null,4.5999999999999996,6.3,6,17,6,17,4.5999999999999996,6.3]
[2019,5,19,4,43604.166666665609,4.3,"Valid",6.4,6.2,"Valid",17.100000000000001,null,null,4.3,6.4,6.2,17.100000000000001,6.2,17.100000000000001,4.3,6.4]
[2019,5,19,5,43604.208333332273,7.5,"Valid",6.6,9.3000000000000007,"Valid",17.3,null,null,7.5,6.6,9.3000000000000007,17.3,9.3000000000000007,17.3,7.5,6.6]
[2019,5,19,6,43604.249999998938,6.2,"Valid",6.7,13.7,"Valid",17.600000000000001,null,null,6.2,6.7,13.7,17.600000000000001,13.7,17.600000000000001,6.2,6.7]
[2019,5,19,7,43604.291666665602,12.9,"Valid",7,74.900000000000006,"Valid",20.5,null,null,12.9,7,74.900000000000006,20.5,74.900000000000006,20.5,12.9,7]
[2019,5,19,8,43604.333333332266,7,"Valid",7,27,"Valid",20.8,null,null,7,7,27,20.8,27,20.8,7,7]
[2019,5,19,9,43604.37499999893,11.2,"Valid",7.2,17.600000000000001,"Valid",20.6,null,null,11.2,7.2,17.600000000000001,20.6,17.600000000000001,20.6,11.2,7.2]
[2019,5,19,10,43604.416666665595,8.9,"Valid",7.3,12.6,"Valid",20.3,null,null,8.9,7.3,12.6,20.3,12.6,20.3,8.9,7.3]
[2019,5,19,11,43604.458333332259,9.6999999999999993,"Valid",7.4,10.9,"Valid",20.2,null,null,9.6999999999999993,7.4,10.9,20.2,10.9,20.2,9.6999999999999993,7.4]
[2019,5,19,12,43604.499999998923,7.5,"Valid",7.5,9,"Valid",20.2,null,null,7.5,7.5,9,20.2,9,20.2,7.5,7.5]
[2019,5,19,13,43604.541666665587,5.3,"Valid",7.5,6.7,"Valid",20.2,null,null,5.3,7.5,6.7,20.2,6.7,20.2,5.3,7.5]
[2019,5,19,14,43604.583333332252,6.5,"Valid",7.7,7.5,"Valid",20.3,null,null,6.5,7.7,7.5,20.3,7.5,20.3,6.5,7.7]
[2019,5,19,15,43604.624999998916,3,"Valid",7.6,7.8,"Valid",20.100000000000001,null,null,3,7.6,7.8,20.100000000000001,7.8,20.100000000000001,3,7.6]
[2019,5,19,16,43604.66666666558,5,"Valid",7.6,7.4,"Valid",20,null,null,{"$f":"IF(G450=\"Valid\", F450, NA())","v":5},{"$f":"IF(G450=\"Valid\", H450, NA())","v":7.6},{"$f":"IF(J450=\"Valid\", I450, NA())","v":7.4},{"$f":"IF(J450=\"Valid\", K450, NA())","v":20},7.4,20,5,7.6]
[2019,5,19,17,43604.708333332244,8.8000000000000007,"Valid",7.8,14.9,"Valid",20.2,null,null,8.8000000000000007,7.8,14.9,20.2,14.9,20.2,8.8000000000000007,7.8]
[{"$f":"A451","v":2019},5,19,{"$f":"IF(D451=23,0,D451+1)","v":18},{"$f":"E451+0.0416666666666666","v":43604.749999998909},9,"Valid",7.6,40.200000000000003,"Valid",17.7,null,null,9,7.6,40.200000000000003,17.7,40.200000000000003,17.7,9,7.6]
[2019,5,19,19,43604.791666665573,6.3,"Valid",7.3,25,"Valid",16.600000000000001,null,null,6.3,7.3,25,16.600000000000001,25,16.600000000000001,6.3,7.3]
[2019,5,19,20,43604.833333332237,5.5,"Valid",7.3,13.9,"Valid",16.600000000000001,null,null,5.5,7.3,13.9,16.600000000000001,13.9,16.600000000000001,5.5,7.3]
[2019,5,19,21,43604.874999998901,5.9,"Valid",7.3,10,"Valid",16.5,null,null,5.9,7.3,10,16.5,10,16.5,5.9,7.3]
[2019,5,19,22,43604.916666665566,6,"Valid",7.1,12.3,"Valid",16.3,null,null,6,7.1,12.3,16.3,12.3,16.3,6,7.1]
[2019,5,19,23,43604.95833333223,12.8,"Valid",7.2,28.4,"Valid",16.600000000000001,null,null,12.8,7.2,28.4,16.600000000000001,28.4,16.600000000000001,12.8,7.2]
[2019,5,20,0,43604.999999998894,7.2,"Valid",7.2,18.399999999999999,"Valid",16.5,null,null,7.2,7.2,18.399999999999999,16.5,18.399999999999999,16.5,7.2,7.2]
[2019,5,20,1,43605.041666665558,4.7,"Valid",7.2,8.1,"Valid",16.5,null,null,4.7,7.2,8.1,16.5,8.1,16.5,4.7,7.2]
[2019,5,20,2,43605.083333332223,9,"Valid",7.2,64.5,"Valid",18.7,null,null,9,7.2,64.5,18.7,64.5,18.7,9,7.2]
[2019,5,20,3,43605.124999998887,5.0999999999999996,"Valid",7.2,6.3,"Valid",18.7,null,null,5.0999999999999996,7.2,6.3,18.7,6.3,18.7,5.0999999999999996,7.2]
[2019,5,20,4,43605.166666665551,0,"Valid",7,0.6,"Valid",18.5,null,null,0,7,0.6,18.5,0.6,18.5,0,7]
[2019,5,20,5,43605.208333332215,3.3,"Valid",6.8,4.8,"Valid",18.2,null,null,3.3,6.8,4.8,18.2,4.8,18.2,3.3,6.8]
[2019,5,20,6,43605.24999999888,10.4,"Valid",7,14.6,"Valid",18.2,null,null,10.4,7,14.6,18.2,14.6,18.2,10.4,7]
[2019,5,20,7,43605.291666665544,25.7,"Valid",7.5,230.5,"Valid",24.7,null,null,25.7,7.5,230.5,24.7,230.5,24.7,25.7,7.5]
[2019,5,20,8,43605.333333332208,16.899999999999999,"Valid",8,109.9,"Valid",28.3,null,null,16.899999999999999,8,109.9,28.3,109.9,28.3,16.899999999999999,8]
[2019,5,20,9,43605.374999998872,9.1999999999999993,"Valid",8,35.299999999999997,"Valid",29.5,null,null,9.1999999999999993,8,35.299999999999997,29.5,35.299999999999997,29.5,9.1999999999999993,8]
[2019,5,20,10,43605.416666665536,6.7,"Valid",8,26,"Valid",30.3,null,null,6.7,8,26,30.3,26,30.3,6.7,8]
[2019,5,20,11,43605.458333332201,2.6,"Valid",7.8,11.3,"Valid",30.5,null,null,2.6,7.8,11.3,30.5,11.3,30.5,2.6,7.8]
[2019,5,20,12,43605.499999998865,4.4000000000000004,"Valid",7.7,9.1,"Valid",30.7,null,null,4.4000000000000004,7.7,9.1,30.7,9.1,30.7,4.4000000000000004,7.7]
[2019,5,20,13,43605.541666665529,5.4,"Valid",7.7,7.9,"Valid",30.8,null,null,5.4,7.7,7.9,30.8,7.9,30.8,5.4,7.7]
[2019,5,20,14,43605.583333332193,0.9,"Valid",7.4,5.3,"Valid",30.7,null,null,0.9,7.4,5.3,30.7,5.3,30.7,0.9,7.4]
[2019,5,20,15,43605.624999998858,3.9,"Valid",7.5,8,"Valid",30.7,null,null,3.9,7.5,8,30.7,8,30.7,3.9,7.5]
[2019,5,20,16,43605.666666665522,4.5999999999999996,"Valid",7.5,9.3000000000000007,"Valid",30.8,null,null,4.5999999999999996,7.5,9.3000000000000007,30.8,9.3000000000000007,30.8,4.5999999999999996,7.5]
[2019,{"$f":"B474","v":5},{"$f":"C451+1","v":20},17,43605.708333332186,4.4000000000000004,"Valid",7.2,12.7,"Valid",30.5,null,null,4.4000000000000004,7.2,12.7,30.5,12.7,30.5,4.4000000000000004,7.2]
[2019,5,20,18,43605.74999999885,19.600000000000001,"Valid",7.6,153,"Valid",34.9,null,null,19.600000000000001,7.6,153,34.9,153,34.9,19.600000000000001,7.6]
[2019,5,20,19,43605.791666665515,12.5,"Valid",7.8,102.9,"Valid",37.9,null,null,12.5,7.8,102.9,37.9,102.9,37.9,12.5,7.8]
[2019,5,20,20,43605.833333332179,5.5,"Valid",7.8,14.8,"Valid",37.799999999999997,null,null,5.5,7.8,14.8,37.799999999999997,14.8,37.799999999999997,5.5,7.8]
[2019,5,20,21,43605.874999998843,5,"Valid",7.7,10,"Valid",37.6,null,null,5,7.7,10,37.6,10,37.6,5,7.7]
[2019,5,20,22,43605.916666665507,3.7,"Valid",7.6,11.8,"Valid",37.5,null,null,3.7,7.6,11.8,37.5,11.8,37.5,3.7,7.6]
[2019,5,20,23,43605.958333332172,6.8,"Valid",7.4,13.1,"Valid",36.9,null,null,6.8,7.4,13.1,36.9,13.1,36.9,6.8,7.4]
[2019,5,21,0,43605.999999998836,7.4,"Valid",7.3,16.600000000000001,"Valid",36.700000000000003,null,null,7.4,7.3,16.600000000000001,36.700000000000003,16.600000000000001,36.700000000000003,7.4,7.3]
[2019,5,21,1,43606.0416666655,5.7,"Valid",7.4,14.5,"Valid",36.9,null,null,5.7,7.4,14.5,36.9,14.5,36.9,5.7,7.4]
[2019,5,21,2,43606.083333332164,1.5,"Valid",7,7.5,"Valid",34.4,null,null,1.5,7,7.5,34.4,7.5,34.4,1.5,7]
[2019,5,21,3,43606.124999998829,1.2,"Valid",6.8,5.9,"Valid",34.299999999999997,null,null,1.2,6.8,5.9,34.299999999999997,5.9,34.299999999999997,1.2,6.8]
[2019,5,21,4,43606.166666665493,4,"Valid",7,10.199999999999999,"Valid",34.799999999999997,null,null,4,7,10.199999999999999,34.799999999999997,10.199999999999999,34.799999999999997,4,7]
[2019,5,21,5,43606.208333332157,2.2999999999999998,"Valid",7,8.1999999999999993,"Valid",34.700000000000003,null,null,2.2999999999999998,7,8.1999999999999993,34.700000000000003,8.1999999999999993,34.700000000000003,2.2999999999999998,7]
[2019,5,21,6,43606.249999998821,4.7,"Valid",6.7,9.6,"Valid",34.5,null,null,4.7,6.7,9.6,34.5,9.6,34.5,4.7,6.7]
[2019,5,21,7,43606.291666665486,13.3,"Valid",6.2,102.8,"Valid",29.2,null,null,13.3,6.2,102.8,29.2,102.8,29.2,13.3,6.2]
[2019,5,21,8,43606.33333333215,2.6,"Valid",5.7,48.1,"Valid",26.9,null,null,2.6,5.7,48.1,26.9,48.1,26.9,2.6,5.7]
[2019,5,21,9,43606.374999998814,7.1,"Valid",5.6,23.4,"Valid",26.7,null,null,7.1,5.6,23.4,26.7,23.4,26.7,7.1,5.6]
[2019,5,21,10,43606.416666665478,7.1,"Valid",5.7,20.7,"Valid",26.8,null,null,7.1,5.7,20.7,26.8,20.7,26.8,7.1,5.7]
[2019,5,21,11,43606.458333332143,3.3,"Valid",5.8,9.8000000000000007,"Valid",27,null,null,3.3,5.8,9.8000000000000007,27,9.8000000000000007,27,3.3,5.8]
[2019,5,21,12,43606.499999998807,6.2,"Valid",5.9,10.1,"Valid",27.1,null,null,6.2,5.9,10.1,27.1,10.1,27.1,6.2,5.9]
[2019,5,21,13,43606.541666665471,4.5,"Valid",5.9,8.1,"Valid",27.3,null,null,4.5,5.9,8.1,27.3,8.1,27.3,4.5,5.9]
[2019,5,21,14,43606.583333332135,4,"Valid",6.1,8.8000000000000007,"Valid",27.5,null,null,4,6.1,8.8000000000000007,27.5,8.8000000000000007,27.5,4,6.1]
[2019,5,21,15,43606.624999998799,4.5999999999999996,"Valid",6.1,7.9,"Valid",27.5,null,null,4.5999999999999996,6.1,7.9,27.5,7.9,27.5,4.5999999999999996,6.1]
[2019,5,21,16,43606.666666665464,4.7,"Valid",6.1,8.6999999999999993,"Valid",27.4,null,null,4.7,6.1,8.6999999999999993,27.4,8.6999999999999993,27.4,4.7,6.1]
[2019,5,21,17,43606.708333332128,3.3,"Valid",6,9.5,"Valid",27.2,null,null,3.3,6,9.5,27.2,9.5,27.2,3.3,6]
[2019,5,21,18,43606.749999998792,11.3,"Valid",5.6,60.6,"Valid",22.9,null,null,11.3,5.6,60.6,22.9,60.6,22.9,11.3,5.6]
[2019,5,21,19,43606.791666665456,12,"Valid",5.5,60,"Valid",21,null,null,12,5.5,60,21,60,21,12,5.5]
[2019,5,21,20,43606.833333332121,8.3000000000000007,"Valid",5.6,36.1,"Valid",21.9,null,null,8.3000000000000007,5.6,36.1,21.9,36.1,21.9,8.3000000000000007,5.6]
[2019,5,21,21,43606.874999998785,4,"Valid",5.5,9.6,"Valid",21.7,null,null,4,5.5,9.6,21.7,9.6,21.7,4,5.5]
[2019,5,21,22,43606.916666665449,1.7,"Valid",5.4,4.9000000000000004,"Valid",21.3,null,null,1.7,5.4,4.9000000000000004,21.3,4.9000000000000004,21.3,1.7,5.4]
[2019,5,21,23,43606.958333332113,6.1,"Valid",5.4,8.1,"Valid",21.1,null,null,6.1,5.4,8.1,21.1,8.1,21.1,6.1,5.4]
[2019,5,22,0,43606.999999998778,3.9,"Valid",5.3,7.1,"Valid",20.7,null,null,3.9,5.3,7.1,20.7,7.1,20.7,3.9,5.3]
[2019,5,22,1,43607.041666665442,1.4,"Valid",5.0999999999999996,6.4,"Valid",20.3,null,null,1.4,5.0999999999999996,6.4,20.3,6.4,20.3,1.4,5.0999999999999996]
[2019,5,22,2,43607.083333332106,1.8,"Valid",5,8.1,"Valid",20.2,null,null,1.8,5,8.1,20.2,8.1,20.2,1.8,5]
[2019,5,22,3,43607.12499999877,3.6,"Valid",5.2,24.6,"Valid",21,null,null,3.6,5.2,24.6,21,24.6,21,3.6,5.2]
[2019,5,22,4,43607.166666665435,5.0999999999999996,"Valid",5.2,25.8,"Valid",21.6,null,null,5.0999999999999996,5.2,25.8,21.6,25.8,21.6,5.0999999999999996,5.2]
[2019,5,22,5,43607.208333332099,5.8,"Valid",5.3,10.6,"Valid",21.7,null,null,5.8,5.3,10.6,21.7,10.6,21.7,5.8,5.3]
[2019,5,22,6,43607.249999998763,8.3000000000000007,"Valid",5.5,49.3,"Valid",23.4,null,null,8.3000000000000007,5.5,49.3,23.4,49.3,23.4,8.3000000000000007,5.5]
[2019,5,22,7,43607.291666665427,9.3000000000000007,"Valid",5.3,49.6,"Valid",21,null,null,9.3000000000000007,5.3,49.6,21,49.6,21,9.3000000000000007,5.3]
[2019,5,22,8,43607.333333332092,7.2,"Valid",5.6,27.6,"Valid",20.5,null,null,{"$f":"IF(G514=\"Valid\", F514, NA())","v":7.2},{"$f":"IF(G514=\"Valid\", H514, NA())","v":5.6},{"$f":"IF(J514=\"Valid\", I514, NA())","v":27.6},{"$f":"IF(J514=\"Valid\", K514, NA())","v":20.5},27.6,20.5,7.2,5.6]
[2019,5,22,9,43607.374999998756,7.2,"Valid",5.6,22.6,"Valid",20.7,null,null,7.2,5.6,22.6,20.7,22.6,20.7,7.2,5.6]
[{"$f":"A515","v":2019},5,22,{"$f":"IF(D515=23,0,D515+1)","v":10},{"$f":"E515+0.0416666666666666","v":43607.41666666542},5.4,"Valid",5.6,18.399999999999999,"Valid",20.7,null,null,5.4,5.6,18.399999999999999,20.7,18.399999999999999,20.7,5.4,5.6]
[2019,5,22,11,43607.458333332084,6.5,"Valid",5.8,15.6,"Valid",21.2,null,null,6.5,5.8,15.6,21.2,15.6,21.2,6.5,5.8]
[2019,5,22,12,43607.499999998749,8.4,"Valid",5.9,20.6,"Valid",21.7,null,null,8.4,5.9,20.6,21.7,20.6,21.7,8.4,5.9]
[2019,5,22,13,43607.541666665413,6.2,"Valid",6,14.1,"Valid",22.1,null,null,6.2,6,14.1,22.1,14.1,22.1,6.2,6]
[2019,5,22,14,43607.583333332077,5.4,"Valid",6.1,9,"Valid",22.2,null,null,5.4,6.1,9,22.2,9,22.2,5.4,6.1]
[2019,5,22,15,43607.624999998741,7.6,"Valid",6.2,12,"Valid",22.4,null,null,7.6,6.2,12,22.4,12,22.4,7.6,6.2]
[2019,5,22,16,43607.666666665406,7.3,"Valid",6.3,13.8,"Valid",22.6,null,null,7.3,6.3,13.8,22.6,13.8,22.6,7.3,6.3]
[2019,5,22,17,43607.70833333207,1.9,"Valid",6.2,9.1999999999999993,"Valid",22.4,null,null,1.9,6.2,9.1999999999999993,22.4,9.1999999999999993,22.4,1.9,6.2]
[2019,5,22,18,43607.749999998734,8.3000000000000007,"Valid",6,51.5,"Valid",21.7,null,null,8.3000000000000007,6,51.5,21.7,51.5,21.7,8.3000000000000007,6]
[2019,5,22,19,43607.791666665398,5.7,"Valid",5.7,36.299999999999997,"Valid",20.5,null,null,5.7,5.7,36.299999999999997,20.5,36.299999999999997,20.5,5.7,5.7]
[2019,5,22,20,43607.833333332062,1.5,"Valid",5.4,5.6,"Valid",19.100000000000001,null,null,1.5,5.4,5.6,19.100000000000001,5.6,19.100000000000001,1.5,5.4]
[2019,5,22,21,43607.874999998727,12.4,"Valid",5.7,110.9,"Valid",23.4,null,null,12.4,5.7,110.9,23.4,110.9,23.4,12.4,5.7]
[2019,5,22,22,43607.916666665391,5.6,"Valid",5.8,13.9,"Valid",23.6,null,null,5.6,5.8,13.9,23.6,13.9,23.6,5.6,5.8]
[2019,5,22,23,43607.958333332055,7.4,"Valid",5.9,15.7,"Valid",23.9,null,null,7.4,5.9,15.7,23.9,15.7,23.9,7.4,5.9]
[2019,5,23,0,43607.999999998719,5.4,"Valid",5.9,12,"Valid",24,null,null,5.4,5.9,12,24,12,24,5.4,5.9]
[2019,5,23,1,43608.041666665384,6.2,"Valid",6.1,14.9,"Valid",24.4,null,null,6.2,6.1,14.9,24.4,14.9,24.4,6.2,6.1]
[2019,5,23,2,43608.083333332048,10.3,"Valid",6.5,17.7,"Valid",24.7,null,null,10.3,6.5,17.7,24.7,17.7,24.7,10.3,6.5]
[2019,5,23,3,43608.124999998712,7.5,"Valid",6.6,14.9,"Valid",24.2,null,null,7.5,6.6,14.9,24.2,14.9,24.2,7.5,6.6]
[2019,5,23,4,43608.166666665376,3,"Valid",6.5,11.8,"Valid",23.6,null,null,3,6.5,11.8,23.6,11.8,23.6,3,6.5]
[2019,5,23,5,43608.208333332041,3.7,"Valid",6.4,11.6,"Valid",23.6,null,null,3.7,6.4,11.6,23.6,11.6,23.6,3.7,6.4]
[2019,5,23,6,43608.249999998705,4.5,"Valid",6.3,30.1,"Valid",22.8,null,null,4.5,6.3,30.1,22.8,30.1,22.8,4.5,6.3]
[2019,5,23,7,43608.291666665369,7.7,"Valid",6.2,19.100000000000001,"Valid",21.5,null,null,7.7,6.2,19.100000000000001,21.5,19.100000000000001,21.5,7.7,6.2]
[2019,5,23,8,43608.333333332033,10.7,"Valid",6.4,35.9,"Valid",22.2,null,null,10.7,6.4,35.9,22.2,35.9,22.2,10.7,6.4]
[2019,{"$f":"B538","v":5},{"$f":"C515+1","v":23},9,43608.374999998698,9.6,"Valid",6.6,32.5,"Valid",22.8,null,null,9.6,6.6,32.5,22.8,32.5,22.8,9.6,6.6]
[2019,5,23,10,43608.416666665362,8.8000000000000007,"Valid",6.8,34.799999999999997,"Valid",23.7,null,null,8.8000000000000007,6.8,34.799999999999997,23.7,34.799999999999997,23.7,8.8000000000000007,6.8]
[2019,5,23,11,43608.458333332026,12.6,"Valid",7.1,22.5,"Valid",24.2,null,null,12.6,7.1,22.5,24.2,22.5,24.2,12.6,7.1]
[2019,5,23,12,43608.49999999869,10,"Valid",7.2,17,"Valid",24.3,null,null,10,7.2,17,24.3,17,24.3,10,7.2]
[2019,5,23,13,43608.541666665355,12.9,"Valid",7.5,18,"Valid",24.4,null,null,12.9,7.5,18,24.4,18,24.4,12.9,7.5]
[2019,5,23,14,43608.583333332019,6.3,"Valid",7.6,10.4,"Valid",24.6,null,null,6.3,7.6,10.4,24.6,10.4,24.6,6.3,7.6]
[2019,5,23,15,43608.624999998683,8.1999999999999993,"Valid",7.6,11.3,"Valid",24.6,null,null,8.1999999999999993,7.6,11.3,24.6,11.3,24.6,8.1999999999999993,7.6]
[2019,5,23,16,43608.666666665347,6.3,"Valid",7.6,8.3000000000000007,"Valid",24.4,null,null,6.3,7.6,8.3000000000000007,24.4,8.3000000000000007,24.4,6.3,7.6]
[2019,5,23,17,43608.708333332012,6.6,"Valid",7.7,13.8,"Valid",24.4,null,null,6.6,7.7,13.8,24.4,13.8,24.4,6.6,7.7]
[2019,5,23,18,43608.749999998676,9.1999999999999993,"Valid",7.6,37.4,"Valid",23.4,null,null,9.1999999999999993,7.6,37.4,23.4,37.4,23.4,9.1999999999999993,7.6]
[2019,5,23,19,43608.79166666534,20.9,"Valid",8.1999999999999993,145.6,"Valid",27.8,null,null,20.9,8.1999999999999993,145.6,27.8,145.6,27.8,20.9,8.1999999999999993]
[2019,5,23,20,43608.833333332004,6.2,"Valid",8.4,41.2,"Valid",29.1,null,null,6.2,8.4,41.2,29.1,41.2,29.1,6.2,8.4]
[2019,5,23,21,43608.874999998668,6.9,"Valid",8.1,26.2,"Valid",25.6,null,null,6.9,8.1,26.2,25.6,26.2,25.6,6.9,8.1]
[2019,5,23,22,43608.916666665333,7.4,"Valid",8.1999999999999993,16.5,"Valid",25.6,null,null,7.4,8.1999999999999993,16.5,25.6,16.5,25.6,7.4,8.1999999999999993]
[2019,5,23,23,43608.958333331997,5.8,"Valid",8.1,10,"Valid",25.3,null,null,5.8,8.1,10,25.3,10,25.3,5.8,8.1]
[2019,5,24,0,43608.999999998661,7.1,"Valid",8.1999999999999993,13.5,"Valid",25.4,null,null,7.1,8.1999999999999993,13.5,25.4,13.5,25.4,7.1,8.1999999999999993]
[2019,5,24,1,43609.041666665325,4.3,"Valid",8.1,8.5,"Valid",25,null,null,4.3,8.1,8.5,25,8.5,25,4.3,8.1]
[2019,5,24,2,43609.08333333199,4.5999999999999996,"Valid",7.8,7.4,"Valid",24.6,null,null,4.5999999999999996,7.8,7.4,24.6,7.4,24.6,4.5999999999999996,7.8]
[2019,5,24,3,43609.124999998654,7.5,"Valid",7.8,10.9,"Valid",24.3,null,null,7.5,7.8,10.9,24.3,10.9,24.3,7.5,7.8]
[2019,5,24,4,43609.166666665318,10.4,"Valid",8.1,62.7,"Valid",26.4,null,null,10.4,8.1,62.7,26.4,62.7,26.4,10.4,8.1]
[2019,5,24,5,43609.208333331982,6.5,"Valid",8.1999999999999993,19.7,"Valid",26.7,null,null,6.5,8.1999999999999993,19.7,26.7,19.7,26.7,6.5,8.1999999999999993]
[2019,5,24,6,43609.249999998647,10.8,"Valid",8.4,42.9,"Valid",27.2,null,null,10.8,8.4,42.9,27.2,42.9,27.2,10.8,8.4]
[2019,5,24,7,43609.291666665311,13.7,"Valid",8.6999999999999993,80.5,"Valid",29.7,null,null,13.7,8.6999999999999993,80.5,29.7,80.5,29.7,13.7,8.6999999999999993]
[2019,5,24,8,43609.333333331975,13.3,"Valid",8.8000000000000007,58.8,"Valid",30.8,null,null,13.3,8.8000000000000007,58.8,30.8,58.8,30.8,13.3,8.8000000000000007]
[2019,5,24,9,43609.374999998639,16.2,"Valid",9.1999999999999993,42.5,"Valid",31.7,null,null,16.2,9.1999999999999993,42.5,31.7,42.5,31.7,16.2,9.1999999999999993]
[2019,5,24,10,43609.416666665304,12.1,"Valid",9.5,35,"Valid",32,null,null,12.1,9.5,35,32,35,32,12.1,9.5]
[2019,5,24,11,43609.458333331968,15.8,"Valid",9.6999999999999993,34.299999999999997,"Valid",32.9,null,null,15.8,9.6999999999999993,34.299999999999997,32.9,34.299999999999997,32.9,15.8,9.6999999999999993]
[2019,5,24,12,43609.499999998632,10.199999999999999,"Valid",9.8000000000000007,21.9,"Valid",33.299999999999997,null,null,10.199999999999999,9.8000000000000007,21.9,33.299999999999997,21.9,33.299999999999997,10.199999999999999,9.8000000000000007]
[2019,5,24,13,43609.541666665296,7.8,"Valid",9.6,19.3,"Valid",33.5,null,null,7.8,9.6,19.3,33.5,19.3,33.5,7.8,9.6]
[2019,5,24,14,43609.583333331961,6.7,"Valid",9.6999999999999993,16.899999999999999,"Valid",34,null,null,6.7,9.6999999999999993,16.899999999999999,34,16.899999999999999,34,6.7,9.6999999999999993]
[2019,5,24,15,43609.624999998625,7.7,"Valid",9.6999999999999993,12.4,"Valid",34.1,null,null,7.7,9.6999999999999993,12.4,34.1,12.4,34.1,7.7,9.6999999999999993]
[2019,5,24,16,43609.666666665289,9.9,"Valid",9.8000000000000007,21.6,"Valid",34.4,null,null,9.9,9.8000000000000007,21.6,34.4,21.6,34.4,9.9,9.8000000000000007]
[2019,5,24,17,43609.708333331953,11.7,"Valid",9.9,29.5,"Valid",34.799999999999997,null,null,11.7,9.9,29.5,34.799999999999997,29.5,34.799999999999997,11.7,9.9]
[2019,5,24,18,43609.749999998618,20.9,"Valid",10.3,109.7,"Valid",37.4,null,null,20.9,10.3,109.7,37.4,109.7,37.4,20.9,10.3]
[2019,5,24,19,43609.791666665282,9.8000000000000007,"Valid",9.8000000000000007,30.2,"Valid",32.5,null,null,9.8000000000000007,9.8000000000000007,30.2,32.5,30.2,32.5,9.8000000000000007,9.8000000000000007]
[2019,5,24,20,43609.833333331946,6.3,"Valid",9.8000000000000007,14.7,"Valid",31.3,null,null,6.3,9.8000000000000007,14.7,31.3,14.7,31.3,6.3,9.8000000000000007]
[2019,5,24,21,43609.87499999861,6.6,"Valid",9.6999999999999993,10.3,"Valid",30.5,null,null,6.6,9.6999999999999993,10.3,30.5,10.3,30.5,6.6,9.6999999999999993]
[2019,5,24,22,43609.916666665275,10.5,"Valid",9.8000000000000007,23.5,"Valid",30.7,null,null,10.5,9.8000000000000007,23.5,30.7,23.5,30.7,10.5,9.8000000000000007]
[2019,5,24,23,43609.958333331939,4.4000000000000004,"Valid",9.6999999999999993,12.4,"Valid",30.7,null,null,4.4000000000000004,9.6999999999999993,12.4,30.7,12.4,30.7,4.4000000000000004,9.6999999999999993]
[2019,5,25,0,43609.999999998603,6.3,"Valid",9.6,18.7,"Valid",30.8,null,null,{"$f":"IF(G578=\"Valid\", F578, NA())","v":6.3},{"$f":"IF(G578=\"Valid\", H578, NA())","v":9.6},{"$f":"IF(J578=\"Valid\", I578, NA())","v":18.7},{"$f":"IF(J578=\"Valid\", K578, NA())","v":30.8},18.7,30.8,6.3,9.6]
[2019,5,25,1,43610.041666665267,6.2,"Valid",9.6999999999999993,24.6,"Valid",31.4,null,null,6.2,9.6999999999999993,24.6,31.4,24.6,31.4,6.2,9.6999999999999993]
[{"$f":"A579","v":2019},5,25,{"$f":"IF(D579=23,0,D579+1)","v":2},{"$f":"E579+0.0416666666666666","v":43610.083333331931},6.5,"Valid",9.6999999999999993,17.399999999999999,"Valid",31.7,null,null,6.5,9.6999999999999993,17.399999999999999,31.7,17.399999999999999,31.7,6.5,9.6999999999999993]
[2019,5,25,3,43610.124999998596,4.9000000000000004,"Valid",9.6,9,"Valid",31.5,null,null,4.9000000000000004,9.6,9,31.5,9,31.5,4.9000000000000004,9.6]
[2019,5,25,4,43610.16666666526,7.7,"Valid",9.5,12.4,"Valid",29.4,null,null,7.7,9.5,12.4,29.4,12.4,29.4,7.7,9.5]
[2019,5,25,5,43610.208333331924,6.3,"Valid",9.5,11.4,"Valid",29,null,null,6.3,9.5,11.4,29,11.4,29,6.3,9.5]
[2019,5,25,6,43610.249999998588,15.2,"Valid",9.6,143.1,"Valid",33.1,null,null,15.2,9.6,143.1,33.1,143.1,33.1,15.2,9.6]
[2019,5,25,7,43610.291666665253,7.5,"Valid",9.4,34.299999999999997,"Valid",31.1,null,null,7.5,9.4,34.299999999999997,31.1,34.299999999999997,31.1,7.5,9.4]
[2019,5,25,8,43610.333333331917,10.4,"Valid",9.3000000000000007,53.5,"Valid",31,null,null,10.4,9.3000000000000007,53.5,31,53.5,31,10.4,9.3000000000000007]
[2019,5,25,9,43610.374999998581,6.8,"Valid",9,22.7,"Valid",30.6,null,null,6.8,9,22.7,30.6,22.7,30.6,6.8,9]
[2019,5,25,10,43610.416666665245,14.4,"Valid",9.1999999999999993,29.9,"Valid",30.7,null,null,14.4,9.1999999999999993,29.9,30.7,29.9,30.7,14.4,9.1999999999999993]
[2019,5,25,11,43610.45833333191,7.6,"Valid",9,20.2,"Valid",30.7,null,null,7.6,9,20.2,30.7,20.2,30.7,7.6,9]
[2019,5,25,12,43610.499999998574,8.9,"Valid",9,21.1,"Valid",30.8,null,null,8.9,9,21.1,30.8,21.1,30.8,8.9,9]
[2019,5,25,13,43610.541666665238,9.6,"Valid",9.1,24.1,"Valid",31.2,null,null,9.6,9.1,24.1,31.2,24.1,31.2,9.6,9.1]
[2019,5,25,14,43610.583333331902,7.8,"Valid",9.1999999999999993,14,"Valid",31.1,null,null,7.8,9.1999999999999993,14,31.1,14,31.1,7.8,9.1999999999999993]
[2019,5,25,15,43610.624999998567,4.2,"Valid",9.1,8,"Valid",31,null,null,4.2,9.1,8,31,8,31,4.2,9.1]
[2019,5,25,16,43610.666666665231,6.2,"Valid",8.9,10.8,"Valid",30.4,null,null,6.2,8.9,10.8,30.4,10.8,30.4,6.2,8.9]
[2019,5,25,17,43610.708333331895,4.2,"Valid",8.5,10,"Valid",29.4,null,null,4.2,8.5,10,29.4,10,29.4,4.2,8.5]
[2019,5,25,18,43610.749999998559,4.9000000000000004,"Valid",7.8,40.4,"Valid",26.2,null,null,4.9000000000000004,7.8,40.4,26.2,40.4,26.2,4.9000000000000004,7.8]
[2019,5,25,19,43610.791666665224,13.4,"Valid",7.8,96.1,"Valid",28.8,null,null,13.4,7.8,96.1,28.8,96.1,28.8,13.4,7.8]
[2019,5,25,20,43610.833333331888,0.9,"Valid",7.6,25.3,"Valid",29.1,null,null,0.9,7.6,25.3,29.1,25.3,29.1,0.9,7.6]
[2019,5,25,21,43610.874999998552,4.0999999999999996,"Valid",7.5,20.7,"Valid",29.4,null,null,4.0999999999999996,7.5,20.7,29.4,20.7,29.4,4.0999999999999996,7.5]
[2019,5,25,22,43610.916666665216,6.9,"Valid",7.3,15.8,"Valid",29,null,null,6.9,7.3,15.8,29,15.8,29,6.9,7.3]
[2019,5,25,23,43610.958333331881,5.0999999999999996,"Valid",7.3,10,"Valid",28.8,null,null,5.0999999999999996,7.3,10,28.8,10,28.8,5.0999999999999996,7.3]
[2019,5,26,0,43610.999999998545,8.6,"Valid",7.3,12.3,"Valid",28.4,null,null,8.6,7.3,12.3,28.4,12.3,28.4,8.6,7.3]
[2019,{"$f":"B602","v":5},{"$f":"C579+1","v":26},1,43611.041666665209,6.6,"Valid",7.3,8.6999999999999993,"Valid",27.7,null,null,6.6,7.3,8.6999999999999993,27.7,8.6999999999999993,27.7,6.6,7.3]
[2019,5,26,2,43611.083333331873,4,"Valid",7.2,6.2,"Valid",27.2,null,null,4,7.2,6.2,27.2,6.2,27.2,4,7.2]
[2019,5,26,3,43611.124999998538,5,"Valid",7.2,7.1,"Valid",27.1,null,null,5,7.2,7.1,27.1,7.1,27.1,5,7.2]
[2019,5,26,4,43611.166666665202,1,"Valid",6.9,3.8,"Valid",26.7,null,null,1,6.9,3.8,26.7,3.8,26.7,1,6.9]
[2019,5,26,5,43611.208333331866,1.3,"Valid",6.7,4,"Valid",26.3,null,null,1.3,6.7,4,26.3,4,26.3,1.3,6.7]
[2019,5,26,6,43611.24999999853,4.2,"Valid",6.2,19.3,"Valid",21,null,null,4.2,6.2,19.3,21,19.3,21,4.2,6.2]
[2019,5,26,7,43611.291666665194,3,"Valid",6,13.2,"Valid",20.2,null,null,3,6,13.2,20.2,13.2,20.2,3,6]
[2019,5,26,8,43611.333333331859,3,"Valid",5.8,14.4,"Valid",18.8,null,null,3,5.8,14.4,18.8,14.4,18.8,3,5.8]
[2019,5,26,9,43611.374999998523,7.4,"Valid",5.9,91.7,"Valid",21.9,null,null,7.4,5.9,91.7,21.9,91.7,21.9,7.4,5.9]
[2019,5,26,10,43611.416666665187,4.8,"Valid",5.5,18.2,"Valid",21.6,null,null,4.8,5.5,18.2,21.6,18.2,21.6,4.8,5.5]
[2019,5,26,11,43611.458333331851,6,"Valid",5.5,22.6,"Valid",21.9,null,null,6,5.5,22.6,21.9,22.6,21.9,6,5.5]
[2019,5,26,12,43611.499999998516,2.1,"Valid",5.3,14.6,"Valid",21.9,null,null,2.1,5.3,14.6,21.9,14.6,21.9,2.1,5.3]
[2019,5,26,13,43611.54166666518,4.8,"Valid",5.0999999999999996,14.3,"Valid",21.6,null,null,4.8,5.0999999999999996,14.3,21.6,14.3,21.6,4.8,5.0999999999999996]
[2019,5,26,14,43611.583333331844,3,"Valid",4.9000000000000004,10.9,"Valid",21.5,null,null,3,4.9000000000000004,10.9,21.5,10.9,21.5,3,4.9000000000000004]
[2019,5,26,15,43611.624999998508,6.3,"Valid",5,12.1,"Valid",21.7,null,null,6.3,5,12.1,21.7,12.1,21.7,6.3,5]
[2019,5,26,16,43611.666666665173,7.8,"Valid",5.0999999999999996,9.4,"Valid",21.6,null,null,7.8,5.0999999999999996,9.4,21.6,9.4,21.6,7.8,5.0999999999999996]
[2019,5,26,17,43611.708333331837,4.5999999999999996,"Valid",5.0999999999999996,14.4,"Valid",21.6,null,null,4.5999999999999996,5.0999999999999996,14.4,21.6,14.4,21.6,4.5999999999999996,5.0999999999999996]
[2019,5,26,18,43611.749999998501,3.5,"Valid",5,8.6,"Valid",20.100000000000001,null,null,3.5,5,8.6,20.100000000000001,8.6,20.100000000000001,3.5,5]
[2019,5,26,19,43611.791666665165,5.7,"Valid",4.5999999999999996,21.2,"Valid",16.7,null,null,5.7,4.5999999999999996,21.2,16.7,21.2,16.7,5.7,4.5999999999999996]
[2019,5,26,20,43611.83333333183,5.3,"Valid",4.7,15.8,"Valid",16.2,null,null,5.3,4.7,15.8,16.2,15.8,16.2,5.3,4.7]
[2019,5,26,21,43611.874999998494,4.2,"Valid",4.7,20.399999999999999,"Valid",16.100000000000001,null,null,4.2,4.7,20.399999999999999,16.100000000000001,20.399999999999999,16.100000000000001,4.2,4.7]
[2019,5,26,22,43611.916666665158,8.4,"Valid",4.8,34.1,"Valid",16.8,null,null,8.4,4.8,34.1,16.8,34.1,16.8,8.4,4.8]
[2019,5,26,23,43611.958333331822,6.9,"Valid",4.8,15.7,"Valid",17.100000000000001,null,null,6.9,4.8,15.7,17.100000000000001,15.7,17.100000000000001,6.9,4.8]
[2019,5,27,0,43611.999999998487,7.6,"Valid",4.8,13.1,"Valid",17,null,null,7.6,4.8,13.1,17,13.1,17,7.6,4.8]
[2019,5,27,1,43612.041666665151,6.4,"Valid",4.8,11.7,"Valid",17.100000000000001,null,null,6.4,4.8,11.7,17.100000000000001,11.7,17.100000000000001,6.4,4.8]
[2019,5,27,2,43612.083333331815,11,"Valid",5,15.3,"Valid",17.5,null,null,11,5,15.3,17.5,15.3,17.5,11,5]
[2019,5,27,3,43612.124999998479,4.2,"Valid",5,9.5,"Valid",17.5,null,null,4.2,5,9.5,17.5,9.5,17.5,4.2,5]
[2019,5,27,4,43612.166666665144,3.1,"Valid",5.0999999999999996,8.6999999999999993,"Valid",17.7,null,null,3.1,5.0999999999999996,8.6999999999999993,17.7,8.6999999999999993,17.7,3.1,5.0999999999999996]
[2019,5,27,5,43612.208333331808,6.3,"Valid",5.3,11.1,"Valid",17.899999999999999,null,null,6.3,5.3,11.1,17.899999999999999,11.1,17.899999999999999,6.3,5.3]
[2019,5,27,6,43612.249999998472,8.6,"Valid",5.4,97.1,"Valid",21.1,null,null,8.6,5.4,97.1,21.1,97.1,21.1,8.6,5.4]
[2019,5,27,7,43612.291666665136,11,"Valid",5.8,69.5,"Valid",23.5,null,null,11,5.8,69.5,23.5,69.5,23.5,11,5.8]
[2019,5,27,8,43612.333333331801,7.7,"Valid",6.1,55.1,"Valid",25.5,null,null,7.7,6.1,55.1,25.5,55.1,25.5,7.7,6.1]
[2019,5,27,9,43612.374999998465,7.6,"Valid",6.1,18.8,"Valid",22.7,null,null,7.6,6.1,18.8,22.7,18.8,22.7,7.6,6.1]
[2019,5,27,10,43612.416666665129,2.2000000000000002,"Valid",6.1,11.4,"Valid",22.7,null,null,2.2000000000000002,6.1,11.4,22.7,11.4,22.7,2.2000000000000002,6.1]
[2019,5,27,11,43612.458333331793,1.7,"Valid",5.9,6.9,"Valid",22,null,null,1.7,5.9,6.9,22,6.9,22,1.7,5.9]
[2019,5,27,12,43612.499999998457,4.3,"Valid",6,9,"Valid",21.9,null,null,4.3,6,9,21.9,9,21.9,4.3,6]
[2019,5,27,13,43612.541666665122,-1.1000000000000001,"Valid",5.8,4.9000000000000004,"Valid",21.6,null,null,-1.1000000000000001,5.8,4.9000000000000004,21.6,4.9000000000000004,21.6,-1.1000000000000001,5.8]
[2019,5,27,14,43612.583333331786,0.4,"Valid",5.7,19,"Valid",22,null,null,0.4,5.7,19,22,19,22,0.4,5.7]
[2019,5,27,15,43612.62499999845,1.3,"Valid",5.5,14.2,"Valid",22,null,null,1.3,5.5,14.2,22,14.2,22,1.3,5.5]
[2019,5,27,16,43612.666666665114,4.3,"Valid",5.3,16.399999999999999,"Valid",22.2,null,null,{"$f":"IF(G642=\"Valid\", F642, NA())","v":4.3},{"$f":"IF(G642=\"Valid\", H642, NA())","v":5.3},{"$f":"IF(J642=\"Valid\", I642, NA())","v":16.399999999999999},{"$f":"IF(J642=\"Valid\", K642, NA())","v":22.2},16.399999999999999,22.2,4.3,5.3]
[2019,5,27,17,43612.708333331779,0.1,"Valid",5.0999999999999996,22,"Valid",22.4,null,null,0.1,5.0999999999999996,22,22.4,22,22.4,0.1,5.0999999999999996]
[{"$f":"A643","v":2019},5,27,{"$f":"IF(D643=23,0,D643+1)","v":18},{"$f":"E643+0.0416666666666666","v":43612.749999998443},1.5,"Valid",5,54.8,"Valid",24.1,null,null,1.5,5,54.8,24.1,54.8,24.1,1.5,5]
[2019,5,27,19,43612.791666665107,-0.9,"Valid",4.7,8.4,"Valid",23.5,null,null,-0.9,4.7,8.4,23.5,8.4,23.5,-0.9,4.7]
[2019,5,27,20,43612.833333331771,0.8,"Valid",4.5,2.9,"Valid",22.8,null,null,0.8,4.5,2.9,22.8,2.9,22.8,0.8,4.5]
[2019,5,27,21,43612.874999998436,3.4,"Valid",4.4000000000000004,6.5,"Valid",22.1,null,null,3.4,4.4000000000000004,6.5,22.1,6.5,22.1,3.4,4.4000000000000004]
[2019,5,27,22,43612.9166666651,2.2999999999999998,"Valid",4.0999999999999996,5.6,"Valid",20.7,null,null,2.2999999999999998,4.0999999999999996,5.6,20.7,5.6,20.7,2.2999999999999998,4.0999999999999996]
[2019,5,27,23,43612.958333331764,4.4000000000000004,"Valid",4,7.8,"Valid",20.399999999999999,null,null,4.4000000000000004,4,7.8,20.399999999999999,7.8,20.399999999999999,4.4000000000000004,4]
[2019,5,28,0,43612.999999998428,3.4,"Valid",3.8,6.3,"Valid",20.100000000000001,null,null,3.4,3.8,6.3,20.100000000000001,6.3,20.100000000000001,3.4,3.8]
[2019,5,28,1,43613.041666665093,3.5,"Valid",3.7,8.4,"Valid",19.899999999999999,null,null,3.5,3.7,8.4,19.899999999999999,8.4,19.899999999999999,3.5,3.7]
[2019,5,28,2,43613.083333331757,2.7,"Valid",3.4,10.1,"Valid",19.7,null,null,2.7,3.4,10.1,19.7,10.1,19.7,2.7,3.4]
[2019,5,28,3,43613.124999998421,0.4,"Valid",3.2,6.3,"Valid",19.5,null,null,0.4,3.2,6.3,19.5,6.3,19.5,0.4,3.2]
[2019,5,28,4,43613.166666665085,2.2999999999999998,"Valid",3.2,9.8000000000000007,"Valid",19.5,null,null,2.2999999999999998,3.2,9.8000000000000007,19.5,9.8000000000000007,19.5,2.2999999999999998,3.2]
[2019,5,28,5,43613.20833333175,0.9,"Valid",3,11.1,"Valid",19.5,null,null,0.9,3,11.1,19.5,11.1,19.5,0.9,3]
[2019,5,28,6,43613.249999998414,4.3,"Valid",2.8,19.399999999999999,"Valid",16.3,null,null,4.3,2.8,19.399999999999999,16.3,19.399999999999999,16.3,4.3,2.8]
[2019,5,28,7,43613.291666665078,10.4,"Valid",2.8,93.1,"Valid",17.3,null,null,10.4,2.8,93.1,17.3,93.1,17.3,10.4,2.8]
[2019,5,28,8,43613.333333331742,6.2,"Valid",2.7,62.8,"Valid",18,null,null,6.2,2.7,62.8,18,62.8,18,6.2,2.7]
[2019,5,28,9,43613.374999998407,19.3,"Valid",3.3,36.200000000000003,"Valid",18.899999999999999,null,null,19.3,3.3,36.200000000000003,18.899999999999999,36.200000000000003,18.899999999999999,19.3,3.3]
[2019,5,28,10,43613.416666665071,6,"Valid",3.5,19.8,"Valid",19.399999999999999,null,null,6,3.5,19.8,19.399999999999999,19.8,19.399999999999999,6,3.5]
[2019,5,28,11,43613.458333331735,1.7,"Valid",3.5,11,"Valid",19.600000000000001,null,null,1.7,3.5,11,19.600000000000001,11,19.600000000000001,1.7,3.5]
[2019,5,28,12,43613.499999998399,1.4,"Valid",3.4,8.9,"Valid",19.8,null,null,1.4,3.4,8.9,19.8,8.9,19.8,1.4,3.4]
[2019,5,28,13,43613.541666665064,3.4,"Valid",3.6,10.8,"Valid",20.100000000000001,null,null,3.4,3.6,10.8,20.100000000000001,10.8,20.100000000000001,3.4,3.6]
[2019,5,28,14,43613.583333331728,5.6,"Valid",3.8,11.5,"Valid",19.8,null,null,5.6,3.8,11.5,19.8,11.5,19.8,5.6,3.8]
[2019,5,28,15,43613.624999998392,1.9,"Valid",3.8,9.1,"Valid",19.7,null,null,1.9,3.8,9.1,19.7,9.1,19.7,1.9,3.8]
[2019,5,28,16,43613.666666665056,1.9,"Valid",3.7,9.3000000000000007,"Valid",19.399999999999999,null,null,1.9,3.7,9.3000000000000007,19.399999999999999,9.3000000000000007,19.399999999999999,1.9,3.7]
[2019,{"$f":"B666","v":5},{"$f":"C643+1","v":28},17,43613.70833333172,2,"Valid",3.8,14.5,"Valid",18.899999999999999,null,null,2,3.8,14.5,18.899999999999999,14.5,18.899999999999999,2,3.8]
[2019,5,28,18,43613.749999998385,4,"Valid",3.9,41.3,"Valid",18.2,null,null,4,3.9,41.3,18.2,41.3,18.2,4,3.9]
[2019,5,28,19,43613.791666665049,5.3,"Valid",4.0999999999999996,37.299999999999997,"Valid",19.3,null,null,5.3,4.0999999999999996,37.299999999999997,19.3,37.299999999999997,19.3,5.3,4.0999999999999996]
[2019,5,28,20,43613.833333331713,4.5999999999999996,"Valid",4.2,20.399999999999999,"Valid",19.899999999999999,null,null,4.5999999999999996,4.2,20.399999999999999,19.899999999999999,20.399999999999999,19.899999999999999,4.5999999999999996,4.2]
[2019,5,28,21,43613.874999998377,4.3,"Valid",4.3,18.600000000000001,"Valid",20.399999999999999,null,null,4.3,4.3,18.600000000000001,20.399999999999999,18.600000000000001,20.399999999999999,4.3,4.3]
[2019,5,28,22,43613.916666665042,3.5,"Valid",4.3,20.8,"Valid",21.1,null,null,3.5,4.3,20.8,21.1,20.8,21.1,3.5,4.3]
[2019,5,28,23,43613.958333331706,5.6,"Valid",4.3,34.5,"Valid",22.1,null,null,5.6,4.3,34.5,22.1,34.5,22.1,5.6,4.3]
[2019,5,29,0,43613.99999999837,5.4,"Valid",4.4000000000000004,38.299999999999997,"Valid",23.4,null,null,5.4,4.4000000000000004,38.299999999999997,23.4,38.299999999999997,23.4,5.4,4.4000000000000004]
[2019,5,29,1,43614.041666665034,3,"Valid",4.4000000000000004,19.2,"Valid",23.9,null,null,3,4.4000000000000004,19.2,23.9,19.2,23.9,3,4.4000000000000004]
[2019,5,29,2,43614.083333331699,0.9,"Valid",4.3,13,"Valid",24,null,null,0.9,4.3,13,24,13,24,0.9,4.3]
[2019,5,29,3,43614.124999998363,4.4000000000000004,"Valid",4.5,24,"Valid",24.7,null,null,4.4000000000000004,4.5,24,24.7,24,24.7,4.4000000000000004,4.5]
[2019,5,29,4,43614.166666665027,22.5,"Valid",5.3,200.3,"Valid",32.700000000000003,null,null,22.5,5.3,200.3,32.700000000000003,200.3,32.700000000000003,22.5,5.3]
[2019,5,29,5,43614.208333331691,5.2,"Valid",5.5,31.7,"Valid",33.5,null,null,5.2,5.5,31.7,33.5,31.7,33.5,5.2,5.5]
[2019,5,29,6,43614.249999998356,2.9,"Valid",5.5,21.4,"Valid",33.6,null,null,2.9,5.5,21.4,33.6,21.4,33.6,2.9,5.5]
[2019,5,29,7,43614.29166666502,3.6,"Valid",5.2,26,"Valid",30.7,null,null,3.6,5.2,26,30.7,26,30.7,3.6,5.2]
[2019,5,29,8,43614.333333331684,7.9,"Valid",5.3,37.700000000000003,"Valid",29.8,null,null,7.9,5.3,37.700000000000003,29.8,37.700000000000003,29.8,7.9,5.3]
[2019,5,29,9,43614.374999998348,6.3,"Valid",4.8,24.1,"Valid",29.6,null,null,6.3,4.8,24.1,29.6,24.1,29.6,6.3,4.8]
[2019,5,29,10,43614.416666665013,1.4,"Valid",4.5999999999999996,15.7,"Valid",29.7,null,null,1.4,4.5999999999999996,15.7,29.7,15.7,29.7,1.4,4.5999999999999996]
[2019,5,29,11,43614.458333331677,4.0999999999999996,"Valid",4.7,17.7,"Valid",30.2,null,null,4.0999999999999996,4.7,17.7,30.2,17.7,30.2,4.0999999999999996,4.7]
[2019,5,29,12,43614.499999998341,-1.2,"Valid",4.5999999999999996,13.6,"Valid",30.4,null,null,-1.2,4.5999999999999996,13.6,30.4,13.6,30.4,-1.2,4.5999999999999996]
[2019,5,29,13,43614.541666665005,1.8,"Valid",4.5999999999999996,21.4,"Valid",31,null,null,1.8,4.5999999999999996,21.4,31,21.4,31,1.8,4.5999999999999996]
[2019,5,29,14,43614.58333333167,2,"Valid",4.5,15.7,"Valid",31.3,null,null,2,4.5,15.7,31.3,15.7,31.3,2,4.5]
[2019,5,29,15,43614.624999998334,3.4,"Valid",4.5,19.600000000000001,"Valid",31.8,null,null,3.4,4.5,19.600000000000001,31.8,19.600000000000001,31.8,3.4,4.5]
[2019,5,29,16,43614.666666664998,2.2000000000000002,"Valid",4.5,14.9,"Valid",32,null,null,2.2000000000000002,4.5,14.9,32,14.9,32,2.2000000000000002,4.5]
[2019,5,29,17,43614.708333331662,2.2999999999999998,"Valid",4.5,10.3,"Valid",31.6,null,null,2.2999999999999998,4.5,10.3,31.6,10.3,31.6,2.2999999999999998,4.5]
[2019,5,29,18,43614.749999998327,0.4,"Valid",4.4000000000000004,7.8,"Valid",30.1,null,null,0.4,4.4000000000000004,7.8,30.1,7.8,30.1,0.4,4.4000000000000004]
[2019,5,29,19,43614.791666664991,1.1000000000000001,"Valid",4.2,7.1,"Valid",28.7,null,null,1.1000000000000001,4.2,7.1,28.7,7.1,28.7,1.1000000000000001,4.2]
[2019,5,29,20,43614.833333331655,1,"Valid",4,4.5,"Valid",28,null,null,1,4,4.5,28,4.5,28,1,4]
[2019,5,29,21,43614.874999998319,3.2,"Valid",3.9,7.4,"Valid",27.4,null,null,3.2,3.9,7.4,27.4,7.4,27.4,3.2,3.9]
[2019,5,29,22,43614.916666664983,3.9,"Valid",4,12.2,"Valid",27,null,null,3.9,4,12.2,27,12.2,27,3.9,4]
[2019,5,29,23,43614.958333331648,1.7,"Valid",3.8,7.7,"Valid",25.8,null,null,1.7,3.8,7.7,25.8,7.7,25.8,1.7,3.8]
[2019,5,30,0,43614.999999998312,4.8,"Valid",3.7,10,"Valid",24.4,null,null,4.8,3.7,10,24.4,10,24.4,4.8,3.7]
[2019,5,30,1,43615.041666664976,4.5,"Valid",3.8,10.7,"Valid",24,null,null,4.5,3.8,10.7,24,10.7,24,4.5,3.8]
[2019,5,30,2,43615.08333333164,6.4,"Valid",4,8.3000000000000007,"Valid",23.7,null,null,6.4,4,8.3000000000000007,23.7,8.3000000000000007,23.7,6.4,4]
[2019,5,30,3,43615.124999998305,-0.7,"Valid",3.8,1.9,"Valid",22.8,null,null,-0.7,3.8,1.9,22.8,1.9,22.8,-0.7,3.8]
[2019,5,30,4,43615.166666664969,0.7,"Valid",2.9,3.3,"Valid",14.5,null,null,0.7,2.9,3.3,14.5,3.3,14.5,0.7,2.9]
[2019,5,30,5,43615.208333331633,4.5,"Valid",2.8,5.9,"Valid",13.3,null,null,4.5,2.8,5.9,13.3,5.9,13.3,4.5,2.8]
[2019,5,30,6,43615.249999998297,3.5,"Valid",2.8,3.8,"Valid",12.6,null,null,3.5,2.8,3.8,12.6,3.8,12.6,3.5,2.8]
[2019,5,30,7,43615.291666664962,2.2999999999999998,"Valid",2.8,4.4000000000000004,"Valid",11.6,null,null,2.2999999999999998,2.8,4.4000000000000004,11.6,4.4000000000000004,11.6,2.2999999999999998,2.8]
[2019,5,30,8,43615.333333331626,1.6,"Valid",2.5,7,"Valid",10.4,null,null,{"$f":"IF(G706=\"Valid\", F706, NA())","v":1.6},{"$f":"IF(G706=\"Valid\", H706, NA())","v":2.5},{"$f":"IF(J706=\"Valid\", I706, NA())","v":7},{"$f":"IF(J706=\"Valid\", K706, NA())","v":10.4},7,10.4,1.6,2.5]
[2019,5,30,9,43615.37499999829,0.4,"Valid",2.2999999999999998,4.2,"Valid",9.6,null,null,0.4,2.2999999999999998,4.2,9.6,4.2,9.6,0.4,2.2999999999999998]
[{"$f":"A707","v":2019},5,30,{"$f":"IF(D707=23,0,D707+1)","v":10},{"$f":"E707+0.0416666666666666","v":43615.416666664954},1.8,"Valid",2.2999999999999998,6,"Valid",9.1999999999999993,null,null,1.8,2.2999999999999998,6,9.1999999999999993,6,9.1999999999999993,1.8,2.2999999999999998]
[2019,5,30,11,43615.458333331619,5,"Valid",2.2999999999999998,7.8,"Valid",8.9,null,null,5,2.2999999999999998,7.8,8.9,7.8,8.9,5,2.2999999999999998]
[2019,5,30,12,43615.499999998283,0.2,"Valid",2.4,2.2999999999999998,"Valid",8.4,null,null,0.2,2.4,2.2999999999999998,8.4,2.2999999999999998,8.4,0.2,2.4]
[2019,5,30,13,43615.541666664947,2.2999999999999998,"Valid",2.4,4.5999999999999996,"Valid",7.8,null,null,2.2999999999999998,2.4,4.5999999999999996,7.8,4.5999999999999996,7.8,2.2999999999999998,2.4]
[2019,5,30,14,43615.583333331611,0.3,"Valid",2.4,2.5,"Valid",7.2,null,null,0.3,2.4,2.5,7.2,2.5,7.2,0.3,2.4]
[2019,5,30,15,43615.624999998276,2.6,"Valid",2.2999999999999998,4.9000000000000004,"Valid",6.6,null,null,2.6,2.2999999999999998,4.9000000000000004,6.6,4.9000000000000004,6.6,2.6,2.2999999999999998]
[2019,5,30,16,43615.66666666494,0.3,"Valid",2.2999999999999998,2.2999999999999998,"Valid",6.1,null,null,0.3,2.2999999999999998,2.2999999999999998,6.1,2.2999999999999998,6.1,0.3,2.2999999999999998]
[2019,5,30,17,43615.708333331604,4.3,"Valid",2.2999999999999998,6.3,"Valid",5.9,null,null,4.3,2.2999999999999998,6.3,5.9,6.3,5.9,4.3,2.2999999999999998]
[2019,5,30,18,43615.749999998268,0.2,"Valid",2.2999999999999998,3.2,"Valid",5.7,null,null,0.2,2.2999999999999998,3.2,5.7,3.2,5.7,0.2,2.2999999999999998]
[2019,5,30,19,43615.791666664933,6.1,"Valid",2.5,10.4,"Valid",5.8,null,null,6.1,2.5,10.4,5.8,10.4,5.8,6.1,2.5]
[2019,5,30,20,43615.833333331597,2.8,"Valid",2.6,8.5,"Valid",6,null,null,2.8,2.6,8.5,6,8.5,6,2.8,2.6]
[2019,5,30,21,43615.874999998261,-1,"Valid",2.4,5.7,"Valid",5.9,null,null,-1,2.4,5.7,5.9,5.7,5.9,-1,2.4]
[2019,5,30,22,43615.916666664925,1.4,"Valid",2.2999999999999998,6.6,"Valid",5.6,null,null,1.4,2.2999999999999998,6.6,5.6,6.6,5.6,1.4,2.2999999999999998]
[2019,5,30,23,43615.95833333159,-0.4,"Valid",2.2000000000000002,4.4000000000000004,"Valid",5.5,null,null,-0.4,2.2000000000000002,4.4000000000000004,5.5,4.4000000000000004,5.5,-0.4,2.2000000000000002]
[2019,5,31,0,43615.999999998254,5.3,"Valid",2.2000000000000002,11.2,"Valid",5.5,null,null,5.3,2.2000000000000002,11.2,5.5,11.2,5.5,5.3,2.2000000000000002]
[2019,5,31,1,43616.041666664918,1.6,"Valid",2.1,3.8,"Valid",5.3,null,null,1.6,2.1,3.8,5.3,3.8,5.3,1.6,2.1]
[2019,5,31,2,43616.083333331582,-1.8,"Valid",1.7,0.8,"Valid",4.9000000000000004,null,null,-1.8,1.7,0.8,4.9000000000000004,0.8,4.9000000000000004,-1.8,1.7]
[2019,5,31,3,43616.124999998246,{"$f":"NA()","v":{"$error":"#N/A"}},"Invalid",{"$f":"NA()","v":{"$error":"#N/A"}},-0.8,"Valid",4.8,"Calibration Error","value outside range",{"$error":"#N/A"},{"$error":"#N/A"},-0.8,4.8,-0.8,4.8]
[2019,5,31,4,43616.166666664911,-0.4,"Valid",1.6,10.8,"Valid",5.0999999999999996,null,null,-0.4,1.6,10.8,5.0999999999999996,10.8,5.0999999999999996,-0.4,1.6]
[2019,5,31,5,43616.208333331575,-2.2999999999999998,"Valid",1.3,5,"Valid",5.0999999999999996,null,null,-2.2999999999999998,1.3,5,5.0999999999999996,5,5.0999999999999996,-2.2999999999999998,1.3]
[2019,5,31,6,43616.249999998239,4.2,"Valid",1.3,13.2,"Valid",5.5,null,null,4.2,1.3,13.2,5.5,13.2,5.5,4.2,1.3]
[2019,5,31,7,43616.291666664903,7,"Valid",1.5,48,"Valid",7.3,null,null,7,1.5,48,7.3,48,7.3,7,1.5]
[2019,5,31,8,43616.333333331568,1.3,"Valid",1.5,15.6,"Valid",7.8,null,null,1.3,1.5,15.6,7.8,15.6,7.8,1.3,1.5]
[2019,{"$f":"B730","v":5},{"$f":"C707+1","v":31},9,43616.374999998232,8.1,"Valid",1.9,18.899999999999999,"Valid",8.5,null,null,8.1,1.9,18.899999999999999,8.5,18.899999999999999,8.5,8.1,1.9]
[2019,5,31,10,43616.416666664896,26.8,"Valid",2.9,28.6,"Valid",9.5,null,null,26.8,2.9,28.6,9.5,28.6,9.5,26.8,2.9]
[2019,5,31,11,43616.45833333156,3.1,"Valid",2.9,8.1999999999999993,"Valid",9.6,null,null,3.1,2.9,8.1999999999999993,9.6,8.1999999999999993,9.6,3.1,2.9]
[2019,5,31,12,43616.499999998225,7.4,"Valid",3.2,11.2,"Valid",10,null,null,7.4,3.2,11.2,10,11.2,10,7.4,3.2]
[2019,5,31,13,43616.541666664889,4.2,"Valid",3.3,8.1,"Valid",10.199999999999999,null,null,4.2,3.3,8.1,10.199999999999999,8.1,10.199999999999999,4.2,3.3]
[2019,5,31,14,43616.583333331553,4.0999999999999996,"Valid",3.4,6.3,"Valid",10.3,null,null,4.0999999999999996,3.4,6.3,10.3,6.3,10.3,4.0999999999999996,3.4]
[2019,5,31,15,43616.624999998217,3.4,"Valid",3.5,7.8,"Valid",10.5,null,null,3.4,3.5,7.8,10.5,7.8,10.5,3.4,3.5]
[2019,5,31,16,43616.666666664882,2.6,"Valid",3.6,9.5,"Valid",10.8,null,null,2.6,3.6,9.5,10.8,9.5,10.8,2.6,3.6]
[2019,5,31,17,43616.708333331546,2.7,"Valid",3.5,12.3,"Valid",11,null,null,2.7,3.5,12.3,11,12.3,11,2.7,3.5]
[2019,5,31,18,43616.74999999821,11.3,"Valid",3.9,58.4,"Valid",13.2,null,null,11.3,3.9,58.4,13.2,58.4,13.2,11.3,3.9]
[2019,5,31,19,43616.791666664874,12.5,"Valid",4.2,67.8,"Valid",15.5,null,null,12.5,4.2,67.8,15.5,67.8,15.5,12.5,4.2]
[2019,5,31,20,43616.833333331539,22.1,"Valid",4.9000000000000004,164.1,"Valid",21.9,null,null,22.1,4.9000000000000004,164.1,21.9,164.1,21.9,22.1,4.9000000000000004]
[2019,5,31,21,43616.874999998203,5.7,"Valid",5.2,53,"Valid",23.8,null,null,5.7,5.2,53,23.8,53,23.8,5.7,5.2]
[2019,5,31,22,43616.916666664867,5.8,"Valid",5.4,21.2,"Valid",24.3,null,null,5.8,5.4,21.2,24.3,21.2,24.3,5.8,5.4]
[2019,5,31,23,43616.958333331531,3.7,"Valid",5.5,29.1,"Valid",25.2,null,null,3.7,5.5,29.1,25.2,29.1,25.2,3.7,5.5]

{"sheet":"Raw data_format","index":4,"n_rows":8,"n_cols":6,"rows_kept":8,"cut":false,"hidden":false,"merged":[]}
["Parameter","Format","Comment","Units of measure","Minimum","Maximum"]
["Year","yyyy","4 integer format","Not applicable",2015,"Until reporting ceases"]
["Month","mm","2 integer format","Not applicable",1,12]
["Day","dd","2 integer format","Not applicable",1,31]
["Hour","hh","2 integer format","Not applicable",0,23]
["PM10",0,"1 decimal place resolution","µg/m3","Negative","Instrument specific"]
["PM2.5",0,"2 decimal place resolution","µg/m3","Negative","Instrument specific"]
["Status","Text","7 character format","Not applicable","Valid","Invalid"]