{"text_format":"1","workbook":"xlsx","n_sheets":7,"sheets":["Instructions","Meta data_sheet","Meta data_lookup","Raw data_format","Raw data_sheet","24hr_PM10_chart","24hr_PM2.5_chart"],"not_rendered":{"charts":4,"images":0,"macros":1,"external_links":0,"defined_names":15,"comments":0,"pivot_tables":0},"unopened":[{"sheet":"24hr_PM10_chart","index":5,"reason":"not_a_worksheet"},{"sheet":"24hr_PM2.5_chart","index":6,"reason":"not_a_worksheet"}],"bounds":{"document_bytes":16777216,"sheet_cells":100000,"rows_first":2000,"rows_last":500,"rows_between":2000,"halvings":0,"cell_chars":16384,"cell_head_chars":4096},"cells_cut":0,"cells_raw":0,"read":"whole","date_system":"1900"}

{"sheet":"Instructions","index":0,"n_rows":0,"n_cols":0,"rows_kept":0,"cut":false,"hidden":false,"merged":[]}

{"sheet":"Meta data_sheet","index":1,"n_rows":17,"n_cols":5,"rows_kept":17,"cut":false,"hidden":false,"merged":[[18,0,18,1],[16,0,16,1]]}
["Ambient Monitoring Station","Details",null,"Ambient Monitoring Results","Details"]
["Location","Will-gai",null,"PM2.5 monitoring start (dd/mm/yyyy hh:mm)","2024-03-01"]
["Easting",{"$f":"VLOOKUP($B$2,'Meta data_lookup'!$A$2:$D$5,2,FALSE)","v":231804},null,"PM2.5 monitoring end","2024-04-01"]
["Northing",{"$f":"VLOOKUP($B$2,'Meta data_lookup'!$A$2:$D$5,3,FALSE)","v":6596392},null,"PM2.5 monitoring period (h)",{"$f":"(E3-E2)*24","v":744}]
["Site elevation (m)",{"$f":"VLOOKUP($B$2,'Meta data_lookup'!$A$2:$D$5,4,FALSE)","v":294},null,"Number of valid PM2.5 results",{"$f":"COUNTIF('Raw data_sheet'!G2:G745,\"Valid\")","v":739}]
["Description of surrounding land use","Agriculture/Mining",null,"Proportion of valid PM2.5 results (%)",{"$f":"E5/E4","v":0.99327956989247312}]
["Typical sources impacting on the site","Agriculture",null,"PM10 monitoring start (dd/mm/yyyy hh:mm)","2024-03-01"]
["Site compliance with AS/NZS 3580.1.1:2007","Yes",null,"PM10 monitoring end","2024-04-01"]
["PM2.5 method compliance with AS/NZS 3580.9.13:2013\n","Yes",null,"PM10 monitoring period (h)",{"$f":"(E8-E7)*24","v":744}]
["PM2.5 instrument make","Thermo Scientific",null,"Number of valid PM10 results",{"$f":"COUNTIF('Raw data_sheet'!J2:J745,\"Valid\")","v":739}]
["PM2.5 instrument model","1405DF",null,"Proportion of valid PM10 results (%)",{"$f":"E10/E9","v":0.99327956989247312}]
["PM2.5 instrument intake height (m)",3.5]
["PM10 method compliance with AS 3580.9.8-2008\n","No*"]
["PM10 instrument make","Thermo Scientific"]
["PM10 instrument model","1405DF"]
["PM10 instrument intake height (m)",3.5]
["*The 1405DF TEOM used at this site measures PM10 indirectly rather than directly. The unit does however meet the intent of AS 3580.9.8-2008, and this method has been accredited by the USEPA. It is considered scientifically robust and is used extensively throughout NSW with EPA's knowledge and informal acceptance."]

{"sheet":"Meta data_lookup","index":2,"n_rows":5,"n_cols":4,"rows_kept":5,"cut":false,"hidden":false,"merged":[]}
["Location","Easting","Northing","Site elevation (m)"]
["Maules Creek",225302,6623037,"ND"]
["Breeza",237993,6542606,"ND"]
["Will-gai",231804,6596392,294]
["Werris Creek",276783,6528734,362]

{"sheet":"Raw data_format","index":3,"n_rows":8,"n_cols":6,"rows_kept":8,"cut":false,"hidden":false,"merged":[]}
["Parameter","Format","Comment","Units of measure","Minimum","Maximum"]
["Year","yyyy","4 integer format","Not applicable",2015,"Until reporting ceases"]
["Month","mm","2 integer format","Not applicable",1,12]
["Day","dd","2 integer format","Not applicable",1,31]
["Hour","hh","2 integer format","Not applicable",0,23]
["PM10",0,"1 decimal place resolution","µg/m3","Negative","Instrument specific"]
["PM2.5",0,"2 decimal place resolution","µg/m3","Negative","Instrument specific"]
["Status","Text","7 character format","Not applicable","Valid","Invalid"]

{"sheet":"Raw data_sheet","index":4,"n_rows":745,"n_cols":21,"rows_kept":745,"cut":false,"hidden":false,"merged":[]}
["Year","Month","Day","Hour","Date and time","PM2.5_hourly","PM2.5_Data_Status","PM2.5_24hr_rolling_average","PM10_hourly","PM10_Data_Status","PM10_24hr_rolling_average",null,null,"PM2.5_hourly_valid_plot","PM2.5_24hr_rolling_ave_valid_plot","PM10_hourly_valid_plot","PM10_24hr_rolling_ave_valid_plot","PM10_hourly_valid_plot_series","PM10_24hr_rolling_average_valid_plot_series","PM2.5_hourly_valid_plot_series","PM2.5_24hr_rolling_average_valid_plot_series"]
[2024,3,1,0,{"$f":"DATE(A2,B2,C2)+TIME(D2,0,0)","v":45352},3.18,"Valid",6.631666666666665,7.24,"Valid",13.365416666666668,"","",{"$f":"IF(G2=\"Valid\", F2, NA())","v":3.18},{"$f":"IF(G2=\"Valid\", H2, NA())","v":6.631666666666665},{"$f":"IF(J2=\"Valid\", I2, NA())","v":7.24},{"$f":"IF(J2=\"Valid\", K2, NA())","v":13.365416666666668},7.24,13.365416666666668,3.18,6.631666666666665]
[2024,3,{"$f":"C2","v":1},{"$f":"IF(D2=23,0,D2+1)","v":1},{"$f":"E2+0.0416666666666666","v":45352.041666666664},2.48,"Valid",6.5049999999999981,5.75,"Valid",13.173750000000004,"","",2.48,6.5049999999999981,5.75,13.173750000000004,5.75,13.173750000000004,2.48,6.5049999999999981]
[2024,3,{"$f":"C3","v":1},{"$f":"IF(D3=23,0,D3+1)","v":2},{"$f":"E3+0.0416666666666666","v":45352.083333333328},4.32,"Valid",6.4154166666666654,8.31,"Valid",13.077083333333334,"","",4.32,6.4154166666666654,8.31,13.077083333333334,8.31,13.077083333333334,4.32,6.4154166666666654]
[2024,3,1,3,45352.124999999993,5.58,"Valid",6.3570833333333328,10.76,"Valid",13.106250000000001,"","",5.58,6.3570833333333328,10.76,13.106250000000001,10.76,13.106250000000001,5.58,6.3570833333333328]
[2024,3,1,4,45352.166666666657,6.01,"Valid",6.367916666666666,9.4600000000000009,"Valid",13.127083333333331,"","",6.01,6.367916666666666,9.4600000000000009,13.127083333333331,9.4600000000000009,13.127083333333331,6.01,6.367916666666666]
[2024,3,1,5,45352.208333333321,3.1,"Valid",6.2404166666666656,6.05,"Valid",13.007916666666667,"","",3.1,6.2404166666666656,6.05,13.007916666666667,6.05,13.007916666666667,3.1,6.2404166666666656]
[2024,3,1,6,45352.249999999985,6.68,"Valid",6.0179166666666681,25.97,"Valid",12.871249999999998,"","",6.68,6.0179166666666681,25.97,12.871249999999998,25.97,12.871249999999998,6.68,6.0179166666666681]
[2024,3,1,7,45352.29166666665,7.29,"Valid",6.0095833333333344,17.239999999999998,"Valid",13.127499999999998,"","",7.29,6.0095833333333344,17.239999999999998,13.127499999999998,17.239999999999998,13.127499999999998,7.29,6.0095833333333344]
[2024,3,1,8,45352.333333333314,6.81,"Valid",6.0608333333333348,15.76,"Valid",13.390416666666667,"","",6.81,6.0608333333333348,15.76,13.390416666666667,15.76,13.390416666666667,6.81,6.0608333333333348]
[2024,3,1,9,45352.374999999978,6.51,"Valid",5.963750000000001,12.13,"Valid",13.233750000000001,"","",6.51,5.963750000000001,12.13,13.233750000000001,12.13,13.233750000000001,6.51,5.963750000000001]
[2024,3,1,10,45352.416666666642,3.73,"Valid",5.9041666666666659,11.19,"Valid",13.207916666666668,"","",3.73,5.9041666666666659,11.19,13.207916666666668,11.19,13.207916666666668,3.73,5.9041666666666659]
[2024,3,1,11,45352.458333333307,4.87,"Valid",5.859583333333334,12.51,"Valid",13.174999999999999,"","",4.87,5.859583333333334,12.51,13.174999999999999,12.51,13.174999999999999,4.87,5.859583333333334]
[2024,3,1,12,45352.499999999971,9.64,"Valid",5.7891666666666666,17.62,"Valid",13.141250000000001,"","",9.64,5.7891666666666666,17.62,13.141250000000001,17.62,13.141250000000001,9.64,5.7891666666666666]
[2024,3,1,13,45352.541666666635,6.37,"Valid",5.7100000000000009,10.02,"Valid",12.861666666666666,"","",6.37,5.7100000000000009,10.02,12.861666666666666,10.02,12.861666666666666,6.37,5.7100000000000009]
[2024,3,1,14,45352.583333333299,3.27,"Valid",5.4712500000000013,7.13,"Valid",12.429166666666667,"","",3.27,5.4712500000000013,7.13,12.429166666666667,7.13,12.429166666666667,3.27,5.4712500000000013]
[2024,3,1,15,45352.624999999964,4.67,"Valid",5.370000000000001,9.85,"Valid",12.159999999999998,"","",4.67,5.370000000000001,9.85,12.159999999999998,9.85,12.159999999999998,4.67,5.370000000000001]
[2024,3,1,16,45352.666666666628,1.07,"Valid",5.1575000000000006,6.94,"Valid",11.845833333333333,"","",1.07,5.1575000000000006,6.94,11.845833333333333,6.94,11.845833333333333,1.07,5.1575000000000006]
[2024,3,1,17,45352.708333333292,5.92,"Valid",5.222500000000001,33.42,"Valid",12.71125,"","",5.92,5.222500000000001,33.42,12.71125,33.42,12.71125,5.92,5.222500000000001]
[2024,3,1,18,45352.749999999956,6.93,"Valid",5.2504166666666672,32.299999999999997,"Valid",13.49375,"","",6.93,5.2504166666666672,32.299999999999997,13.49375,32.299999999999997,13.49375,6.93,5.2504166666666672]
[2024,3,1,19,45352.791666666621,10.029999999999999,"Valid",5.3912500000000003,28.82,"Valid",13.685,"","",10.029999999999999,5.3912500000000003,28.82,13.685,28.82,13.685,10.029999999999999,5.3912500000000003]
[2024,3,1,20,45352.833333333285,11.1,"Valid",5.6604166666666664,20.63,"Valid",14.046666666666665,"","",11.1,5.6604166666666664,20.63,14.046666666666665,20.63,14.046666666666665,11.1,5.6604166666666664]
[2024,3,1,21,45352.874999999949,7.04,"Valid",5.7420833333333334,22.05,"Valid",14.635833333333332,"","",7.04,5.7420833333333334,22.05,14.635833333333332,22.05,14.635833333333332,7.04,5.7420833333333334]
[2024,3,1,22,45352.916666666613,7.05,"Valid",5.8204166666666666,18.84,"Valid",15.020416666666664,"","",7.05,5.8204166666666666,18.84,15.020416666666664,18.84,15.020416666666664,7.05,5.8204166666666666]
[2024,3,{"$f":"C24","v":1},23,45352.958333333278,4.96,"Valid",5.7754166666666658,11.45,"Valid",15.059999999999997,"","",4.96,5.7754166666666658,11.45,15.059999999999997,11.45,15.059999999999997,4.96,5.7754166666666658]
[2024,3,{"$f":"C2+1","v":2},0,45352.999999999942,2.75,"Valid",5.7575000000000003,7.54,"Valid",15.0725,"","",2.75,5.7575000000000003,7.54,15.0725,7.54,15.0725,2.75,5.7575000000000003]
[2024,3,{"$f":"C3+1","v":2},1,45353.041666666606,6.21,"Valid",5.9129166666666668,12.84,"Valid",15.367916666666666,"","",6.21,5.9129166666666668,12.84,15.367916666666666,12.84,15.367916666666666,6.21,5.9129166666666668]
[2024,3,2,2,45353.08333333327,2.84,"Valid",5.8512500000000003,7.3,"Valid",15.325833333333334,"","",2.84,5.8512500000000003,7.3,15.325833333333334,7.3,15.325833333333334,2.84,5.8512500000000003]
[2024,3,2,3,45353.124999999935,3.09,"Valid",5.7474999999999987,8.7899999999999991,"Valid",15.24375,"","",3.09,5.7474999999999987,8.7899999999999991,15.24375,8.7899999999999991,15.24375,3.09,5.7474999999999987]
[2024,3,2,4,45353.166666666599,6.35,"Valid",5.7616666666666658,11.95,"Valid",15.347499999999998,"","",6.35,5.7616666666666658,11.95,15.347499999999998,11.95,15.347499999999998,6.35,5.7616666666666658]
[2024,3,2,5,45353.208333333263,7.01,"Valid",5.9245833333333318,12.21,"Valid",15.604166666666664,"","",7.01,5.9245833333333318,12.21,15.604166666666664,12.21,15.604166666666664,7.01,5.9245833333333318]
[2024,3,2,6,45353.249999999927,9.82,"Valid",6.055416666666666,28.69,"Valid",15.717499999999999,"","",9.82,6.055416666666666,28.69,15.717499999999999,28.69,15.717499999999999,9.82,6.055416666666666]
[2024,3,2,7,45353.291666666591,6.2,"Valid",6.0099999999999989,17.850000000000001,"Valid",15.742916666666666,"","",6.2,6.0099999999999989,17.850000000000001,15.742916666666666,17.850000000000001,15.742916666666666,6.2,6.0099999999999989]
[2024,3,2,8,45353.333333333256,8.2100000000000009,"Valid",6.0683333333333325,16.34,"Valid",15.767083333333332,"","",8.2100000000000009,6.0683333333333325,16.34,15.767083333333332,16.34,15.767083333333332,8.2100000000000009,6.0683333333333325]
[2024,3,2,9,45353.37499999992,11.65,"Valid",6.2824999999999998,18.760000000000002,"Valid",16.043333333333333,"","",11.65,6.2824999999999998,18.760000000000002,16.043333333333333,18.760000000000002,16.043333333333333,11.65,6.2824999999999998]
[2024,3,2,10,45353.416666666584,9.4600000000000009,"Valid",6.5212500000000011,20.21,"Valid",16.419166666666666,"","",9.4600000000000009,6.5212500000000011,20.21,16.419166666666666,20.21,16.419166666666666,9.4600000000000009,6.5212500000000011]
[2024,3,2,11,45353.458333333248,5.4,"Valid",6.5433333333333339,14.59,"Valid",16.505833333333332,"","",5.4,6.5433333333333339,14.59,16.505833333333332,14.59,16.505833333333332,5.4,6.5433333333333339]
[2024,3,2,12,45353.499999999913,9.27,"Valid",6.527916666666667,18.57,"Valid",16.545416666666664,"","",9.27,6.527916666666667,18.57,16.545416666666664,18.57,16.545416666666664,9.27,6.527916666666667]
[2024,3,2,13,45353.541666666577,11.57,"Valid",6.7445833333333338,20.46,"Valid",16.980416666666663,"","",11.57,6.7445833333333338,20.46,16.980416666666663,20.46,16.980416666666663,11.57,6.7445833333333338]
[2024,3,2,14,45353.583333333241,12.42,"Valid",7.1258333333333335,21.58,"Valid",17.582499999999996,"","",12.42,7.1258333333333335,21.58,17.582499999999996,21.58,17.582499999999996,12.42,7.1258333333333335]
[2024,3,2,15,45353.624999999905,11.83,"Valid",7.4241666666666672,28.82,"Valid",18.372916666666661,"","",11.83,7.4241666666666672,28.82,18.372916666666661,28.82,18.372916666666661,11.83,7.4241666666666672]
[2024,3,2,16,45353.66666666657,"","Invalid",7.7004347826086965,"","Invalid",18.869999999999994,"Power Failure","Power outage - system reset",{"$error":"#N/A"},{"$error":"#N/A"},{"$error":"#N/A"},{"$error":"#N/A"}]
[2024,3,2,17,45353.708333333234,"","Invalid",7.7813636363636371,"","Invalid",18.208636363636359,"Power Failure","Power outage - system reset",{"$error":"#N/A"},{"$error":"#N/A"},{"$error":"#N/A"},{"$error":"#N/A"}]
[2024,3,2,18,45353.749999999898,7.16,"Valid",7.7918181818181829,13.06,"Valid",17.334090909090904,"","",7.16,7.7918181818181829,13.06,17.334090909090904,13.06,17.334090909090904,7.16,7.7918181818181829]
[2024,3,2,19,45353.791666666562,8.2100000000000009,"Valid",7.7090909090909099,14.29,"Valid",16.673636363636362,"","",8.2100000000000009,7.7090909090909099,14.29,16.673636363636362,14.29,16.673636363636362,8.2100000000000009,7.7090909090909099]
[2024,3,2,20,45353.833333333227,4.45,"Valid",7.4068181818181822,9.67,"Valid",16.175454545454546,"","",4.45,7.4068181818181822,9.67,16.175454545454546,9.67,16.175454545454546,4.45,7.4068181818181822]
[2024,3,2,21,45353.874999999891,7.6,"Valid",7.4322727272727285,12.61,"Valid",15.746363636363638,"","",7.6,7.4322727272727285,12.61,15.746363636363638,12.61,15.746363636363638,7.6,7.4322727272727285]
[2024,3,2,22,45353.916666666555,1.92,"Valid",7.1990909090909092,6.73,"Valid",15.195909090909094,"","",1.92,7.1990909090909092,6.73,15.195909090909094,6.73,15.195909090909094,1.92,7.1990909090909092]
[2024,3,2,23,45353.958333333219,4.74,"Valid",7.1890909090909085,9.4,"Valid",15.102727272727275,"","",4.74,7.1890909090909085,9.4,15.102727272727275,9.4,15.102727272727275,4.74,7.1890909090909085]
[2024,3,3,0,45353.999999999884,7.67,"Valid",7.4127272727272722,14.67,"Valid",15.426818181818184,"","",7.67,7.4127272727272722,14.67,15.426818181818184,14.67,15.426818181818184,7.67,7.4127272727272722]
[2024,3,3,1,45354.041666666548,3.67,"Valid",7.297272727272726,9.1,"Valid",15.256818181818186,"","",3.67,7.297272727272726,9.1,15.256818181818186,9.1,15.256818181818186,3.67,7.297272727272726]
[2024,3,3,2,45354.083333333212,7.18,"Valid",7.4945454545454533,11.57,"Valid",15.450909090909095,"","",7.18,7.4945454545454533,11.57,15.450909090909095,11.57,15.450909090909095,7.18,7.4945454545454533]
[2024,3,3,3,45354.124999999876,5.39,"Valid",7.5990909090909069,7.17,"Valid",15.377272727272732,"","",5.39,7.5990909090909069,7.17,15.377272727272732,7.17,15.377272727272732,5.39,7.5990909090909069]
[2024,3,3,4,45354.166666666541,3.65,"Valid",7.4763636363636357,5.4,"Valid",15.079545454545455,"","",3.65,7.4763636363636357,5.4,15.079545454545455,5.4,15.079545454545455,3.65,7.4763636363636357]
[2024,3,3,5,45354.208333333205,9.06,"Valid",7.5695454545454544,11.58,"Valid",15.050909090909091,"","",9.06,7.5695454545454544,11.58,15.050909090909091,11.58,15.050909090909091,9.06,7.5695454545454544]
[2024,3,3,6,45354.249999999869,7.05,"Valid",7.4436363636363634,9.92,"Valid",14.197727272727274,"","",7.05,7.4436363636363634,9.92,14.197727272727274,9.92,14.197727272727274,7.05,7.4436363636363634]
[2024,3,3,7,45354.291666666533,5.14,"Valid",7.3954545454545437,8.26,"Valid",13.761818181818178,"","",5.14,7.3954545454545437,8.26,13.761818181818178,8.26,13.761818181818178,5.14,7.3954545454545437]
[2024,3,3,8,45354.333333333198,9.66,"Valid",7.4613636363636351,11.07,"Valid",13.522272727272725,"","",9.66,7.4613636363636351,11.07,13.522272727272725,11.07,13.522272727272725,9.66,7.4613636363636351]
[2024,3,3,9,45354.374999999862,9.1,"Valid",7.3454545454545439,13.77,"Valid",13.29545454545454,"","",9.1,7.3454545454545439,13.77,13.29545454545454,13.77,13.29545454545454,9.1,7.3454545454545439]
[2024,3,3,10,45354.416666666526,8.31,"Valid",7.293181818181818,12.28,"Valid",12.934999999999995,"","",8.31,7.293181818181818,12.28,12.934999999999995,12.28,12.934999999999995,8.31,7.293181818181818]
[2024,3,3,11,45354.45833333319,2.91,"Valid",7.1800000000000006,8.06,"Valid",12.638181818181813,"","",2.91,7.1800000000000006,8.06,12.638181818181813,8.06,12.638181818181813,2.91,7.1800000000000006]
[2024,3,3,12,45354.499999999854,10.77,"Valid",7.2481818181818198,15.32,"Valid",12.490454545454543,"","",10.77,7.2481818181818198,15.32,12.490454545454543,15.32,12.490454545454543,10.77,7.2481818181818198]
[2024,3,3,13,45354.541666666519,9.5299999999999994,"Valid",7.1554545454545462,13.57,"Valid",12.177272727272726,"","",9.5299999999999994,7.1554545454545462,13.57,12.177272727272726,13.57,12.177272727272726,9.5299999999999994,7.1554545454545462]
[2024,3,3,14,45354.583333333183,6.21,"Valid",6.8731818181818189,10.8,"Valid",11.687272727272727,"","",6.21,6.8731818181818189,10.8,11.687272727272727,10.8,11.687272727272727,6.21,6.8731818181818189]
[2024,3,3,15,45354.624999999847,7.58,"Valid",6.6800000000000006,11.4,"Valid",10.895454545454545,"","",7.58,6.6800000000000006,11.4,10.895454545454545,11.4,10.895454545454545,7.58,6.6800000000000006]
[2024,3,3,16,45354.666666666511,8.08,"Valid",6.740869565217392,11.8,"Valid",10.934782608695652,"","",{"$f":"IF(G66=\"Valid\", F66, NA())","v":8.08},{"$f":"IF(G66=\"Valid\", H66, NA())","v":6.740869565217392},{"$f":"IF(J66=\"Valid\", I66, NA())","v":11.8},{"$f":"IF(J66=\"Valid\", K66, NA())","v":10.934782608695652},11.8,10.934782608695652,8.08,6.740869565217392]
[2024,3,3,17,45354.708333333176,3.57,"Valid",6.6087500000000006,8.6199999999999992,"Valid",10.838333333333333,"","",3.57,6.6087500000000006,8.6199999999999992,10.838333333333333,8.6199999999999992,10.838333333333333,3.57,6.6087500000000006]
[2024,3,3,{"$f":"IF(D67=23,0,D67+1)","v":18},{"$f":"E67+0.0416666666666666","v":45354.74999999984},9.31,"Valid",6.6983333333333341,14.04,"Valid",10.879166666666668,"","",9.31,6.6983333333333341,14.04,10.879166666666668,14.04,10.879166666666668,9.31,6.6983333333333341]
[2024,3,3,19,45354.791666666504,2.96,"Valid",6.4795833333333333,7.9,"Valid",10.612916666666669,"","",2.96,6.4795833333333333,7.9,10.612916666666669,7.9,10.612916666666669,2.96,6.4795833333333333]
[2024,3,3,20,45354.833333333168,6.47,"Valid",6.5637499999999998,19.79,"Valid",11.034583333333336,"","",6.47,6.5637499999999998,19.79,11.034583333333336,19.79,11.034583333333336,6.47,6.5637499999999998]
[2024,3,3,21,45354.874999999833,9.9600000000000009,"Valid",6.6620833333333325,29.05,"Valid",11.719583333333333,"","",9.9600000000000009,6.6620833333333325,29.05,11.719583333333333,29.05,11.719583333333333,9.9600000000000009,6.6620833333333325]
[2024,3,3,22,45354.916666666497,2.79,"Valid",6.6983333333333333,14.52,"Valid",12.044166666666667,"","",2.79,6.6983333333333333,14.52,12.044166666666667,14.52,12.044166666666667,2.79,6.6983333333333333]
[2024,3,3,23,45354.958333333161,5.71,"Valid",6.7387499999999996,12.26,"Valid",12.163333333333334,"","",5.71,6.7387499999999996,12.26,12.163333333333334,12.26,12.163333333333334,5.71,6.7387499999999996]
[2024,3,4,0,45354.999999999825,5.93,"Valid",6.6662499999999989,12.49,"Valid",12.0725,"","",5.93,6.6662499999999989,12.49,12.0725,12.49,12.0725,5.93,6.6662499999999989]
[2024,3,4,1,45355.04166666649,8.08,"Valid",6.8500000000000005,13.36,"Valid",12.250000000000002,"","",8.08,6.8500000000000005,13.36,12.250000000000002,13.36,12.250000000000002,8.08,6.8500000000000005]
[2024,3,4,2,45355.083333333154,4.74,"Valid",6.748333333333334,9.4700000000000006,"Valid",12.162500000000003,"","",4.74,6.748333333333334,9.4700000000000006,12.162500000000003,9.4700000000000006,12.162500000000003,4.74,6.748333333333334]
[2024,3,4,3,45355.124999999818,2.94,"Valid",6.6462500000000011,8.1300000000000008,"Valid",12.202500000000001,"","",2.94,6.6462500000000011,8.1300000000000008,12.202500000000001,8.1300000000000008,12.202500000000001,2.94,6.6462500000000011]
[2024,3,4,4,45355.166666666482,1.77,"Valid",6.567916666666668,6.16,"Valid",12.234166666666669,"","",1.77,6.567916666666668,6.16,12.234166666666669,6.16,12.234166666666669,1.77,6.567916666666668]
[2024,3,4,5,45355.208333333147,9.19,"Valid",6.5733333333333341,59.13,"Valid",14.21541666666667,"","",9.19,6.5733333333333341,59.13,14.21541666666667,59.13,14.21541666666667,9.19,6.5733333333333341]
[2024,3,4,6,45355.249999999811,11.74,"Valid",6.7687500000000016,50.05,"Valid",15.887500000000003,"","",11.74,6.7687500000000016,50.05,15.887500000000003,50.05,15.887500000000003,11.74,6.7687500000000016]
[2024,3,4,7,45355.291666666475,4.7300000000000004,"Valid",6.751666666666666,41.21,"Valid",17.260416666666668,"","",4.7300000000000004,6.751666666666666,41.21,17.260416666666668,41.21,17.260416666666668,4.7300000000000004,6.751666666666666]
[2024,3,4,8,45355.333333333139,4.26,"Valid",6.5266666666666664,16.63,"Valid",17.492083333333333,"","",4.26,6.5266666666666664,16.63,17.492083333333333,16.63,17.492083333333333,4.26,6.5266666666666664]
[2024,3,4,9,45355.374999999804,6.2,"Valid",6.405833333333331,19.55,"Valid",17.732916666666668,"","",6.2,6.405833333333331,19.55,17.732916666666668,19.55,17.732916666666668,6.2,6.405833333333331]
[2024,3,4,10,45355.416666666468,7.92,"Valid",6.3895833333333307,16.600000000000001,"Valid",17.912916666666668,"","",7.92,6.3895833333333307,16.600000000000001,17.912916666666668,16.600000000000001,17.912916666666668,7.92,6.3895833333333307]
[2024,3,4,11,45355.458333333132,8.67,"Valid",6.6295833333333301,20.74,"Valid",18.44125,"","",8.67,6.6295833333333301,20.74,18.44125,20.74,18.44125,8.67,6.6295833333333301]
[2024,3,4,12,45355.499999999796,9.41,"Valid",6.5729166666666643,18.350000000000001,"Valid",18.567500000000003,"","",9.41,6.5729166666666643,18.350000000000001,18.567500000000003,18.350000000000001,18.567500000000003,9.41,6.5729166666666643]
[2024,3,4,13,45355.541666666461,5.28,"Valid",6.3958333333333321,14.88,"Valid",18.622083333333332,"","",5.28,6.3958333333333321,14.88,18.622083333333332,14.88,18.622083333333332,5.28,6.3958333333333321]
[2024,3,4,14,45355.583333333125,9.27,"Valid",6.5233333333333334,14.92,"Valid",18.793750000000003,"","",9.27,6.5233333333333334,14.92,18.793750000000003,14.92,18.793750000000003,9.27,6.5233333333333334]
[2024,3,4,15,45355.624999999789,-3.42,"Valid",6.0650000000000013,4.54,"Valid",18.50791666666667,"","",-3.42,6.0650000000000013,4.54,18.50791666666667,4.54,18.50791666666667,-3.42,6.0650000000000013]
[2024,3,4,16,45355.666666666453,7.81,"Valid",6.0537500000000009,14.69,"Valid",18.628333333333334,"","",7.81,6.0537500000000009,14.69,18.628333333333334,14.69,18.628333333333334,7.81,6.0537500000000009]
[2024,3,{"$f":"C67+1","v":4},17,45355.708333333117,3.65,"Valid",6.0570833333333347,10.93,"Valid",18.724583333333335,"","",3.65,6.0570833333333347,10.93,18.724583333333335,10.93,18.724583333333335,3.65,6.0570833333333347]
[2024,3,4,18,45355.749999999782,3.65,"Valid",5.82125,16.37,"Valid",18.821666666666669,"","",3.65,5.82125,16.37,18.821666666666669,16.37,18.821666666666669,3.65,5.82125]
[2024,3,4,19,45355.791666666446,8.9,"Valid",6.0687500000000005,25.13,"Valid",19.539583333333336,"","",8.9,6.0687500000000005,25.13,19.539583333333336,25.13,19.539583333333336,8.9,6.0687500000000005]
[2024,3,4,20,45355.83333333311,9.19,"Valid",6.1820833333333338,20.13,"Valid",19.553750000000004,"","",9.19,6.1820833333333338,20.13,19.553750000000004,20.13,19.553750000000004,9.19,6.1820833333333338]
[2024,3,4,21,45355.874999999774,4.03,"Valid",5.9349999999999996,8.94,"Valid",18.715833333333336,"","",4.03,5.9349999999999996,8.94,18.715833333333336,8.94,18.715833333333336,4.03,5.9349999999999996]
[2024,3,4,22,45355.916666666439,1.57,"Valid",5.8841666666666663,5.69,"Valid",18.34791666666667,"","",1.57,5.8841666666666663,5.69,18.34791666666667,5.69,18.34791666666667,1.57,5.8841666666666663]
[2024,3,4,23,45355.958333333103,5.38,"Valid",5.8704166666666673,8.77,"Valid",18.202500000000004,"","",5.38,5.8704166666666673,8.77,18.202500000000004,8.77,18.202500000000004,5.38,5.8704166666666673]
[2024,3,5,0,45355.999999999767,6.19,"Valid",5.8812499999999988,7.78,"Valid",18.006250000000001,"","",6.19,5.8812499999999988,7.78,18.006250000000001,7.78,18.006250000000001,6.19,5.8812499999999988]
[2024,3,5,1,45356.041666666431,-3.69,"Valid",5.390833333333334,-2.17,"Valid",17.359166666666667,"","",-3.69,5.390833333333334,-2.17,17.359166666666667,-2.17,17.359166666666667,-3.69,5.390833333333334]
[2024,3,5,2,45356.083333333096,3.43,"Valid",5.3362500000000006,4.68,"Valid",17.159583333333334,"","",3.43,5.3362500000000006,4.68,17.159583333333334,4.68,17.159583333333334,3.43,5.3362500000000006]
[2024,3,5,3,45356.12499999976,6.35,"Valid",5.4783333333333344,7.14,"Valid",17.118333333333332,"","",6.35,5.4783333333333344,7.14,17.118333333333332,7.14,17.118333333333332,6.35,5.4783333333333344]
[2024,3,5,4,45356.166666666424,4.46,"Valid",5.590416666666667,5.94,"Valid",17.109166666666667,"","",4.46,5.590416666666667,5.94,17.109166666666667,5.94,17.109166666666667,4.46,5.590416666666667]
[2024,3,5,5,45356.208333333088,4.84,"Valid",5.4091666666666667,5.9,"Valid",14.891249999999994,"","",4.84,5.4091666666666667,5.9,14.891249999999994,5.9,14.891249999999994,4.84,5.4091666666666667]
[2024,3,5,6,45356.249999999753,4.07,"Valid",5.0895833333333327,6.48,"Valid",13.07583333333333,"","",4.07,5.0895833333333327,6.48,13.07583333333333,6.48,13.07583333333333,4.07,5.0895833333333327]
[2024,3,5,7,45356.291666666417,1.34,"Valid",4.9483333333333333,7.53,"Valid",11.672499999999999,"","",1.34,4.9483333333333333,7.53,11.672499999999999,7.53,11.672499999999999,1.34,4.9483333333333333]
[2024,3,5,8,45356.333333333081,3.08,"Valid",4.8991666666666669,6.9,"Valid",11.267083333333332,"","",3.08,4.8991666666666669,6.9,11.267083333333332,6.9,11.267083333333332,3.08,4.8991666666666669]
[2024,3,5,9,45356.374999999745,7.29,"Valid",4.9445833333333331,13.38,"Valid",11.01,"","",7.29,4.9445833333333331,13.38,11.01,13.38,11.01,7.29,4.9445833333333331]
[2024,3,5,10,45356.41666666641,9.42,"Valid",5.0070833333333322,11.85,"Valid",10.812083333333334,"","",9.42,5.0070833333333322,11.85,10.812083333333334,11.85,10.812083333333334,9.42,5.0070833333333322]
[2024,3,5,11,45356.458333333074,4.92,"Valid",4.850833333333334,6.53,"Valid",10.220000000000001,"","",4.92,4.850833333333334,6.53,10.220000000000001,6.53,10.220000000000001,4.92,4.850833333333334]
[2024,3,5,12,45356.499999999738,5.56,"Valid",4.6904166666666676,7.66,"Valid",9.7745833333333341,"","",5.56,4.6904166666666676,7.66,9.7745833333333341,7.66,9.7745833333333341,5.56,4.6904166666666676]
[2024,3,5,13,45356.541666666402,7.5,"Valid",4.7829166666666678,10.49,"Valid",9.5916666666666668,"","",7.5,4.7829166666666678,10.49,9.5916666666666668,10.49,9.5916666666666668,7.5,4.7829166666666678]
[2024,3,5,14,45356.583333333067,2.92,"Valid",4.5183333333333335,7.19,"Valid",9.2695833333333315,"","",2.92,4.5183333333333335,7.19,9.2695833333333315,7.19,9.2695833333333315,2.92,4.5183333333333335]
[2024,3,5,15,45356.624999999731,7.47,"Valid",4.9720833333333347,11.63,"Valid",9.5649999999999977,"","",7.47,4.9720833333333347,11.63,9.5649999999999977,11.63,9.5649999999999977,7.47,4.9720833333333347]
[2024,3,5,16,45356.666666666395,-0.15,"Valid",4.6404166666666677,4.7300000000000004,"Valid",9.15,"","",-0.15,4.6404166666666677,4.7300000000000004,9.15,4.7300000000000004,9.15,-0.15,4.6404166666666677]
[2024,3,5,17,45356.708333333059,5.35,"Valid",4.7112500000000006,11.36,"Valid",9.1679166666666649,"","",5.35,4.7112500000000006,11.36,9.1679166666666649,11.36,9.1679166666666649,5.35,4.7112500000000006]
[2024,3,5,18,45356.749999999724,7.49,"Valid",4.8712499999999999,12.51,"Valid",9.0070833333333322,"","",7.49,4.8712499999999999,12.51,9.0070833333333322,12.51,9.0070833333333322,7.49,4.8712499999999999]
[2024,3,5,19,45356.791666666388,6.39,"Valid",4.7666666666666666,15.27,"Valid",8.5962500000000013,"","",6.39,4.7666666666666666,15.27,8.5962500000000013,15.27,8.5962500000000013,6.39,4.7666666666666666]
[2024,3,5,20,45356.833333333052,6.11,"Valid",4.6383333333333328,11.3,"Valid",8.2283333333333335,"","",6.11,4.6383333333333328,11.3,8.2283333333333335,11.3,8.2283333333333335,6.11,4.6383333333333328]
[2024,3,5,21,45356.874999999716,8.11,"Valid",4.8083333333333327,30.03,"Valid",9.1070833333333336,"","",8.11,4.8083333333333327,30.03,9.1070833333333336,30.03,9.1070833333333336,8.11,4.8083333333333327]
[2024,3,5,22,45356.91666666638,4.78,"Valid",4.9420833333333336,10.76,"Valid",9.3183333333333334,"","",4.78,4.9420833333333336,10.76,9.3183333333333334,10.76,9.3183333333333334,4.78,4.9420833333333336]
[2024,3,5,23,45356.958333333045,4.6100000000000003,"Valid",4.9099999999999993,16.329999999999998,"Valid",9.6333333333333329,"","",4.6100000000000003,4.9099999999999993,16.329999999999998,9.6333333333333329,16.329999999999998,9.6333333333333329,4.6100000000000003,4.9099999999999993]
[2024,3,6,0,45356.999999999709,3.71,"Valid",4.8066666666666658,10.74,"Valid",9.7566666666666677,"","",3.71,4.8066666666666658,10.74,9.7566666666666677,10.74,9.7566666666666677,3.71,4.8066666666666658]
[2024,3,6,1,45357.041666666373,8.1999999999999993,"Valid",5.302083333333333,19.13,"Valid",10.644166666666665,"","",8.1999999999999993,5.302083333333333,19.13,10.644166666666665,19.13,10.644166666666665,8.1999999999999993,5.302083333333333]
[2024,3,6,2,45357.083333333037,4.32,"Valid",5.3391666666666664,8.9499999999999993,"Valid",10.822083333333333,"","",4.32,5.3391666666666664,8.9499999999999993,10.822083333333333,8.9499999999999993,10.822083333333333,4.32,5.3391666666666664]
[2024,3,6,3,45357.124999999702,4.09,"Valid",5.2450000000000001,7.62,"Valid",10.842083333333333,"","",4.09,5.2450000000000001,7.62,10.842083333333333,7.62,10.842083333333333,4.09,5.2450000000000001]
[2024,3,6,4,45357.166666666366,6.69,"Valid",5.3379166666666675,9.32,"Valid",10.982916666666666,"","",6.69,5.3379166666666675,9.32,10.982916666666666,9.32,10.982916666666666,6.69,5.3379166666666675]
[2024,3,6,5,45357.20833333303,8.02,"Valid",5.4704166666666678,11.41,"Valid",11.2125,"","",8.02,5.4704166666666678,11.41,11.2125,11.41,11.2125,8.02,5.4704166666666678]
[2024,3,6,6,45357.249999999694,16.45,"Valid",5.9862499999999992,79.97,"Valid",14.274583333333334,"","",16.45,5.9862499999999992,79.97,14.274583333333334,79.97,14.274583333333334,16.45,5.9862499999999992]
[2024,3,6,7,45357.291666666359,22.7,"Valid",6.8762499999999989,112.34,"Valid",18.641666666666666,"","",22.7,6.8762499999999989,112.34,18.641666666666666,112.34,18.641666666666666,22.7,6.8762499999999989]
[2024,3,6,8,45357.333333333023,9.8699999999999992,"Valid",7.1591666666666667,33.42,"Valid",19.746666666666666,"","",{"$f":"IF(G130=\"Valid\", F130, NA())","v":9.8699999999999992},{"$f":"IF(G130=\"Valid\", H130, NA())","v":7.1591666666666667},{"$f":"IF(J130=\"Valid\", I130, NA())","v":33.42},{"$f":"IF(J130=\"Valid\", K130, NA())","v":19.746666666666666},33.42,19.746666666666666,9.8699999999999992,7.1591666666666667]
[2024,3,6,9,45357.374999999687,8.08,"Valid",7.1920833333333336,17.71,"Valid",19.927083333333332,"","",8.08,7.1920833333333336,17.71,19.927083333333332,17.71,19.927083333333332,8.08,7.1920833333333336]
[2024,3,6,{"$f":"IF(D131=23,0,D131+1)","v":10},{"$f":"E131+0.0416666666666666","v":45357.416666666351},3.86,"Valid",6.9604166666666671,11.19,"Valid",19.899583333333332,"","",3.86,6.9604166666666671,11.19,19.899583333333332,11.19,19.899583333333332,3.86,6.9604166666666671]
[2024,3,6,11,45357.458333333016,6.46,"Valid",7.024583333333335,12.89,"Valid",20.164583333333333,"","",6.46,7.024583333333335,12.89,20.164583333333333,12.89,20.164583333333333,6.46,7.024583333333335]
[2024,3,6,12,45357.49999999968,6.1,"Valid",7.047083333333334,12.89,"Valid",20.3825,"","",6.1,7.047083333333334,12.89,20.3825,12.89,20.3825,6.1,7.047083333333334]
[2024,3,6,13,45357.541666666344,5.39,"Valid",6.9591666666666674,10.85,"Valid",20.397500000000001,"","",5.39,6.9591666666666674,10.85,20.397500000000001,10.85,20.397500000000001,5.39,6.9591666666666674]
[2024,3,6,14,45357.583333333008,6.34,"Valid",7.1016666666666666,12.35,"Valid",20.612500000000001,"","",6.34,7.1016666666666666,12.35,20.612500000000001,12.35,20.612500000000001,6.34,7.1016666666666666]
[2024,3,6,15,45357.624999999673,9.06,"Valid",7.1679166666666667,14.95,"Valid",20.750833333333333,"","",9.06,7.1679166666666667,14.95,20.750833333333333,14.95,20.750833333333333,9.06,7.1679166666666667]
[2024,3,6,16,45357.666666666337,4.0999999999999996,"Valid",7.3449999999999998,13.13,"Valid",21.10083333333333,"","",4.0999999999999996,7.3449999999999998,13.13,21.10083333333333,13.13,21.10083333333333,4.0999999999999996,7.3449999999999998]
[2024,3,6,17,45357.708333333001,10.78,"Valid",7.57125,21.4,"Valid",21.519166666666663,"","",10.78,7.57125,21.4,21.519166666666663,21.4,21.519166666666663,10.78,7.57125]
[2024,3,6,18,45357.749999999665,10.199999999999999,"Valid",7.6841666666666653,17.64,"Valid",21.732916666666664,"","",10.199999999999999,7.6841666666666653,17.64,21.732916666666664,17.64,21.732916666666664,10.199999999999999,7.6841666666666653]
[2024,3,6,19,45357.79166666633,8.39,"Valid",7.7674999999999983,18.18,"Valid",21.854166666666661,"","",8.39,7.7674999999999983,18.18,21.854166666666661,18.18,21.854166666666661,8.39,7.7674999999999983]
[2024,3,6,20,45357.833333332994,7.28,"Valid",7.8162500000000001,16,"Valid",22.049999999999997,"","",7.28,7.8162500000000001,16,22.049999999999997,16,22.049999999999997,7.28,7.8162500000000001]
[2024,3,6,21,45357.874999999658,5.0599999999999996,"Valid",7.689166666666666,10.83,"Valid",21.249999999999996,"","",5.0599999999999996,7.689166666666666,10.83,21.249999999999996,10.83,21.249999999999996,5.0599999999999996,7.689166666666666]
[2024,3,6,22,45357.916666666322,4.93,"Valid",7.6954166666666657,29.91,"Valid",22.047916666666666,"","",4.93,7.6954166666666657,29.91,22.047916666666666,29.91,22.047916666666666,4.93,7.6954166666666657]
[2024,3,6,23,45357.958333332987,3.76,"Valid",7.66,13.84,"Valid",21.944166666666664,"","",3.76,7.66,13.84,21.944166666666664,13.84,21.944166666666664,3.76,7.66]
[2024,3,7,0,45357.999999999651,7.33,"Valid",7.8108333333333322,14.58,"Valid",22.104166666666668,"","",7.33,7.8108333333333322,14.58,22.104166666666668,14.58,22.104166666666668,7.33,7.8108333333333322]
[2024,3,7,1,45358.041666666315,2.9,"Valid",7.59,9.27,"Valid",21.693333333333332,"","",2.9,7.59,9.27,21.693333333333332,9.27,21.693333333333332,2.9,7.59]
[2024,3,7,2,45358.083333332979,5.46,"Valid",7.6375000000000002,11.48,"Valid",21.798749999999995,"","",5.46,7.6375000000000002,11.48,21.798749999999995,11.48,21.798749999999995,5.46,7.6375000000000002]
[2024,3,7,3,45358.124999999643,5.51,"Valid",7.6966666666666681,10.38,"Valid",21.913749999999997,"","",5.51,7.6966666666666681,10.38,21.913749999999997,10.38,21.913749999999997,5.51,7.6966666666666681]
[2024,3,7,4,45358.166666666308,8.1199999999999992,"Valid",7.7562500000000014,32.479999999999997,"Valid",22.87875,"","",8.1199999999999992,7.7562500000000014,32.479999999999997,22.87875,32.479999999999997,22.87875,8.1199999999999992,7.7562500000000014]
[2024,3,7,5,45358.208333332972,4.3099999999999996,"Valid",7.6016666666666666,11.18,"Valid",22.869166666666661,"","",4.3099999999999996,7.6016666666666666,11.18,22.869166666666661,11.18,22.869166666666661,4.3099999999999996,7.6016666666666666]
[2024,3,7,6,45358.249999999636,13.78,"Valid",7.4904166666666674,81.66,"Valid",22.939583333333331,"","",13.78,7.4904166666666674,81.66,22.939583333333331,81.66,22.939583333333331,13.78,7.4904166666666674]
[2024,3,7,7,45358.2916666663,10.47,"Valid",6.9808333333333339,39.21,"Valid",19.892500000000002,"","",10.47,6.9808333333333339,39.21,19.892500000000002,39.21,19.892500000000002,10.47,6.9808333333333339]
[2024,3,7,8,45358.333333332965,10.46,"Valid",7.005416666666668,31.83,"Valid",19.826250000000002,"","",10.46,7.005416666666668,31.83,19.826250000000002,31.83,19.826250000000002,10.46,7.005416666666668]
[2024,3,{"$f":"C131+1","v":7},9,45358.374999999629,6.87,"Valid",6.9550000000000018,13.81,"Valid",19.66375,"","",6.87,6.9550000000000018,13.81,19.66375,13.81,19.66375,6.87,6.9550000000000018]
[2024,3,7,10,45358.416666666293,12.84,"Valid",7.3291666666666684,26.74,"Valid",20.311666666666664,"","",12.84,7.3291666666666684,26.74,20.311666666666664,26.74,20.311666666666664,12.84,7.3291666666666684]
[2024,3,7,11,45358.458333332957,9.93,"Valid",7.4737500000000017,23.79,"Valid",20.765833333333333,"","",9.93,7.4737500000000017,23.79,20.765833333333333,23.79,20.765833333333333,9.93,7.4737500000000017]
[2024,3,7,12,45358.499999999622,4.13,"Valid",7.3916666666666684,15.18,"Valid",20.861250000000002,"","",4.13,7.3916666666666684,15.18,20.861250000000002,15.18,20.861250000000002,4.13,7.3916666666666684]
[2024,3,7,13,45358.541666666286,8.2100000000000009,"Valid",7.509166666666669,16.71,"Valid",21.105416666666667,"","",8.2100000000000009,7.509166666666669,16.71,21.105416666666667,16.71,21.105416666666667,8.2100000000000009,7.509166666666669]
[2024,3,7,14,45358.58333333295,9.59,"Valid",7.6445833333333342,20.59,"Valid",21.44875,"","",9.59,7.6445833333333342,20.59,21.44875,20.59,21.44875,9.59,7.6445833333333342]
[2024,3,7,15,45358.624999999614,10.49,"Valid",7.7041666666666684,19.73,"Valid",21.647916666666664,"","",10.49,7.7041666666666684,19.73,21.647916666666664,19.73,21.647916666666664,10.49,7.7041666666666684]
[2024,3,7,16,45358.666666666279,8.84,"Valid",7.9016666666666682,19.91,"Valid",21.930416666666662,"","",8.84,7.9016666666666682,19.91,21.930416666666662,19.91,21.930416666666662,8.84,7.9016666666666682]
[2024,3,7,17,45358.708333332943,9.15,"Valid",7.833750000000002,24.68,"Valid",22.067083333333329,"","",9.15,7.833750000000002,24.68,22.067083333333329,24.68,22.067083333333329,9.15,7.833750000000002]
[2024,3,7,18,45358.749999999607,9.27,"Valid",7.7950000000000017,20.88,"Valid",22.202083333333334,"","",9.27,7.7950000000000017,20.88,22.202083333333334,20.88,22.202083333333334,9.27,7.7950000000000017]
[2024,3,7,19,45358.791666666271,6.17,"Valid",7.7025000000000015,19.59,"Valid",22.260833333333338,"","",6.17,7.7025000000000015,19.59,22.260833333333338,19.59,22.260833333333338,6.17,7.7025000000000015]
[2024,3,7,20,45358.833333332936,7.5,"Valid",7.7116666666666687,14.63,"Valid",22.203749999999999,"","",7.5,7.7116666666666687,14.63,22.203749999999999,14.63,22.203749999999999,7.5,7.7116666666666687]
[2024,3,7,21,45358.8749999996,8.91,"Valid",7.8720833333333351,16.63,"Valid",22.44541666666667,"","",8.91,7.8720833333333351,16.63,22.44541666666667,16.63,22.44541666666667,8.91,7.8720833333333351]
[2024,3,7,22,45358.916666666264,13.75,"Valid",8.2395833333333339,24.49,"Valid",22.219583333333333,"","",13.75,8.2395833333333339,24.49,22.219583333333333,24.49,22.219583333333333,13.75,8.2395833333333339]
[2024,3,7,23,45358.958333332928,6.36,"Valid",8.3479166666666682,12.88,"Valid",22.17958333333333,"","",6.36,8.3479166666666682,12.88,22.17958333333333,12.88,22.17958333333333,6.36,8.3479166666666682]
[2024,3,8,0,45358.999999999593,6.86,"Valid",8.3283333333333349,12.8,"Valid",22.105416666666667,"","",6.86,8.3283333333333349,12.8,22.105416666666667,12.8,22.105416666666667,6.86,8.3283333333333349]
[2024,3,8,1,45359.041666666257,3.24,"Valid",8.3425000000000011,8.8000000000000007,"Valid",22.08583333333333,"","",3.24,8.3425000000000011,8.8000000000000007,22.08583333333333,8.8000000000000007,22.08583333333333,3.24,8.3425000000000011]
[2024,3,8,2,45359.083333332921,6.52,"Valid",8.3866666666666685,11.21,"Valid",22.074583333333337,"","",6.52,8.3866666666666685,11.21,22.074583333333337,11.21,22.074583333333337,6.52,8.3866666666666685]
[2024,3,8,3,45359.124999999585,5.07,"Valid",8.3683333333333341,9.75,"Valid",22.048333333333336,"","",5.07,8.3683333333333341,9.75,22.048333333333336,9.75,22.048333333333336,5.07,8.3683333333333341]
[2024,3,8,4,45359.16666666625,2.88,"Valid",8.15,5.94,"Valid",20.942499999999999,"","",2.88,8.15,5.94,20.942499999999999,5.94,20.942499999999999,2.88,8.15]
[2024,3,8,5,45359.208333332914,1.68,"Valid",8.0404166666666672,6.09,"Valid",20.730416666666667,"","",1.68,8.0404166666666672,6.09,20.730416666666667,6.09,20.730416666666667,1.68,8.0404166666666672]
[2024,3,8,6,45359.249999999578,6.44,"Valid",7.7345833333333358,22.06,"Valid",18.247083333333332,"","",6.44,7.7345833333333358,22.06,18.247083333333332,22.06,18.247083333333332,6.44,7.7345833333333358]
[2024,3,8,7,45359.291666666242,5.05,"Valid",7.5087500000000027,31.62,"Valid",17.930833333333332,"","",5.05,7.5087500000000027,31.62,17.930833333333332,31.62,17.930833333333332,5.05,7.5087500000000027]
[2024,3,8,8,45359.333333332906,4.04,"Valid",7.2412500000000017,8.41,"Valid",16.955000000000002,"","",4.04,7.2412500000000017,8.41,16.955000000000002,8.41,16.955000000000002,4.04,7.2412500000000017]
[2024,3,8,9,45359.374999999571,6.8,"Valid",7.2383333333333342,11.03,"Valid",16.839166666666667,"","",6.8,7.2383333333333342,11.03,16.839166666666667,11.03,16.839166666666667,6.8,7.2383333333333342]
[2024,3,8,10,45359.416666666235,5.39,"Valid",6.9279166666666656,8.44,"Valid",16.076666666666664,"","",5.39,6.9279166666666656,8.44,16.076666666666664,8.44,16.076666666666664,5.39,6.9279166666666656]
[2024,3,8,11,45359.458333332899,3.99,"Valid",6.6804166666666669,7.7,"Valid",15.40625,"","",3.99,6.6804166666666669,7.7,15.40625,7.7,15.40625,3.99,6.6804166666666669]
[2024,3,8,12,45359.499999999563,5.98,"Valid",6.7574999999999994,9.3000000000000007,"Valid",15.161250000000001,"","",5.98,6.7574999999999994,9.3000000000000007,15.161250000000001,9.3000000000000007,15.161250000000001,5.98,6.7574999999999994]
[2024,3,8,13,45359.541666666228,2.83,"Valid",6.5333333333333341,7.62,"Valid",14.782500000000001,"","",2.83,6.5333333333333341,7.62,14.782500000000001,7.62,14.782500000000001,2.83,6.5333333333333341]
[2024,3,8,14,45359.583333332892,3.28,"Valid",6.2704166666666667,7.24,"Valid",14.22625,"","",3.28,6.2704166666666667,7.24,14.22625,7.24,14.22625,3.28,6.2704166666666667]
[2024,3,8,15,45359.624999999556,-1.1399999999999999,"Valid",5.7858333333333336,4.29,"Valid",13.582916666666669,"","",-1.1399999999999999,5.7858333333333336,4.29,13.582916666666669,4.29,13.582916666666669,-1.1399999999999999,5.7858333333333336]
[2024,3,8,16,45359.66666666622,3.74,"Valid",5.5733333333333333,8.8000000000000007,"Valid",13.120000000000003,"","",3.74,5.5733333333333333,8.8000000000000007,13.120000000000003,8.8000000000000007,13.120000000000003,3.74,5.5733333333333333]
[2024,3,8,17,45359.708333332885,6.81,"Valid",5.4758333333333331,12.98,"Valid",12.632500000000002,"","",6.81,5.4758333333333331,12.98,12.632500000000002,12.98,12.632500000000002,6.81,5.4758333333333331]
[2024,3,8,18,45359.749999999549,2.59,"Valid",5.1974999999999998,19.82,"Valid",12.588333333333333,"","",2.59,5.1974999999999998,19.82,12.588333333333333,19.82,12.588333333333333,2.59,5.1974999999999998]
[2024,3,8,19,45359.791666666213,5.35,"Valid",5.1633333333333331,9.73,"Valid",12.177500000000002,"","",5.35,5.1633333333333331,9.73,12.177500000000002,9.73,12.177500000000002,5.35,5.1633333333333331]
[2024,3,8,20,45359.833333332877,4.59,"Valid",5.0420833333333333,17.850000000000001,"Valid",12.311666666666669,"","",4.59,5.0420833333333333,17.850000000000001,12.311666666666669,17.850000000000001,12.311666666666669,4.59,5.0420833333333333]
[2024,3,8,21,45359.874999999542,5.98,"Valid",4.92,10.16,"Valid",12.042083333333336,"","",5.98,4.92,10.16,12.042083333333336,10.16,12.042083333333336,5.98,4.92]
[2024,3,8,22,45359.916666666206,7.48,"Valid",4.6587500000000004,11.67,"Valid",11.507916666666667,"","",7.48,4.6587500000000004,11.67,11.507916666666667,11.67,11.507916666666667,7.48,4.6587500000000004]
[2024,3,8,23,45359.95833333287,1.94,"Valid",4.4745833333333334,6.27,"Valid",11.2325,"","",1.94,4.4745833333333334,6.27,11.2325,6.27,11.2325,1.94,4.4745833333333334]
[2024,3,9,0,45359.999999999534,5.16,"Valid",4.4037499999999996,9.66,"Valid",11.101666666666667,"","",{"$f":"IF(G194=\"Valid\", F194, NA())","v":5.16},{"$f":"IF(G194=\"Valid\", H194, NA())","v":4.4037499999999996},{"$f":"IF(J194=\"Valid\", I194, NA())","v":9.66},{"$f":"IF(J194=\"Valid\", K194, NA())","v":11.101666666666667},9.66,11.101666666666667,5.16,4.4037499999999996]
[2024,3,9,1,45360.041666666199,4.09,"Valid",4.4391666666666669,8.32,"Valid",11.081666666666665,"","",4.09,4.4391666666666669,8.32,11.081666666666665,8.32,11.081666666666665,4.09,4.4391666666666669]
[2024,3,9,{"$f":"IF(D195=23,0,D195+1)","v":2},{"$f":"E195+0.0416666666666666","v":45360.083333332863},2.81,"Valid",4.2845833333333339,8.19,"Valid",10.955833333333333,"","",2.81,4.2845833333333339,8.19,10.955833333333333,8.19,10.955833333333333,2.81,4.2845833333333339]
[2024,3,9,3,45360.124999999527,5.3,"Valid",4.2941666666666665,9.4,"Valid",10.941249999999998,"","",5.3,4.2941666666666665,9.4,10.941249999999998,9.4,10.941249999999998,5.3,4.2941666666666665]
[2024,3,9,4,45360.166666666191,5.94,"Valid",4.4216666666666669,12.51,"Valid",11.214999999999996,"","",5.94,4.4216666666666669,12.51,11.214999999999996,12.51,11.214999999999996,5.94,4.4216666666666669]
[2024,3,9,5,45360.208333332856,1.5,"Valid",4.4141666666666666,5.84,"Valid",11.204583333333332,"","",1.5,4.4141666666666666,5.84,11.204583333333332,5.84,11.204583333333332,1.5,4.4141666666666666]
[2024,3,9,6,45360.24999999952,3.65,"Valid",4.2979166666666675,8.2899999999999991,"Valid",10.630833333333332,"","",3.65,4.2979166666666675,8.2899999999999991,10.630833333333332,8.2899999999999991,10.630833333333332,3.65,4.2979166666666675]
[2024,3,9,7,45360.291666666184,8.24,"Valid",4.4308333333333332,19.28,"Valid",10.116666666666665,"","",8.24,4.4308333333333332,19.28,10.116666666666665,19.28,10.116666666666665,8.24,4.4308333333333332]
[2024,3,9,8,45360.333333332848,5.49,"Valid",4.49125,16.62,"Valid",10.45875,"","",5.49,4.49125,16.62,10.45875,16.62,10.45875,5.49,4.49125]
[2024,3,9,9,45360.374999999513,6.48,"Valid",4.4779166666666663,12.9,"Valid",10.536666666666667,"","",6.48,4.4779166666666663,12.9,10.536666666666667,12.9,10.536666666666667,6.48,4.4779166666666663]
[2024,3,9,10,45360.416666666177,6.23,"Valid",4.5129166666666665,14.23,"Valid",10.777916666666668,"","",6.23,4.5129166666666665,14.23,10.777916666666668,14.23,10.777916666666668,6.23,4.5129166666666665]
[2024,3,9,11,45360.458333332841,5.68,"Valid",4.583333333333333,14.29,"Valid",11.0525,"","",5.68,4.583333333333333,14.29,11.0525,14.29,11.0525,5.68,4.583333333333333]
[2024,3,9,12,45360.499999999505,7.15,"Valid",4.632083333333334,14.26,"Valid",11.259166666666665,"","",7.15,4.632083333333334,14.26,11.259166666666665,14.26,11.259166666666665,7.15,4.632083333333334]
[2024,3,9,13,45360.541666666169,8.1199999999999992,"Valid",4.8525,15.28,"Valid",11.578333333333331,"","",8.1199999999999992,4.8525,15.28,11.578333333333331,15.28,11.578333333333331,8.1199999999999992,4.8525]
[2024,3,9,14,45360.583333332834,4.22,"Valid",4.8916666666666666,9.92,"Valid",11.689999999999998,"","",4.22,4.8916666666666666,9.92,11.689999999999998,9.92,11.689999999999998,4.22,4.8916666666666666]
[2024,3,9,15,45360.624999999498,5.73,"Valid",5.1779166666666674,10.77,"Valid",11.959999999999999,"","",5.73,5.1779166666666674,10.77,11.959999999999999,10.77,11.959999999999999,5.73,5.1779166666666674]
[2024,3,9,16,45360.666666666162,6.1,"Valid",5.2762500000000001,11,"Valid",12.051666666666664,"","",6.1,5.2762500000000001,11,12.051666666666664,11,12.051666666666664,6.1,5.2762500000000001]
[2024,3,9,17,45360.708333332826,2.5099999999999998,"Valid",5.0970833333333339,7.36,"Valid",11.817499999999997,"","",2.5099999999999998,5.0970833333333339,7.36,11.817499999999997,7.36,11.817499999999997,2.5099999999999998,5.0970833333333339]
[2024,3,9,18,45360.749999999491,6.4,"Valid",5.2558333333333342,12.42,"Valid",11.509166666666667,"","",6.4,5.2558333333333342,12.42,11.509166666666667,12.42,11.509166666666667,6.4,5.2558333333333342]
[2024,3,9,19,45360.791666666155,4.78,"Valid",5.2320833333333345,10.87,"Valid",11.556666666666667,"","",4.78,5.2320833333333345,10.87,11.556666666666667,10.87,11.556666666666667,4.78,5.2320833333333345]
[2024,3,9,20,45360.833333332819,4.3899999999999997,"Valid",5.2237500000000008,7.57,"Valid",11.128333333333332,"","",4.3899999999999997,5.2237500000000008,7.57,11.128333333333332,7.57,11.128333333333332,4.3899999999999997,5.2237500000000008]
[2024,3,9,21,45360.874999999483,6.22,"Valid",5.2337500000000015,13.62,"Valid",11.272500000000001,"","",6.22,5.2337500000000015,13.62,11.272500000000001,13.62,11.272500000000001,6.22,5.2337500000000015]
[2024,3,9,22,45360.916666666148,5.75,"Valid",5.161666666666668,10.28,"Valid",11.21458333333333,"","",5.75,5.161666666666668,10.28,11.21458333333333,10.28,11.21458333333333,5.75,5.161666666666668]
[2024,3,9,23,45360.958333332812,5.68,"Valid",5.3174999999999999,17.32,"Valid",11.674999999999999,"","",5.68,5.3174999999999999,17.32,11.674999999999999,17.32,11.674999999999999,5.68,5.3174999999999999]
[2024,3,10,0,45360.999999999476,3.75,"Valid",5.25875,7.45,"Valid",11.582916666666668,"","",3.75,5.25875,7.45,11.582916666666668,7.45,11.582916666666668,3.75,5.25875]
[2024,3,{"$f":"C195+1","v":10},1,45361.04166666614,4.71,"Valid",5.284583333333333,7.99,"Valid",11.569166666666668,"","",4.71,5.284583333333333,7.99,11.569166666666668,7.99,11.569166666666668,4.71,5.284583333333333]
[2024,3,10,2,45361.083333332805,3.53,"Valid",5.3145833333333341,6.92,"Valid",11.516250000000001,"","",3.53,5.3145833333333341,6.92,11.516250000000001,6.92,11.516250000000001,3.53,5.3145833333333341]
[2024,3,10,3,45361.124999999469,1.56,"Valid",5.1587499999999995,4.22,"Valid",11.300416666666669,"","",1.56,5.1587499999999995,4.22,11.300416666666669,4.22,11.300416666666669,1.56,5.1587499999999995]
[2024,3,10,4,45361.166666666133,3.45,"Valid",5.0549999999999997,6.64,"Valid",11.055833333333332,"","",3.45,5.0549999999999997,6.64,11.055833333333332,6.64,11.055833333333332,3.45,5.0549999999999997]
[2024,3,10,5,45361.208333332797,2.96,"Valid",5.1158333333333328,7.92,"Valid",11.1425,"","",2.96,5.1158333333333328,7.92,11.1425,7.92,11.1425,2.96,5.1158333333333328]
[2024,3,10,6,45361.249999999462,7.04,"Valid",5.257083333333334,10.87,"Valid",11.25,"","",7.04,5.257083333333334,10.87,11.25,10.87,11.25,7.04,5.257083333333334]
[2024,3,10,7,45361.291666666126,2.4900000000000002,"Valid",5.0175000000000001,5.96,"Valid",10.694999999999999,"","",2.4900000000000002,5.0175000000000001,5.96,10.694999999999999,5.96,10.694999999999999,2.4900000000000002,5.0175000000000001]
[2024,3,10,8,45361.33333333279,4.49,"Valid",4.9758333333333331,7.58,"Valid",10.318333333333332,"","",4.49,4.9758333333333331,7.58,10.318333333333332,7.58,10.318333333333332,4.49,4.9758333333333331]
[2024,3,10,9,45361.374999999454,7.1,"Valid",5.001666666666666,25.45,"Valid",10.84125,"","",7.1,5.001666666666666,25.45,10.84125,25.45,10.84125,7.1,5.001666666666666]
[2024,3,10,10,45361.416666666119,5.0199999999999996,"Valid",4.951249999999999,9.5299999999999994,"Valid",10.645416666666666,"","",5.0199999999999996,4.951249999999999,9.5299999999999994,10.645416666666666,9.5299999999999994,10.645416666666666,5.0199999999999996,4.951249999999999]
[2024,3,10,11,45361.458333332783,4.91,"Valid",4.9191666666666656,8.82,"Valid",10.417499999999999,"","",4.91,4.9191666666666656,8.82,10.417499999999999,8.82,10.417499999999999,4.91,4.9191666666666656]
[2024,3,10,12,45361.499999999447,8.52,"Valid",4.9762499999999994,13.08,"Valid",10.368333333333332,"","",8.52,4.9762499999999994,13.08,10.368333333333332,13.08,10.368333333333332,8.52,4.9762499999999994]
[2024,3,10,13,45361.541666666111,6.9,"Valid",4.9254166666666661,11.73,"Valid",10.220416666666665,"","",6.9,4.9254166666666661,11.73,10.220416666666665,11.73,10.220416666666665,6.9,4.9254166666666661]
[2024,3,10,14,45361.583333332776,5.84,"Valid",4.992916666666666,8.84,"Valid",10.175416666666667,"","",5.84,4.992916666666666,8.84,10.175416666666667,8.84,10.175416666666667,5.84,4.992916666666666]
[2024,3,10,15,45361.62499999944,3.55,"Valid",4.9020833333333327,6.64,"Valid",10.003333333333332,"","",3.55,4.9020833333333327,6.64,10.003333333333332,6.64,10.003333333333332,3.55,4.9020833333333327]
[2024,3,10,16,45361.666666666104,4.4400000000000004,"Valid",4.8329166666666667,8.7100000000000009,"Valid",9.9079166666666669,"","",4.4400000000000004,4.8329166666666667,8.7100000000000009,9.9079166666666669,8.7100000000000009,9.9079166666666669,4.4400000000000004,4.8329166666666667]
[2024,3,10,17,45361.708333332768,6.81,"Valid",5.012083333333333,10.37,"Valid",10.033333333333333,"","",6.81,5.012083333333333,10.37,10.033333333333333,10.37,10.033333333333333,6.81,5.012083333333333]
[2024,3,10,18,45361.749999999432,6.88,"Valid",5.0320833333333335,18.28,"Valid",10.2775,"","",6.88,5.0320833333333335,18.28,10.2775,18.28,10.2775,6.88,5.0320833333333335]
[2024,3,10,19,45361.791666666097,2.09,"Valid",4.9200000000000008,6.53,"Valid",10.096666666666666,"","",2.09,4.9200000000000008,6.53,10.096666666666666,6.53,10.096666666666666,2.09,4.9200000000000008]
[2024,3,10,20,45361.833333332761,1.69,"Valid",4.8075000000000001,6.09,"Valid",10.035,"","",1.69,4.8075000000000001,6.09,10.035,6.09,10.035,1.69,4.8075000000000001]
[2024,3,10,21,45361.874999999425,5.87,"Valid",4.7929166666666667,9.18,"Valid",9.85,"","",5.87,4.7929166666666667,9.18,9.85,9.18,9.85,5.87,4.7929166666666667]
[2024,3,10,22,45361.916666666089,0.26,"Valid",4.5641666666666669,3.69,"Valid",9.5754166666666674,"","",0.26,4.5641666666666669,3.69,9.5754166666666674,3.69,9.5754166666666674,0.26,4.5641666666666669]
[2024,3,10,23,45361.958333332754,6.03,"Valid",4.5787500000000003,9.86,"Valid",9.2645833333333343,"","",6.03,4.5787500000000003,9.86,9.2645833333333343,9.86,9.2645833333333343,6.03,4.5787500000000003]
[2024,3,11,0,45361.999999999418,4.58,"Valid",4.6133333333333333,8.15,"Valid",9.2937500000000011,"","",4.58,4.6133333333333333,8.15,9.2937500000000011,8.15,9.2937500000000011,4.58,4.6133333333333333]
[2024,3,11,1,45362.041666666082,2.83,"Valid",4.5349999999999993,6.06,"Valid",9.2133333333333347,"","",2.83,4.5349999999999993,6.06,9.2133333333333347,6.06,9.2133333333333347,2.83,4.5349999999999993]
[2024,3,11,2,45362.083333332746,3.16,"Valid",4.5195833333333324,6.17,"Valid",9.1820833333333329,"","",3.16,4.5195833333333324,6.17,9.1820833333333329,6.17,9.1820833333333329,3.16,4.5195833333333324]
[2024,3,11,3,45362.124999999411,1.1100000000000001,"Valid",4.5008333333333326,3.61,"Valid",9.1566666666666681,"","",1.1100000000000001,4.5008333333333326,3.61,9.1566666666666681,3.61,9.1566666666666681,1.1100000000000001,4.5008333333333326]
[2024,3,11,4,45362.166666666075,2.44,"Valid",4.4587499999999993,4.83,"Valid",9.0812500000000007,"","",2.44,4.4587499999999993,4.83,9.0812500000000007,4.83,9.0812500000000007,2.44,4.4587499999999993]
[2024,3,11,5,45362.208333332739,2.57,"Valid",4.4424999999999999,6.75,"Valid",9.0325000000000024,"","",2.57,4.4424999999999999,6.75,9.0325000000000024,6.75,9.0325000000000024,2.57,4.4424999999999999]
[2024,3,11,6,45362.249999999403,15.18,"Valid",4.7816666666666663,92.41,"Valid",12.430000000000001,"","",15.18,4.7816666666666663,92.41,12.430000000000001,92.41,12.430000000000001,15.18,4.7816666666666663]
[2024,3,11,7,45362.291666666068,8.2799999999999994,"Valid",5.0229166666666663,36.36,"Valid",13.696666666666671,"","",8.2799999999999994,5.0229166666666663,36.36,13.696666666666671,36.36,13.696666666666671,8.2799999999999994,5.0229166666666663]
[2024,3,11,8,45362.333333332732,1.41,"Valid",4.8945833333333333,8.5399999999999991,"Valid",13.73666666666667,"","",1.41,4.8945833333333333,8.5399999999999991,13.73666666666667,8.5399999999999991,13.73666666666667,1.41,4.8945833333333333]
[2024,3,11,9,45362.374999999396,6.58,"Valid",4.8729166666666659,18.63,"Valid",13.452500000000002,"","",6.58,4.8729166666666659,18.63,13.452500000000002,18.63,13.452500000000002,6.58,4.8729166666666659]
[2024,3,11,10,45362.41666666606,5.67,"Valid",4.8999999999999986,10.85,"Valid",13.507500000000002,"","",5.67,4.8999999999999986,10.85,13.507500000000002,10.85,13.507500000000002,5.67,4.8999999999999986]
[2024,3,11,11,45362.458333332725,10.27,"Valid",5.1233333333333322,15.69,"Valid",13.793750000000003,"","",10.27,5.1233333333333322,15.69,13.793750000000003,15.69,13.793750000000003,10.27,5.1233333333333322]
[2024,3,11,12,45362.499999999389,3.92,"Valid",4.9316666666666658,10.79,"Valid",13.698333333333336,"","",3.92,4.9316666666666658,10.79,13.698333333333336,10.79,13.698333333333336,3.92,4.9316666666666658]
[2024,3,11,13,45362.541666666053,3.05,"Valid",4.7712499999999993,10.32,"Valid",13.639583333333336,"","",3.05,4.7712499999999993,10.32,13.639583333333336,10.32,13.639583333333336,3.05,4.7712499999999993]
[2024,3,11,14,45362.583333332717,10.17,"Valid",4.9516666666666662,16.28,"Valid",13.949583333333337,"","",10.17,4.9516666666666662,16.28,13.949583333333337,16.28,13.949583333333337,10.17,4.9516666666666662]
[2024,3,11,15,45362.624999999382,7.05,"Valid",5.0974999999999993,12.21,"Valid",14.18166666666667,"","",7.05,5.0974999999999993,12.21,14.18166666666667,12.21,14.18166666666667,7.05,5.0974999999999993]
[2024,3,11,16,45362.666666666046,3.58,"Valid",5.0616666666666665,9.9499999999999993,"Valid",14.233333333333329,"","",{"$f":"IF(G258=\"Valid\", F258, NA())","v":3.58},{"$f":"IF(G258=\"Valid\", H258, NA())","v":5.0616666666666665},{"$f":"IF(J258=\"Valid\", I258, NA())","v":9.9499999999999993},{"$f":"IF(J258=\"Valid\", K258, NA())","v":14.233333333333329},9.9499999999999993,14.233333333333329,3.58,5.0616666666666665]
[2024,3,11,17,45362.70833333271,4.5,"Valid",4.9654166666666661,11.57,"Valid",14.28333333333333,"","",4.5,4.9654166666666661,11.57,14.28333333333333,11.57,14.28333333333333,4.5,4.9654166666666661]
[2024,3,11,{"$f":"IF(D259=23,0,D259+1)","v":18},{"$f":"E259+0.0416666666666666","v":45362.749999999374},2.97,"Valid",4.8024999999999993,11.78,"Valid",14.012499999999996,"","",2.97,4.8024999999999993,11.78,14.012499999999996,11.78,14.012499999999996,2.97,4.8024999999999993]
[2024,3,11,19,45362.791666666039,6.4,"Valid",4.9820833333333328,14.66,"Valid",14.351249999999999,"","",6.4,4.9820833333333328,14.66,14.351249999999999,14.66,14.351249999999999,6.4,4.9820833333333328]
[2024,3,11,20,45362.833333332703,5.18,"Valid",5.1275000000000004,10.94,"Valid",14.553333333333329,"","",5.18,5.1275000000000004,10.94,14.553333333333329,10.94,14.553333333333329,5.18,5.1275000000000004]
[2024,3,11,21,45362.874999999367,6.07,"Valid",5.1358333333333333,13.06,"Valid",14.714999999999996,"","",6.07,5.1358333333333333,13.06,14.714999999999996,13.06,14.714999999999996,6.07,5.1358333333333333]
[2024,3,11,22,45362.916666666031,5.97,"Valid",5.3737500000000002,16.149999999999999,"Valid",15.234166666666662,"","",5.97,5.3737500000000002,16.149999999999999,15.234166666666662,16.149999999999999,15.234166666666662,5.97,5.3737500000000002]
[2024,3,11,23,45362.958333332695,5.89,"Valid",5.367916666666666,11.95,"Valid",15.321249999999994,"","",5.89,5.367916666666666,11.95,15.321249999999994,11.95,15.321249999999994,5.89,5.367916666666666]
[2024,3,12,0,45362.99999999936,3.64,"Valid",5.3287499999999994,9.61,"Valid",15.382083333333329,"","",3.64,5.3287499999999994,9.61,15.382083333333329,9.61,15.382083333333329,3.64,5.3287499999999994]
[2024,3,12,1,45363.041666666024,2.23,"Valid",5.30375,8.19,"Valid",15.470833333333331,"","",2.23,5.30375,8.19,15.470833333333331,8.19,15.470833333333331,2.23,5.30375]
[2024,3,12,2,45363.083333332688,7.66,"Valid",5.4912500000000009,13.37,"Valid",15.77083333333333,"","",7.66,5.4912500000000009,13.37,15.77083333333333,13.37,15.77083333333333,7.66,5.4912500000000009]
[2024,3,12,3,45363.124999999352,1.73,"Valid",5.5170833333333329,6.76,"Valid",15.90208333333333,"","",1.73,5.5170833333333329,6.76,15.90208333333333,6.76,15.90208333333333,1.73,5.5170833333333329]
[2024,3,12,4,45363.166666666017,7.39,"Valid",5.7233333333333327,12.42,"Valid",16.21833333333333,"","",7.39,5.7233333333333327,12.42,16.21833333333333,12.42,16.21833333333333,7.39,5.7233333333333327]
[2024,3,12,5,45363.208333332681,6.97,"Valid",5.9066666666666663,15.34,"Valid",16.576249999999998,"","",6.97,5.9066666666666663,15.34,16.576249999999998,15.34,16.576249999999998,6.97,5.9066666666666663]
[2024,3,12,6,45363.249999999345,25.05,"Valid",6.3179166666666662,154.11000000000001,"Valid",19.147083333333331,"","",25.05,6.3179166666666662,154.11000000000001,19.147083333333331,154.11000000000001,19.147083333333331,25.05,6.3179166666666662]
[2024,3,12,7,45363.291666666009,16.25,"Valid",6.6499999999999995,90.8,"Valid",21.415416666666669,"","",16.25,6.6499999999999995,90.8,21.415416666666669,90.8,21.415416666666669,16.25,6.6499999999999995]
[2024,3,12,8,45363.333333332674,5.78,"Valid",6.8320833333333333,19.649999999999999,"Valid",21.878333333333334,"","",5.78,6.8320833333333333,19.649999999999999,21.878333333333334,19.649999999999999,21.878333333333334,5.78,6.8320833333333333]
[2024,3,12,9,45363.374999999338,4.07,"Valid",6.7274999999999991,24.12,"Valid",22.107083333333332,"","",4.07,6.7274999999999991,24.12,22.107083333333332,24.12,22.107083333333332,4.07,6.7274999999999991]
[2024,3,12,10,45363.416666666002,4.17,"Valid",6.6649999999999991,15.36,"Valid",22.294999999999998,"","",4.17,6.6649999999999991,15.36,22.294999999999998,15.36,22.294999999999998,4.17,6.6649999999999991]
[2024,3,12,11,45363.458333332666,8.32,"Valid",6.5837499999999993,23.99,"Valid",22.640833333333333,"","",8.32,6.5837499999999993,23.99,22.640833333333333,23.99,22.640833333333333,8.32,6.5837499999999993]
[2024,3,12,12,45363.499999999331,5.16,"Valid",6.6354166666666652,13.82,"Valid",22.767083333333332,"","",5.16,6.6354166666666652,13.82,22.767083333333332,13.82,22.767083333333332,5.16,6.6354166666666652]
[2024,3,12,13,45363.541666665995,7.95,"Valid",6.8395833333333309,14.89,"Valid",22.9575,"","",7.95,6.8395833333333309,14.89,22.9575,14.89,22.9575,7.95,6.8395833333333309]
[2024,3,12,14,45363.583333332659,9.31,"Valid",6.8037499999999982,16.600000000000001,"Valid",22.970833333333335,"","",9.31,6.8037499999999982,16.600000000000001,22.970833333333335,16.600000000000001,22.970833333333335,9.31,6.8037499999999982]
[2024,3,12,15,45363.624999999323,7.21,"Valid",6.8104166666666677,14.16,"Valid",23.052083333333332,"","",7.21,6.8104166666666677,14.16,23.052083333333332,14.16,23.052083333333332,7.21,6.8104166666666677]
[2024,3,12,16,45363.666666665988,10.35,"Valid",7.0925000000000002,19.829999999999998,"Valid",23.463750000000001,"","",10.35,7.0925000000000002,19.829999999999998,23.463750000000001,19.829999999999998,23.463750000000001,10.35,7.0925000000000002]
[2024,3,{"$f":"C259+1","v":12},17,45363.708333332652,7.48,"Valid",7.2166666666666659,15.54,"Valid",23.629166666666666,"","",7.48,7.2166666666666659,15.54,23.629166666666666,15.54,23.629166666666666,7.48,7.2166666666666659]
[2024,3,12,18,45363.749999999316,6.44,"Valid",7.3612499999999992,12.86,"Valid",23.674166666666668,"","",6.44,7.3612499999999992,12.86,23.674166666666668,12.86,23.674166666666668,6.44,7.3612499999999992]
[2024,3,12,19,45363.79166666598,6.21,"Valid",7.3533333333333326,13.16,"Valid",23.611666666666668,"","",6.21,7.3533333333333326,13.16,23.611666666666668,13.16,23.611666666666668,6.21,7.3533333333333326]
[2024,3,12,20,45363.833333332645,12.85,"Valid",7.6729166666666657,42.4,"Valid",24.922499999999999,"","",12.85,7.6729166666666657,42.4,24.922499999999999,42.4,24.922499999999999,12.85,7.6729166666666657]
[2024,3,12,21,45363.874999999309,9.1300000000000008,"Valid",7.8004166666666661,16.34,"Valid",25.059166666666666,"","",9.1300000000000008,7.8004166666666661,16.34,25.059166666666666,16.34,25.059166666666666,9.1300000000000008,7.8004166666666661]
[2024,3,12,22,45363.916666665973,9.35,"Valid",7.9412499999999993,17.84,"Valid",25.129583333333333,"","",9.35,7.9412499999999993,17.84,25.129583333333333,17.84,25.129583333333333,9.35,7.9412499999999993]
[2024,3,12,23,45363.958333332637,7.54,"Valid",8.01,15.26,"Valid",25.267500000000002,"","",7.54,8.01,15.26,25.267500000000002,15.26,25.267500000000002,7.54,8.01]
[2024,3,13,0,45363.999999999302,4.6500000000000004,"Valid",8.0520833333333321,9.76,"Valid",25.273750000000007,"","",4.6500000000000004,8.0520833333333321,9.76,25.273750000000007,9.76,25.273750000000007,4.6500000000000004,8.0520833333333321]
[2024,3,13,1,45364.041666665966,5.32,"Valid",8.1808333333333323,9.92,"Valid",25.345833333333335,"","",5.32,8.1808333333333323,9.92,25.345833333333335,9.92,25.345833333333335,5.32,8.1808333333333323]
[2024,3,13,2,45364.08333333263,7.23,"Valid",8.1629166666666659,12.24,"Valid",25.298750000000002,"","",7.23,8.1629166666666659,12.24,25.298750000000002,12.24,25.298750000000002,7.23,8.1629166666666659]
[2024,3,13,3,45364.124999999294,7.03,"Valid",8.3837499999999991,11.65,"Valid",25.502500000000001,"","",7.03,8.3837499999999991,11.65,25.502500000000001,11.65,25.502500000000001,7.03,8.3837499999999991]
[2024,3,13,4,45364.166666665958,6.71,"Valid",8.3554166666666649,10.31,"Valid",25.414583333333329,"","",6.71,8.3554166666666649,10.31,25.414583333333329,10.31,25.414583333333329,6.71,8.3554166666666649]
[2024,3,13,5,45364.208333332623,8.33,"Valid",8.4120833333333334,23.98,"Valid",25.774583333333329,"","",8.33,8.4120833333333334,23.98,25.774583333333329,23.98,25.774583333333329,8.33,8.4120833333333334]
[2024,3,13,6,45364.249999999287,10.61,"Valid",7.8104166666666659,30.89,"Valid",20.640416666666663,"","",10.61,7.8104166666666659,30.89,20.640416666666663,30.89,20.640416666666663,10.61,7.8104166666666659]
[2024,3,13,7,45364.291666665951,18.78,"Valid",7.9158333333333326,77.97,"Valid",20.105833333333333,"","",18.78,7.9158333333333326,77.97,20.105833333333333,77.97,20.105833333333333,18.78,7.9158333333333326]
[2024,3,13,8,45364.333333332615,21.16,"Valid",8.5566666666666666,120.81,"Valid",24.320833333333336,"","",21.16,8.5566666666666666,120.81,24.320833333333336,120.81,24.320833333333336,21.16,8.5566666666666666]
[2024,3,13,9,45364.37499999928,14.71,"Valid",9.0000000000000018,44.39,"Valid",25.165416666666662,"","",14.71,9.0000000000000018,44.39,25.165416666666662,44.39,25.165416666666662,14.71,9.0000000000000018]
[2024,3,13,10,45364.416666665944,8.2100000000000009,"Valid",9.1683333333333348,23.28,"Valid",25.495416666666667,"","",8.2100000000000009,9.1683333333333348,23.28,25.495416666666667,23.28,25.495416666666667,8.2100000000000009,9.1683333333333348]
[2024,3,13,11,45364.458333332608,13,"Valid",9.3633333333333351,21.45,"Valid",25.389583333333334,"","",13,9.3633333333333351,21.45,25.389583333333334,21.45,25.389583333333334,13,9.3633333333333351]
[2024,3,13,12,45364.499999999272,11.91,"Valid",9.6445833333333333,23.32,"Valid",25.785416666666674,"","",11.91,9.6445833333333333,23.32,25.785416666666674,23.32,25.785416666666674,11.91,9.6445833333333333]
[2024,3,13,13,45364.541666665937,10.14,"Valid",9.7358333333333338,20.82,"Valid",26.032500000000002,"","",10.14,9.7358333333333338,20.82,26.032500000000002,20.82,26.032500000000002,10.14,9.7358333333333338]
[2024,3,13,14,45364.583333332601,6.92,"Valid",9.6362500000000004,13.52,"Valid",25.904166666666672,"","",6.92,9.6362500000000004,13.52,25.904166666666672,13.52,25.904166666666672,6.92,9.6362500000000004]
[2024,3,13,15,45364.624999999265,11.73,"Valid",9.8245833333333348,18.7,"Valid",26.093333333333337,"","",11.73,9.8245833333333348,18.7,26.093333333333337,18.7,26.093333333333337,11.73,9.8245833333333348]
[2024,3,13,16,45364.666666665929,10.3,"Valid",9.8224999999999998,18.16,"Valid",26.023750000000007,"","",10.3,9.8224999999999998,18.16,26.023750000000007,18.16,26.023750000000007,10.3,9.8224999999999998]
[2024,3,13,17,45364.708333332594,9.27,"Valid",9.8970833333333328,16.5,"Valid",26.06375000000001,"","",9.27,9.8970833333333328,16.5,26.06375000000001,16.5,26.06375000000001,9.27,9.8970833333333328]
[2024,3,13,18,45364.749999999258,12.49,"Valid",10.149166666666668,23.12,"Valid",26.491250000000004,"","",12.49,10.149166666666668,23.12,26.491250000000004,23.12,26.491250000000004,12.49,10.149166666666668]
[2024,3,13,19,45364.791666665922,6.94,"Valid",10.179583333333335,16.12,"Valid",26.614583333333332,"","",6.94,10.179583333333335,16.12,26.614583333333332,16.12,26.614583333333332,6.94,10.179583333333335]
[2024,3,13,20,45364.833333332586,16.260000000000002,"Valid",10.321666666666667,45.27,"Valid",26.734166666666663,"","",16.260000000000002,10.321666666666667,45.27,26.734166666666663,45.27,26.734166666666663,16.260000000000002,10.321666666666667]
[2024,3,13,21,45364.874999999251,26.37,"Valid",11.04,152.47999999999999,"Valid",32.406666666666659,"","",26.37,11.04,152.47999999999999,32.406666666666659,152.47999999999999,32.406666666666659,26.37,11.04]
[2024,3,13,22,45364.916666665915,12.86,"Valid",11.186249999999999,24.84,"Valid",32.698333333333338,"","",12.86,11.186249999999999,24.84,32.698333333333338,24.84,32.698333333333338,12.86,11.186249999999999]
[2024,3,13,23,45364.958333332579,10.46,"Valid",11.307916666666666,20.74,"Valid",32.926666666666662,"","",10.46,11.307916666666666,20.74,32.926666666666662,20.74,32.926666666666662,10.46,11.307916666666666]
[2024,3,14,0,45364.999999999243,9.6,"Valid",11.514166666666666,19.59,"Valid",33.33625,"","",9.6,11.514166666666666,19.59,33.33625,19.59,33.33625,9.6,11.514166666666666]
[2024,3,14,1,45365.041666665908,13.18,"Valid",11.841666666666667,22.02,"Valid",33.840416666666663,"","",13.18,11.841666666666667,22.02,33.840416666666663,22.02,33.840416666666663,13.18,11.841666666666667]
[2024,3,14,2,45365.083333332572,11.36,"Valid",12.013750000000002,18.149999999999999,"Valid",34.086666666666666,"","",11.36,12.013750000000002,18.149999999999999,34.086666666666666,18.149999999999999,34.086666666666666,11.36,12.013750000000002]
[2024,3,14,3,45365.124999999236,9.77,"Valid",12.127916666666669,15.85,"Valid",34.26166666666667,"","",9.77,12.127916666666669,15.85,34.26166666666667,15.85,34.26166666666667,9.77,12.127916666666669]
[2024,3,14,4,45365.1666666659,12.57,"Valid",12.372083333333334,20.079999999999998,"Valid",34.66875000000001,"","",12.57,12.372083333333334,20.079999999999998,34.66875000000001,20.079999999999998,34.66875000000001,12.57,12.372083333333334]
[2024,3,14,5,45365.208333332565,12.82,"Valid",12.559166666666668,19.53,"Valid",34.483333333333341,"","",12.82,12.559166666666668,19.53,34.483333333333341,19.53,34.483333333333341,12.82,12.559166666666668]
[2024,3,14,6,45365.249999999229,15.88,"Valid",12.77875,52.42,"Valid",35.380416666666669,"","",15.88,12.77875,52.42,35.380416666666669,52.42,35.380416666666669,15.88,12.77875]
[2024,3,14,7,45365.291666665893,18.670000000000002,"Valid",12.774166666666668,72.08,"Valid",35.134999999999998,"","",18.670000000000002,12.774166666666668,72.08,35.134999999999998,72.08,35.134999999999998,18.670000000000002,12.774166666666668]
[2024,3,14,8,45365.333333332557,12.08,"Valid",12.395833333333336,41,"Valid",31.809583333333332,"","",{"$f":"IF(G322=\"Valid\", F322, NA())","v":12.08},{"$f":"IF(G322=\"Valid\", H322, NA())","v":12.395833333333336},{"$f":"IF(J322=\"Valid\", I322, NA())","v":41},{"$f":"IF(J322=\"Valid\", K322, NA())","v":31.809583333333332},41,31.809583333333332,12.08,12.395833333333336]
[2024,3,14,9,45365.374999999221,21.22,"Valid",12.667083333333332,50.81,"Valid",32.077083333333327,"","",21.22,12.667083333333332,50.81,32.077083333333327,50.81,32.077083333333327,21.22,12.667083333333332]
[2024,3,14,{"$f":"IF(D323=23,0,D323+1)","v":10},{"$f":"E323+0.0416666666666666","v":45365.416666665886},17.88,"Valid",13.069999999999999,58.93,"Valid",33.562499999999993,"","",17.88,13.069999999999999,58.93,33.562499999999993,58.93,33.562499999999993,17.88,13.069999999999999]
[2024,3,14,11,45365.45833333255,10.33,"Valid",12.958749999999997,17.38,"Valid",33.392916666666657,"","",10.33,12.958749999999997,17.38,33.392916666666657,17.38,33.392916666666657,10.33,12.958749999999997]
[2024,3,14,12,45365.499999999214,10.45,"Valid",12.897916666666665,20.8,"Valid",33.287916666666661,"","",10.45,12.897916666666665,20.8,33.287916666666661,20.8,33.287916666666661,10.45,12.897916666666665]
[2024,3,14,13,45365.541666665878,9.3800000000000008,"Valid",12.866249999999999,18.38,"Valid",33.186249999999994,"","",9.3800000000000008,12.866249999999999,18.38,33.186249999999994,18.38,33.186249999999994,9.3800000000000008,12.866249999999999]
[2024,3,14,14,45365.583333332543,9.3800000000000008,"Valid",12.968749999999998,18.579999999999998,"Valid",33.397083333333335,"","",9.3800000000000008,12.968749999999998,18.579999999999998,33.397083333333335,18.579999999999998,33.397083333333335,9.3800000000000008,12.968749999999998]
[2024,3,14,15,45365.624999999207,11.19,"Valid",12.946249999999999,20.6,"Valid",33.47625,"","",11.19,12.946249999999999,20.6,33.47625,20.6,33.47625,11.19,12.946249999999999]
[2024,3,14,16,45365.666666665871,6.75,"Valid",12.798333333333332,16.600000000000001,"Valid",33.411249999999995,"","",6.75,12.798333333333332,16.600000000000001,33.411249999999995,16.600000000000001,33.411249999999995,6.75,12.798333333333332]
[2024,3,14,17,45365.708333332535,11.01,"Valid",12.870833333333332,21.08,"Valid",33.602083333333333,"","",11.01,12.870833333333332,21.08,33.602083333333333,21.08,33.602083333333333,11.01,12.870833333333332]
[2024,3,14,18,45365.7499999992,11.4,"Valid",12.825416666666667,21.58,"Valid",33.537916666666668,"","",11.4,12.825416666666667,21.58,33.537916666666668,21.58,33.537916666666668,11.4,12.825416666666667]
[2024,3,14,19,45365.791666665864,14.45,"Valid",13.13833333333333,22.84,"Valid",33.817916666666669,"","",14.45,13.13833333333333,22.84,33.817916666666669,22.84,33.817916666666669,14.45,13.13833333333333]
[2024,3,14,20,45365.833333332528,11.78,"Valid",12.951666666666661,31.03,"Valid",33.224583333333335,"","",11.78,12.951666666666661,31.03,33.224583333333335,31.03,33.224583333333335,11.78,12.951666666666661]
[2024,3,14,21,45365.874999999192,11.48,"Valid",12.331249999999997,20.62,"Valid",27.73041666666667,"","",11.48,12.331249999999997,20.62,27.73041666666667,20.62,27.73041666666667,11.48,12.331249999999997]
[2024,3,14,22,45365.916666665857,10.5,"Valid",12.232916666666666,21.48,"Valid",27.59041666666667,"","",10.5,12.232916666666666,21.48,27.59041666666667,21.48,27.59041666666667,10.5,12.232916666666666]
[2024,3,14,23,45365.958333332521,10.91,"Valid",12.251666666666665,19.91,"Valid",27.555833333333336,"","",10.91,12.251666666666665,19.91,27.555833333333336,19.91,27.555833333333336,10.91,12.251666666666665]
[2024,3,15,0,45365.999999999185,10.6,"Valid",12.293333333333335,17.55,"Valid",27.470833333333331,"","",10.6,12.293333333333335,17.55,27.470833333333331,17.55,27.470833333333331,10.6,12.293333333333335]
[2024,3,15,1,45366.041666665849,16.02,"Valid",12.411666666666667,28.11,"Valid",27.724583333333332,"","",16.02,12.411666666666667,28.11,27.724583333333332,28.11,27.724583333333332,16.02,12.411666666666667]
[2024,3,15,2,45366.083333332514,22.15,"Valid",12.861249999999998,38.15,"Valid",28.55791666666666,"","",22.15,12.861249999999998,38.15,28.55791666666666,38.15,28.55791666666666,22.15,12.861249999999998]
[2024,3,15,3,45366.124999999178,20.97,"Valid",13.327916666666662,31.53,"Valid",29.211249999999996,"","",20.97,13.327916666666662,31.53,29.211249999999996,31.53,29.211249999999996,20.97,13.327916666666662]
[2024,3,15,4,45366.166666665842,23.93,"Valid",13.801249999999998,31.43,"Valid",29.684166666666659,"","",23.93,13.801249999999998,31.43,29.684166666666659,31.43,29.684166666666659,23.93,13.801249999999998]
[2024,3,15,5,45366.208333332506,22.41,"Valid",14.20083333333333,29.14,"Valid",30.084583333333327,"","",22.41,14.20083333333333,29.14,30.084583333333327,29.14,30.084583333333327,22.41,14.20083333333333]
[2024,3,15,6,45366.249999999171,22.41,"Valid",14.472916666666665,28.73,"Valid",29.097499999999997,"","",22.41,14.472916666666665,28.73,29.097499999999997,28.73,29.097499999999997,22.41,14.472916666666665]
[2024,3,15,7,45366.291666665835,15.53,"Valid",14.342083333333333,19.05,"Valid",26.887916666666658,"","",15.53,14.342083333333333,19.05,26.887916666666658,19.05,26.887916666666658,15.53,14.342083333333333]
[2024,3,15,8,45366.333333332499,8.65,"Valid",14.199166666666665,10.5,"Valid",25.617083333333326,"","",8.65,14.199166666666665,10.5,25.617083333333326,10.5,25.617083333333326,8.65,14.199166666666665]
[2024,3,{"$f":"C323+1","v":15},9,45366.374999999163,6.91,"Valid",13.602916666666667,11.65,"Valid",23.985416666666662,"","",6.91,13.602916666666667,11.65,23.985416666666662,11.65,23.985416666666662,6.91,13.602916666666667]
[2024,3,15,10,45366.416666665828,7.81,"Valid",13.183333333333335,15.27,"Valid",22.166250000000002,"","",7.81,13.183333333333335,15.27,22.166250000000002,15.27,22.166250000000002,7.81,13.183333333333335]
[2024,3,15,11,45366.458333332492,11.25,"Valid",13.221666666666666,21.24,"Valid",22.327083333333334,"","",11.25,13.221666666666666,21.24,22.327083333333334,21.24,22.327083333333334,11.25,13.221666666666666]
[2024,3,15,12,45366.499999999156,11.51,"Valid",13.265833333333333,20.77,"Valid",22.325833333333332,"","",11.51,13.265833333333333,20.77,22.325833333333332,20.77,22.325833333333332,11.51,13.265833333333333]
[2024,3,15,13,45366.54166666582,10.07,"Valid",13.294583333333334,20.52,"Valid",22.414999999999996,"","",10.07,13.294583333333334,20.52,22.414999999999996,20.52,22.414999999999996,10.07,13.294583333333334]
[2024,3,15,14,45366.583333332484,9.89,"Valid",13.315833333333332,18.66,"Valid",22.418333333333333,"","",9.89,13.315833333333332,18.66,22.418333333333333,18.66,22.418333333333333,9.89,13.315833333333332]
[2024,3,15,15,45366.624999999149,8.5399999999999991,"Valid",13.205416666666666,17.05,"Valid",22.270416666666662,"","",8.5399999999999991,13.205416666666666,17.05,22.270416666666662,17.05,22.270416666666662,8.5399999999999991,13.205416666666666]
[2024,3,15,16,45366.666666665813,5.63,"Valid",13.158749999999998,15.83,"Valid",22.238333333333333,"","",5.63,13.158749999999998,15.83,22.238333333333333,15.83,22.238333333333333,5.63,13.158749999999998]
[2024,3,15,17,45366.708333332477,11.22,"Valid",13.167499999999999,47.05,"Valid",23.320416666666663,"","",11.22,13.167499999999999,47.05,23.320416666666663,47.05,23.320416666666663,11.22,13.167499999999999]
[2024,3,15,18,45366.749999999141,10.95,"Valid",13.14875,33.25,"Valid",23.806666666666668,"","",10.95,13.14875,33.25,23.806666666666668,33.25,23.806666666666668,10.95,13.14875]
[2024,3,15,19,45366.791666665806,11.31,"Valid",13.017916666666666,29.37,"Valid",24.078749999999999,"","",11.31,13.017916666666666,29.37,24.078749999999999,29.37,24.078749999999999,11.31,13.017916666666666]
[2024,3,15,20,45366.83333333247,6.7,"Valid",12.80625,20.09,"Valid",23.622916666666669,"","",6.7,12.80625,20.09,23.622916666666669,20.09,23.622916666666669,6.7,12.80625]
[2024,3,15,21,45366.874999999134,9.1199999999999992,"Valid",12.707916666666664,16.88,"Valid",23.467083333333331,"","",9.1199999999999992,12.707916666666664,16.88,23.467083333333331,16.88,23.467083333333331,9.1199999999999992,12.707916666666664]
[2024,3,15,22,45366.916666665798,9.74,"Valid",12.676249999999998,14.23,"Valid",23.165000000000003,"","",9.74,12.676249999999998,14.23,23.165000000000003,14.23,23.165000000000003,9.74,12.676249999999998]
[2024,3,15,23,45366.958333332463,7.7,"Valid",12.542499999999997,11.47,"Valid",22.813333333333336,"","",7.7,12.542499999999997,11.47,22.813333333333336,11.47,22.813333333333336,7.7,12.542499999999997]
[2024,3,16,0,45366.999999999127,11.66,"Valid",12.586666666666666,16.13,"Valid",22.754166666666666,"","",11.66,12.586666666666666,16.13,22.754166666666666,16.13,22.754166666666666,11.66,12.586666666666666]
[2024,3,16,1,45367.041666665791,8.83,"Valid",12.28708333333333,14.56,"Valid",22.189583333333335,"","",8.83,12.28708333333333,14.56,22.189583333333335,14.56,22.189583333333335,8.83,12.28708333333333]
[2024,3,16,2,45367.083333332455,7.85,"Valid",11.691249999999998,12.49,"Valid",21.120416666666671,"","",7.85,11.691249999999998,12.49,21.120416666666671,12.49,21.120416666666671,7.85,11.691249999999998]
[2024,3,16,3,45367.12499999912,6.53,"Valid",11.089583333333332,11,"Valid",20.265000000000004,"","",6.53,11.089583333333332,11,20.265000000000004,11,20.265000000000004,6.53,11.089583333333332]
[2024,3,16,4,45367.166666665784,8.07,"Valid",10.428749999999999,11.2,"Valid",19.422083333333337,"","",8.07,10.428749999999999,11.2,19.422083333333337,11.2,19.422083333333337,8.07,10.428749999999999]
[2024,3,16,5,45367.208333332448,2.97,"Valid",9.6187500000000004,6.11,"Valid",18.462500000000002,"","",2.97,9.6187500000000004,6.11,18.462500000000002,6.11,18.462500000000002,2.97,9.6187500000000004]
[2024,3,16,6,45367.249999999112,6.75,"Valid",8.9662499999999987,10.5,"Valid",17.70291666666667,"","",6.75,8.9662499999999987,10.5,17.70291666666667,10.5,17.70291666666667,6.75,8.9662499999999987]
[2024,3,16,7,45367.291666665777,6.43,"Valid",8.5870833333333341,9.77,"Valid",17.31625,"","",6.43,8.5870833333333341,9.77,17.31625,9.77,17.31625,6.43,8.5870833333333341]
[2024,3,16,8,45367.333333332441,4.22,"Valid",8.4024999999999999,7.74,"Valid",17.201249999999998,"","",4.22,8.4024999999999999,7.74,17.201249999999998,7.74,17.201249999999998,4.22,8.4024999999999999]
[2024,3,16,9,45367.374999999105,7.36,"Valid",8.4212500000000006,10.87,"Valid",17.168749999999999,"","",7.36,8.4212500000000006,10.87,17.168749999999999,10.87,17.168749999999999,7.36,8.4212500000000006]
[2024,3,16,10,45367.416666665769,3.07,"Valid",8.2237500000000008,4.8,"Valid",16.732500000000005,"","",3.07,8.2237500000000008,4.8,16.732500000000005,4.8,16.732500000000005,3.07,8.2237500000000008]
[2024,3,16,11,45367.458333332434,6.45,"Valid",8.0237499999999997,7.89,"Valid",16.17625,"","",6.45,8.0237499999999997,7.89,16.17625,7.89,16.17625,6.45,8.0237499999999997]
[2024,3,16,12,45367.499999999098,4.42,"Valid",7.7283333333333326,7.54,"Valid",15.625000000000002,"","",4.42,7.7283333333333326,7.54,15.625000000000002,7.54,15.625000000000002,4.42,7.7283333333333326]
[2024,3,16,13,45367.541666665762,6.69,"Valid",7.5874999999999995,12.37,"Valid",15.285416666666668,"","",6.69,7.5874999999999995,12.37,15.285416666666668,12.37,15.285416666666668,6.69,7.5874999999999995]
[2024,3,16,14,45367.583333332426,9.8000000000000007,"Valid",7.5837499999999993,12.49,"Valid",15.028333333333334,"","",9.8000000000000007,7.5837499999999993,12.49,15.028333333333334,12.49,15.028333333333334,9.8000000000000007,7.5837499999999993]
[2024,3,16,15,45367.624999999091,10.89,"Valid",7.6816666666666675,18.89,"Valid",15.104999999999999,"","",10.89,7.6816666666666675,18.89,15.104999999999999,18.89,15.104999999999999,10.89,7.6816666666666675]
[2024,3,16,16,45367.666666665755,5.01,"Valid",7.6558333333333337,39.5,"Valid",16.091249999999999,"","",5.01,7.6558333333333337,39.5,16.091249999999999,39.5,16.091249999999999,5.01,7.6558333333333337]
[2024,3,16,17,45367.708333332419,11.37,"Valid",7.6620833333333325,17.75,"Valid",14.870416666666669,"","",11.37,7.6620833333333325,17.75,14.870416666666669,17.75,14.870416666666669,11.37,7.6620833333333325]
[2024,3,16,18,45367.749999999083,7.32,"Valid",7.5108333333333333,13.9,"Valid",14.064166666666667,"","",7.32,7.5108333333333333,13.9,14.064166666666667,13.9,14.064166666666667,7.32,7.5108333333333333]
[2024,3,16,19,45367.791666665747,9.76,"Valid",7.4462499999999991,16.16,"Valid",13.513750000000002,"","",9.76,7.4462499999999991,16.16,13.513750000000002,16.16,13.513750000000002,9.76,7.4462499999999991]
[2024,3,16,20,45367.833333332412,8.07,"Valid",7.503333333333333,6.85,"Valid",12.962083333333334,"","",8.07,7.503333333333333,6.85,12.962083333333334,6.85,12.962083333333334,8.07,7.503333333333333]
[2024,3,16,21,45367.874999999076,8.6999999999999993,"Valid",7.485833333333332,16.64,"Valid",12.952083333333334,"","",8.6999999999999993,7.485833333333332,16.64,12.952083333333334,16.64,12.952083333333334,8.6999999999999993,7.485833333333332]
[2024,3,16,22,45367.91666666574,4.05,"Valid",7.2487499999999985,13.36,"Valid",12.915833333333333,"","",4.05,7.2487499999999985,13.36,12.915833333333333,13.36,12.915833333333333,4.05,7.2487499999999985]
[2024,3,16,23,45367.958333332404,5.49,"Valid",7.1566666666666663,14.39,"Valid",13.037500000000001,"","",5.49,7.1566666666666663,14.39,13.037500000000001,14.39,13.037500000000001,5.49,7.1566666666666663]
[2024,3,17,0,45367.999999999069,8.99,"Valid",7.0454166666666671,16.02,"Valid",13.032916666666667,"","",{"$f":"IF(G386=\"Valid\", F386, NA())","v":8.99},{"$f":"IF(G386=\"Valid\", H386, NA())","v":7.0454166666666671},{"$f":"IF(J386=\"Valid\", I386, NA())","v":16.02},{"$f":"IF(J386=\"Valid\", K386, NA())","v":13.032916666666667},16.02,13.032916666666667,8.99,7.0454166666666671]
[2024,3,17,1,45368.041666665733,8.1999999999999993,"Valid",7.0191666666666679,12.65,"Valid",12.953333333333331,"","",8.1999999999999993,7.0191666666666679,12.65,12.953333333333331,12.65,12.953333333333331,8.1999999999999993,7.0191666666666679]
[2024,3,17,{"$f":"IF(D387=23,0,D387+1)","v":2},{"$f":"E387+0.0416666666666666","v":45368.083333332397},8.35,"Valid",7.0400000000000018,12.09,"Valid",12.936666666666666,"","",8.35,7.0400000000000018,12.09,12.936666666666666,12.09,12.936666666666666,8.35,7.0400000000000018]
[2024,3,17,3,45368.124999999061,7.81,"Valid",7.0933333333333346,11.29,"Valid",12.948749999999999,"","",7.81,7.0933333333333346,11.29,12.948749999999999,11.29,12.948749999999999,7.81,7.0933333333333346]
[2024,3,17,4,45368.166666665726,9,"Valid",7.132083333333334,12.39,"Valid",12.99833333333333,"","",9,7.132083333333334,12.39,12.99833333333333,12.39,12.99833333333333,9,7.132083333333334]
[2024,3,17,5,45368.20833333239,7.43,"Valid",7.3179166666666662,10.52,"Valid",13.182083333333329,"","",7.43,7.3179166666666662,10.52,13.182083333333329,10.52,13.182083333333329,7.43,7.3179166666666662]
[2024,3,17,6,45368.249999999054,7.94,"Valid",7.3674999999999997,11.2,"Valid",13.211249999999998,"","",7.94,7.3674999999999997,11.2,13.211249999999998,11.2,13.211249999999998,7.94,7.3674999999999997]
[2024,3,17,7,45368.291666665718,9.1300000000000008,"Valid",7.4799999999999995,11.88,"Valid",13.299166666666665,"","",9.1300000000000008,7.4799999999999995,11.88,13.299166666666665,11.88,13.299166666666665,9.1300000000000008,7.4799999999999995]
[2024,3,17,8,45368.333333332383,6.85,"Valid",7.5895833333333336,11.98,"Valid",13.475833333333332,"","",6.85,7.5895833333333336,11.98,13.475833333333332,11.98,13.475833333333332,6.85,7.5895833333333336]
[2024,3,17,9,45368.374999999047,9.4600000000000009,"Valid",7.6770833333333321,13.34,"Valid",13.578749999999998,"","",9.4600000000000009,7.6770833333333321,13.34,13.578749999999998,13.34,13.578749999999998,9.4600000000000009,7.6770833333333321]
[2024,3,17,10,45368.416666665711,7.23,"Valid",7.850416666666665,10.74,"Valid",13.82625,"","",7.23,7.850416666666665,10.74,13.82625,10.74,13.82625,7.23,7.850416666666665]
[2024,3,17,11,45368.458333332375,6.98,"Valid",7.8724999999999996,10,"Valid",13.914166666666665,"","",6.98,7.8724999999999996,10,13.914166666666665,10,13.914166666666665,6.98,7.8724999999999996]
[2024,3,17,12,45368.49999999904,7.45,"Valid",7.9987499999999985,10.48,"Valid",14.036666666666667,"","",7.45,7.9987499999999985,10.48,14.036666666666667,10.48,14.036666666666667,7.45,7.9987499999999985]
[2024,3,17,13,45368.541666665704,7.39,"Valid",8.0279166666666644,12.59,"Valid",14.045833333333334,"","",7.39,8.0279166666666644,12.59,14.045833333333334,12.59,14.045833333333334,7.39,8.0279166666666644]
[2024,3,17,14,45368.583333332368,7.33,"Valid",7.924999999999998,12.22,"Valid",14.034583333333332,"","",7.33,7.924999999999998,12.22,14.034583333333332,12.22,14.034583333333332,7.33,7.924999999999998]
[2024,3,17,15,45368.624999999032,9.86,"Valid",7.8820833333333313,13.29,"Valid",13.801250000000001,"","",9.86,7.8820833333333313,13.29,13.801250000000001,13.29,13.801250000000001,9.86,7.8820833333333313]
[2024,3,17,16,45368.666666665697,10.46,"Valid",8.1091666666666651,13.42,"Valid",12.714583333333335,"","",10.46,8.1091666666666651,13.42,12.714583333333335,13.42,12.714583333333335,10.46,8.1091666666666651]
[2024,3,17,17,45368.708333332361,8.35,"Valid",7.9833333333333316,11.9,"Valid",12.470833333333333,"","",8.35,7.9833333333333316,11.9,12.470833333333333,11.9,12.470833333333333,8.35,7.9833333333333316]
[2024,3,17,18,45368.749999999025,6.42,"Valid",7.945833333333332,10.48,"Valid",12.328333333333335,"","",6.42,7.945833333333332,10.48,12.328333333333335,10.48,12.328333333333335,6.42,7.945833333333332]
[2024,3,17,19,45368.791666665689,9.58,"Valid",7.9383333333333326,16.54,"Valid",12.344166666666666,"","",9.58,7.9383333333333326,16.54,12.344166666666666,16.54,12.344166666666666,9.58,7.9383333333333326]
[2024,3,17,20,45368.833333332354,7.57,"Valid",7.9175000000000013,12.18,"Valid",12.566249999999998,"","",7.57,7.9175000000000013,12.18,12.566249999999998,12.18,12.566249999999998,7.57,7.9175000000000013]
[2024,3,17,21,45368.874999999018,7.57,"Valid",7.8704166666666664,12.08,"Valid",12.376249999999999,"","",7.57,7.8704166666666664,12.08,12.376249999999999,12.08,12.376249999999999,7.57,7.8704166666666664]
[2024,3,17,22,45368.916666665682,11.58,"Valid",8.1841666666666679,17.84,"Valid",12.562916666666665,"","",11.58,8.1841666666666679,17.84,12.562916666666665,17.84,12.562916666666665,11.58,8.1841666666666679]
[2024,3,17,23,45368.958333332346,12.31,"Valid",8.4683333333333337,31.41,"Valid",13.272083333333329,"","",12.31,8.4683333333333337,31.41,13.272083333333329,31.41,13.272083333333329,12.31,8.4683333333333337]
[2024,3,18,0,45368.99999999901,9.5299999999999994,"Valid",8.4908333333333328,17.420000000000002,"Valid",13.330416666666666,"","",9.5299999999999994,8.4908333333333328,17.420000000000002,13.330416666666666,17.420000000000002,13.330416666666666,9.5299999999999994,8.4908333333333328]
[2024,3,{"$f":"C387+1","v":18},1,45369.041666665675,9.82,"Valid",8.5583333333333336,20.260000000000002,"Valid",13.647500000000001,"","",9.82,8.5583333333333336,20.260000000000002,13.647500000000001,20.260000000000002,13.647500000000001,9.82,8.5583333333333336]
[2024,3,18,2,45369.083333332339,13.7,"Valid",8.78125,34.72,"Valid",14.59041666666667,"","",13.7,8.78125,34.72,14.59041666666667,34.72,14.59041666666667,13.7,8.78125]
[2024,3,18,3,45369.124999999003,8.9600000000000009,"Valid",8.8291666666666675,16.2,"Valid",14.795,"","",8.9600000000000009,8.8291666666666675,16.2,14.795,16.2,14.795,8.9600000000000009,8.8291666666666675]
[2024,3,18,4,45369.166666665667,10.69,"Valid",8.8995833333333341,21.12,"Valid",15.15875,"","",10.69,8.8995833333333341,21.12,15.15875,21.12,15.15875,10.69,8.8995833333333341]
[2024,3,18,5,45369.208333332332,9.69,"Valid",8.9937500000000004,12.87,"Valid",15.256666666666668,"","",9.69,8.9937500000000004,12.87,15.256666666666668,12.87,15.256666666666668,9.69,8.9937500000000004]
[2024,3,18,6,45369.249999998996,11.36,"Valid",9.1362499999999986,13.76,"Valid",15.363333333333332,"","",11.36,9.1362499999999986,13.76,15.363333333333332,13.76,15.363333333333332,11.36,9.1362499999999986]
[2024,3,18,7,45369.29166666566,7.69,"Valid",9.0762499999999999,11.33,"Valid",15.340416666666664,"","",7.69,9.0762499999999999,11.33,15.340416666666664,11.33,15.340416666666664,7.69,9.0762499999999999]
[2024,3,18,8,45369.333333332324,9.84,"Valid",9.2008333333333319,11.38,"Valid",15.315416666666664,"","",9.84,9.2008333333333319,11.38,15.315416666666664,11.38,15.315416666666664,9.84,9.2008333333333319]
[2024,3,18,9,45369.374999998989,10.47,"Valid",9.242916666666666,12.67,"Valid",15.287500000000001,"","",10.47,9.242916666666666,12.67,15.287500000000001,12.67,15.287500000000001,10.47,9.242916666666666]
[2024,3,18,10,45369.416666665653,13.65,"Valid",9.5104166666666661,17.690000000000001,"Valid",15.577083333333334,"","",13.65,9.5104166666666661,17.690000000000001,15.577083333333334,17.690000000000001,15.577083333333334,13.65,9.5104166666666661]
[2024,3,18,11,45369.458333332317,11.15,"Valid",9.6841666666666679,14.66,"Valid",15.771250000000002,"","",11.15,9.6841666666666679,14.66,15.771250000000002,14.66,15.771250000000002,11.15,9.6841666666666679]
[2024,3,18,12,45369.499999998981,9.91,"Valid",9.7866666666666671,14.39,"Valid",15.934166666666664,"","",9.91,9.7866666666666671,14.39,15.934166666666664,14.39,15.934166666666664,9.91,9.7866666666666671]
[2024,3,18,13,45369.541666665646,10.130000000000001,"Valid",9.9008333333333329,14.16,"Valid",15.999583333333334,"","",10.130000000000001,9.9008333333333329,14.16,15.999583333333334,14.16,15.999583333333334,10.130000000000001,9.9008333333333329]
[2024,3,18,14,45369.58333333231,"","Invalid",10.012608695652174,"","Invalid",16.16391304347826,"Power Failure","Power outage - system reset",{"$error":"#N/A"},{"$error":"#N/A"},{"$error":"#N/A"},{"$error":"#N/A"}]
[2024,3,18,15,45369.624999998974,"","Invalid",10.019545454545453,"","Invalid",16.294545454545457,"Power Failure","Power outage - system reset",{"$error":"#N/A"},{"$error":"#N/A"},{"$error":"#N/A"},{"$error":"#N/A"}]
[2024,3,18,16,45369.666666665638,"","Invalid",9.9985714285714291,"","Invalid",16.431428571428572,"Power Failure","Power outage - system reset",{"$error":"#N/A"},{"$error":"#N/A"},{"$error":"#N/A"},{"$error":"#N/A"}]
[2024,3,18,17,45369.708333332303,3.87,"Valid",9.7852380952380944,6.74,"Valid",16.18571428571429,"","",3.87,9.7852380952380944,6.74,16.18571428571429,6.74,16.18571428571429,3.87,9.7852380952380944]
[2024,3,18,18,45369.749999998967,-1.91,"Valid",9.3885714285714297,-0.71,"Valid",15.652857142857144,"","",-1.91,9.3885714285714297,-0.71,15.652857142857144,-0.71,15.652857142857144,-1.91,9.3885714285714297]
[2024,3,18,19,45369.791666665631,4.97,"Valid",9.1690476190476176,7.39,"Valid",15.217142857142861,"","",4.97,9.1690476190476176,7.39,15.217142857142861,7.39,15.217142857142861,4.97,9.1690476190476176]
[2024,3,18,20,45369.833333332295,5.19,"Valid",9.055714285714286,7.02,"Valid",14.971428571428573,"","",5.19,9.055714285714286,7.02,14.971428571428573,7.02,14.971428571428573,5.19,9.055714285714286]
[2024,3,18,21,45369.87499999896,5.18,"Valid",8.9419047619047625,7.97,"Valid",14.775714285714287,"","",5.18,8.9419047619047625,7.97,14.775714285714287,7.97,14.775714285714287,5.18,8.9419047619047625]
[2024,3,18,22,45369.916666665624,3.5,"Valid",8.5571428571428587,6.52,"Valid",14.236666666666668,"","",3.5,8.5571428571428587,6.52,14.236666666666668,6.52,14.236666666666668,3.5,8.5571428571428587]
[2024,3,18,23,45369.958333332288,-0.65,"Valid",7.94,3.79,"Valid",12.921428571428573,"","",-0.65,7.94,3.79,12.921428571428573,3.79,12.921428571428573,-0.65,7.94]
[2024,3,19,0,45369.999999998952,0.04,"Valid",7.4880952380952381,3.48,"Valid",12.257619047619048,"","",0.04,7.4880952380952381,3.48,12.257619047619048,3.48,12.257619047619048,0.04,7.4880952380952381]
[2024,3,19,1,45370.041666665617,-1.25,"Valid",6.9609523809523797,4.24,"Valid",11.494761904761905,"","",-1.25,6.9609523809523797,4.24,11.494761904761905,4.24,11.494761904761905,-1.25,6.9609523809523797]
[2024,3,19,2,45370.083333332281,1.64,"Valid",6.3866666666666658,4.68,"Valid",10.064285714285713,"","",1.64,6.3866666666666658,4.68,10.064285714285713,4.68,10.064285714285713,1.64,6.3866666666666658]
[2024,3,19,3,45370.124999998945,-1.58,"Valid",5.8847619047619046,2.1800000000000002,"Valid",9.3966666666666665,"","",-1.58,5.8847619047619046,2.1800000000000002,9.3966666666666665,2.1800000000000002,9.3966666666666665,-1.58,5.8847619047619046]
[2024,3,19,4,45370.166666665609,-0.84,"Valid",5.3357142857142854,2.37,"Valid",8.5038095238095242,"","",-0.84,5.3357142857142854,2.37,8.5038095238095242,2.37,8.5038095238095242,-0.84,5.3357142857142854]
[2024,3,19,5,45370.208333332273,2.11,"Valid",4.9747619047619045,6.35,"Valid",8.1933333333333334,"","",2.11,4.9747619047619045,6.35,8.1933333333333334,6.35,8.1933333333333334,2.11,4.9747619047619045]
[2024,3,19,6,45370.249999998938,4.01,"Valid",4.624761904761904,8.2100000000000009,"Valid",7.92904761904762,"","",4.01,4.624761904761904,8.2100000000000009,7.92904761904762,8.2100000000000009,7.92904761904762,4.01,4.624761904761904]
[2024,3,19,7,45370.291666665602,2.4700000000000002,"Valid",4.3761904761904757,7.11,"Valid",7.7280952380952401,"","",2.4700000000000002,4.3761904761904757,7.11,7.7280952380952401,7.11,7.7280952380952401,2.4700000000000002,4.3761904761904757]
[2024,3,19,8,45370.333333332266,3.19,"Valid",4.0595238095238102,6.54,"Valid",7.4976190476190485,"","",3.19,4.0595238095238102,6.54,7.4976190476190485,6.54,7.4976190476190485,3.19,4.0595238095238102]
[2024,3,19,9,45370.37499999893,1.37,"Valid",3.6261904761904766,4.3600000000000003,"Valid",7.1019047619047644,"","",1.37,3.6261904761904766,4.3600000000000003,7.1019047619047644,4.3600000000000003,7.1019047619047644,1.37,3.6261904761904766]
[2024,3,19,10,45370.416666665595,-2.8,"Valid",2.8428571428571425,1.17,"Valid",6.3152380952380964,"","",-2.8,2.8428571428571425,1.17,6.3152380952380964,1.17,6.3152380952380964,-2.8,2.8428571428571425]
[2024,3,19,11,45370.458333332259,3.17,"Valid",2.4628571428571426,6.81,"Valid",5.9414285714285722,"","",3.17,2.4628571428571426,6.81,5.9414285714285722,6.81,5.9414285714285722,3.17,2.4628571428571426]
[2024,3,19,12,45370.499999998923,2.98,"Valid",2.132857142857143,5.69,"Valid",5.5271428571428567,"","",2.98,2.132857142857143,5.69,5.5271428571428567,5.69,5.5271428571428567,2.98,2.132857142857143]
[2024,3,19,13,45370.541666665587,8.8800000000000008,"Valid",2.0733333333333333,12.96,"Valid",5.4700000000000006,"","",8.8800000000000008,2.0733333333333333,12.96,5.4700000000000006,12.96,5.4700000000000006,8.8800000000000008,2.0733333333333333]
[2024,3,19,14,45370.583333332252,9.56,"Valid",2.4136363636363636,13.29,"Valid",5.8254545454545452,"","",9.56,2.4136363636363636,13.29,5.8254545454545452,13.29,5.8254545454545452,9.56,2.4136363636363636]
[2024,3,19,15,45370.624999998916,1.04,"Valid",2.3539130434782609,4.04,"Valid",5.747826086956521,"","",1.04,2.3539130434782609,4.04,5.747826086956521,4.04,5.747826086956521,1.04,2.3539130434782609]
[2024,3,19,16,45370.66666666558,8.73,"Valid",2.6195833333333334,11.95,"Valid",6.0062499999999988,"","",{"$f":"IF(G450=\"Valid\", F450, NA())","v":8.73},{"$f":"IF(G450=\"Valid\", H450, NA())","v":2.6195833333333334},{"$f":"IF(J450=\"Valid\", I450, NA())","v":11.95},{"$f":"IF(J450=\"Valid\", K450, NA())","v":6.0062499999999988},11.95,6.0062499999999988,8.73,2.6195833333333334]
[2024,3,19,17,45370.708333332244,3.39,"Valid",2.5995833333333334,8.35,"Valid",6.0733333333333333,"","",3.39,2.5995833333333334,8.35,6.0733333333333333,8.35,6.0733333333333333,3.39,2.5995833333333334]
[2024,3,19,{"$f":"IF(D451=23,0,D451+1)","v":18},{"$f":"E451+0.0416666666666666","v":45370.749999998909},5.34,"Valid",2.9016666666666668,9.4700000000000006,"Valid",6.4974999999999996,"","",5.34,2.9016666666666668,9.4700000000000006,6.4974999999999996,9.4700000000000006,6.4974999999999996,5.34,2.9016666666666668]
[2024,3,19,19,45370.791666665573,4.96,"Valid",2.9012499999999997,8.67,"Valid",6.5508333333333324,"","",4.96,2.9012499999999997,8.67,6.5508333333333324,8.67,6.5508333333333324,4.96,2.9012499999999997]
[2024,3,19,20,45370.833333332237,4.4800000000000004,"Valid",2.8716666666666666,19.07,"Valid",7.0529166666666656,"","",4.4800000000000004,2.8716666666666666,19.07,7.0529166666666656,19.07,7.0529166666666656,4.4800000000000004,2.8716666666666666]
[2024,3,19,21,45370.874999998901,4.95,"Valid",2.862083333333334,13.66,"Valid",7.2899999999999991,"","",4.95,2.862083333333334,13.66,7.2899999999999991,13.66,7.2899999999999991,4.95,2.862083333333334]
[2024,3,19,22,45370.916666665566,2.5299999999999998,"Valid",2.8216666666666672,8.2200000000000006,"Valid",7.360833333333332,"","",2.5299999999999998,2.8216666666666672,8.2200000000000006,7.360833333333332,8.2200000000000006,7.360833333333332,2.5299999999999998,2.8216666666666672]
[2024,3,19,23,45370.95833333223,6.12,"Valid",3.1037500000000002,8.18,"Valid",7.5437499999999993,"","",6.12,3.1037500000000002,8.18,7.5437499999999993,8.18,7.5437499999999993,6.12,3.1037500000000002]
[2024,3,20,0,45370.999999998894,3.28,"Valid",3.2387500000000009,4.87,"Valid",7.6016666666666666,"","",3.28,3.2387500000000009,4.87,7.6016666666666666,4.87,7.6016666666666666,3.28,3.2387500000000009]
[2024,3,20,1,45371.041666665558,3.35,"Valid",3.4304166666666673,5.0599999999999996,"Valid",7.6358333333333341,"","",3.35,3.4304166666666673,5.0599999999999996,7.6358333333333341,5.0599999999999996,7.6358333333333341,3.35,3.4304166666666673]
[2024,3,20,2,45371.083333332223,2.81,"Valid",3.4791666666666674,4.7,"Valid",7.6366666666666667,"","",2.81,3.4791666666666674,4.7,7.6366666666666667,4.7,7.6366666666666667,2.81,3.4791666666666674]
[2024,3,20,3,45371.124999998887,4.45,"Valid",3.7304166666666672,6.22,"Valid",7.8049999999999997,"","",4.45,3.7304166666666672,6.22,7.8049999999999997,6.22,7.8049999999999997,4.45,3.7304166666666672]
[2024,3,20,4,45371.166666665551,7.02,"Valid",4.0579166666666664,9.1300000000000008,"Valid",8.0866666666666678,"","",7.02,4.0579166666666664,9.1300000000000008,8.0866666666666678,9.1300000000000008,8.0866666666666678,7.02,4.0579166666666664]
[2024,3,20,5,45371.208333332215,6.53,"Valid",4.2420833333333334,8.48,"Valid",8.1754166666666652,"","",6.53,4.2420833333333334,8.48,8.1754166666666652,8.48,8.1754166666666652,6.53,4.2420833333333334]
[2024,3,20,6,45371.24999999888,5.52,"Valid",4.3050000000000006,26.67,"Valid",8.9445833333333322,"","",5.52,4.3050000000000006,26.67,8.9445833333333322,26.67,8.9445833333333322,5.52,4.3050000000000006]
[2024,3,20,7,45371.291666665544,10.79,"Valid",4.6516666666666673,34.32,"Valid",10.078333333333333,"","",10.79,4.6516666666666673,34.32,10.078333333333333,34.32,10.078333333333333,10.79,4.6516666666666673]
[2024,3,20,8,45371.333333332208,6.18,"Valid",4.776250000000001,18.579999999999998,"Valid",10.579999999999998,"","",6.18,4.776250000000001,18.579999999999998,10.579999999999998,18.579999999999998,10.579999999999998,6.18,4.776250000000001]
[2024,3,20,9,45371.374999998872,7.14,"Valid",5.0166666666666666,26.24,"Valid",11.491666666666665,"","",7.14,5.0166666666666666,26.24,11.491666666666665,26.24,11.491666666666665,7.14,5.0166666666666666]
[2024,3,20,10,45371.416666665536,9.27,"Valid",5.5195833333333333,18.510000000000002,"Valid",12.214166666666666,"","",9.27,5.5195833333333333,18.510000000000002,12.214166666666666,18.510000000000002,12.214166666666666,9.27,5.5195833333333333]
[2024,3,20,11,45371.458333332201,9.89,"Valid",5.7995833333333335,14.81,"Valid",12.547499999999999,"","",9.89,5.7995833333333335,14.81,12.547499999999999,14.81,12.547499999999999,9.89,5.7995833333333335]
[2024,3,20,12,45371.499999998865,4.62,"Valid",5.867916666666666,8.68,"Valid",12.672083333333331,"","",4.62,5.867916666666666,8.68,12.672083333333331,8.68,12.672083333333331,4.62,5.867916666666666]
[2024,3,20,13,45371.541666665529,4.42,"Valid",5.682083333333332,8.7100000000000009,"Valid",12.494999999999999,"","",4.42,5.682083333333332,8.7100000000000009,12.494999999999999,8.7100000000000009,12.494999999999999,4.42,5.682083333333332]
[2024,3,20,14,45371.583333332193,4.68,"Valid",5.4787500000000007,9.7100000000000009,"Valid",12.345833333333331,"","",4.68,5.4787500000000007,9.7100000000000009,12.345833333333331,9.7100000000000009,12.345833333333331,4.68,5.4787500000000007]
[2024,3,20,15,45371.624999998858,5.92,"Valid",5.6820833333333338,13.29,"Valid",12.731249999999998,"","",5.92,5.6820833333333338,13.29,12.731249999999998,13.29,12.731249999999998,5.92,5.6820833333333338]
[2024,3,20,16,45371.666666665522,6.73,"Valid",5.5987500000000017,14.8,"Valid",12.85,"","",6.73,5.5987500000000017,14.8,12.85,14.8,12.85,6.73,5.5987500000000017]
[2024,3,{"$f":"C451+1","v":20},17,45371.708333332186,8.5299999999999994,"Valid",5.8129166666666672,13.31,"Valid",13.056666666666667,"","",8.5299999999999994,5.8129166666666672,13.31,13.056666666666667,13.31,13.056666666666667,8.5299999999999994,5.8129166666666672]
[2024,3,20,18,45371.74999999885,7.46,"Valid",5.901250000000001,15.51,"Valid",13.308333333333335,"","",7.46,5.901250000000001,15.51,13.308333333333335,15.51,13.308333333333335,7.46,5.901250000000001]
[2024,3,20,19,45371.791666665515,7.67,"Valid",6.0141666666666671,17.02,"Valid",13.656250000000002,"","",7.67,6.0141666666666671,17.02,13.656250000000002,17.02,13.656250000000002,7.67,6.0141666666666671]
[2024,3,20,20,45371.833333332179,5.48,"Valid",6.0558333333333332,8.1199999999999992,"Valid",13.200000000000001,"","",5.48,6.0558333333333332,8.1199999999999992,13.200000000000001,8.1199999999999992,13.200000000000001,5.48,6.0558333333333332]
[2024,3,20,21,45371.874999998843,5.0599999999999996,"Valid",6.0604166666666659,7.2,"Valid",12.930833333333332,"","",5.0599999999999996,6.0604166666666659,7.2,12.930833333333332,7.2,12.930833333333332,5.0599999999999996,6.0604166666666659]
[2024,3,20,22,45371.916666665507,5.66,"Valid",6.190833333333333,6.53,"Valid",12.860416666666666,"","",5.66,6.190833333333333,6.53,12.860416666666666,6.53,12.860416666666666,5.66,6.190833333333333]
[2024,3,20,23,45371.958333332172,2.54,"Valid",6.041666666666667,3.86,"Valid",12.680416666666666,"","",2.54,6.041666666666667,3.86,12.680416666666666,3.86,12.680416666666666,2.54,6.041666666666667]
[2024,3,21,0,45371.999999998836,3.71,"Valid",6.0595833333333333,4.8099999999999996,"Valid",12.677916666666667,"","",3.71,6.0595833333333333,4.8099999999999996,12.677916666666667,4.8099999999999996,12.677916666666667,3.71,6.0595833333333333]
[2024,3,21,1,45372.0416666655,2.29,"Valid",6.015416666666666,3.46,"Valid",12.611249999999998,"","",2.29,6.015416666666666,3.46,12.611249999999998,3.46,12.611249999999998,2.29,6.015416666666666]
[2024,3,21,2,45372.083333332164,5.21,"Valid",6.1154166666666683,7.04,"Valid",12.70875,"","",5.21,6.1154166666666683,7.04,12.70875,7.04,12.70875,5.21,6.1154166666666683]
[2024,3,21,3,45372.124999998829,7.58,"Valid",6.2458333333333345,10.71,"Valid",12.89583333333333,"","",7.58,6.2458333333333345,10.71,12.89583333333333,10.71,12.89583333333333,7.58,6.2458333333333345]
[2024,3,21,4,45372.166666665493,3.46,"Valid",6.097500000000001,6.66,"Valid",12.792916666666665,"","",3.46,6.097500000000001,6.66,12.792916666666665,6.66,12.792916666666665,3.46,6.097500000000001]
[2024,3,21,5,45372.208333332157,2.1,"Valid",5.9129166666666677,5.4,"Valid",12.664583333333333,"","",2.1,5.9129166666666677,5.4,12.664583333333333,5.4,12.664583333333333,2.1,5.9129166666666677]
[2024,3,21,6,45372.249999998821,2.62,"Valid",5.7920833333333341,6.57,"Valid",11.827083333333334,"","",2.62,5.7920833333333341,6.57,11.827083333333334,6.57,11.827083333333334,2.62,5.7920833333333341]
[2024,3,21,7,45372.291666665486,4.3,"Valid",5.5216666666666674,6.8,"Valid",10.680416666666668,"","",4.3,5.5216666666666674,6.8,10.680416666666668,6.8,10.680416666666668,4.3,5.5216666666666674]
[2024,3,21,8,45372.33333333215,0.04,"Valid",5.2658333333333331,1.8,"Valid",9.9812500000000011,"","",0.04,5.2658333333333331,1.8,9.9812500000000011,1.8,9.9812500000000011,0.04,5.2658333333333331]
[2024,3,21,9,45372.374999998814,5.63,"Valid",5.202916666666666,8.02,"Valid",9.2220833333333356,"","",5.63,5.202916666666666,8.02,9.2220833333333356,8.02,9.2220833333333356,5.63,5.202916666666666]
[2024,3,21,10,45372.416666665478,4.7,"Valid",5.0125000000000002,8.51,"Valid",8.8054166666666678,"","",4.7,5.0125000000000002,8.51,8.8054166666666678,8.51,8.8054166666666678,4.7,5.0125000000000002]
[2024,3,21,11,45372.458333332143,4.18,"Valid",4.7745833333333332,10.51,"Valid",8.6262500000000006,"","",4.18,4.7745833333333332,10.51,8.6262500000000006,10.51,8.6262500000000006,4.18,4.7745833333333332]
[2024,3,21,12,45372.499999998807,6.67,"Valid",4.8600000000000003,10.85,"Valid",8.7166666666666668,"","",6.67,4.8600000000000003,10.85,8.7166666666666668,10.85,8.7166666666666668,6.67,4.8600000000000003]
[2024,3,21,13,45372.541666665471,4.6399999999999997,"Valid",4.8691666666666658,9.0500000000000007,"Valid",8.7308333333333348,"","",4.6399999999999997,4.8691666666666658,9.0500000000000007,8.7308333333333348,9.0500000000000007,8.7308333333333348,4.6399999999999997,4.8691666666666658]
[2024,3,21,14,45372.583333332135,3.66,"Valid",4.8266666666666671,7.52,"Valid",8.6395833333333343,"","",3.66,4.8266666666666671,7.52,8.6395833333333343,7.52,8.6395833333333343,3.66,4.8266666666666671]
[2024,3,21,15,45372.624999998799,4.3499999999999996,"Valid",4.7612499999999995,9.75,"Valid",8.4920833333333352,"","",4.3499999999999996,4.7612499999999995,9.75,8.4920833333333352,9.75,8.4920833333333352,4.3499999999999996,4.7612499999999995]
[2024,3,21,16,45372.666666665464,4.7300000000000004,"Valid",4.6779166666666665,11.97,"Valid",8.3741666666666656,"","",4.7300000000000004,4.6779166666666665,11.97,8.3741666666666656,11.97,8.3741666666666656,4.7300000000000004,4.6779166666666665]
[2024,3,21,17,45372.708333332128,6.34,"Valid",4.5866666666666669,10.99,"Valid",8.2775000000000016,"","",6.34,4.5866666666666669,10.99,8.2775000000000016,10.99,8.2775000000000016,6.34,4.5866666666666669]
[2024,3,21,18,45372.749999998792,8.94,"Valid",4.6483333333333325,23.34,"Valid",8.6037500000000016,"","",8.94,4.6483333333333325,23.34,8.6037500000000016,23.34,8.6037500000000016,8.94,4.6483333333333325]
[2024,3,21,19,45372.791666665456,6.03,"Valid",4.58,18.09,"Valid",8.6483333333333334,"","",6.03,4.58,18.09,8.6483333333333334,18.09,8.6483333333333334,6.03,4.58]
[2024,3,21,20,45372.833333332121,4.16,"Valid",4.5249999999999995,12.25,"Valid",8.8204166666666666,"","",4.16,4.5249999999999995,12.25,8.8204166666666666,12.25,8.8204166666666666,4.16,4.5249999999999995]
[2024,3,21,21,45372.874999998785,6.98,"Valid",4.6049999999999995,13.23,"Valid",9.0716666666666672,"","",6.98,4.6049999999999995,13.23,9.0716666666666672,13.23,9.0716666666666672,6.98,4.6049999999999995]
[2024,3,21,22,45372.916666665449,6.82,"Valid",4.6533333333333333,11.58,"Valid",9.2820833333333344,"","",6.82,4.6533333333333333,11.58,9.2820833333333344,11.58,9.2820833333333344,6.82,4.6533333333333333]
[2024,3,21,23,45372.958333332113,6.78,"Valid",4.830000000000001,11.67,"Valid",9.6074999999999999,"","",6.78,4.830000000000001,11.67,9.6074999999999999,11.67,9.6074999999999999,6.78,4.830000000000001]
[2024,3,22,0,45372.999999998778,5.12,"Valid",4.8887500000000008,10.24,"Valid",9.8337500000000002,"","",5.12,4.8887500000000008,10.24,9.8337500000000002,10.24,9.8337500000000002,5.12,4.8887500000000008]
[2024,3,22,1,45373.041666665442,5.58,"Valid",5.0258333333333338,9.92,"Valid",10.102916666666665,"","",5.58,5.0258333333333338,9.92,10.102916666666665,9.92,10.102916666666665,5.58,5.0258333333333338]
[2024,3,22,2,45373.083333332106,1.77,"Valid",4.8825000000000003,6.16,"Valid",10.066249999999998,"","",1.77,4.8825000000000003,6.16,10.066249999999998,6.16,10.066249999999998,1.77,4.8825000000000003]
[2024,3,22,3,45373.12499999877,6.87,"Valid",4.8529166666666663,10.24,"Valid",10.046666666666665,"","",6.87,4.8529166666666663,10.24,10.046666666666665,10.24,10.046666666666665,6.87,4.8529166666666663]
[2024,3,22,4,45373.166666665435,4.95,"Valid",4.915,8.23,"Valid",10.112083333333333,"","",4.95,4.915,8.23,10.112083333333333,8.23,10.112083333333333,4.95,4.915]
[2024,3,22,5,45373.208333332099,2.0299999999999998,"Valid",4.9120833333333334,4.9800000000000004,"Valid",10.094583333333331,"","",2.0299999999999998,4.9120833333333334,4.9800000000000004,10.094583333333331,4.9800000000000004,10.094583333333331,2.0299999999999998,4.9120833333333334]
[2024,3,22,6,45373.249999998763,3.52,"Valid",4.949583333333333,9.4600000000000009,"Valid",10.214999999999998,"","",3.52,4.949583333333333,9.4600000000000009,10.214999999999998,9.4600000000000009,10.214999999999998,3.52,4.949583333333333]
[2024,3,22,7,45373.291666665427,1.0900000000000001,"Valid",4.8158333333333339,9.9700000000000006,"Valid",10.347083333333332,"","",1.0900000000000001,4.8158333333333339,9.9700000000000006,10.347083333333332,9.9700000000000006,10.347083333333332,1.0900000000000001,4.8158333333333339]
[2024,3,22,8,45373.333333332092,4.05,"Valid",4.9829166666666671,6.85,"Valid",10.557499999999999,"","",{"$f":"IF(G514=\"Valid\", F514, NA())","v":4.05},{"$f":"IF(G514=\"Valid\", H514, NA())","v":4.9829166666666671},{"$f":"IF(J514=\"Valid\", I514, NA())","v":6.85},{"$f":"IF(J514=\"Valid\", K514, NA())","v":10.557499999999999},6.85,10.557499999999999,4.05,4.9829166666666671]
[2024,3,22,9,45373.374999998756,3.46,"Valid",4.8924999999999992,7.46,"Valid",10.534166666666666,"","",3.46,4.8924999999999992,7.46,10.534166666666666,7.46,10.534166666666666,3.46,4.8924999999999992]
[2024,3,22,{"$f":"IF(D515=23,0,D515+1)","v":10},{"$f":"E515+0.0416666666666666","v":45373.41666666542},4.1900000000000004,"Valid",4.8712499999999999,8.9700000000000006,"Valid",10.553333333333333,"","",4.1900000000000004,4.8712499999999999,8.9700000000000006,10.553333333333333,8.9700000000000006,10.553333333333333,4.1900000000000004,4.8712499999999999]
[2024,3,22,11,45373.458333332084,2.4900000000000002,"Valid",4.8008333333333324,5.03,"Valid",10.324999999999999,"","",2.4900000000000002,4.8008333333333324,5.03,10.324999999999999,5.03,10.324999999999999,2.4900000000000002,4.8008333333333324]
[2024,3,22,12,45373.499999998749,0.65,"Valid",4.55,3.04,"Valid",9.9995833333333319,"","",0.65,4.55,3.04,9.9995833333333319,3.04,9.9995833333333319,0.65,4.55]
[2024,3,22,13,45373.541666665413,2.91,"Valid",4.4779166666666663,4.97,"Valid",9.8295833333333338,"","",2.91,4.4779166666666663,4.97,9.8295833333333338,4.97,9.8295833333333338,2.91,4.4779166666666663]
[2024,3,22,14,45373.583333332077,3.51,"Valid",4.4716666666666667,5.5,"Valid",9.7454166666666655,"","",3.51,4.4716666666666667,5.5,9.7454166666666655,5.5,9.7454166666666655,3.51,4.4716666666666667]
[2024,3,22,15,45373.624999998741,0.81,"Valid",4.3241666666666667,2.2999999999999998,"Valid",9.4350000000000005,"","",0.81,4.3241666666666667,2.2999999999999998,9.4350000000000005,2.2999999999999998,9.4350000000000005,0.81,4.3241666666666667]
[2024,3,22,16,45373.666666665406,2.65,"Valid",4.2374999999999998,5.84,"Valid",9.1795833333333334,"","",2.65,4.2374999999999998,5.84,9.1795833333333334,5.84,9.1795833333333334,2.65,4.2374999999999998]
[2024,3,22,17,45373.70833333207,-0.13,"Valid",3.967916666666667,3.67,"Valid",8.8745833333333319,"","",-0.13,3.967916666666667,3.67,8.8745833333333319,3.67,8.8745833333333319,-0.13,3.967916666666667]
[2024,3,22,18,45373.749999998734,1.55,"Valid",3.6600000000000006,4.4000000000000004,"Valid",8.0854166666666654,"","",1.55,3.6600000000000006,4.4000000000000004,8.0854166666666654,4.4000000000000004,8.0854166666666654,1.55,3.6600000000000006]
[2024,3,22,19,45373.791666665398,1.33,"Valid",3.4641666666666677,5.46,"Valid",7.559166666666667,"","",1.33,3.4641666666666677,5.46,7.559166666666667,5.46,7.559166666666667,1.33,3.4641666666666677]
[2024,3,22,20,45373.833333332062,2.8,"Valid",3.4075000000000006,11.87,"Valid",7.5433333333333339,"","",2.8,3.4075000000000006,11.87,7.5433333333333339,11.87,7.5433333333333339,2.8,3.4075000000000006]
[2024,3,22,21,45373.874999998727,4.47,"Valid",3.3029166666666678,20.88,"Valid",7.8620833333333344,"","",4.47,3.3029166666666678,20.88,7.8620833333333344,20.88,7.8620833333333344,4.47,3.3029166666666678]
[2024,3,22,22,45373.916666665391,4.6500000000000004,"Valid",3.2125000000000004,8.8000000000000007,"Valid",7.7462499999999999,"","",4.6500000000000004,3.2125000000000004,8.8000000000000007,7.7462499999999999,8.8000000000000007,7.7462499999999999,4.6500000000000004,3.2125000000000004]
[2024,3,22,23,45373.958333332055,4.12,"Valid",3.1016666666666666,7.06,"Valid",7.554166666666668,"","",4.12,3.1016666666666666,7.06,7.554166666666668,7.06,7.554166666666668,4.12,3.1016666666666666]
[2024,3,23,0,45373.999999998719,6.54,"Valid",3.1608333333333332,9.2799999999999994,"Valid",7.5141666666666671,"","",6.54,3.1608333333333332,9.2799999999999994,7.5141666666666671,9.2799999999999994,7.5141666666666671,6.54,3.1608333333333332]
[2024,3,23,1,45374.041666665384,4.8499999999999996,"Valid",3.1304166666666657,6.86,"Valid",7.3866666666666694,"","",4.8499999999999996,3.1304166666666657,6.86,7.3866666666666694,6.86,7.3866666666666694,4.8499999999999996,3.1304166666666657]
[2024,3,23,2,45374.083333332048,3.72,"Valid",3.211666666666666,5.09,"Valid",7.3420833333333348,"","",3.72,3.211666666666666,5.09,7.3420833333333348,5.09,7.3420833333333348,3.72,3.211666666666666]
[2024,3,23,3,45374.124999998712,4.66,"Valid",3.1195833333333325,6.8,"Valid",7.1987500000000031,"","",4.66,3.1195833333333325,6.8,7.1987500000000031,6.8,7.1987500000000031,4.66,3.1195833333333325]
[2024,3,23,4,45374.166666665376,1.35,"Valid",2.9695833333333326,3.43,"Valid",6.998750000000002,"","",1.35,2.9695833333333326,3.43,6.998750000000002,3.43,6.998750000000002,1.35,2.9695833333333326]
[2024,3,23,5,45374.208333332041,6.29,"Valid",3.1470833333333332,15.23,"Valid",7.4258333333333342,"","",6.29,3.1470833333333332,15.23,7.4258333333333342,15.23,7.4258333333333342,6.29,3.1470833333333332]
[2024,3,23,6,45374.249999998705,6.37,"Valid",3.2658333333333336,10.1,"Valid",7.4525000000000006,"","",6.37,3.2658333333333336,10.1,7.4525000000000006,10.1,7.4525000000000006,6.37,3.2658333333333336]
[2024,3,23,7,45374.291666665369,11.88,"Valid",3.7154166666666666,65.31,"Valid",9.7583333333333346,"","",11.88,3.7154166666666666,65.31,9.7583333333333346,65.31,9.7583333333333346,11.88,3.7154166666666666]
[2024,3,23,8,45374.333333332033,4.91,"Valid",3.7512500000000002,20.170000000000002,"Valid",10.313333333333333,"","",4.91,3.7512500000000002,20.170000000000002,10.313333333333333,20.170000000000002,10.313333333333333,4.91,3.7512500000000002]
[2024,3,{"$f":"C515+1","v":23},9,45374.374999998698,4.54,"Valid",3.7962500000000001,7.85,"Valid",10.329583333333334,"","",4.54,3.7962500000000001,7.85,10.329583333333334,7.85,10.329583333333334,4.54,3.7962500000000001]
[2024,3,23,10,45374.416666665362,4.5599999999999996,"Valid",3.811666666666667,9.1999999999999993,"Valid",10.339166666666666,"","",4.5599999999999996,3.811666666666667,9.1999999999999993,10.339166666666666,9.1999999999999993,10.339166666666666,4.5599999999999996,3.811666666666667]
[2024,3,23,11,45374.458333332026,7.38,"Valid",4.0154166666666669,11.53,"Valid",10.61,"","",7.38,4.0154166666666669,11.53,10.61,11.53,10.61,7.38,4.0154166666666669]
[2024,3,23,12,45374.49999999869,7.47,"Valid",4.2995833333333335,11.63,"Valid",10.967916666666667,"","",7.47,4.2995833333333335,11.63,10.967916666666667,11.63,10.967916666666667,7.47,4.2995833333333335]
[2024,3,23,13,45374.541666665355,1.71,"Valid",4.2495833333333328,5.46,"Valid",10.988333333333332,"","",1.71,4.2495833333333328,5.46,10.988333333333332,5.46,10.988333333333332,1.71,4.2495833333333328]
[2024,3,23,14,45374.583333332019,5.03,"Valid",4.3129166666666663,9.42,"Valid",11.151666666666666,"","",5.03,4.3129166666666663,9.42,11.151666666666666,9.42,11.151666666666666,5.03,4.3129166666666663]
[2024,3,23,15,45374.624999998683,6.53,"Valid",4.5512499999999996,11.63,"Valid",11.540416666666665,"","",6.53,4.5512499999999996,11.63,11.540416666666665,11.63,11.540416666666665,6.53,4.5512499999999996]
[2024,3,23,16,45374.666666665347,4.97,"Valid",4.6479166666666663,12.91,"Valid",11.835000000000001,"","",4.97,4.6479166666666663,12.91,11.835000000000001,12.91,11.835000000000001,4.97,4.6479166666666663]
[2024,3,23,17,45374.708333332012,2.73,"Valid",4.7670833333333329,8.15,"Valid",12.021666666666667,"","",2.73,4.7670833333333329,8.15,12.021666666666667,8.15,12.021666666666667,2.73,4.7670833333333329]
[2024,3,23,18,45374.749999998676,2.8,"Valid",4.8191666666666668,7.07,"Valid",12.132916666666667,"","",2.8,4.8191666666666668,7.07,12.132916666666667,7.07,12.132916666666667,2.8,4.8191666666666668]
[2024,3,23,19,45374.79166666534,5.42,"Valid",4.989583333333333,11.51,"Valid",12.384999999999998,"","",5.42,4.989583333333333,11.51,12.384999999999998,11.51,12.384999999999998,5.42,4.989583333333333]
[2024,3,23,20,45374.833333332004,3.78,"Valid",5.0304166666666665,8.27,"Valid",12.234999999999998,"","",3.78,5.0304166666666665,8.27,12.234999999999998,8.27,12.234999999999998,3.78,5.0304166666666665]
[2024,3,23,21,45374.874999998668,7.01,"Valid",5.1362499999999995,13.38,"Valid",11.922499999999998,"","",7.01,5.1362499999999995,13.38,11.922499999999998,13.38,11.922499999999998,7.01,5.1362499999999995]
[2024,3,23,22,45374.916666665333,4.93,"Valid",5.1479166666666671,11.55,"Valid",12.03708333333333,"","",4.93,5.1479166666666671,11.55,12.03708333333333,11.55,12.03708333333333,4.93,5.1479166666666671]
[2024,3,23,23,45374.958333331997,8.25,"Valid",5.32,12.38,"Valid",12.258749999999997,"","",8.25,5.32,12.38,12.258749999999997,12.38,12.258749999999997,8.25,5.32]
[2024,3,24,0,45374.999999998661,8.91,"Valid",5.4187500000000002,11.73,"Valid",12.360833333333334,"","",8.91,5.4187500000000002,11.73,12.360833333333334,11.73,12.360833333333334,8.91,5.4187500000000002]
[2024,3,24,1,45375.041666665325,4.97,"Valid",5.423750000000001,7.67,"Valid",12.394583333333335,"","",4.97,5.423750000000001,7.67,12.394583333333335,7.67,12.394583333333335,4.97,5.423750000000001]
[2024,3,24,2,45375.08333333199,-1.1200000000000001,"Valid",5.2220833333333339,7.53,"Valid",12.496249999999998,"","",-1.1200000000000001,5.2220833333333339,7.53,12.496249999999998,7.53,12.496249999999998,-1.1200000000000001,5.2220833333333339]
[2024,3,24,3,45375.124999998654,7.41,"Valid",5.3366666666666669,15.4,"Valid",12.854583333333332,"","",7.41,5.3366666666666669,15.4,12.854583333333332,15.4,12.854583333333332,7.41,5.3366666666666669]
[2024,3,24,4,45375.166666665318,7.4,"Valid",5.5887500000000001,13.7,"Valid",13.282499999999999,"","",7.4,5.5887500000000001,13.7,13.282499999999999,13.7,13.282499999999999,7.4,5.5887500000000001]
[2024,3,24,5,45375.208333331982,7.3,"Valid",5.6308333333333342,15.55,"Valid",13.295833333333333,"","",7.3,5.6308333333333342,15.55,13.295833333333333,15.55,13.295833333333333,7.3,5.6308333333333342]
[2024,3,24,6,45375.249999998647,7.29,"Valid",5.6691666666666665,11.65,"Valid",13.360416666666664,"","",7.29,5.6691666666666665,11.65,13.360416666666664,11.65,13.360416666666664,7.29,5.6691666666666665]
[2024,3,24,7,45375.291666665311,18.59,"Valid",5.9487499999999995,22.95,"Valid",11.595416666666667,"","",18.59,5.9487499999999995,22.95,11.595416666666667,22.95,11.595416666666667,18.59,5.9487499999999995]
[2024,3,24,8,45375.333333331975,10.130000000000001,"Valid",6.1662499999999989,15.26,"Valid",11.390833333333333,"","",10.130000000000001,6.1662499999999989,15.26,11.390833333333333,15.26,11.390833333333333,10.130000000000001,6.1662499999999989]
[2024,3,24,9,45375.374999998639,5.23,"Valid",6.1949999999999994,8.49,"Valid",11.417499999999999,"","",5.23,6.1949999999999994,8.49,11.417499999999999,8.49,11.417499999999999,5.23,6.1949999999999994]
[2024,3,24,10,45375.416666665304,7.67,"Valid",6.3245833333333321,13.83,"Valid",11.610416666666666,"","",7.67,6.3245833333333321,13.83,11.610416666666666,13.83,11.610416666666666,7.67,6.3245833333333321]
[2024,3,24,11,45375.458333331968,11.23,"Valid",6.4849999999999994,18.84,"Valid",11.914999999999997,"","",11.23,6.4849999999999994,18.84,11.914999999999997,18.84,11.914999999999997,11.23,6.4849999999999994]
[2024,3,24,12,45375.499999998632,6.9,"Valid",6.4612499999999988,9.2200000000000006,"Valid",11.814583333333333,"","",6.9,6.4612499999999988,9.2200000000000006,11.814583333333333,9.2200000000000006,11.814583333333333,6.9,6.4612499999999988]
[2024,3,24,13,45375.541666665296,8,"Valid",6.7233333333333327,13.95,"Valid",12.168333333333335,"","",8,6.7233333333333327,13.95,12.168333333333335,13.95,12.168333333333335,8,6.7233333333333327]
[2024,3,24,14,45375.583333331961,8.83,"Valid",6.8816666666666677,11.28,"Valid",12.245833333333332,"","",8.83,6.8816666666666677,11.28,12.245833333333332,11.28,12.245833333333332,8.83,6.8816666666666677]
[2024,3,24,15,45375.624999998625,3.5,"Valid",6.755416666666668,4.88,"Valid",11.964583333333332,"","",3.5,6.755416666666668,4.88,11.964583333333332,4.88,11.964583333333332,3.5,6.755416666666668]
[2024,3,24,16,45375.666666665289,6.39,"Valid",6.8145833333333341,8.65,"Valid",11.787083333333333,"","",6.39,6.8145833333333341,8.65,11.787083333333333,8.65,11.787083333333333,6.39,6.8145833333333341]
[2024,3,24,17,45375.708333331953,6.89,"Valid",6.987916666666667,9.23,"Valid",11.832083333333332,"","",6.89,6.987916666666667,9.23,11.832083333333332,9.23,11.832083333333332,6.89,6.987916666666667]
[2024,3,24,18,45375.749999998618,6.28,"Valid",7.1329166666666666,8.3800000000000008,"Valid",11.886666666666668,"","",6.28,7.1329166666666666,8.3800000000000008,11.886666666666668,8.3800000000000008,11.886666666666668,6.28,7.1329166666666666]
[2024,3,24,19,45375.791666665282,4.68,"Valid",7.1020833333333329,7.59,"Valid",11.723333333333331,"","",4.68,7.1020833333333329,7.59,11.723333333333331,7.59,11.723333333333331,4.68,7.1020833333333329]
[2024,3,24,20,45375.833333331946,8.67,"Valid",7.3058333333333332,26.35,"Valid",12.476666666666667,"","",8.67,7.3058333333333332,26.35,12.476666666666667,26.35,12.476666666666667,8.67,7.3058333333333332]
[2024,3,24,21,45375.87499999861,5.0199999999999996,"Valid",7.2229166666666664,20.84,"Valid",12.7875,"","",5.0199999999999996,7.2229166666666664,20.84,12.7875,20.84,12.7875,5.0199999999999996,7.2229166666666664]
[2024,3,24,22,45375.916666665275,8.01,"Valid",7.3512499999999994,21.76,"Valid",13.212916666666665,"","",8.01,7.3512499999999994,21.76,13.212916666666665,21.76,13.212916666666665,8.01,7.3512499999999994]
[2024,3,24,23,45375.958333331939,4.91,"Valid",7.2120833333333323,18.86,"Valid",13.482916666666666,"","",4.91,7.2120833333333323,18.86,13.482916666666666,18.86,13.482916666666666,4.91,7.2120833333333323]
[2024,3,25,0,45375.999999998603,8.99,"Valid",7.215416666666667,15.38,"Valid",13.634999999999998,"","",{"$f":"IF(G578=\"Valid\", F578, NA())","v":8.99},{"$f":"IF(G578=\"Valid\", H578, NA())","v":7.215416666666667},{"$f":"IF(J578=\"Valid\", I578, NA())","v":15.38},{"$f":"IF(J578=\"Valid\", K578, NA())","v":13.634999999999998},15.38,13.634999999999998,8.99,7.215416666666667]
[2024,3,25,1,45376.041666665267,10.43,"Valid",7.442916666666668,12.83,"Valid",13.849999999999996,"","",10.43,7.442916666666668,12.83,13.849999999999996,12.83,13.849999999999996,10.43,7.442916666666668]
[2024,3,25,{"$f":"IF(D579=23,0,D579+1)","v":2},{"$f":"E579+0.0416666666666666","v":45376.083333331931},2.2599999999999998,"Valid",7.5837499999999993,7.77,"Valid",13.859999999999998,"","",2.2599999999999998,7.5837499999999993,7.77,13.859999999999998,7.77,13.859999999999998,2.2599999999999998,7.5837499999999993]
[2024,3,25,3,45376.124999998596,6.81,"Valid",7.5587499999999999,13.59,"Valid",13.78458333333333,"","",6.81,7.5587499999999999,13.59,13.78458333333333,13.59,13.78458333333333,6.81,7.5587499999999999]
[2024,3,25,4,45376.16666666526,4.37,"Valid",7.432500000000001,9.07,"Valid",13.591666666666663,"","",4.37,7.432500000000001,9.07,13.591666666666663,9.07,13.591666666666663,4.37,7.432500000000001]
[2024,3,25,5,45376.208333331924,6.3,"Valid",7.390833333333334,21.48,"Valid",13.838749999999997,"","",6.3,7.390833333333334,21.48,13.838749999999997,21.48,13.838749999999997,6.3,7.390833333333334]
[2024,3,25,6,45376.249999998588,7.52,"Valid",7.4004166666666684,28.87,"Valid",14.556249999999999,"","",7.52,7.4004166666666684,28.87,14.556249999999999,28.87,14.556249999999999,7.52,7.4004166666666684]
[2024,3,25,7,45376.291666665253,13.46,"Valid",7.1866666666666674,113.62,"Valid",18.334166666666665,"","",13.46,7.1866666666666674,113.62,18.334166666666665,113.62,18.334166666666665,13.46,7.1866666666666674]
[2024,3,25,8,45376.333333331917,7.46,"Valid",7.0754166666666682,13.9,"Valid",18.2775,"","",7.46,7.0754166666666682,13.9,18.2775,13.9,18.2775,7.46,7.0754166666666682]
[2024,3,25,9,45376.374999998581,15.18,"Valid",7.490000000000002,21.61,"Valid",18.824166666666667,"","",15.18,7.490000000000002,21.61,18.824166666666667,21.61,18.824166666666667,15.18,7.490000000000002]
[2024,3,25,10,45376.416666665245,8.09,"Valid",7.5075000000000012,28.41,"Valid",19.431666666666668,"","",8.09,7.5075000000000012,28.41,19.431666666666668,28.41,19.431666666666668,8.09,7.5075000000000012]
[2024,3,25,11,45376.45833333191,11.33,"Valid",7.5116666666666676,17.440000000000001,"Valid",19.373333333333335,"","",11.33,7.5116666666666676,17.440000000000001,19.373333333333335,17.440000000000001,19.373333333333335,11.33,7.5116666666666676]
[2024,3,25,12,45376.499999998574,7.58,"Valid",7.5400000000000018,12.91,"Valid",19.527083333333334,"","",7.58,7.5400000000000018,12.91,19.527083333333334,12.91,19.527083333333334,7.58,7.5400000000000018]
[2024,3,25,13,45376.541666665238,9.4,"Valid",7.5983333333333354,13.14,"Valid",19.493333333333336,"","",9.4,7.5983333333333354,13.14,19.493333333333336,13.14,19.493333333333336,9.4,7.5983333333333354]
[2024,3,25,14,45376.583333331902,5.39,"Valid",7.455000000000001,10.119999999999999,"Valid",19.445000000000004,"","",5.39,7.455000000000001,10.119999999999999,19.445000000000004,10.119999999999999,19.445000000000004,5.39,7.455000000000001]
[2024,3,25,15,45376.624999998567,4.3899999999999997,"Valid",7.4920833333333334,9.02,"Valid",19.617500000000003,"","",4.3899999999999997,7.4920833333333334,9.02,19.617500000000003,9.02,19.617500000000003,4.3899999999999997,7.4920833333333334]
[2024,3,25,16,45376.666666665231,6.79,"Valid",7.50875,12.46,"Valid",19.776250000000001,"","",6.79,7.50875,12.46,19.776250000000001,12.46,19.776250000000001,6.79,7.50875]
[2024,3,25,17,45376.708333331895,6,"Valid",7.4716666666666667,11.5,"Valid",19.870833333333334,"","",6,7.4716666666666667,11.5,19.870833333333334,11.5,19.870833333333334,6,7.4716666666666667]
[2024,3,25,18,45376.749999998559,4.75,"Valid",7.4079166666666652,10.32,"Valid",19.951666666666664,"","",4.75,7.4079166666666652,10.32,19.951666666666664,10.32,19.951666666666664,4.75,7.4079166666666652]
[2024,3,25,19,45376.791666665224,7.18,"Valid",7.512083333333333,12.22,"Valid",20.144583333333333,"","",7.18,7.512083333333333,12.22,20.144583333333333,12.22,20.144583333333333,7.18,7.512083333333333]
[2024,3,25,20,45376.833333331888,7.14,"Valid",7.4483333333333306,16.23,"Valid",19.722916666666666,"","",7.14,7.4483333333333306,16.23,19.722916666666666,16.23,19.722916666666666,7.14,7.4483333333333306]
[2024,3,25,21,45376.874999998552,2.68,"Valid",7.3508333333333313,8.08,"Valid",19.19125,"","",2.68,7.3508333333333313,8.08,19.19125,8.08,19.19125,2.68,7.3508333333333313]
[2024,3,25,22,45376.916666665216,3.56,"Valid",7.1654166666666645,10.14,"Valid",18.707083333333333,"","",3.56,7.1654166666666645,10.14,18.707083333333333,10.14,18.707083333333333,3.56,7.1654166666666645]
[2024,3,25,23,45376.958333331881,6.76,"Valid",7.2424999999999997,19.63,"Valid",18.739166666666666,"","",6.76,7.2424999999999997,19.63,18.739166666666666,19.63,18.739166666666666,6.76,7.2424999999999997]
[2024,3,26,0,45376.999999998545,5.73,"Valid",7.1066666666666656,26.57,"Valid",19.205416666666668,"","",5.73,7.1066666666666656,26.57,19.205416666666668,26.57,19.205416666666668,5.73,7.1066666666666656]
[2024,3,{"$f":"C579+1","v":26},1,45377.041666665209,6.44,"Valid",6.9404166666666667,15.66,"Valid",19.323333333333334,"","",6.44,6.9404166666666667,15.66,19.323333333333334,15.66,19.323333333333334,6.44,6.9404166666666667]
[2024,3,26,2,45377.083333331873,3.13,"Valid",6.9766666666666657,6.36,"Valid",19.264583333333334,"","",3.13,6.9766666666666657,6.36,19.264583333333334,6.36,19.264583333333334,3.13,6.9766666666666657]
[2024,3,26,3,45377.124999998538,4.37,"Valid",6.8749999999999991,6.82,"Valid",18.982499999999998,"","",4.37,6.8749999999999991,6.82,18.982499999999998,6.82,18.982499999999998,4.37,6.8749999999999991]
[2024,3,26,4,45377.166666665202,4.57,"Valid",6.8833333333333329,8.4499999999999993,"Valid",18.956666666666667,"","",4.57,6.8833333333333329,8.4499999999999993,18.956666666666667,8.4499999999999993,18.956666666666667,4.57,6.8833333333333329]
[2024,3,26,5,45377.208333331866,7.35,"Valid",6.927083333333333,10.65,"Valid",18.505416666666665,"","",7.35,6.927083333333333,10.65,18.505416666666665,10.65,18.505416666666665,7.35,6.927083333333333]
[2024,3,26,6,45377.24999999853,4.92,"Valid",6.8187499999999988,73.41,"Valid",20.361249999999998,"","",4.92,6.8187499999999988,73.41,20.361249999999998,73.41,20.361249999999998,4.92,6.8187499999999988]
[2024,3,26,7,45377.291666665194,11.2,"Valid",6.7245833333333325,76.989999999999995,"Valid",18.834999999999997,"","",11.2,6.7245833333333325,76.989999999999995,18.834999999999997,76.989999999999995,18.834999999999997,11.2,6.7245833333333325]
[2024,3,26,8,45377.333333331859,6.54,"Valid",6.6862500000000002,29.71,"Valid",19.493749999999995,"","",6.54,6.6862500000000002,29.71,19.493749999999995,29.71,19.493749999999995,6.54,6.6862500000000002]
[2024,3,26,9,45377.374999998523,9.9600000000000009,"Valid",6.4687500000000009,17.399999999999999,"Valid",19.318333333333332,"","",9.9600000000000009,6.4687500000000009,17.399999999999999,19.318333333333332,17.399999999999999,19.318333333333332,9.9600000000000009,6.4687500000000009]
[2024,3,26,10,45377.416666665187,6.49,"Valid",6.4020833333333345,8.91,"Valid",18.505833333333332,"","",6.49,6.4020833333333345,8.91,18.505833333333332,8.91,18.505833333333332,6.49,6.4020833333333345]
[2024,3,26,11,45377.458333331851,7.9,"Valid",6.2591666666666681,10.42,"Valid",18.213333333333335,"","",7.9,6.2591666666666681,10.42,18.213333333333335,10.42,18.213333333333335,7.9,6.2591666666666681]
[2024,3,26,12,45377.499999998516,5.34,"Valid",6.1658333333333344,8.52,"Valid",18.030416666666664,"","",5.34,6.1658333333333344,8.52,18.030416666666664,8.52,18.030416666666664,5.34,6.1658333333333344]
[2024,3,26,13,45377.54166666518,6.99,"Valid",6.0654166666666667,11.97,"Valid",17.981666666666666,"","",6.99,6.0654166666666667,11.97,17.981666666666666,11.97,17.981666666666666,6.99,6.0654166666666667]
[2024,3,26,14,45377.583333331844,3.36,"Valid",5.9808333333333339,7.29,"Valid",17.86375,"","",3.36,5.9808333333333339,7.29,17.86375,7.29,17.86375,3.36,5.9808333333333339]
[2024,3,26,15,45377.624999998508,6.11,"Valid",6.0525000000000011,9.6999999999999993,"Valid",17.892083333333336,"","",6.11,6.0525000000000011,9.6999999999999993,17.892083333333336,9.6999999999999993,17.892083333333336,6.11,6.0525000000000011]
[2024,3,26,16,45377.666666665173,11.86,"Valid",6.2637500000000017,16.489999999999998,"Valid",18.059999999999999,"","",11.86,6.2637500000000017,16.489999999999998,18.059999999999999,16.489999999999998,18.059999999999999,11.86,6.2637500000000017]
[2024,3,26,17,45377.708333331837,9.6199999999999992,"Valid",6.4145833333333329,15.05,"Valid",18.207916666666666,"","",9.6199999999999992,6.4145833333333329,15.05,18.207916666666666,15.05,18.207916666666666,9.6199999999999992,6.4145833333333329]
[2024,3,26,18,45377.749999998501,2.56,"Valid",6.3233333333333333,15.58,"Valid",18.427083333333332,"","",2.56,6.3233333333333333,15.58,18.427083333333332,15.58,18.427083333333332,2.56,6.3233333333333333]
[2024,3,26,19,45377.791666665165,6.2,"Valid",6.2825000000000015,20.79,"Valid",18.784166666666668,"","",6.2,6.2825000000000015,20.79,18.784166666666668,20.79,18.784166666666668,6.2,6.2825000000000015]
[2024,3,26,20,45377.83333333183,28.02,"Valid",7.1524999999999999,143.36000000000001,"Valid",24.081250000000001,"","",28.02,7.1524999999999999,143.36000000000001,24.081250000000001,143.36000000000001,24.081250000000001,28.02,7.1524999999999999]
[2024,3,26,21,45377.874999998494,16.34,"Valid",7.7216666666666667,85.66,"Valid",27.313750000000002,"","",16.34,7.7216666666666667,85.66,27.313750000000002,85.66,27.313750000000002,16.34,7.7216666666666667]
[2024,3,26,22,45377.916666665158,6.05,"Valid",7.8254166666666665,12.4,"Valid",27.407916666666665,"","",6.05,7.8254166666666665,12.4,27.407916666666665,12.4,27.407916666666665,6.05,7.8254166666666665]
[2024,3,26,23,45377.958333331822,9.76,"Valid",7.9504166666666682,20.74,"Valid",27.454166666666669,"","",9.76,7.9504166666666682,20.74,27.454166666666669,20.74,27.454166666666669,9.76,7.9504166666666682]
[2024,3,27,0,45377.999999998487,5.64,"Valid",7.9466666666666663,11.1,"Valid",26.809583333333332,"","",5.64,7.9466666666666663,11.1,26.809583333333332,11.1,26.809583333333332,5.64,7.9466666666666663]
[2024,3,27,1,45378.041666665151,3.46,"Valid",7.8225000000000007,6.7,"Valid",26.436250000000005,"","",3.46,7.8225000000000007,6.7,26.436250000000005,6.7,26.436250000000005,3.46,7.8225000000000007]
[2024,3,27,2,45378.083333331815,3.05,"Valid",7.8191666666666677,6.52,"Valid",26.442916666666672,"","",3.05,7.8191666666666677,6.52,26.442916666666672,6.52,26.442916666666672,3.05,7.8191666666666677]
[2024,3,27,3,45378.124999998479,4.0599999999999996,"Valid",7.8062500000000012,5.83,"Valid",26.401666666666671,"","",4.0599999999999996,7.8062500000000012,5.83,26.401666666666671,5.83,26.401666666666671,4.0599999999999996,7.8062500000000012]
[2024,3,27,4,45378.166666665144,5.56,"Valid",7.847500000000001,7.21,"Valid",26.350000000000009,"","",5.56,7.847500000000001,7.21,26.350000000000009,7.21,26.350000000000009,5.56,7.847500000000001]
[2024,3,27,5,45378.208333331808,5.15,"Valid",7.7558333333333342,8.74,"Valid",26.270416666666673,"","",5.15,7.7558333333333342,8.74,26.270416666666673,8.74,26.270416666666673,5.15,7.7558333333333342]
[2024,3,27,6,45378.249999998472,8.31,"Valid",7.8970833333333346,38.75,"Valid",24.826250000000005,"","",8.31,7.8970833333333346,38.75,24.826250000000005,38.75,24.826250000000005,8.31,7.8970833333333346]
[2024,3,27,7,45378.291666665136,5.9,"Valid",7.6762500000000022,9.6300000000000008,"Valid",22.01958333333333,"","",5.9,7.6762500000000022,9.6300000000000008,22.01958333333333,9.6300000000000008,22.01958333333333,5.9,7.6762500000000022]
[2024,3,27,8,45378.333333331801,10.85,"Valid",7.8558333333333339,39.729999999999997,"Valid",22.43708333333333,"","",10.85,7.8558333333333339,39.729999999999997,22.43708333333333,39.729999999999997,22.43708333333333,10.85,7.8558333333333339]
[2024,3,27,9,45378.374999998465,7.91,"Valid",7.7704166666666667,14.48,"Valid",22.315416666666664,"","",7.91,7.7704166666666667,14.48,22.315416666666664,14.48,22.315416666666664,7.91,7.7704166666666667]
[2024,3,27,10,45378.416666665129,2.46,"Valid",7.6025000000000018,7,"Valid",22.235833333333328,"","",2.46,7.6025000000000018,7,22.235833333333328,7,22.235833333333328,2.46,7.6025000000000018]
[2024,3,27,11,45378.458333331793,4.5999999999999996,"Valid",7.4649999999999999,10.06,"Valid",22.220833333333328,"","",4.5999999999999996,7.4649999999999999,10.06,22.220833333333328,10.06,22.220833333333328,4.5999999999999996,7.4649999999999999]
[2024,3,27,12,45378.499999998457,7.28,"Valid",7.5458333333333334,13.33,"Valid",22.421250000000001,"","",7.28,7.5458333333333334,13.33,22.421250000000001,13.33,22.421250000000001,7.28,7.5458333333333334]
[2024,3,27,13,45378.541666665122,1.98,"Valid",7.3370833333333332,7.64,"Valid",22.240833333333331,"","",1.98,7.3370833333333332,7.64,22.240833333333331,7.64,22.240833333333331,1.98,7.3370833333333332]
[2024,3,27,14,45378.583333331786,6.88,"Valid",7.4837499999999997,16.079999999999998,"Valid",22.607083333333335,"","",6.88,7.4837499999999997,16.079999999999998,22.607083333333335,16.079999999999998,22.607083333333335,6.88,7.4837499999999997]
[2024,3,27,15,45378.62499999845,4.66,"Valid",7.423333333333332,9.1,"Valid",22.582083333333333,"","",4.66,7.423333333333332,9.1,22.582083333333333,9.1,22.582083333333333,4.66,7.423333333333332]
[2024,3,27,16,45378.666666665114,2.09,"Valid",7.0162499999999994,6.51,"Valid",22.166250000000002,"","",{"$f":"IF(G642=\"Valid\", F642, NA())","v":2.09},{"$f":"IF(G642=\"Valid\", H642, NA())","v":7.0162499999999994},{"$f":"IF(J642=\"Valid\", I642, NA())","v":6.51},{"$f":"IF(J642=\"Valid\", K642, NA())","v":22.166250000000002},6.51,22.166250000000002,2.09,7.0162499999999994]
[2024,3,27,17,45378.708333331779,3.46,"Valid",6.7595833333333344,22.01,"Valid",22.456249999999997,"","",3.46,6.7595833333333344,22.01,22.456249999999997,22.01,22.456249999999997,3.46,6.7595833333333344]
[2024,3,27,{"$f":"IF(D643=23,0,D643+1)","v":18},{"$f":"E643+0.0416666666666666","v":45378.749999998443},4.07,"Valid",6.8224999999999989,9.86,"Valid",22.217916666666667,"","",4.07,6.8224999999999989,9.86,22.217916666666667,9.86,22.217916666666667,4.07,6.8224999999999989]
[2024,3,27,19,45378.791666665107,5.51,"Valid",6.7937499999999984,14.78,"Valid",21.967499999999998,"","",5.51,6.7937499999999984,14.78,21.967499999999998,14.78,21.967499999999998,5.51,6.7937499999999984]
[2024,3,27,20,45378.833333331771,9.48,"Valid",6.0212499999999984,14.64,"Valid",16.604166666666664,"","",9.48,6.0212499999999984,14.64,16.604166666666664,14.64,16.604166666666664,9.48,6.0212499999999984]
[2024,3,27,21,45378.874999998436,6.87,"Valid",5.626666666666666,11.77,"Valid",13.525416666666665,"","",6.87,5.626666666666666,11.77,13.525416666666665,11.77,13.525416666666665,6.87,5.626666666666666]
[2024,3,27,22,45378.9166666651,8.7200000000000006,"Valid",5.737916666666667,13.09,"Valid",13.554166666666662,"","",8.7200000000000006,5.737916666666667,13.09,13.554166666666662,13.09,13.554166666666662,8.7200000000000006,5.737916666666667]
[2024,3,27,23,45378.958333331764,4.0599999999999996,"Valid",5.5004166666666672,6.19,"Valid",12.947916666666659,"","",4.0599999999999996,5.5004166666666672,6.19,12.947916666666659,6.19,12.947916666666659,4.0599999999999996,5.5004166666666672]
[2024,3,28,0,45378.999999998428,4.41,"Valid",5.4491666666666667,5.05,"Valid",12.695833333333331,"","",4.41,5.4491666666666667,5.05,12.695833333333331,5.05,12.695833333333331,4.41,5.4491666666666667]
[2024,3,28,1,45379.041666665093,7.16,"Valid",5.6033333333333344,7.78,"Valid",12.740833333333329,"","",7.16,5.6033333333333344,7.78,12.740833333333329,7.78,12.740833333333329,7.16,5.6033333333333344]
[2024,3,28,2,45379.083333331757,1.03,"Valid",5.519166666666667,1.39,"Valid",12.52708333333333,"","",1.03,5.519166666666667,1.39,12.52708333333333,1.39,12.52708333333333,1.03,5.519166666666667]
[2024,3,28,3,45379.124999998421,8.4600000000000009,"Valid",5.7025000000000006,42.25,"Valid",14.044583333333328,"","",8.4600000000000009,5.7025000000000006,42.25,14.044583333333328,42.25,14.044583333333328,8.4600000000000009,5.7025000000000006]
[2024,3,28,4,45379.166666665085,5.72,"Valid",5.7091666666666674,9.61,"Valid",14.144583333333332,"","",5.72,5.7091666666666674,9.61,14.144583333333332,9.61,14.144583333333332,5.72,5.7091666666666674]
[2024,3,28,5,45379.20833333175,4.2,"Valid",5.6695833333333328,7.79,"Valid",14.104999999999999,"","",4.2,5.6695833333333328,7.79,14.104999999999999,7.79,14.104999999999999,4.2,5.6695833333333328]
[2024,3,28,6,45379.249999998414,33.97,"Valid",6.7387500000000005,178.44,"Valid",19.925416666666667,"","",33.97,6.7387500000000005,178.44,19.925416666666667,178.44,19.925416666666667,33.97,6.7387500000000005]
[2024,3,28,7,45379.291666665078,7.52,"Valid",6.8062499999999995,32.56,"Valid",20.880833333333335,"","",7.52,6.8062499999999995,32.56,20.880833333333335,32.56,20.880833333333335,7.52,6.8062499999999995]
[2024,3,28,8,45379.333333331742,7.62,"Valid",6.6716666666666677,15.37,"Valid",19.865833333333335,"","",7.62,6.6716666666666677,15.37,19.865833333333335,15.37,19.865833333333335,7.62,6.6716666666666677]
[2024,3,28,9,45379.374999998407,8.11,"Valid",6.68,19.62,"Valid",20.080000000000002,"","",8.11,6.68,19.62,20.080000000000002,19.62,20.080000000000002,8.11,6.68]
[2024,3,28,10,45379.416666665071,6.43,"Valid",6.8454166666666678,11.43,"Valid",20.264583333333334,"","",6.43,6.8454166666666678,11.43,20.264583333333334,11.43,20.264583333333334,6.43,6.8454166666666678]
[2024,3,28,11,45379.458333331735,4.67,"Valid",6.8483333333333327,9.3000000000000007,"Valid",20.232916666666664,"","",4.67,6.8483333333333327,9.3000000000000007,20.232916666666664,9.3000000000000007,20.232916666666664,4.67,6.8483333333333327]
[2024,3,28,12,45379.499999998399,-0.72,"Valid",6.5150000000000006,5.03,"Valid",19.887083333333333,"","",-0.72,6.5150000000000006,5.03,19.887083333333333,5.03,19.887083333333333,-0.72,6.5150000000000006]
[2024,3,28,13,45379.541666665064,6.29,"Valid",6.6945833333333331,10.91,"Valid",20.023333333333337,"","",6.29,6.6945833333333331,10.91,20.023333333333337,10.91,20.023333333333337,6.29,6.6945833333333331]
[2024,3,28,14,45379.583333331728,4.79,"Valid",6.607499999999999,9.26,"Valid",19.739166666666666,"","",4.79,6.607499999999999,9.26,19.739166666666666,9.26,19.739166666666666,4.79,6.607499999999999]
[2024,3,28,15,45379.624999998392,4.5999999999999996,"Valid",6.6049999999999978,8.4600000000000009,"Valid",19.712499999999999,"","",4.5999999999999996,6.6049999999999978,8.4600000000000009,19.712499999999999,8.4600000000000009,19.712499999999999,4.5999999999999996,6.6049999999999978]
[2024,3,28,16,45379.666666665056,3.2,"Valid",6.6512499999999983,9.1,"Valid",19.820416666666667,"","",3.2,6.6512499999999983,9.1,19.820416666666667,9.1,19.820416666666667,3.2,6.6512499999999983]
[2024,3,{"$f":"C643+1","v":28},17,45379.70833333172,2.77,"Valid",6.6224999999999987,10.29,"Valid",19.332083333333333,"","",2.77,6.6224999999999987,10.29,19.332083333333333,10.29,19.332083333333333,2.77,6.6224999999999987]
[2024,3,28,18,45379.749999998385,3.95,"Valid",6.6174999999999971,22.6,"Valid",19.862916666666667,"","",3.95,6.6174999999999971,22.6,19.862916666666667,22.6,19.862916666666667,3.95,6.6174999999999971]
[2024,3,28,19,45379.791666665049,5.47,"Valid",6.6158333333333319,10.92,"Valid",19.702083333333338,"","",5.47,6.6158333333333319,10.92,19.702083333333338,10.92,19.702083333333338,5.47,6.6158333333333319]
[2024,3,28,20,45379.833333331713,6.82,"Valid",6.504999999999999,13.36,"Valid",19.648750000000003,"","",6.82,6.504999999999999,13.36,19.648750000000003,13.36,19.648750000000003,6.82,6.504999999999999]
[2024,3,28,21,45379.874999998377,6.51,"Valid",6.4899999999999993,13.53,"Valid",19.722083333333337,"","",6.51,6.4899999999999993,13.53,19.722083333333337,13.53,19.722083333333337,6.51,6.4899999999999993]
[2024,3,28,22,45379.916666665042,9.61,"Valid",6.5270833333333327,16.89,"Valid",19.880416666666669,"","",9.61,6.5270833333333327,16.89,19.880416666666669,16.89,19.880416666666669,9.61,6.5270833333333327]
[2024,3,28,23,45379.958333331706,11.46,"Valid",6.8354166666666663,18.11,"Valid",20.377083333333335,"","",11.46,6.8354166666666663,18.11,20.377083333333335,18.11,20.377083333333335,11.46,6.8354166666666663]
[2024,3,29,0,45379.99999999837,8.8800000000000008,"Valid",7.0216666666666674,13.65,"Valid",20.735416666666669,"","",8.8800000000000008,7.0216666666666674,13.65,20.735416666666669,13.65,20.735416666666669,8.8800000000000008,7.0216666666666674]
[2024,3,29,1,45380.041666665034,7.4,"Valid",7.0316666666666663,11.04,"Valid",20.87125,"","",7.4,7.0316666666666663,11.04,20.87125,11.04,20.87125,7.4,7.0316666666666663]
[2024,3,29,2,45380.083333331699,8.59,"Valid",7.3466666666666676,11.54,"Valid",21.294166666666669,"","",8.59,7.3466666666666676,11.54,21.294166666666669,11.54,21.294166666666669,8.59,7.3466666666666676]
[2024,3,29,3,45380.124999998363,5.81,"Valid",7.236250000000001,8.02,"Valid",19.86791666666667,"","",5.81,7.236250000000001,8.02,19.86791666666667,8.02,19.86791666666667,5.81,7.236250000000001]
[2024,3,29,4,45380.166666665027,6.98,"Valid",7.2887500000000003,9.17,"Valid",19.849583333333335,"","",6.98,7.2887500000000003,9.17,19.849583333333335,9.17,19.849583333333335,6.98,7.2887500000000003]
[2024,3,29,5,45380.208333331691,3.88,"Valid",7.2754166666666675,6.09,"Valid",19.778750000000002,"","",3.88,7.2754166666666675,6.09,19.778750000000002,6.09,19.778750000000002,3.88,7.2754166666666675]
[2024,3,29,6,45380.249999998356,8.44,"Valid",6.2116666666666669,12.37,"Valid",12.859166666666667,"","",8.44,6.2116666666666669,12.37,12.859166666666667,12.37,12.859166666666667,8.44,6.2116666666666669]
[2024,3,29,7,45380.29166666502,5.73,"Valid",6.137083333333333,7.21,"Valid",11.802916666666667,"","",5.73,6.137083333333333,7.21,11.802916666666667,7.21,11.802916666666667,5.73,6.137083333333333]
[2024,3,29,8,45380.333333331684,4.95,"Valid",6.0258333333333338,7.4,"Valid",11.470833333333331,"","",4.95,6.0258333333333338,7.4,11.470833333333331,7.4,11.470833333333331,4.95,6.0258333333333338]
[2024,3,29,9,45380.374999998348,3.89,"Valid",5.8499999999999988,6.38,"Valid",10.919166666666667,"","",3.89,5.8499999999999988,6.38,10.919166666666667,6.38,10.919166666666667,3.89,5.8499999999999988]
[2024,3,29,10,45380.416666665013,6.91,"Valid",5.87,9.23,"Valid",10.827500000000001,"","",6.91,5.87,9.23,10.827500000000001,9.23,10.827500000000001,6.91,5.87]
[2024,3,29,11,45380.458333331677,4.53,"Valid",5.8641666666666667,6.9,"Valid",10.727500000000001,"","",4.53,5.8641666666666667,6.9,10.727500000000001,6.9,10.727500000000001,4.53,5.8641666666666667]
[2024,3,29,12,45380.499999998341,6.13,"Valid",6.1495833333333332,13.47,"Valid",11.079166666666667,"","",6.13,6.1495833333333332,13.47,11.079166666666667,13.47,11.079166666666667,6.13,6.1495833333333332]
[2024,3,29,13,45380.541666665005,5,"Valid",6.0958333333333341,11.52,"Valid",11.104583333333332,"","",5,6.0958333333333341,11.52,11.104583333333332,11.52,11.104583333333332,5,6.0958333333333341]
[2024,3,29,14,45380.58333333167,7.34,"Valid",6.2020833333333334,11.56,"Valid",11.200416666666667,"","",7.34,6.2020833333333334,11.56,11.200416666666667,11.56,11.200416666666667,7.34,6.2020833333333334]
[2024,3,29,15,45380.624999998334,3.39,"Valid",6.1516666666666673,7.84,"Valid",11.174583333333333,"","",3.39,6.1516666666666673,7.84,11.174583333333333,7.84,11.174583333333333,3.39,6.1516666666666673]
[2024,3,29,16,45380.666666664998,3.93,"Valid",6.1820833333333338,7.93,"Valid",11.125833333333334,"","",3.93,6.1820833333333338,7.93,11.125833333333334,7.93,11.125833333333334,3.93,6.1820833333333338]
[2024,3,29,17,45380.708333331662,6.51,"Valid",6.3379166666666658,10.32,"Valid",11.127083333333333,"","",6.51,6.3379166666666658,10.32,11.127083333333333,10.32,11.127083333333333,6.51,6.3379166666666658]
[2024,3,29,18,45380.749999998327,2.52,"Valid",6.2783333333333324,6.84,"Valid",10.470416666666667,"","",2.52,6.2783333333333324,6.84,10.470416666666667,6.84,10.470416666666667,2.52,6.2783333333333324]
[2024,3,29,19,45380.791666664991,3.96,"Valid",6.2154166666666661,10.82,"Valid",10.46625,"","",3.96,6.2154166666666661,10.82,10.46625,10.82,10.46625,3.96,6.2154166666666661]
[2024,3,29,20,45380.833333331655,4.59,"Valid",6.1225000000000014,8.0399999999999991,"Valid",10.244583333333333,"","",4.59,6.1225000000000014,8.0399999999999991,10.244583333333333,8.0399999999999991,10.244583333333333,4.59,6.1225000000000014]
[2024,3,29,21,45380.874999998319,7.24,"Valid",6.1529166666666688,12.39,"Valid",10.197083333333333,"","",7.24,6.1529166666666688,12.39,10.197083333333333,12.39,10.197083333333333,7.24,6.1529166666666688]
[2024,3,29,22,45380.916666664983,9.2100000000000009,"Valid",6.1362500000000004,14.99,"Valid",10.117916666666668,"","",9.2100000000000009,6.1362500000000004,14.99,10.117916666666668,14.99,10.117916666666668,9.2100000000000009,6.1362500000000004]
[2024,3,29,23,45380.958333331648,9.9600000000000009,"Valid",6.0737500000000004,22.72,"Valid",10.31,"","",9.9600000000000009,6.0737500000000004,22.72,10.31,22.72,10.31,9.9600000000000009,6.0737500000000004]
[2024,3,30,0,45380.999999998312,3.53,"Valid",5.850833333333334,11.12,"Valid",10.204583333333334,"","",3.53,5.850833333333334,11.12,10.204583333333334,11.12,10.204583333333334,3.53,5.850833333333334]
[2024,3,30,1,45381.041666664976,3.99,"Valid",5.7087500000000011,7.62,"Valid",10.062083333333332,"","",3.99,5.7087500000000011,7.62,10.062083333333332,7.62,10.062083333333332,3.99,5.7087500000000011]
[2024,3,30,2,45381.08333333164,0.38,"Valid",5.3666666666666671,2.64,"Valid",9.6912500000000001,"","",0.38,5.3666666666666671,2.64,9.6912500000000001,2.64,9.6912500000000001,0.38,5.3666666666666671]
[2024,3,30,3,45381.124999998305,4.59,"Valid",5.315833333333333,6,"Valid",9.6070833333333319,"","",4.59,5.315833333333333,6,9.6070833333333319,6,9.6070833333333319,4.59,5.315833333333333]
[2024,3,30,4,45381.166666664969,5.09,"Valid",5.2370833333333335,5.83,"Valid",9.4679166666666674,"","",5.09,5.2370833333333335,5.83,9.4679166666666674,5.83,9.4679166666666674,5.09,5.2370833333333335]
[2024,3,30,5,45381.208333331633,1.5,"Valid",5.1379166666666665,2.02,"Valid",9.2983333333333338,"","",1.5,5.1379166666666665,2.02,9.2983333333333338,2.02,9.2983333333333338,1.5,5.1379166666666665]
[2024,3,30,6,45381.249999998297,5.0199999999999996,"Valid",4.9954166666666673,13.91,"Valid",9.3624999999999989,"","",5.0199999999999996,4.9954166666666673,13.91,9.3624999999999989,13.91,9.3624999999999989,5.0199999999999996,4.9954166666666673]
[2024,3,30,7,45381.291666664962,0.86,"Valid",4.7924999999999995,1.84,"Valid",9.1387499999999999,"","",0.86,4.7924999999999995,1.84,9.1387499999999999,1.84,9.1387499999999999,0.86,4.7924999999999995]
[2024,3,30,8,45381.333333331626,4.7699999999999996,"Valid",4.7850000000000001,6.44,"Valid",9.0987500000000008,"","",{"$f":"IF(G706=\"Valid\", F706, NA())","v":4.7699999999999996},{"$f":"IF(G706=\"Valid\", H706, NA())","v":4.7850000000000001},{"$f":"IF(J706=\"Valid\", I706, NA())","v":6.44},{"$f":"IF(J706=\"Valid\", K706, NA())","v":9.0987500000000008},6.44,9.0987500000000008,4.7699999999999996,4.7850000000000001]
[2024,3,30,9,45381.37499999829,5.27,"Valid",4.8424999999999994,8.9600000000000009,"Valid",9.2062500000000007,"","",5.27,4.8424999999999994,8.9600000000000009,9.2062500000000007,8.9600000000000009,9.2062500000000007,5.27,4.8424999999999994]
[2024,3,30,{"$f":"IF(D707=23,0,D707+1)","v":10},{"$f":"E707+0.0416666666666666","v":45381.416666664954},9.31,"Valid",4.9424999999999999,12.81,"Valid",9.3554166666666685,"","",9.31,4.9424999999999999,12.81,9.3554166666666685,12.81,9.3554166666666685,9.31,4.9424999999999999]
[2024,3,30,11,45381.458333331619,4.57,"Valid",4.9441666666666668,11.39,"Valid",9.5425000000000022,"","",4.57,4.9441666666666668,11.39,9.5425000000000022,11.39,9.5425000000000022,4.57,4.9441666666666668]
[2024,3,30,12,45381.499999998283,5.28,"Valid",4.9087499999999986,11.03,"Valid",9.4408333333333339,"","",5.28,4.9087499999999986,11.03,9.4408333333333339,11.03,9.4408333333333339,5.28,4.9087499999999986]
[2024,3,30,13,45381.541666664947,5.94,"Valid",4.947916666666667,9.07,"Valid",9.338750000000001,"","",5.94,4.947916666666667,9.07,9.338750000000001,9.07,9.338750000000001,5.94,4.947916666666667]
[2024,3,30,14,45381.583333331611,3.62,"Valid",4.7929166666666667,8.4700000000000006,"Valid",9.2100000000000009,"","",3.62,4.7929166666666667,8.4700000000000006,9.2100000000000009,8.4700000000000006,9.2100000000000009,3.62,4.7929166666666667]
[2024,3,30,15,45381.624999998276,4.41,"Valid",4.8354166666666671,9.8699999999999992,"Valid",9.2945833333333336,"","",4.41,4.8354166666666671,9.8699999999999992,9.2945833333333336,9.8699999999999992,9.2945833333333336,4.41,4.8354166666666671]
[2024,3,30,16,45381.66666666494,6.41,"Valid",4.9387499999999998,12.12,"Valid",9.4691666666666681,"","",6.41,4.9387499999999998,12.12,9.4691666666666681,12.12,9.4691666666666681,6.41,4.9387499999999998]
[2024,3,30,17,45381.708333331604,9.07,"Valid",5.0454166666666671,13.01,"Valid",9.5812500000000025,"","",9.07,5.0454166666666671,13.01,9.5812500000000025,13.01,9.5812500000000025,9.07,5.0454166666666671]
[2024,3,30,18,45381.749999998268,5.55,"Valid",5.171666666666666,13.67,"Valid",9.8658333333333328,"","",5.55,5.171666666666666,13.67,9.8658333333333328,13.67,9.8658333333333328,5.55,5.171666666666666]
[2024,3,30,19,45381.791666664933,8.0399999999999991,"Valid",5.3416666666666659,12.98,"Valid",9.9558333333333326,"","",8.0399999999999991,5.3416666666666659,12.98,9.9558333333333326,12.98,9.9558333333333326,8.0399999999999991,5.3416666666666659]
[2024,3,30,20,45381.833333331597,6.79,"Valid",5.4333333333333327,38.94,"Valid",11.243333333333332,"","",6.79,5.4333333333333327,38.94,11.243333333333332,38.94,11.243333333333332,6.79,5.4333333333333327]
[2024,3,30,21,45381.874999998261,14.07,"Valid",5.7179166666666665,19.47,"Valid",11.538333333333332,"","",14.07,5.7179166666666665,19.47,11.538333333333332,19.47,11.538333333333332,14.07,5.7179166666666665]
[2024,3,30,22,45381.916666664925,12.02,"Valid",5.8350000000000009,16.899999999999999,"Valid",11.617916666666664,"","",12.02,5.8350000000000009,16.899999999999999,11.617916666666664,16.899999999999999,11.617916666666664,12.02,5.8350000000000009]
[2024,3,30,23,45381.95833333159,9.49,"Valid",5.8154166666666676,13.84,"Valid",11.247916666666663,"","",9.49,5.8154166666666676,13.84,11.247916666666663,13.84,11.247916666666663,9.49,5.8154166666666676]
[2024,3,31,0,45381.999999998254,5.78,"Valid",5.9091666666666667,9.3699999999999992,"Valid",11.174999999999999,"","",5.78,5.9091666666666667,9.3699999999999992,11.174999999999999,9.3699999999999992,11.174999999999999,5.78,5.9091666666666667]
[2024,3,31,1,45382.041666664918,5.75,"Valid",5.9825000000000008,16.09,"Valid",11.527916666666664,"","",5.75,5.9825000000000008,16.09,11.527916666666664,16.09,11.527916666666664,5.75,5.9825000000000008]
[2024,3,31,2,45382.083333331582,6.56,"Valid",6.2399999999999993,11.9,"Valid",11.913749999999999,"","",6.56,6.2399999999999993,11.9,11.913749999999999,11.9,11.913749999999999,6.56,6.2399999999999993]
[2024,3,31,3,45382.124999998246,9.15,"Valid",6.4300000000000006,12.71,"Valid",12.193333333333333,"","",9.15,6.4300000000000006,12.71,12.193333333333333,12.71,12.193333333333333,9.15,6.4300000000000006]
[2024,3,31,4,45382.166666664911,1.26,"Valid",6.2704166666666667,4.33,"Valid",12.13083333333333,"","",1.26,6.2704166666666667,4.33,12.13083333333333,4.33,12.13083333333333,1.26,6.2704166666666667]
[2024,3,31,5,45382.208333331575,4.78,"Valid",6.4070833333333335,8.41,"Valid",12.397083333333333,"","",4.78,6.4070833333333335,8.41,12.397083333333333,8.41,12.397083333333333,4.78,6.4070833333333335]
[2024,3,31,6,45382.249999998239,5,"Valid",6.40625,10.69,"Valid",12.262916666666667,"","",5,6.40625,10.69,12.262916666666667,10.69,12.262916666666667,5,6.40625]
[2024,3,31,7,45382.291666664903,15.39,"Valid",7.0116666666666676,42.03,"Valid",13.9375,"","",15.39,7.0116666666666676,42.03,13.9375,42.03,13.9375,15.39,7.0116666666666676]
[2024,3,31,8,45382.333333331568,25.2,"Valid",7.8629166666666661,80.88,"Valid",17.03916666666667,"","",25.2,7.8629166666666661,80.88,17.03916666666667,80.88,17.03916666666667,25.2,7.8629166666666661]
[2024,3,{"$f":"C707+1","v":31},9,45382.374999998232,15.17,"Valid",8.2754166666666666,32.64,"Valid",18.025833333333335,"","",15.17,8.2754166666666666,32.64,18.025833333333335,32.64,18.025833333333335,15.17,8.2754166666666666]
[2024,3,31,10,45382.416666664896,8.66,"Valid",8.2483333333333331,20.64,"Valid",18.352083333333336,"","",8.66,8.2483333333333331,20.64,18.352083333333336,20.64,18.352083333333336,8.66,8.2483333333333331]
[2024,3,31,11,45382.45833333156,8.52,"Valid",8.4129166666666659,12.68,"Valid",18.405833333333334,"","",8.52,8.4129166666666659,12.68,18.405833333333334,12.68,18.405833333333334,8.52,8.4129166666666659]
[2024,3,31,12,45382.499999998225,8.39,"Valid",8.5424999999999986,13.72,"Valid",18.517916666666668,"","",8.39,8.5424999999999986,13.72,18.517916666666668,13.72,18.517916666666668,8.39,8.5424999999999986]
[2024,3,31,13,45382.541666664889,9.18,"Valid",8.6775000000000002,12.48,"Valid",18.660000000000004,"","",9.18,8.6775000000000002,12.48,18.660000000000004,12.48,18.660000000000004,9.18,8.6775000000000002]
[2024,3,31,14,45382.583333331553,9.52,"Valid",8.9233333333333338,14.07,"Valid",18.893333333333334,"","",9.52,8.9233333333333338,14.07,18.893333333333334,14.07,18.893333333333334,9.52,8.9233333333333338]
[2024,3,31,15,45382.624999998217,23.31,"Valid",9.7108333333333352,28.62,"Valid",19.674583333333334,"","",23.31,9.7108333333333352,28.62,19.674583333333334,28.62,19.674583333333334,23.31,9.7108333333333352]
[2024,3,31,16,45382.666666664882,16.25,"Valid",10.120833333333334,22.13,"Valid",20.091666666666669,"","",16.25,10.120833333333334,22.13,20.091666666666669,22.13,20.091666666666669,16.25,10.120833333333334]
[2024,3,31,17,45382.708333331546,14.11,"Valid",10.330833333333333,18.510000000000002,"Valid",20.320833333333336,"","",14.11,10.330833333333333,18.510000000000002,20.320833333333336,18.510000000000002,20.320833333333336,14.11,10.330833333333333]
[2024,3,31,18,45382.74999999821,11.09,"Valid",10.561666666666666,25.04,"Valid",20.794583333333335,"","",11.09,10.561666666666666,25.04,20.794583333333335,25.04,20.794583333333335,11.09,10.561666666666666]
[2024,3,31,19,45382.791666664874,15.98,"Valid",10.8925,90.18,"Valid",24.011250000000004,"","",15.98,10.8925,90.18,24.011250000000004,90.18,24.011250000000004,15.98,10.8925]
[2024,3,31,20,45382.833333331539,8.4700000000000006,"Valid",10.9625,13.02,"Valid",22.931250000000002,"","",8.4700000000000006,10.9625,13.02,22.931250000000002,13.02,22.931250000000002,8.4700000000000006,10.9625]
[2024,3,31,21,45382.874999998203,8.82,"Valid",10.74375,14.96,"Valid",22.743333333333336,"","",8.82,10.74375,14.96,22.743333333333336,14.96,22.743333333333336,8.82,10.74375]
[2024,3,31,22,45382.916666664867,6.47,"Valid",10.512500000000001,13.18,"Valid",22.588333333333335,"","",6.47,10.512500000000001,13.18,22.588333333333335,13.18,22.588333333333335,6.47,10.512500000000001]
[2024,3,31,23,45382.958333331531,6.79,"Valid",10.4,11.72,"Valid",22.5,"","",6.79,10.4,11.72,22.5,11.72,22.5,6.79,10.4]