{"text_format":"1","workbook":"xlsx","n_sheets":7,"sheets":["Instructions","Meta data_sheet","Meta data_lookup","Raw data_sheet","Raw data_format","24hr_PM10_chart","24hr_PM2.5_chart"],"not_rendered":{"charts":4,"images":0,"macros":1,"external_links":0,"defined_names":10,"comments":0,"pivot_tables":0},"unopened":[{"sheet":"24hr_PM10_chart","index":5,"reason":"not_a_worksheet"},{"sheet":"24hr_PM2.5_chart","index":6,"reason":"not_a_worksheet"}],"bounds":{"document_bytes":16777216,"sheet_cells":100000,"rows_first":2000,"rows_last":500,"rows_between":2000,"halvings":0,"cell_chars":16384,"cell_head_chars":4096},"cells_cut":0,"cells_raw":0,"read":"whole","date_system":"1900"}

{"sheet":"Instructions","index":0,"n_rows":0,"n_cols":0,"rows_kept":0,"cut":false,"hidden":false,"merged":[]}

{"sheet":"Meta data_sheet","index":1,"n_rows":17,"n_cols":5,"rows_kept":17,"cut":false,"hidden":false,"merged":[[18,0,18,1],[16,0,16,1]]}
["Ambient Monitoring Station","Details",null,"Ambient Monitoring Results","Details"]
["Location","Werris Creek",null,"PM2.5 monitoring start (dd/mm/yyyy hh:mm)","2020-04-01"]
["Easting",{"$f":"VLOOKUP($B$2,'Meta data_lookup'!$A$2:$D$5,2,FALSE)","v":276783},null,"PM2.5 monitoring end","2020-05-01"]
["Northing",{"$f":"VLOOKUP($B$2,'Meta data_lookup'!$A$2:$D$5,3,FALSE)","v":6528734},null,"PM2.5 monitoring period (h)",{"$f":"(E3-E2)*24","v":720}]
["Site elevation (m)",{"$f":"VLOOKUP($B$2,'Meta data_lookup'!$A$2:$D$5,4,FALSE)","v":"ND"},null,"Number of valid PM2.5 results",{"$f":"COUNTIF('Raw data_sheet'!G2:G745,\"Valid\")","v":563}]
["Description of surrounding land use","Agriculture/Mining",null,"Proportion of valid PM2.5 results (%)",{"$f":"E5/E4","v":0.78194444444444444}]
["Typical sources impacting on the site","Agriculture",null,"PM10 monitoring start (dd/mm/yyyy hh:mm)","2020-04-01"]
["Site compliance with AS/NZS 3580.1.1:2007","Yes",null,"PM10 monitoring end","2020-05-01"]
["PM2.5 method compliance with AS/NZS 3580.9.13:2013\n","Yes",null,"PM10 monitoring period (h)",{"$f":"(E8-E7)*24","v":720}]
["PM2.5 instrument make","Thermo Scientific",null,"Number of valid PM10 results",{"$f":"COUNTIF('Raw data_sheet'!J2:J745,\"Valid\")","v":563}]
["PM2.5 instrument model","1405DF",null,"Proportion of valid PM10 results (%)",{"$f":"E10/E9","v":0.78194444444444444}]
["PM2.5 instrument intake height (m)",3.5]
["PM10 method compliance with AS 3580.9.8-2008\n","No*"]
["PM10 instrument make","Thermo Scientific"]
["PM10 instrument model","1405DF"]
["PM10 instrument intake height (m)",3.5]
["*The 1405DF TEOM used at this site measures PM10 indirectly rather than directly. The unit does however meet the intent of AS 3580.9.8-2008, and this method has been accredited by the USEPA. It is considered scientifically robust and is used extensively throughout NSW with EPA's knowledge and informal acceptance."]

{"sheet":"Meta data_lookup","index":2,"n_rows":5,"n_cols":4,"rows_kept":5,"cut":false,"hidden":false,"merged":[]}
["Location","Easting","Northing","Site elevation (m)"]
["Maules Creek",225302,6623037,"ND"]
["Breeza",237993,6542606,"ND"]
["Will-gai",231804,6596392,"ND"]
["Werris Creek",276783,6528734,"ND"]

{"sheet":"Raw data_sheet","index":3,"n_rows":745,"n_cols":21,"rows_kept":745,"cut":false,"hidden":false,"merged":[]}
["Year","Month","Day","Hour","Date and time","PM2.5_hourly","PM2.5_Data_Status","PM2.5_24hr_rolling_average","PM10_hourly","PM10_Data_Status","PM10_24hr_rolling_average","Cause of data invalidity, if applicable","Detailed comments","PM2.5_hourly_valid_plot","PM2.5_24hr_rolling_ave_valid_plot","PM10_hourly_valid_plot","PM10_24hr_rolling_ave_valid_plot","PM10_hourly_valid_plot_series","PM10_24hr_rolling_average_valid_plot_series","PM2.5_hourly_valid_plot_series","PM2.5_24hr_rolling_average_valid_plot_series"]
[2020,4,1,0,{"$f":"DATE(A2,B2,C2)+TIME(D2,0,0)","v":43922},10.1,"Valid",7.5,11.3,"Valid",9,null,null,{"$f":"IF(G2=\"Valid\", F2, NA())","v":10.1},{"$f":"IF(G2=\"Valid\", H2, NA())","v":7.5},{"$f":"IF(J2=\"Valid\", I2, NA())","v":11.3},{"$f":"IF(J2=\"Valid\", K2, NA())","v":9},11.3,9,10.1,7.5]
[{"$f":"A2","v":2020},{"$f":"B2","v":4},{"$f":"C2","v":1},{"$f":"IF(D2=23,0,D2+1)","v":1},{"$f":"E2+0.0416666666666666","v":43922.041666666664},18.8,"Valid",7.9,30.6,"Valid",9.9,null,null,18.8,7.9,30.6,9.9,30.6,9.9,18.8,7.9]
[{"$f":"A3","v":2020},{"$f":"B3","v":4},1,{"$f":"IF(D3=23,0,D3+1)","v":2},{"$f":"E3+0.0416666666666666","v":43922.083333333328},20.7,"Valid",8.3000000000000007,59.4,"Valid",12,null,null,20.7,8.3000000000000007,59.4,12,59.4,12,20.7,8.3000000000000007]
[2020,4,1,3,43922.124999999993,13.3,"Valid",8.6,29.8,"Valid",13,null,null,13.3,8.6,29.8,13,29.8,13,13.3,8.6]
[2020,4,1,4,43922.166666666657,20.6,"Valid",9.4,28,"Valid",14.1,null,null,20.6,9.4,28,14.1,28,14.1,20.6,9.4]
[2020,4,1,5,43922.208333333321,29.9,"Valid",10.6,55.9,"Valid",16.399999999999999,null,null,29.9,10.6,55.9,16.399999999999999,55.9,16.399999999999999,29.9,10.6]
[2020,4,1,6,43922.249999999985,21,"Valid",11.4,56.9,"Valid",18.8,null,null,21,11.4,56.9,18.8,56.9,18.8,21,11.4]
[2020,4,1,7,43922.29166666665,30.9,"Valid",11.9,43.9,"Valid",19.899999999999999,null,null,30.9,11.9,43.9,19.899999999999999,43.9,19.899999999999999,30.9,11.9]
[2020,4,1,8,43922.333333333314,19.8,"Valid",12.4,30.4,"Valid",20.8,null,null,19.8,12.4,30.4,20.8,30.4,20.8,19.8,12.4]
[2020,4,1,9,43922.374999999978,19.5,"Valid",13,22.9,"Valid",21.5,null,null,19.5,13,22.9,21.5,22.9,21.5,19.5,13]
[2020,4,1,10,43922.416666666642,14.7,"Valid",13.3,17.8,"Valid",22,null,null,14.7,13.3,17.8,22,17.8,22,14.7,13.3]
[2020,4,1,11,43922.458333333307,18.100000000000001,"Valid",13.9,19.8,"Valid",22.7,null,null,18.100000000000001,13.9,19.8,22.7,19.8,22.7,18.100000000000001,13.9]
[2020,4,1,12,43922.499999999971,11.1,"Valid",13.8,12.5,"Valid",22.2,null,null,11.1,13.8,12.5,22.2,12.5,22.2,11.1,13.8]
[2020,4,1,13,43922.541666666635,10.8,"Valid",13.6,12.4,"Valid",21.8,null,null,10.8,13.6,12.4,21.8,12.4,21.8,10.8,13.6]
[2020,4,1,14,43922.583333333299,21.3,"Valid",15.5,22.6,"Valid",24.3,null,null,21.3,15.5,22.6,24.3,22.6,24.3,21.3,15.5]
[2020,4,1,15,43922.624999999964,19.3,"Valid",16,21.4,"Valid",24.8,null,null,19.3,16,21.4,24.8,21.4,24.8,19.3,16]
[2020,4,1,16,43922.666666666628,25.7,"Valid",16.600000000000001,27.6,"Valid",25.3,null,null,25.7,16.600000000000001,27.6,25.3,27.6,25.3,25.7,16.600000000000001]
[2020,4,1,17,43922.708333333292,4.3,"Valid",15.9,5.5,"Valid",24.6,null,null,4.3,15.9,5.5,24.6,5.5,24.6,4.3,15.9]
[2020,4,1,18,43922.749999999956,4.7,"Valid",15.2,6,"Valid",23.9,null,null,4.7,15.2,6,23.9,6,23.9,4.7,15.2]
[2020,4,1,19,43922.791666666621,13.5,"Valid",15.5,17.100000000000001,"Valid",23.8,null,null,13.5,15.5,17.100000000000001,23.8,17.100000000000001,23.8,13.5,15.5]
[2020,4,1,20,43922.833333333285,11.9,"Valid",15.7,13.8,"Valid",23.7,null,null,11.9,15.7,13.8,23.7,13.8,23.7,11.9,15.7]
[2020,4,1,21,43922.874999999949,16.899999999999999,"Valid",15.9,20.399999999999999,"Valid",24,null,null,16.899999999999999,15.9,20.399999999999999,24,20.399999999999999,24,16.899999999999999,15.9]
[2020,4,1,22,43922.916666666613,12.1,"Valid",16.3,13.9,"Valid",24.4,null,null,12.1,16.3,13.9,24.4,13.9,24.4,12.1,16.3]
[2020,{"$f":"B24","v":4},{"$f":"C24","v":1},23,43922.958333333278,19.7,"Valid",17,20.399999999999999,"Valid",25.1,null,null,19.7,17,20.399999999999999,25.1,20.399999999999999,25.1,19.7,17]
[2020,{"$f":"B25","v":4},{"$f":"C2+1","v":2},0,43922.999999999942,13.1,"Valid",17.2,15,"Valid",25.3,null,null,13.1,17.2,15,25.3,15,25.3,13.1,17.2]
[2020,{"$f":"B26","v":4},{"$f":"C3+1","v":2},1,43923.041666666606,12.5,"Valid",16.899999999999999,14.1,"Valid",24.6,null,null,12.5,16.899999999999999,14.1,24.6,14.1,24.6,12.5,16.899999999999999]
[2020,4,2,2,43923.08333333327,18.7,"Valid",16.8,20.399999999999999,"Valid",22.9,null,null,18.7,16.8,20.399999999999999,22.9,20.399999999999999,22.9,18.7,16.8]
[2020,4,2,3,43923.124999999935,14.6,"Valid",16.8,15.5,"Valid",22.3,null,null,14.6,16.8,15.5,22.3,15.5,22.3,14.6,16.8]
[2020,4,2,4,43923.166666666599,18.600000000000001,"Valid",16.7,18.899999999999999,"Valid",21.8,null,null,18.600000000000001,16.7,18.899999999999999,21.8,18.899999999999999,21.8,18.600000000000001,16.7]
[2020,4,2,5,43923.208333333263,19.7,"Valid",16.3,20.3,"Valid",20.3,null,null,19.7,16.3,20.3,20.3,20.3,20.3,19.7,16.3]
[2020,4,2,6,43923.249999999927,15.8,"Valid",16,15.9,"Valid",18.5,null,null,15.8,16,15.9,18.5,15.9,18.5,15.8,16]
[2020,4,2,7,43923.291666666591,19.5,"Valid",15.5,19.5,"Valid",17.5,null,null,19.5,15.5,19.5,17.5,19.5,17.5,19.5,15.5]
[2020,4,2,8,43923.333333333256,18,"Valid",15.5,20,"Valid",17.100000000000001,null,null,18,15.5,20,17.100000000000001,20,17.100000000000001,18,15.5]
[2020,4,2,9,43923.37499999992,20.6,"Valid",15.6,22.3,"Valid",17.2,null,null,20.6,15.6,22.3,17.2,22.3,17.2,20.6,15.6]
[2020,4,2,10,43923.416666666584,8.1,"Valid",15.4,13.3,"Valid",17.100000000000001,null,null,8.1,15.4,13.3,17.100000000000001,13.3,17.100000000000001,8.1,15.4]
[2020,4,2,11,43923.458333333248,18.100000000000001,"Valid",15.5,20.3,"Valid",17.100000000000001,null,null,18.100000000000001,15.5,20.3,17.100000000000001,20.3,17.100000000000001,18.100000000000001,15.5]
[2020,4,2,12,43923.499999999913,16.8,"Valid",15.8,19.2,"Valid",17.5,null,null,16.8,15.8,19.2,17.5,19.2,17.5,16.8,15.8]
[2020,4,2,13,43923.541666666577,6,"Valid",15.5,9.6,"Valid",17.3,null,null,6,15.5,9.6,17.3,9.6,17.3,6,15.5]
[2020,4,2,14,43923.583333333241,9.1999999999999993,"Valid",15,14.2,"Valid",17,null,null,9.1999999999999993,15,14.2,17,14.2,17,9.1999999999999993,15]
[2020,4,2,15,43923.624999999905,11.7,"Valid",14.6,20.7,"Valid",16.8,null,null,11.7,14.6,20.7,16.8,20.7,16.8,11.7,14.6]
[2020,4,2,16,43923.66666666657,18.8,"Valid",14.3,21.5,"Valid",16.600000000000001,null,null,18.8,14.3,21.5,16.600000000000001,21.5,16.600000000000001,18.8,14.3]
[2020,4,2,17,43923.708333333234,17.100000000000001,"Valid",14.8,18,"Valid",17,null,null,17.100000000000001,14.8,18,17,18,17,17.100000000000001,14.8]
[2020,4,2,18,43923.749999999898,{"$f":"NA()","v":{"$error":"#N/A"}},"Invalid",{"$f":"-NA()","v":{"$error":"#N/A"}},{"$f":"NA()","v":{"$error":"#N/A"}},"Invalid",{"$f":"NA()","v":{"$error":"#N/A"}},"Calibration Error","value outside range",{"$error":"#N/A"},{"$error":"#N/A"},{"$error":"#N/A"},{"$error":"#N/A"}]
[2020,4,2,19,43923.791666666562,{"$f":"NA()","v":{"$error":"#N/A"}},"Invalid",{"$f":"-NA()","v":{"$error":"#N/A"}},{"$f":"NA()","v":{"$error":"#N/A"}},"Invalid",{"$f":"NA()","v":{"$error":"#N/A"}},"Calibration Error","value outside range",{"$error":"#N/A"},{"$error":"#N/A"},{"$error":"#N/A"},{"$error":"#N/A"}]
[2020,4,2,20,43923.833333333227,{"$f":"NA()","v":{"$error":"#N/A"}},"Invalid",{"$f":"-NA()","v":{"$error":"#N/A"}},{"$f":"NA()","v":{"$error":"#N/A"}},"Invalid",{"$f":"NA()","v":{"$error":"#N/A"}},"Calibration Error","value outside range",{"$error":"#N/A"},{"$error":"#N/A"},{"$error":"#N/A"},{"$error":"#N/A"}]
[2020,4,2,21,43923.874999999891,{"$f":"NA()","v":{"$error":"#N/A"}},"Invalid",{"$f":"-NA()","v":{"$error":"#N/A"}},{"$f":"NA()","v":{"$error":"#N/A"}},"Invalid",{"$f":"NA()","v":{"$error":"#N/A"}},"Calibration Error","value outside range",{"$error":"#N/A"},{"$error":"#N/A"},{"$error":"#N/A"},{"$error":"#N/A"}]
[2020,4,2,22,43923.916666666555,{"$f":"NA()","v":{"$error":"#N/A"}},"Invalid",{"$f":"-NA()","v":{"$error":"#N/A"}},{"$f":"NA()","v":{"$error":"#N/A"}},"Invalid",{"$f":"NA()","v":{"$error":"#N/A"}},"Calibration Error","value outside range",{"$error":"#N/A"},{"$error":"#N/A"},{"$error":"#N/A"},{"$error":"#N/A"}]
[2020,4,2,23,43923.958333333219,{"$f":"NA()","v":{"$error":"#N/A"}},"Invalid",{"$f":"-NA()","v":{"$error":"#N/A"}},{"$f":"NA()","v":{"$error":"#N/A"}},"Invalid",{"$f":"NA()","v":{"$error":"#N/A"}},"Calibration Error","value outside range",{"$error":"#N/A"},{"$error":"#N/A"},{"$error":"#N/A"},{"$error":"#N/A"}]
[2020,4,3,0,43923.999999999884,{"$f":"NA()","v":{"$error":"#N/A"}},"Invalid",{"$f":"-NA()","v":{"$error":"#N/A"}},{"$f":"NA()","v":{"$error":"#N/A"}},"Invalid",{"$f":"NA()","v":{"$error":"#N/A"}},"Calibration Error","value outside range",{"$error":"#N/A"},{"$error":"#N/A"},{"$error":"#N/A"},{"$error":"#N/A"}]
[2020,4,3,1,43924.041666666548,13.7,"Valid",16.2,14.5,"Valid",17.5,null,null,13.7,16.2,14.5,17.5,14.5,17.5,13.7,16.2]
[2020,4,3,2,43924.083333333212,13.6,"Valid",16,15.9,"Valid",17.3,null,null,13.6,16,15.9,17.3,15.9,17.3,13.6,16]
[2020,4,3,3,43924.124999999876,14,"Valid",16,17.5,"Valid",17.399999999999999,null,null,14,16,17.5,17.399999999999999,17.5,17.399999999999999,14,16]
[2020,4,3,4,43924.166666666541,10.4,"Valid",15.6,15.1,"Valid",17.2,null,null,10.4,15.6,15.1,17.2,15.1,17.2,10.4,15.6]
[2020,4,3,5,43924.208333333205,17.100000000000001,"Valid",15.5,22.2,"Valid",17.3,null,null,17.100000000000001,15.5,22.2,17.3,22.2,17.3,17.100000000000001,15.5]
[2020,4,3,6,43924.249999999869,13.4,"Valid",15.4,18.899999999999999,"Valid",17.399999999999999,null,null,13.4,15.4,18.899999999999999,17.399999999999999,18.899999999999999,17.399999999999999,13.4,15.4]
[2020,4,3,7,43924.291666666533,6.7,"Valid",14.8,11.2,"Valid",17,null,null,6.7,14.8,11.2,17,11.2,17,6.7,14.8]
[2020,4,3,8,43924.333333333198,4.8,"Valid",14.3,7.1,"Valid",16.5,null,null,4.8,14.3,7.1,16.5,7.1,16.5,4.8,14.3]
[2020,4,3,9,43924.374999999862,20.6,"Valid",14.4,21.3,"Valid",16.600000000000001,null,null,20.6,14.4,21.3,16.600000000000001,21.3,16.600000000000001,20.6,14.4]
[2020,4,3,10,43924.416666666526,24.9,"Valid",15.2,27.9,"Valid",17.3,null,null,24.9,15.2,27.9,17.3,27.9,17.3,24.9,15.2]
[2020,4,3,11,43924.45833333319,0.4,"Valid",14.5,6.7,"Valid",16.7,null,null,0.4,14.5,6.7,16.7,6.7,16.7,0.4,14.5]
[2020,4,3,12,43924.499999999854,4.5999999999999996,"Valid",13.9,9.1,"Valid",16.3,null,null,4.5999999999999996,13.9,9.1,16.3,9.1,16.3,4.5999999999999996,13.9]
[2020,4,3,13,43924.541666666519,14.8,"Valid",14.3,20.9,"Valid",16.7,null,null,14.8,14.3,20.9,16.7,20.9,16.7,14.8,14.3]
[2020,4,3,14,43924.583333333183,12.1,"Valid",14.4,17.5,"Valid",16.899999999999999,null,null,12.1,14.4,17.5,16.899999999999999,17.5,16.899999999999999,12.1,14.4]
[2020,4,3,15,43924.624999999847,{"$f":"NA()","v":{"$error":"#N/A"}},"Invalid",{"$f":"NA()","v":{"$error":"#N/A"}},{"$f":"NA()","v":{"$error":"#N/A"}},"Invalid",{"$f":"NA()","v":{"$error":"#N/A"}},"Calibration Error","value outside range",{"$error":"#N/A"},{"$error":"#N/A"},{"$error":"#N/A"},{"$error":"#N/A"}]
[2020,4,3,16,43924.666666666511,{"$f":"NA()","v":{"$error":"#N/A"}},"Invalid",{"$f":"NA()","v":{"$error":"#N/A"}},{"$f":"NA()","v":{"$error":"#N/A"}},"Invalid",{"$f":"NA()","v":{"$error":"#N/A"}},"Calibration Error","value outside range",{"$f":"IF(G66=\"Valid\", F66, NA())","v":{"$error":"#N/A"}},{"$f":"IF(G66=\"Valid\", H66, NA())","v":{"$error":"#N/A"}},{"$f":"IF(J66=\"Valid\", I66, NA())","v":{"$error":"#N/A"}},{"$f":"IF(J66=\"Valid\", K66, NA())","v":{"$error":"#N/A"}}]
[2020,4,3,17,43924.708333333176,{"$f":"NA()","v":{"$error":"#N/A"}},"Invalid",{"$f":"NA()","v":{"$error":"#N/A"}},{"$f":"NA()","v":{"$error":"#N/A"}},"Invalid",{"$f":"NA()","v":{"$error":"#N/A"}},"Calibration Error","value outside range",{"$error":"#N/A"},{"$error":"#N/A"},{"$error":"#N/A"},{"$error":"#N/A"}]
[{"$f":"A67","v":2020},4,3,{"$f":"IF(D67=23,0,D67+1)","v":18},{"$f":"E67+0.0416666666666666","v":43924.74999999984},{"$f":"NA()","v":{"$error":"#N/A"}},"Invalid",{"$f":"NA()","v":{"$error":"#N/A"}},{"$f":"NA()","v":{"$error":"#N/A"}},"Invalid",{"$f":"NA()","v":{"$error":"#N/A"}},"Calibration Error","value outside range",{"$error":"#N/A"},{"$error":"#N/A"},{"$error":"#N/A"},{"$error":"#N/A"}]
[2020,4,3,19,43924.791666666504,{"$f":"NA()","v":{"$error":"#N/A"}},"Invalid",{"$f":"NA()","v":{"$error":"#N/A"}},{"$f":"NA()","v":{"$error":"#N/A"}},"Invalid",{"$f":"NA()","v":{"$error":"#N/A"}},"Calibration Error","value outside range",{"$error":"#N/A"},{"$error":"#N/A"},{"$error":"#N/A"},{"$error":"#N/A"}]
[2020,4,3,20,43924.833333333168,{"$f":"NA()","v":{"$error":"#N/A"}},"Invalid",{"$f":"NA()","v":{"$error":"#N/A"}},{"$f":"NA()","v":{"$error":"#N/A"}},"Invalid",{"$f":"NA()","v":{"$error":"#N/A"}},"Calibration Error","value outside range",{"$error":"#N/A"},{"$error":"#N/A"},{"$error":"#N/A"},{"$error":"#N/A"}]
[2020,4,3,21,43924.874999999833,{"$f":"NA()","v":{"$error":"#N/A"}},"Invalid",{"$f":"NA()","v":{"$error":"#N/A"}},{"$f":"NA()","v":{"$error":"#N/A"}},"Invalid",{"$f":"NA()","v":{"$error":"#N/A"}},"Calibration Error","value outside range",{"$error":"#N/A"},{"$error":"#N/A"},{"$error":"#N/A"},{"$error":"#N/A"}]
[2020,4,3,22,43924.916666666497,{"$f":"NA()","v":{"$error":"#N/A"}},"Invalid",{"$f":"NA()","v":{"$error":"#N/A"}},{"$f":"NA()","v":{"$error":"#N/A"}},"Invalid",{"$f":"NA()","v":{"$error":"#N/A"}},"Calibration Error","value outside range",{"$error":"#N/A"},{"$error":"#N/A"},{"$error":"#N/A"},{"$error":"#N/A"}]
[2020,4,3,23,43924.958333333161,{"$f":"NA()","v":{"$error":"#N/A"}},"Invalid",{"$f":"NA()","v":{"$error":"#N/A"}},{"$f":"NA()","v":{"$error":"#N/A"}},"Invalid",{"$f":"NA()","v":{"$error":"#N/A"}},"Calibration Error","value outside range",{"$error":"#N/A"},{"$error":"#N/A"},{"$error":"#N/A"},{"$error":"#N/A"}]
[2020,4,4,0,43924.999999999825,{"$f":"NA()","v":{"$error":"#N/A"}},"Invalid",{"$f":"NA()","v":{"$error":"#N/A"}},{"$f":"NA()","v":{"$error":"#N/A"}},"Invalid",{"$f":"NA()","v":{"$error":"#N/A"}},"Calibration Error","value outside range",{"$error":"#N/A"},{"$error":"#N/A"},{"$error":"#N/A"},{"$error":"#N/A"}]
[2020,4,4,1,43925.04166666649,{"$f":"NA()","v":{"$error":"#N/A"}},"Invalid",{"$f":"NA()","v":{"$error":"#N/A"}},{"$f":"NA()","v":{"$error":"#N/A"}},"Invalid",{"$f":"NA()","v":{"$error":"#N/A"}},"Calibration Error","value outside range",{"$error":"#N/A"},{"$error":"#N/A"},{"$error":"#N/A"},{"$error":"#N/A"}]
[2020,4,4,2,43925.083333333154,{"$f":"NA()","v":{"$error":"#N/A"}},"Invalid",{"$f":"NA()","v":{"$error":"#N/A"}},{"$f":"NA()","v":{"$error":"#N/A"}},"Invalid",{"$f":"NA()","v":{"$error":"#N/A"}},"Calibration Error","value outside range",{"$error":"#N/A"},{"$error":"#N/A"},{"$error":"#N/A"},{"$error":"#N/A"}]
[2020,4,4,3,43925.124999999818,{"$f":"NA()","v":{"$error":"#N/A"}},"Invalid",{"$f":"NA()","v":{"$error":"#N/A"}},{"$f":"NA()","v":{"$error":"#N/A"}},"Invalid",{"$f":"NA()","v":{"$error":"#N/A"}},"Calibration Error","value outside range",{"$error":"#N/A"},{"$error":"#N/A"},{"$error":"#N/A"},{"$error":"#N/A"}]
[2020,4,4,4,43925.166666666482,{"$f":"NA()","v":{"$error":"#N/A"}},"Invalid",{"$f":"NA()","v":{"$error":"#N/A"}},{"$f":"NA()","v":{"$error":"#N/A"}},"Invalid",{"$f":"NA()","v":{"$error":"#N/A"}},"Calibration Error","value outside range",{"$error":"#N/A"},{"$error":"#N/A"},{"$error":"#N/A"},{"$error":"#N/A"}]
[2020,4,4,5,43925.208333333147,{"$f":"NA()","v":{"$error":"#N/A"}},"Invalid",{"$f":"NA()","v":{"$error":"#N/A"}},{"$f":"NA()","v":{"$error":"#N/A"}},"Invalid",{"$f":"NA()","v":{"$error":"#N/A"}},"Calibration Error","value outside range",{"$error":"#N/A"},{"$error":"#N/A"},{"$error":"#N/A"},{"$error":"#N/A"}]
[2020,4,4,6,43925.249999999811,{"$f":"NA()","v":{"$error":"#N/A"}},"Invalid",{"$f":"NA()","v":{"$error":"#N/A"}},{"$f":"NA()","v":{"$error":"#N/A"}},"Invalid",{"$f":"NA()","v":{"$error":"#N/A"}},"Calibration Error","value outside range",{"$error":"#N/A"},{"$error":"#N/A"},{"$error":"#N/A"},{"$error":"#N/A"}]
[2020,4,4,7,43925.291666666475,{"$f":"NA()","v":{"$error":"#N/A"}},"Invalid",{"$f":"NA()","v":{"$error":"#N/A"}},{"$f":"NA()","v":{"$error":"#N/A"}},"Invalid",{"$f":"NA()","v":{"$error":"#N/A"}},"Calibration Error","value outside range",{"$error":"#N/A"},{"$error":"#N/A"},{"$error":"#N/A"},{"$error":"#N/A"}]
[2020,4,4,8,43925.333333333139,{"$f":"NA()","v":{"$error":"#N/A"}},"Invalid",{"$f":"NA()","v":{"$error":"#N/A"}},{"$f":"NA()","v":{"$error":"#N/A"}},"Invalid",{"$f":"NA()","v":{"$error":"#N/A"}},"Calibration Error","value outside range",{"$error":"#N/A"},{"$error":"#N/A"},{"$error":"#N/A"},{"$error":"#N/A"}]
[2020,4,4,9,43925.374999999804,{"$f":"NA()","v":{"$error":"#N/A"}},"Invalid",{"$f":"NA()","v":{"$error":"#N/A"}},{"$f":"NA()","v":{"$error":"#N/A"}},"Invalid",{"$f":"NA()","v":{"$error":"#N/A"}},"Calibration Error","value outside range",{"$error":"#N/A"},{"$error":"#N/A"},{"$error":"#N/A"},{"$error":"#N/A"}]
[2020,4,4,10,43925.416666666468,8.1999999999999993,"Valid",9,8.6999999999999993,"Valid",9.1,null,null,8.1999999999999993,9,8.6999999999999993,9.1,8.6999999999999993,9.1,8.1999999999999993,9]
[2020,4,4,11,43925.458333333132,8.8000000000000007,"Valid",9.4,11.9,"Valid",9.4,null,null,8.8000000000000007,9.4,11.9,9.4,11.9,9.4,8.8000000000000007,9.4]
[2020,4,4,12,43925.499999999796,22.2,"Valid",10.199999999999999,43.2,"Valid",10.8,null,null,22.2,10.199999999999999,43.2,10.8,43.2,10.8,22.2,10.199999999999999]
[2020,4,4,13,43925.541666666461,12.5,"Valid",10,37.799999999999997,"Valid",11.4,null,null,12.5,10,37.799999999999997,11.4,37.799999999999997,11.4,12.5,10]
[2020,4,4,14,43925.583333333125,7.1,"Valid",9.8000000000000007,37.799999999999997,"Valid",12.3,null,null,7.1,9.8000000000000007,37.799999999999997,12.3,37.799999999999997,12.3,7.1,9.8000000000000007]
[2020,4,4,15,43925.624999999789,12.6,"Valid",9.9,89.6,"Valid",15.6,null,null,12.6,9.9,89.6,15.6,89.6,15.6,12.6,9.9]
[2020,4,4,16,43925.666666666453,6.2,"Valid",9.6999999999999993,27.8,"Valid",16.399999999999999,null,null,6.2,9.6999999999999993,27.8,16.399999999999999,27.8,16.399999999999999,6.2,9.6999999999999993]
[2020,{"$f":"B90","v":4},{"$f":"C67+1","v":4},17,43925.708333333117,14.1,"Valid",9.9,18.2,"Valid",16.8,null,null,14.1,9.9,18.2,16.8,18.2,16.8,14.1,9.9]
[2020,4,4,18,43925.749999999782,5.8,"Valid",9.6999999999999993,8.1,"Valid",16.7,null,null,5.8,9.6999999999999993,8.1,16.7,8.1,16.7,5.8,9.6999999999999993]
[2020,4,4,19,43925.791666666446,0.1,"Valid",9.1,3,"Valid",16.2,null,null,0.1,9.1,3,16.2,3,16.2,0.1,9.1]
[2020,4,4,20,43925.83333333311,5.3,"Valid",8.9,8,"Valid",16.100000000000001,null,null,5.3,8.9,8,16.100000000000001,8,16.100000000000001,5.3,8.9]
[2020,4,4,21,43925.874999999774,7,"Valid",8.8000000000000007,9.3000000000000007,"Valid",16.100000000000001,null,null,7,8.8000000000000007,9.3000000000000007,16.100000000000001,9.3000000000000007,16.100000000000001,7,8.8000000000000007]
[2020,4,4,22,43925.916666666439,23.4,"Valid",9.4,25.7,"Valid",16.8,null,null,23.4,9.4,25.7,16.8,25.7,16.8,23.4,9.4]
[2020,4,4,23,43925.958333333103,15.1,"Valid",9.6,16.5,"Valid",17.100000000000001,null,null,15.1,9.6,16.5,17.100000000000001,16.5,17.100000000000001,15.1,9.6]
[2020,4,5,0,43925.999999999767,18.3,"Valid",10,19.3,"Valid",17.600000000000001,null,null,18.3,10,19.3,17.600000000000001,19.3,17.600000000000001,18.3,10]
[2020,4,5,1,43926.041666666431,7.2,"Valid",9.6999999999999993,8.1,"Valid",17.3,null,null,7.2,9.6999999999999993,8.1,17.3,8.1,17.3,7.2,9.6999999999999993]
[2020,4,5,2,43926.083333333096,11,"Valid",10,12,"Valid",17.8,null,null,11,10,12,17.8,12,17.8,11,10]
[2020,4,5,3,43926.12499999976,4.0999999999999996,"Valid",9.6,5.7,"Valid",17.600000000000001,null,null,4.0999999999999996,9.6,5.7,17.600000000000001,5.7,17.600000000000001,4.0999999999999996,9.6]
[2020,4,5,4,43926.166666666424,19.5,"Valid",10.4,20.6,"Valid",18.399999999999999,null,null,19.5,10.4,20.6,18.399999999999999,20.6,18.399999999999999,19.5,10.4]
[2020,4,5,5,43926.208333333088,7.3,"Valid",10.5,8.5,"Valid",18.5,null,null,7.3,10.5,8.5,18.5,8.5,18.5,7.3,10.5]
[2020,4,5,6,43926.249999999753,13,"Valid",10.5,14.1,"Valid",18.600000000000001,null,null,13,10.5,14.1,18.600000000000001,14.1,18.600000000000001,13,10.5]
[2020,4,5,7,43926.291666666417,6.6,"Valid",10.4,8.1999999999999993,"Valid",18.7,null,null,6.6,10.4,8.1999999999999993,18.7,8.1999999999999993,18.7,6.6,10.4]
[2020,4,5,8,43926.333333333081,4.8,"Valid",10.4,6.8,"Valid",18.8,null,null,4.8,10.4,6.8,18.8,6.8,18.8,4.8,10.4]
[2020,4,5,9,43926.374999999745,9.1999999999999993,"Valid",10.5,10.8,"Valid",19.100000000000001,null,null,9.1999999999999993,10.5,10.8,19.100000000000001,10.8,19.100000000000001,9.1999999999999993,10.5]
[2020,4,5,10,43926.41666666641,21.6,"Valid",11.1,29.2,"Valid",19.899999999999999,null,null,21.6,11.1,29.2,19.899999999999999,29.2,19.899999999999999,21.6,11.1]
[2020,4,5,11,43926.458333333074,16.7,"Valid",10.9,32.5,"Valid",19.5,null,null,16.7,10.9,32.5,19.5,32.5,19.5,16.7,10.9]
[2020,4,5,12,43926.499999999738,21.3,"Valid",11.3,39.9,"Valid",19.7,null,null,21.3,11.3,39.9,19.7,39.9,19.7,21.3,11.3]
[2020,4,5,13,43926.541666666402,27.2,"Valid",12.2,51.2,"Valid",20.3,null,null,27.2,12.2,51.2,20.3,51.2,20.3,27.2,12.2]
[2020,4,5,14,43926.583333333067,9,"Valid",12.1,33.9,"Valid",18.2,null,null,9,12.1,33.9,18.2,33.9,18.2,9,12.1]
[2020,4,5,15,43926.624999999731,5.2,"Valid",12.1,24.4,"Valid",18.100000000000001,null,null,5.2,12.1,24.4,18.100000000000001,24.4,18.100000000000001,5.2,12.1]
[2020,4,5,16,43926.666666666395,10.199999999999999,"Valid",12,30.7,"Valid",18.600000000000001,null,null,10.199999999999999,12,30.7,18.600000000000001,30.7,18.600000000000001,10.199999999999999,12]
[2020,4,5,17,43926.708333333059,0.1,"Valid",11.7,19.7,"Valid",19,null,null,0.1,11.7,19.7,19,19.7,19,0.1,11.7]
[2020,4,5,18,43926.749999999724,9.3000000000000007,"Valid",12,26.9,"Valid",19.899999999999999,null,null,9.3000000000000007,12,26.9,19.899999999999999,26.9,19.899999999999999,9.3000000000000007,12]
[2020,4,5,19,43926.791666666388,9.5,"Valid",12,24.6,"Valid",20.399999999999999,null,null,9.5,12,24.6,20.399999999999999,24.6,20.399999999999999,9.5,12]
[2020,4,5,20,43926.833333333052,5.8,"Valid",11.9,18.100000000000001,"Valid",20.6,null,null,5.8,11.9,18.100000000000001,20.6,18.100000000000001,20.6,5.8,11.9]
[2020,4,5,21,43926.874999999716,1.1000000000000001,"Valid",11,11.5,"Valid",20,null,null,1.1000000000000001,11,11.5,20,11.5,20,1.1000000000000001,11]
[2020,4,5,22,43926.91666666638,12.4,"Valid",10.9,24.3,"Valid",20.399999999999999,null,null,12.4,10.9,24.3,20.399999999999999,24.3,20.399999999999999,12.4,10.9]
[2020,4,5,23,43926.958333333045,6,"Valid",10.3,18.8,"Valid",20.2,null,null,6,10.3,18.8,20.2,18.8,20.2,6,10.3]
[2020,4,6,0,43926.999999999709,14.1,"Valid",10.5,24.7,"Valid",20.8,null,null,14.1,10.5,24.7,20.8,24.7,20.8,14.1,10.5]
[2020,4,6,1,43927.041666666373,5.9,"Valid",10.3,16.5,"Valid",21,null,null,5.9,10.3,16.5,21,16.5,21,5.9,10.3]
[2020,4,6,2,43927.083333333037,12.7,"Valid",10.3,21.7,"Valid",21.3,null,null,12.7,10.3,21.7,21.3,21.7,21.3,12.7,10.3]
[2020,4,6,3,43927.124999999702,8.4,"Valid",10.5,17.600000000000001,"Valid",21.8,null,null,8.4,10.5,17.600000000000001,21.8,17.600000000000001,21.8,8.4,10.5]
[2020,4,6,4,43927.166666666366,12.9,"Valid",10.199999999999999,22.8,"Valid",21.9,null,null,12.9,10.199999999999999,22.8,21.9,22.8,21.9,12.9,10.199999999999999]
[2020,4,6,5,43927.20833333303,15.7,"Valid",10.5,26.9,"Valid",22.6,null,null,15.7,10.5,26.9,22.6,26.9,22.6,15.7,10.5]
[2020,4,6,6,43927.249999999694,14.9,"Valid",10.6,23,"Valid",23,null,null,14.9,10.6,23,23,23,23,14.9,10.6]
[2020,4,6,7,43927.291666666359,9.9,"Valid",10.8,18.7,"Valid",23.6,null,null,9.9,10.8,18.7,23.6,18.7,23.6,9.9,10.8]
[2020,4,6,8,43927.333333333023,7.6,"Valid",11.1,15.4,"Valid",24.2,null,null,{"$f":"IF(G130=\"Valid\", F130, NA())","v":7.6},{"$f":"IF(G130=\"Valid\", H130, NA())","v":11.1},{"$f":"IF(J130=\"Valid\", I130, NA())","v":15.4},{"$f":"IF(J130=\"Valid\", K130, NA())","v":24.2},15.4,24.2,7.6,11.1]
[2020,4,6,9,43927.374999999687,20.5,"Valid",11.6,38.700000000000003,"Valid",25.5,null,null,20.5,11.6,38.700000000000003,25.5,38.700000000000003,25.5,20.5,11.6]
[{"$f":"A131","v":2020},4,6,{"$f":"IF(D131=23,0,D131+1)","v":10},{"$f":"E131+0.0416666666666666","v":43927.416666666351},19.8,"Valid",11.6,27,"Valid",25.6,null,null,19.8,11.6,27,25.6,27,25.6,19.8,11.6]
[2020,4,6,11,43927.458333333016,13.9,"Valid",11.6,15.5,"Valid",25,null,null,13.9,11.6,15.5,25,15.5,25,13.9,11.6]
[2020,4,6,12,43927.49999999968,16.100000000000001,"Valid",11.4,21.9,"Valid",24.4,null,null,16.100000000000001,11.4,21.9,24.4,21.9,24.4,16.100000000000001,11.4]
[2020,4,6,13,43927.541666666344,24.7,"Valid",11.3,26.4,"Valid",23.4,null,null,24.7,11.3,26.4,23.4,26.4,23.4,24.7,11.3]
[2020,4,6,14,43927.583333333008,2.1,"Valid",11,3.6,"Valid",22.1,null,null,2.1,11,3.6,22.1,3.6,22.1,2.1,11]
[2020,4,6,15,43927.624999999673,13,"Valid",11.4,17.7,"Valid",21.9,null,null,13,11.4,17.7,21.9,17.7,21.9,13,11.4]
[2020,4,6,16,43927.666666666337,15.5,"Valid",11.6,20.6,"Valid",21.5,null,null,15.5,11.6,20.6,21.5,20.6,21.5,15.5,11.6]
[2020,4,6,17,43927.708333333001,8.1999999999999993,"Valid",11.9,9.9,"Valid",20.9,null,null,8.1999999999999993,11.9,9.9,20.9,9.9,20.9,8.1999999999999993,11.9]
[2020,4,6,18,43927.749999999665,8.6,"Valid",11.8,8.8000000000000007,"Valid",20.100000000000001,null,null,8.6,11.8,8.8000000000000007,20.100000000000001,8.8000000000000007,20.100000000000001,8.6,11.8]
[2020,4,6,19,43927.79166666633,10.6,"Valid",11.8,12.9,"Valid",19.600000000000001,null,null,10.6,11.8,12.9,19.600000000000001,12.9,19.600000000000001,10.6,11.8]
[2020,4,6,20,43927.833333332994,14.9,"Valid",12.1,14.9,"Valid",19.3,null,null,14.9,12.1,14.9,19.3,14.9,19.3,14.9,12.1]
[2020,4,6,21,43927.874999999658,10.8,"Valid",12.5,11.4,"Valid",19.2,null,null,10.8,12.5,11.4,19.2,11.4,19.2,10.8,12.5]
[2020,4,6,22,43927.916666666322,13.3,"Valid",12.5,14.9,"Valid",18.8,null,null,13.3,12.5,14.9,18.8,14.9,18.8,13.3,12.5]
[2020,4,6,23,43927.958333332987,11,"Valid",12.6,12.6,"Valid",18.399999999999999,null,null,11,12.6,12.6,18.399999999999999,12.6,18.399999999999999,11,12.6]
[2020,4,7,0,43927.999999999651,2.4,"Valid",12.1,3.7,"Valid",17.5,null,null,2.4,12.1,3.7,17.5,3.7,17.5,2.4,12.1]
[2020,4,7,1,43928.041666666315,4.8,"Valid",12,5.6,"Valid",17,null,null,4.8,12,5.6,17,5.6,17,4.8,12]
[2020,4,7,2,43928.083333332979,21.2,"Valid",12.4,24.6,"Valid",17.100000000000001,null,null,21.2,12.4,24.6,17.100000000000001,24.6,17.100000000000001,21.2,12.4]
[2020,4,7,3,43928.124999999643,9.1,"Valid",12.3,11.2,"Valid",16.8,null,null,9.1,12.3,11.2,16.8,11.2,16.8,9.1,12.3]
[2020,4,7,4,43928.166666666308,30.6,"Valid",13.1,38.1,"Valid",17.399999999999999,null,null,30.6,13.1,38.1,17.399999999999999,38.1,17.399999999999999,30.6,13.1]
[2020,4,7,5,43928.208333332972,12.2,"Valid",12.9,14.1,"Valid",16.899999999999999,null,null,12.2,12.9,14.1,16.899999999999999,14.1,16.899999999999999,12.2,12.9]
[2020,4,7,6,43928.249999999636,14.6,"Valid",12.9,14.9,"Valid",16.5,null,null,14.6,12.9,14.9,16.5,14.9,16.5,14.6,12.9]
[2020,4,7,7,43928.2916666663,19.5,"Valid",13.4,20.3,"Valid",16.600000000000001,null,null,19.5,13.4,20.3,16.600000000000001,20.3,16.600000000000001,19.5,13.4]
[2020,4,7,8,43928.333333332965,15.6,"Valid",13.8,16.100000000000001,"Valid",16.8,null,null,15.6,13.8,16.100000000000001,16.8,16.100000000000001,16.8,15.6,13.8]
[2020,{"$f":"B154","v":4},{"$f":"C131+1","v":7},9,43928.374999999629,12.9,"Valid",13.7,20.5,"Valid",16.2,null,null,12.9,13.7,20.5,16.2,20.5,16.2,12.9,13.7]
[2020,4,7,10,43928.416666666293,15.2,"Valid",13.5,16,"Valid",15.9,null,null,15.2,13.5,16,15.9,16,15.9,15.2,13.5]
[2020,4,7,11,43928.458333332957,39.299999999999997,"Valid",14.6,41,"Valid",17,null,null,39.299999999999997,14.6,41,17,41,17,39.299999999999997,14.6]
[2020,4,7,12,43928.499999999622,14.2,"Valid",14.6,15.9,"Valid",16.8,null,null,14.2,14.6,15.9,16.8,15.9,16.8,14.2,14.6]
[2020,4,7,13,43928.541666666286,-0.7,"Valid",13.6,4.3,"Valid",15.9,null,null,-0.7,13.6,4.3,15.9,4.3,15.9,-0.7,13.6]
[2020,4,7,14,43928.58333333295,24.9,"Valid",14.6,25.2,"Valid",16.899999999999999,null,null,24.9,14.6,25.2,16.899999999999999,25.2,16.899999999999999,24.9,14.6]
[2020,4,7,15,43928.624999999614,{"$f":"NA()","v":{"$error":"#N/A"}},"Invalid",{"$f":"NA()","v":{"$error":"#N/A"}},{"$f":"NA()","v":{"$error":"#N/A"}},"Invalid",{"$f":"NA()","v":{"$error":"#N/A"}},"Power failure","no data",{"$error":"#N/A"},{"$error":"#N/A"},{"$error":"#N/A"},{"$error":"#N/A"}]
[2020,4,7,16,43928.666666666279,{"$f":"NA()","v":{"$error":"#N/A"}},"Invalid",{"$f":"NA()","v":{"$error":"#N/A"}},{"$f":"NA()","v":{"$error":"#N/A"}},"Invalid",{"$f":"NA()","v":{"$error":"#N/A"}},"Power failure","no data",{"$error":"#N/A"},{"$error":"#N/A"},{"$error":"#N/A"},{"$error":"#N/A"}]
[2020,4,7,17,43928.708333332943,{"$f":"NA()","v":{"$error":"#N/A"}},"Invalid",{"$f":"NA()","v":{"$error":"#N/A"}},{"$f":"NA()","v":{"$error":"#N/A"}},"Invalid",{"$f":"NA()","v":{"$error":"#N/A"}},"Power failure","no data",{"$error":"#N/A"},{"$error":"#N/A"},{"$error":"#N/A"},{"$error":"#N/A"}]
[2020,4,7,18,43928.749999999607,9.8000000000000007,"Valid",13.3,11.8,"Valid",15.2,null,null,9.8000000000000007,13.3,11.8,15.2,11.8,15.2,9.8000000000000007,13.3]
[2020,4,7,19,43928.791666666271,15.2,"Valid",13.5,16.2,"Valid",15.4,null,null,15.2,13.5,16.2,15.4,16.2,15.4,15.2,13.5]
[2020,4,7,20,43928.833333332936,{"$f":"NA()","v":{"$error":"#N/A"}},"Invalid",{"$f":"NA()","v":{"$error":"#N/A"}},{"$f":"NA()","v":{"$error":"#N/A"}},"Invalid",{"$f":"NA()","v":{"$error":"#N/A"}},"Calibration Error","value outside range",{"$error":"#N/A"},{"$error":"#N/A"},{"$error":"#N/A"},{"$error":"#N/A"}]
[2020,4,7,21,43928.8749999996,{"$f":"NA()","v":{"$error":"#N/A"}},"Invalid",{"$f":"NA()","v":{"$error":"#N/A"}},{"$f":"NA()","v":{"$error":"#N/A"}},"Invalid",{"$f":"NA()","v":{"$error":"#N/A"}},"Calibration Error","value outside range",{"$error":"#N/A"},{"$error":"#N/A"},{"$error":"#N/A"},{"$error":"#N/A"}]
[2020,4,7,22,43928.916666666264,{"$f":"NA()","v":{"$error":"#N/A"}},"Invalid",{"$f":"NA()","v":{"$error":"#N/A"}},{"$f":"NA()","v":{"$error":"#N/A"}},"Invalid",{"$f":"NA()","v":{"$error":"#N/A"}},"Calibration Error","value outside range",{"$error":"#N/A"},{"$error":"#N/A"},{"$error":"#N/A"},{"$error":"#N/A"}]
[2020,4,7,23,43928.958333332928,{"$f":"NA()","v":{"$error":"#N/A"}},"Invalid",{"$f":"NA()","v":{"$error":"#N/A"}},{"$f":"NA()","v":{"$error":"#N/A"}},"Invalid",{"$f":"NA()","v":{"$error":"#N/A"}},"Calibration Error","value outside range",{"$error":"#N/A"},{"$error":"#N/A"},{"$error":"#N/A"},{"$error":"#N/A"}]
[2020,4,8,0,43928.999999999593,{"$f":"NA()","v":{"$error":"#N/A"}},"Invalid",{"$f":"NA()","v":{"$error":"#N/A"}},{"$f":"NA()","v":{"$error":"#N/A"}},"Invalid",{"$f":"NA()","v":{"$error":"#N/A"}},"Calibration Error","value outside range",{"$error":"#N/A"},{"$error":"#N/A"},{"$error":"#N/A"},{"$error":"#N/A"}]
[2020,4,8,1,43929.041666666257,{"$f":"NA()","v":{"$error":"#N/A"}},"Invalid",{"$f":"NA()","v":{"$error":"#N/A"}},{"$f":"NA()","v":{"$error":"#N/A"}},"Invalid",{"$f":"NA()","v":{"$error":"#N/A"}},"Calibration Error","value outside range",{"$error":"#N/A"},{"$error":"#N/A"},{"$error":"#N/A"},{"$error":"#N/A"}]
[2020,4,8,2,43929.083333332921,{"$f":"NA()","v":{"$error":"#N/A"}},"Invalid",{"$f":"NA()","v":{"$error":"#N/A"}},{"$f":"NA()","v":{"$error":"#N/A"}},"Invalid",{"$f":"NA()","v":{"$error":"#N/A"}},"Calibration Error","value outside range",{"$error":"#N/A"},{"$error":"#N/A"},{"$error":"#N/A"},{"$error":"#N/A"}]
[2020,4,8,3,43929.124999999585,{"$f":"NA()","v":{"$error":"#N/A"}},"Invalid",{"$f":"NA()","v":{"$error":"#N/A"}},{"$f":"NA()","v":{"$error":"#N/A"}},"Invalid",{"$f":"NA()","v":{"$error":"#N/A"}},"Calibration Error","value outside range",{"$error":"#N/A"},{"$error":"#N/A"},{"$error":"#N/A"},{"$error":"#N/A"}]
[2020,4,8,4,43929.16666666625,{"$f":"NA()","v":{"$error":"#N/A"}},"Invalid",{"$f":"NA()","v":{"$error":"#N/A"}},{"$f":"NA()","v":{"$error":"#N/A"}},"Invalid",{"$f":"NA()","v":{"$error":"#N/A"}},"Calibration Error","value outside range",{"$error":"#N/A"},{"$error":"#N/A"},{"$error":"#N/A"},{"$error":"#N/A"}]
[2020,4,8,5,43929.208333332914,{"$f":"NA()","v":{"$error":"#N/A"}},"Invalid",{"$f":"NA()","v":{"$error":"#N/A"}},{"$f":"NA()","v":{"$error":"#N/A"}},"Invalid",{"$f":"NA()","v":{"$error":"#N/A"}},"Calibration Error","value outside range",{"$error":"#N/A"},{"$error":"#N/A"},{"$error":"#N/A"},{"$error":"#N/A"}]
[2020,4,8,6,43929.249999999578,{"$f":"NA()","v":{"$error":"#N/A"}},"Invalid",{"$f":"NA()","v":{"$error":"#N/A"}},{"$f":"NA()","v":{"$error":"#N/A"}},"Invalid",{"$f":"NA()","v":{"$error":"#N/A"}},"Calibration Error","value outside range",{"$error":"#N/A"},{"$error":"#N/A"},{"$error":"#N/A"},{"$error":"#N/A"}]
[2020,4,8,7,43929.291666666242,{"$f":"NA()","v":{"$error":"#N/A"}},"Invalid",{"$f":"NA()","v":{"$error":"#N/A"}},{"$f":"NA()","v":{"$error":"#N/A"}},"Invalid",{"$f":"NA()","v":{"$error":"#N/A"}},"Calibration Error","value outside range",{"$error":"#N/A"},{"$error":"#N/A"},{"$error":"#N/A"},{"$error":"#N/A"}]
[2020,4,8,8,43929.333333332906,24.8,"Valid",11.6,26.8,"Valid",11.9,null,null,24.8,11.6,26.8,11.9,26.8,11.9,24.8,11.6]
[2020,4,8,9,43929.374999999571,11.8,"Valid",11.6,32.299999999999997,"Valid",12.4,null,null,11.8,11.6,32.299999999999997,12.4,32.299999999999997,12.4,11.8,11.6]
[2020,4,8,10,43929.416666666235,13.4,"Valid",11.5,20.100000000000001,"Valid",12.6,null,null,13.4,11.5,20.100000000000001,12.6,20.100000000000001,12.6,13.4,11.5]
[2020,4,8,11,43929.458333332899,{"$f":"NA()","v":{"$error":"#N/A"}},"Invalid",{"$f":"NA()","v":{"$error":"#N/A"}},{"$f":"NA()","v":{"$error":"#N/A"}},"Invalid",{"$f":"NA()","v":{"$error":"#N/A"}},"Calibration Error","value outside range",{"$error":"#N/A"},{"$error":"#N/A"},{"$error":"#N/A"},{"$error":"#N/A"}]
[2020,4,8,12,43929.499999999563,{"$f":"NA()","v":{"$error":"#N/A"}},"Invalid",{"$f":"NA()","v":{"$error":"#N/A"}},{"$f":"NA()","v":{"$error":"#N/A"}},"Invalid",{"$f":"NA()","v":{"$error":"#N/A"}},"Calibration Error","value outside range",{"$error":"#N/A"},{"$error":"#N/A"},{"$error":"#N/A"},{"$error":"#N/A"}]
[2020,4,8,13,43929.541666666228,{"$f":"NA()","v":{"$error":"#N/A"}},"Invalid",{"$f":"NA()","v":{"$error":"#N/A"}},{"$f":"NA()","v":{"$error":"#N/A"}},"Invalid",{"$f":"NA()","v":{"$error":"#N/A"}},"Calibration Error","value outside range",{"$error":"#N/A"},{"$error":"#N/A"},{"$error":"#N/A"},{"$error":"#N/A"}]
[2020,4,8,14,43929.583333332892,8.9,"Valid",10.4,11.6,"Valid",11.2,null,null,8.9,10.4,11.6,11.2,11.6,11.2,8.9,10.4]
[2020,4,8,15,43929.624999999556,5.5,"Valid",10.199999999999999,7.3,"Valid",11,null,null,5.5,10.199999999999999,7.3,11,7.3,11,5.5,10.199999999999999]
[2020,4,8,16,43929.66666666622,18.600000000000001,"Valid",10.5,21.6,"Valid",11.4,null,null,18.600000000000001,10.5,21.6,11.4,21.6,11.4,18.600000000000001,10.5]
[2020,4,8,17,43929.708333332885,0.2,"Valid",10.5,5.0999999999999996,"Valid",11.5,null,null,0.2,10.5,5.0999999999999996,11.5,5.0999999999999996,11.5,0.2,10.5]
[2020,4,8,18,43929.749999999549,13.4,"Valid",10.5,18,"Valid",11.7,null,null,13.4,10.5,18,11.7,18,11.7,13.4,10.5]
[2020,4,8,19,43929.791666666213,19.2,"Valid",10.7,21.9,"Valid",11.9,null,null,19.2,10.7,21.9,11.9,21.9,11.9,19.2,10.7]
[2020,4,8,20,43929.833333332877,5.2,"Valid",10.4,6,"Valid",11.6,null,null,5.2,10.4,6,11.6,6,11.6,5.2,10.4]
[2020,4,8,21,43929.874999999542,{"$f":"NA()","v":{"$error":"#N/A"}},"Invalid",{"$f":"NA()","v":{"$error":"#N/A"}},{"$f":"NA()","v":{"$error":"#N/A"}},"Invalid",{"$f":"NA()","v":{"$error":"#N/A"}},"Calibration Error","value outside range",{"$error":"#N/A"},{"$error":"#N/A"},{"$error":"#N/A"},{"$error":"#N/A"}]
[2020,4,8,22,43929.916666666206,{"$f":"NA()","v":{"$error":"#N/A"}},"Invalid",{"$f":"NA()","v":{"$error":"#N/A"}},{"$f":"NA()","v":{"$error":"#N/A"}},"Invalid",{"$f":"NA()","v":{"$error":"#N/A"}},"Calibration Error","value outside range",{"$error":"#N/A"},{"$error":"#N/A"},{"$error":"#N/A"},{"$error":"#N/A"}]
[2020,4,8,23,43929.95833333287,{"$f":"NA()","v":{"$error":"#N/A"}},"Invalid",{"$f":"NA()","v":{"$error":"#N/A"}},{"$f":"NA()","v":{"$error":"#N/A"}},"Invalid",{"$f":"NA()","v":{"$error":"#N/A"}},"Calibration Error","value outside range",{"$error":"#N/A"},{"$error":"#N/A"},{"$error":"#N/A"},{"$error":"#N/A"}]
[2020,4,9,0,43929.999999999534,{"$f":"NA()","v":{"$error":"#N/A"}},"Invalid",{"$f":"NA()","v":{"$error":"#N/A"}},{"$f":"NA()","v":{"$error":"#N/A"}},"Invalid",{"$f":"NA()","v":{"$error":"#N/A"}},"Calibration Error","value outside range",{"$f":"IF(G194=\"Valid\", F194, NA())","v":{"$error":"#N/A"}},{"$f":"IF(G194=\"Valid\", H194, NA())","v":{"$error":"#N/A"}},{"$f":"IF(J194=\"Valid\", I194, NA())","v":{"$error":"#N/A"}},{"$f":"IF(J194=\"Valid\", K194, NA())","v":{"$error":"#N/A"}}]
[2020,4,9,1,43930.041666666199,{"$f":"NA()","v":{"$error":"#N/A"}},"Invalid",{"$f":"NA()","v":{"$error":"#N/A"}},{"$f":"NA()","v":{"$error":"#N/A"}},"Invalid",{"$f":"NA()","v":{"$error":"#N/A"}},"Calibration Error","value outside range",{"$error":"#N/A"},{"$error":"#N/A"},{"$error":"#N/A"},{"$error":"#N/A"}]
[{"$f":"A195","v":2020},4,9,{"$f":"IF(D195=23,0,D195+1)","v":2},{"$f":"E195+0.0416666666666666","v":43930.083333332863},{"$f":"NA()","v":{"$error":"#N/A"}},"Invalid",{"$f":"NA()","v":{"$error":"#N/A"}},{"$f":"NA()","v":{"$error":"#N/A"}},"Invalid",{"$f":"NA()","v":{"$error":"#N/A"}},"Calibration Error","value outside range",{"$error":"#N/A"},{"$error":"#N/A"},{"$error":"#N/A"},{"$error":"#N/A"}]
[2020,4,9,3,43930.124999999527,{"$f":"NA()","v":{"$error":"#N/A"}},"Invalid",{"$f":"NA()","v":{"$error":"#N/A"}},{"$f":"NA()","v":{"$error":"#N/A"}},"Invalid",{"$f":"NA()","v":{"$error":"#N/A"}},"Calibration Error","value outside range",{"$error":"#N/A"},{"$error":"#N/A"},{"$error":"#N/A"},{"$error":"#N/A"}]
[2020,4,9,4,43930.166666666191,{"$f":"NA()","v":{"$error":"#N/A"}},"Invalid",{"$f":"NA()","v":{"$error":"#N/A"}},{"$f":"NA()","v":{"$error":"#N/A"}},"Invalid",{"$f":"NA()","v":{"$error":"#N/A"}},"Calibration Error","value outside range",{"$error":"#N/A"},{"$error":"#N/A"},{"$error":"#N/A"},{"$error":"#N/A"}]
[2020,4,9,5,43930.208333332856,{"$f":"NA()","v":{"$error":"#N/A"}},"Invalid",{"$f":"NA()","v":{"$error":"#N/A"}},{"$f":"NA()","v":{"$error":"#N/A"}},"Invalid",{"$f":"NA()","v":{"$error":"#N/A"}},"Calibration Error","value outside range",{"$error":"#N/A"},{"$error":"#N/A"},{"$error":"#N/A"},{"$error":"#N/A"}]
[2020,4,9,6,43930.24999999952,{"$f":"NA()","v":{"$error":"#N/A"}},"Invalid",{"$f":"NA()","v":{"$error":"#N/A"}},{"$f":"NA()","v":{"$error":"#N/A"}},"Invalid",{"$f":"NA()","v":{"$error":"#N/A"}},"Calibration Error","value outside range",{"$error":"#N/A"},{"$error":"#N/A"},{"$error":"#N/A"},{"$error":"#N/A"}]
[2020,4,9,7,43930.291666666184,{"$f":"NA()","v":{"$error":"#N/A"}},"Invalid",{"$f":"NA()","v":{"$error":"#N/A"}},{"$f":"NA()","v":{"$error":"#N/A"}},"Invalid",{"$f":"NA()","v":{"$error":"#N/A"}},"Calibration Error","value outside range",{"$error":"#N/A"},{"$error":"#N/A"},{"$error":"#N/A"},{"$error":"#N/A"}]
[2020,4,9,8,43930.333333332848,{"$f":"NA()","v":{"$error":"#N/A"}},"Invalid",{"$f":"NA()","v":{"$error":"#N/A"}},{"$f":"NA()","v":{"$error":"#N/A"}},"Invalid",{"$f":"NA()","v":{"$error":"#N/A"}},"Calibration Error","value outside range",{"$error":"#N/A"},{"$error":"#N/A"},{"$error":"#N/A"},{"$error":"#N/A"}]
[2020,4,9,9,43930.374999999513,{"$f":"NA()","v":{"$error":"#N/A"}},"Invalid",{"$f":"NA()","v":{"$error":"#N/A"}},{"$f":"NA()","v":{"$error":"#N/A"}},"Invalid",{"$f":"NA()","v":{"$error":"#N/A"}},"Calibration Error","value outside range",{"$error":"#N/A"},{"$error":"#N/A"},{"$error":"#N/A"},{"$error":"#N/A"}]
[2020,4,9,10,43930.416666666177,{"$f":"NA()","v":{"$error":"#N/A"}},"Invalid",{"$f":"NA()","v":{"$error":"#N/A"}},{"$f":"NA()","v":{"$error":"#N/A"}},"Invalid",{"$f":"NA()","v":{"$error":"#N/A"}},"Calibration Error","value outside range",{"$error":"#N/A"},{"$error":"#N/A"},{"$error":"#N/A"},{"$error":"#N/A"}]
[2020,4,9,11,43930.458333332841,{"$f":"NA()","v":{"$error":"#N/A"}},"Invalid",{"$f":"NA()","v":{"$error":"#N/A"}},{"$f":"NA()","v":{"$error":"#N/A"}},"Invalid",{"$f":"NA()","v":{"$error":"#N/A"}},"Power failure","no data",{"$error":"#N/A"},{"$error":"#N/A"},{"$error":"#N/A"},{"$error":"#N/A"}]
[2020,4,9,12,43930.499999999505,{"$f":"NA()","v":{"$error":"#N/A"}},"Invalid",{"$f":"NA()","v":{"$error":"#N/A"}},{"$f":"NA()","v":{"$error":"#N/A"}},"Invalid",{"$f":"NA()","v":{"$error":"#N/A"}},"Power failure","no data",{"$error":"#N/A"},{"$error":"#N/A"},{"$error":"#N/A"},{"$error":"#N/A"}]
[2020,4,9,13,43930.541666666169,{"$f":"NA()","v":{"$error":"#N/A"}},"Invalid",{"$f":"NA()","v":{"$error":"#N/A"}},{"$f":"NA()","v":{"$error":"#N/A"}},"Invalid",{"$f":"NA()","v":{"$error":"#N/A"}},"Power failure","no data",{"$error":"#N/A"},{"$error":"#N/A"},{"$error":"#N/A"},{"$error":"#N/A"}]
[2020,4,9,14,43930.583333332834,{"$f":"NA()","v":{"$error":"#N/A"}},"Invalid",{"$f":"NA()","v":{"$error":"#N/A"}},{"$f":"NA()","v":{"$error":"#N/A"}},"Invalid",{"$f":"NA()","v":{"$error":"#N/A"}},"Power failure","no data",{"$error":"#N/A"},{"$error":"#N/A"},{"$error":"#N/A"},{"$error":"#N/A"}]
[2020,4,9,15,43930.624999999498,-1.1000000000000001,"Valid",9.3000000000000007,3.1,"Valid",9.1999999999999993,null,null,-1.1000000000000001,9.3000000000000007,3.1,9.1999999999999993,3.1,9.1999999999999993,-1.1000000000000001,9.3000000000000007]
[2020,4,9,16,43930.666666666162,2.1,"Valid",8.6,7.2,"Valid",8.5,null,null,2.1,8.6,7.2,8.5,7.2,8.5,2.1,8.6]
[2020,4,9,17,43930.708333332826,13.6,"Valid",9.1999999999999993,16.7,"Valid",9.1,null,null,13.6,9.1999999999999993,16.7,9.1,16.7,9.1,13.6,9.1999999999999993]
[2020,4,9,18,43930.749999999491,7.6,"Valid",8.9,14.2,"Valid",8.9,null,null,7.6,8.9,14.2,8.9,14.2,8.9,7.6,8.9]
[2020,4,9,19,43930.791666666155,7,"Valid",8.4,7.7,"Valid",8.1999999999999993,null,null,7,8.4,7.7,8.1999999999999993,7.7,8.1999999999999993,7,8.4]
[2020,4,9,20,43930.833333332819,7.8,"Valid",8.5,8.6999999999999993,"Valid",8.4,null,null,7.8,8.5,8.6999999999999993,8.4,8.6999999999999993,8.4,7.8,8.5]
[2020,4,9,21,43930.874999999483,5.6,"Valid",8.3000000000000007,7,"Valid",8.3000000000000007,null,null,5.6,8.3000000000000007,7,8.3000000000000007,7,8.3000000000000007,5.6,8.3000000000000007]
[2020,4,9,22,43930.916666666148,7.4,"Valid",8,8.1999999999999993,"Valid",8,null,null,7.4,8,8.1999999999999993,8,8.1999999999999993,8,7.4,8]
[2020,4,9,23,43930.958333332812,4.8,"Valid",7.6,5.6,"Valid",7.7,null,null,4.8,7.6,5.6,7.7,5.6,7.7,4.8,7.6]
[2020,4,10,0,43930.999999999476,{"$f":"NA()","v":{"$error":"#N/A"}},"Invalid",{"$f":"NA()","v":{"$error":"#N/A"}},{"$f":"NA()","v":{"$error":"#N/A"}},"Invalid",{"$f":"NA()","v":{"$error":"#N/A"}},"Calibration Error","value outside range",{"$error":"#N/A"},{"$error":"#N/A"},{"$error":"#N/A"},{"$error":"#N/A"}]
[2020,{"$f":"B218","v":4},{"$f":"C195+1","v":10},1,43931.04166666614,11.5,"Valid",7.5,11.8,"Valid",7.8,null,null,11.5,7.5,11.8,7.8,11.8,7.8,11.5,7.5]
[2020,4,10,2,43931.083333332805,{"$f":"NA()","v":{"$error":"#N/A"}},"Invalid",{"$f":"NA()","v":{"$error":"#N/A"}},{"$f":"NA()","v":{"$error":"#N/A"}},"Invalid",{"$f":"NA()","v":{"$error":"#N/A"}},"Calibration Error","value outside range",{"$error":"#N/A"},{"$error":"#N/A"},{"$error":"#N/A"},{"$error":"#N/A"}]
[2020,4,10,3,43931.124999999469,6.4,"Valid",7.2,6.5,"Valid",7.7,null,null,6.4,7.2,6.5,7.7,6.5,7.7,6.4,7.2]
[2020,4,10,4,43931.166666666133,{"$f":"NA()","v":{"$error":"#N/A"}},"Invalid",{"$f":"NA()","v":{"$error":"#N/A"}},{"$f":"NA()","v":{"$error":"#N/A"}},"Invalid",{"$f":"NA()","v":{"$error":"#N/A"}},"Calibration Error","value outside range",{"$error":"#N/A"},{"$error":"#N/A"},{"$error":"#N/A"},{"$error":"#N/A"}]
[2020,4,10,5,43931.208333332797,{"$f":"NA()","v":{"$error":"#N/A"}},"Invalid",{"$f":"NA()","v":{"$error":"#N/A"}},{"$f":"NA()","v":{"$error":"#N/A"}},"Invalid",{"$f":"NA()","v":{"$error":"#N/A"}},"Calibration Error","value outside range",{"$error":"#N/A"},{"$error":"#N/A"},{"$error":"#N/A"},{"$error":"#N/A"}]
[2020,4,10,6,43931.249999999462,{"$f":"NA()","v":{"$error":"#N/A"}},"Invalid",{"$f":"NA()","v":{"$error":"#N/A"}},{"$f":"NA()","v":{"$error":"#N/A"}},"Invalid",{"$f":"NA()","v":{"$error":"#N/A"}},"Calibration Error","value outside range",{"$error":"#N/A"},{"$error":"#N/A"},{"$error":"#N/A"},{"$error":"#N/A"}]
[2020,4,10,7,43931.291666666126,{"$f":"NA()","v":{"$error":"#N/A"}},"Invalid",{"$f":"NA()","v":{"$error":"#N/A"}},{"$f":"NA()","v":{"$error":"#N/A"}},"Invalid",{"$f":"NA()","v":{"$error":"#N/A"}},"Calibration Error","value outside range",{"$error":"#N/A"},{"$error":"#N/A"},{"$error":"#N/A"},{"$error":"#N/A"}]
[2020,4,10,8,43931.33333333279,7.2,"Valid",6.5,8.9,"Valid",7.4,null,null,7.2,6.5,8.9,7.4,8.9,7.4,7.2,6.5]
[2020,4,10,9,43931.374999999454,9.8000000000000007,"Valid",6.5,10.4,"Valid",7.5,null,null,9.8000000000000007,6.5,10.4,7.5,10.4,7.5,9.8000000000000007,6.5]
[2020,4,10,10,43931.416666666119,3.4,"Valid",6,4.4000000000000004,"Valid",7.2,null,null,3.4,6,4.4000000000000004,7.2,4.4000000000000004,7.2,3.4,6]
[2020,4,10,11,43931.458333332783,{"$f":"NA()","v":{"$error":"#N/A"}},"Invalid",{"$f":"NA()","v":{"$error":"#N/A"}},{"$f":"NA()","v":{"$error":"#N/A"}},"Invalid",{"$f":"NA()","v":{"$error":"#N/A"}},"Calibration Error","value outside range",{"$error":"#N/A"},{"$error":"#N/A"},{"$error":"#N/A"},{"$error":"#N/A"}]
[2020,4,10,12,43931.499999999447,{"$f":"NA()","v":{"$error":"#N/A"}},"Invalid",{"$f":"NA()","v":{"$error":"#N/A"}},{"$f":"NA()","v":{"$error":"#N/A"}},"Invalid",{"$f":"NA()","v":{"$error":"#N/A"}},"Calibration Error","value outside range",{"$error":"#N/A"},{"$error":"#N/A"},{"$error":"#N/A"},{"$error":"#N/A"}]
[2020,4,10,13,43931.541666666111,4.2,"Valid",6.3,4.5999999999999996,"Valid",7.3,null,null,4.2,6.3,4.5999999999999996,7.3,4.5999999999999996,7.3,4.2,6.3]
[2020,4,10,14,43931.583333332776,{"$f":"NA()","v":{"$error":"#N/A"}},"Invalid",{"$f":"NA()","v":{"$error":"#N/A"}},{"$f":"NA()","v":{"$error":"#N/A"}},"Invalid",{"$f":"NA()","v":{"$error":"#N/A"}},"Calibration Error","value outside range",{"$error":"#N/A"},{"$error":"#N/A"},{"$error":"#N/A"},{"$error":"#N/A"}]
[2020,4,10,15,43931.62499999944,{"$f":"NA()","v":{"$error":"#N/A"}},"Invalid",{"$f":"NA()","v":{"$error":"#N/A"}},{"$f":"NA()","v":{"$error":"#N/A"}},"Invalid",{"$f":"NA()","v":{"$error":"#N/A"}},"Calibration Error","value outside range",{"$error":"#N/A"},{"$error":"#N/A"},{"$error":"#N/A"},{"$error":"#N/A"}]
[2020,4,10,16,43931.666666666104,{"$f":"NA()","v":{"$error":"#N/A"}},"Invalid",{"$f":"NA()","v":{"$error":"#N/A"}},{"$f":"NA()","v":{"$error":"#N/A"}},"Invalid",{"$f":"NA()","v":{"$error":"#N/A"}},"Calibration Error","value outside range",{"$error":"#N/A"},{"$error":"#N/A"},{"$error":"#N/A"},{"$error":"#N/A"}]
[2020,4,10,17,43931.708333332768,{"$f":"NA()","v":{"$error":"#N/A"}},"Invalid",{"$f":"NA()","v":{"$error":"#N/A"}},{"$f":"NA()","v":{"$error":"#N/A"}},"Invalid",{"$f":"NA()","v":{"$error":"#N/A"}},"Calibration Error","value outside range",{"$error":"#N/A"},{"$error":"#N/A"},{"$error":"#N/A"},{"$error":"#N/A"}]
[2020,4,10,18,43931.749999999432,{"$f":"NA()","v":{"$error":"#N/A"}},"Invalid",{"$f":"NA()","v":{"$error":"#N/A"}},{"$f":"NA()","v":{"$error":"#N/A"}},"Invalid",{"$f":"NA()","v":{"$error":"#N/A"}},"Calibration Error","value outside range",{"$error":"#N/A"},{"$error":"#N/A"},{"$error":"#N/A"},{"$error":"#N/A"}]
[2020,4,10,19,43931.791666666097,7.9,"Valid",7.9,8.1,"Valid",7.9,null,null,7.9,7.9,8.1,7.9,8.1,7.9,7.9,7.9]
[2020,4,10,20,43931.833333332761,1.4,"Valid",7.6,1.9,"Valid",7.6,null,null,1.4,7.6,1.9,7.6,1.9,7.6,1.4,7.6]
[2020,4,10,21,43931.874999999425,4.5999999999999996,"Valid",7.5,5.2,"Valid",7.5,null,null,4.5999999999999996,7.5,5.2,7.5,5.2,7.5,4.5999999999999996,7.5]
[2020,4,10,22,43931.916666666089,{"$f":"NA()","v":{"$error":"#N/A"}},"Invalid",{"$f":"NA()","v":{"$error":"#N/A"}},{"$f":"NA()","v":{"$error":"#N/A"}},"Invalid",{"$f":"NA()","v":{"$error":"#N/A"}},"Calibration Error","value outside range",{"$error":"#N/A"},{"$error":"#N/A"},{"$error":"#N/A"},{"$error":"#N/A"}]
[2020,4,10,23,43931.958333332754,9.3000000000000007,"Valid",7.8,10,"Valid",7.7,null,null,9.3000000000000007,7.8,10,7.7,10,7.7,9.3000000000000007,7.8]
[2020,4,11,0,43931.999999999418,6.7,"Valid",7.7,7.7,"Valid",7.7,null,null,6.7,7.7,7.7,7.7,7.7,7.7,6.7,7.7]
[2020,4,11,1,43932.041666666082,15.7,"Valid",7.9,15.8,"Valid",7.8,null,null,15.7,7.9,15.8,7.8,15.8,7.8,15.7,7.9]
[2020,4,11,2,43932.083333332746,{"$f":"NA()","v":{"$error":"#N/A"}},"Invalid",{"$f":"NA()","v":{"$error":"#N/A"}},{"$f":"NA()","v":{"$error":"#N/A"}},"Invalid",{"$f":"NA()","v":{"$error":"#N/A"}},"Calibration Error","value outside range",{"$error":"#N/A"},{"$error":"#N/A"},{"$error":"#N/A"},{"$error":"#N/A"}]
[2020,4,11,3,43932.124999999411,12.3,"Valid",8.3000000000000007,14.3,"Valid",8.3000000000000007,null,null,12.3,8.3000000000000007,14.3,8.3000000000000007,14.3,8.3000000000000007,12.3,8.3000000000000007]
[2020,4,11,4,43932.166666666075,2.5,"Valid",8.4,2.9,"Valid",8.4,null,null,2.5,8.4,2.9,8.4,2.9,8.4,2.5,8.4]
[2020,4,11,5,43932.208333332739,9,"Valid",8.6,10.199999999999999,"Valid",8.6999999999999993,null,null,9,8.6,10.199999999999999,8.6999999999999993,10.199999999999999,8.6999999999999993,9,8.6]
[2020,4,11,6,43932.249999999403,18.399999999999999,"Valid",9.1999999999999993,19.399999999999999,"Valid",9.3000000000000007,null,null,18.399999999999999,9.1999999999999993,19.399999999999999,9.3000000000000007,19.399999999999999,9.3000000000000007,18.399999999999999,9.1999999999999993]
[2020,4,11,7,43932.291666666068,{"$f":"NA()","v":{"$error":"#N/A"}},"Invalid",{"$f":"NA()","v":{"$error":"#N/A"}},{"$f":"NA()","v":{"$error":"#N/A"}},"Invalid",{"$f":"NA()","v":{"$error":"#N/A"}},"Calibration Error","value outside range",{"$error":"#N/A"},{"$error":"#N/A"},{"$error":"#N/A"},{"$error":"#N/A"}]
[2020,4,11,8,43932.333333332732,{"$f":"NA()","v":{"$error":"#N/A"}},"Invalid",{"$f":"NA()","v":{"$error":"#N/A"}},{"$f":"NA()","v":{"$error":"#N/A"}},"Invalid",{"$f":"NA()","v":{"$error":"#N/A"}},"Calibration Error","value outside range",{"$error":"#N/A"},{"$error":"#N/A"},{"$error":"#N/A"},{"$error":"#N/A"}]
[2020,4,11,9,43932.374999999396,{"$f":"NA()","v":{"$error":"#N/A"}},"Invalid",{"$f":"NA()","v":{"$error":"#N/A"}},{"$f":"NA()","v":{"$error":"#N/A"}},"Invalid",{"$f":"NA()","v":{"$error":"#N/A"}},"Calibration Error","value outside range",{"$error":"#N/A"},{"$error":"#N/A"},{"$error":"#N/A"},{"$error":"#N/A"}]
[2020,4,11,10,43932.41666666606,13.2,"Valid",10.7,14.1,"Valid",10.7,null,null,13.2,10.7,14.1,10.7,14.1,10.7,13.2,10.7]
[2020,4,11,11,43932.458333332725,12.7,"Valid",11,14.7,"Valid",11.1,null,null,12.7,11,14.7,11.1,14.7,11.1,12.7,11]
[2020,4,11,12,43932.499999999389,13,"Valid",11,16.2,"Valid",11.3,null,null,13,11,16.2,11.3,16.2,11.3,13,11]
[2020,4,11,13,43932.541666666053,15.2,"Valid",11.5,20.6,"Valid",12,null,null,15.2,11.5,20.6,12,20.6,12,15.2,11.5]
[2020,4,11,14,43932.583333332717,14.3,"Valid",11.7,20.399999999999999,"Valid",12.5,null,null,14.3,11.7,20.399999999999999,12.5,20.399999999999999,12.5,14.3,11.7]
[2020,4,11,15,43932.624999999382,4.9000000000000004,"Valid",12,13.4,"Valid",13.2,null,null,4.9000000000000004,12,13.4,13.2,13.4,13.2,4.9000000000000004,12]
[2020,4,11,16,43932.666666666046,10.9,"Valid",11.7,18.8,"Valid",13.2,null,null,{"$f":"IF(G258=\"Valid\", F258, NA())","v":10.9},{"$f":"IF(G258=\"Valid\", H258, NA())","v":11.7},{"$f":"IF(J258=\"Valid\", I258, NA())","v":18.8},{"$f":"IF(J258=\"Valid\", K258, NA())","v":13.2},18.8,13.2,10.9,11.7]
[2020,4,11,17,43932.70833333271,11.1,"Valid",11.4,18,"Valid",13.3,null,null,11.1,11.4,18,13.3,18,13.3,11.1,11.4]
[{"$f":"A259","v":2020},4,11,{"$f":"IF(D259=23,0,D259+1)","v":18},{"$f":"E259+0.0416666666666666","v":43932.749999999374},10.199999999999999,"Valid",11.4,13.6,"Valid",13.5,null,null,10.199999999999999,11.4,13.6,13.5,13.6,13.5,10.199999999999999,11.4]
[2020,4,11,19,43932.791666666039,15.8,"Valid",11.7,18.600000000000001,"Valid",13.9,null,null,15.8,11.7,18.600000000000001,13.9,18.600000000000001,13.9,15.8,11.7]
[2020,4,11,20,43932.833333332703,12.6,"Valid",12.1,17.100000000000001,"Valid",14.4,null,null,12.6,12.1,17.100000000000001,14.4,17.100000000000001,14.4,12.6,12.1]
[2020,4,11,21,43932.874999999367,11.7,"Valid",12.3,34.799999999999997,"Valid",15.6,null,null,11.7,12.3,34.799999999999997,15.6,34.799999999999997,15.6,11.7,12.3]
[2020,4,11,22,43932.916666666031,1.9,"Valid",11.9,23.5,"Valid",16.100000000000001,null,null,1.9,11.9,23.5,16.100000000000001,23.5,16.100000000000001,1.9,11.9]
[2020,4,11,23,43932.958333332695,15.7,"Valid",12.1,48.7,"Valid",17.600000000000001,null,null,15.7,12.1,48.7,17.600000000000001,48.7,17.600000000000001,15.7,12.1]
[2020,4,12,0,43932.99999999936,18.100000000000001,"Valid",12.5,60.8,"Valid",19.7,null,null,18.100000000000001,12.5,60.8,19.7,60.8,19.7,18.100000000000001,12.5]
[2020,4,12,1,43933.041666666024,14.8,"Valid",12.5,50.3,"Valid",21.1,null,null,14.8,12.5,50.3,21.1,50.3,21.1,14.8,12.5]
[2020,4,12,2,43933.083333332688,14.1,"Valid",12.4,36.9,"Valid",21.9,null,null,14.1,12.4,36.9,21.9,36.9,21.9,14.1,12.4]
[2020,4,12,3,43933.124999999352,8.5,"Valid",12.2,27,"Valid",22.4,null,null,8.5,12.2,27,22.4,27,22.4,8.5,12.2]
[2020,4,12,4,43933.166666666017,9.5,"Valid",12.4,23.7,"Valid",23.1,null,null,9.5,12.4,23.7,23.1,23.7,23.1,9.5,12.4]
[2020,4,12,5,43933.208333332681,8.1999999999999993,"Valid",12.3,19.2,"Valid",23.4,null,null,8.1999999999999993,12.3,19.2,23.4,19.2,23.4,8.1999999999999993,12.3]
[2020,4,12,6,43933.249999999345,4.8,"Valid",11.7,14.9,"Valid",23.2,null,null,4.8,11.7,14.9,23.2,14.9,23.2,4.8,11.7]
[2020,4,12,7,43933.291666666009,5.4,"Valid",11.2,13.1,"Valid",23.1,null,null,5.4,11.2,13.1,23.1,13.1,23.1,5.4,11.2]
[2020,4,12,8,43933.333333332674,9.4,"Valid",11,16.2,"Valid",23.3,null,null,9.4,11,16.2,23.3,16.2,23.3,9.4,11]
[2020,4,12,9,43933.374999999338,3.4,"Valid",10.7,8,"Valid",23.3,null,null,3.4,10.7,8,23.3,8,23.3,3.4,10.7]
[2020,4,12,10,43933.416666666002,14.4,"Valid",10.8,17.5,"Valid",23.6,null,null,14.4,10.8,17.5,23.6,17.5,23.6,14.4,10.8]
[2020,4,12,11,43933.458333332666,7.8,"Valid",10.7,11.4,"Valid",23.6,null,null,7.8,10.7,11.4,23.6,11.4,23.6,7.8,10.7]
[2020,4,12,12,43933.499999999331,5.0999999999999996,"Valid",10.5,9.6999999999999993,"Valid",23.6,null,null,5.0999999999999996,10.5,9.6999999999999993,23.6,9.6999999999999993,23.6,5.0999999999999996,10.5]
[2020,4,12,13,43933.541666665995,12.1,"Valid",10.3,14.3,"Valid",23.3,null,null,12.1,10.3,14.3,23.3,14.3,23.3,12.1,10.3]
[2020,4,12,14,43933.583333332659,8.1,"Valid",10.1,10.7,"Valid",22.9,null,null,8.1,10.1,10.7,22.9,10.7,22.9,8.1,10.1]
[2020,4,12,15,43933.624999999323,11.3,"Valid",10.4,13.5,"Valid",23,null,null,11.3,10.4,13.5,23,13.5,23,11.3,10.4]
[2020,4,12,16,43933.666666665988,19.5,"Valid",10.7,19.600000000000001,"Valid",23,null,null,19.5,10.7,19.600000000000001,23,19.600000000000001,23,19.5,10.7]
[2020,{"$f":"B282","v":4},{"$f":"C259+1","v":12},17,43933.708333332652,10.3,"Valid",10.7,13.1,"Valid",22.7,null,null,10.3,10.7,13.1,22.7,13.1,22.7,10.3,10.7]
[2020,4,12,18,43933.749999999316,{"$f":"NA()","v":{"$error":"#N/A"}},"Invalid",{"$f":"NA()","v":{"$error":"#N/A"}},{"$f":"NA()","v":{"$error":"#N/A"}},"Invalid",{"$f":"NA()","v":{"$error":"#N/A"}},"Calibration Error","value outside range",{"$error":"#N/A"},{"$error":"#N/A"},{"$error":"#N/A"},{"$error":"#N/A"}]
[2020,4,12,19,43933.79166666598,18.7,"Valid",10.7,19.600000000000001,"Valid",22.2,null,null,18.7,10.7,19.600000000000001,22.2,19.600000000000001,22.2,18.7,10.7]
[2020,4,12,20,43933.833333332645,12,"Valid",10.6,12.6,"Valid",21.9,null,null,12,10.6,12.6,21.9,12.6,21.9,12,10.6]
[2020,4,12,21,43933.874999999309,{"$f":"NA()","v":{"$error":"#N/A"}},"Invalid",{"$f":"NA()","v":{"$error":"#N/A"}},{"$f":"NA()","v":{"$error":"#N/A"}},"Invalid",{"$f":"NA()","v":{"$error":"#N/A"}},"Calibration Error","value outside range",{"$error":"#N/A"},{"$error":"#N/A"},{"$error":"#N/A"},{"$error":"#N/A"}]
[2020,4,12,22,43933.916666665973,{"$f":"NA()","v":{"$error":"#N/A"}},"Invalid",{"$f":"NA()","v":{"$error":"#N/A"}},{"$f":"NA()","v":{"$error":"#N/A"}},"Invalid",{"$f":"NA()","v":{"$error":"#N/A"}},"Calibration Error","value outside range",{"$error":"#N/A"},{"$error":"#N/A"},{"$error":"#N/A"},{"$error":"#N/A"}]
[2020,4,12,23,43933.958333332637,{"$f":"NA()","v":{"$error":"#N/A"}},"Invalid",{"$f":"NA()","v":{"$error":"#N/A"}},{"$f":"NA()","v":{"$error":"#N/A"}},"Invalid",{"$f":"NA()","v":{"$error":"#N/A"}},"Calibration Error","value outside range",{"$error":"#N/A"},{"$error":"#N/A"},{"$error":"#N/A"},{"$error":"#N/A"}]
[2020,4,13,0,43933.999999999302,{"$f":"NA()","v":{"$error":"#N/A"}},"Invalid",{"$f":"NA()","v":{"$error":"#N/A"}},{"$f":"NA()","v":{"$error":"#N/A"}},"Invalid",{"$f":"NA()","v":{"$error":"#N/A"}},"Calibration Error","value outside range",{"$error":"#N/A"},{"$error":"#N/A"},{"$error":"#N/A"},{"$error":"#N/A"}]
[2020,4,13,1,43934.041666665966,5.7,"Valid",9.9,6.3,"Valid",14.7,null,null,5.7,9.9,6.3,14.7,6.3,14.7,5.7,9.9]
[2020,4,13,2,43934.08333333263,{"$f":"NA()","v":{"$error":"#N/A"}},"Invalid",{"$f":"NA()","v":{"$error":"#N/A"}},{"$f":"NA()","v":{"$error":"#N/A"}},"Invalid",{"$f":"NA()","v":{"$error":"#N/A"}},"Calibration Error","value outside range",{"$error":"#N/A"},{"$error":"#N/A"},{"$error":"#N/A"},{"$error":"#N/A"}]
[2020,4,13,3,43934.124999999294,10.1,"Valid",9.9,10.1,"Valid",13,null,null,10.1,9.9,10.1,13,10.1,13,10.1,9.9]
[2020,4,13,4,43934.166666665958,15.1,"Valid",10.1,16.100000000000001,"Valid",12.6,null,null,15.1,10.1,16.100000000000001,12.6,16.100000000000001,12.6,15.1,10.1]
[2020,4,13,5,43934.208333332623,14.1,"Valid",10.3,15,"Valid",12.4,null,null,14.1,10.3,15,12.4,15,12.4,14.1,10.3]
[2020,4,13,6,43934.249999999287,9.8000000000000007,"Valid",10.6,11.1,"Valid",12.3,null,null,9.8000000000000007,10.6,11.1,12.3,11.1,12.3,9.8000000000000007,10.6]
[2020,4,13,7,43934.291666665951,10.199999999999999,"Valid",10.8,11.3,"Valid",12.3,null,null,10.199999999999999,10.8,11.3,12.3,11.3,12.3,10.199999999999999,10.8]
[2020,4,13,8,43934.333333332615,14.5,"Valid",11.1,16.399999999999999,"Valid",12.4,null,null,14.5,11.1,16.399999999999999,12.4,16.399999999999999,12.4,14.5,11.1]
[2020,4,13,9,43934.37499999928,8.1,"Valid",11.5,10.7,"Valid",12.7,null,null,8.1,11.5,10.7,12.7,10.7,12.7,8.1,11.5]
[2020,4,13,10,43934.416666665944,9,"Valid",11.3,12.2,"Valid",12.5,null,null,9,11.3,12.2,12.5,12.2,12.5,9,11.3]
[2020,4,13,11,43934.458333332608,18.5,"Valid",11.9,23.1,"Valid",13.1,null,null,18.5,11.9,23.1,13.1,23.1,13.1,18.5,11.9]
[2020,4,13,12,43934.499999999272,18.100000000000001,"Valid",12.4,24.1,"Valid",13.7,null,null,18.100000000000001,12.4,24.1,13.7,24.1,13.7,18.100000000000001,12.4]
[2020,4,13,13,43934.541666665937,0.6,"Valid",11.9,5.3,"Valid",13.3,null,null,0.6,11.9,5.3,13.3,5.3,13.3,0.6,11.9]
[2020,4,13,14,43934.583333332601,13.4,"Valid",12.2,18.399999999999999,"Valid",13.7,null,null,13.4,12.2,18.399999999999999,13.7,18.399999999999999,13.7,13.4,12.2]
[2020,4,13,15,43934.624999999265,20.2,"Valid",12.5,23.7,"Valid",14.1,null,null,20.2,12.5,23.7,14.1,23.7,14.1,20.2,12.5]
[2020,4,13,16,43934.666666665929,12.3,"Valid",12.3,16.2,"Valid",14,null,null,12.3,12.3,16.2,14,16.2,14,12.3,12.3]
[2020,4,13,17,43934.708333332594,27.1,"Valid",12.9,35.200000000000003,"Valid",14.9,null,null,27.1,12.9,35.200000000000003,14.9,35.200000000000003,14.9,27.1,12.9]
[2020,4,13,18,43934.749999999258,9.3000000000000007,"Valid",12.6,16.2,"Valid",14.8,null,null,9.3000000000000007,12.6,16.2,14.8,16.2,14.8,9.3000000000000007,12.6]
[2020,4,13,19,43934.791666665922,11.3,"Valid",12.2,16.8,"Valid",14.6,null,null,11.3,12.2,16.8,14.6,16.8,14.6,11.3,12.2]
[2020,4,13,20,43934.833333332586,{"$f":"NA()","v":{"$error":"#N/A"}},"Invalid",{"$f":"NA()","v":{"$error":"#N/A"}},{"$f":"NA()","v":{"$error":"#N/A"}},"Invalid",{"$f":"NA()","v":{"$error":"#N/A"}},"Calibration Error","value outside range",{"$error":"#N/A"},{"$error":"#N/A"},{"$error":"#N/A"},{"$error":"#N/A"}]
[2020,4,13,21,43934.874999999251,3.2,"Valid",10.9,6.8,"Valid",13.6,null,null,3.2,10.9,6.8,13.6,6.8,13.6,3.2,10.9]
[2020,4,13,22,43934.916666665915,7.8,"Valid",10.8,11.2,"Valid",13.6,null,null,7.8,10.8,11.2,13.6,11.2,13.6,7.8,10.8]
[2020,4,13,23,43934.958333332579,26.7,"Valid",11.5,29.9,"Valid",14.5,null,null,26.7,11.5,29.9,14.5,29.9,14.5,26.7,11.5]
[2020,4,14,0,43934.999999999243,11.9,"Valid",11.7,16.5,"Valid",14.9,null,null,11.9,11.7,16.5,14.9,16.5,14.9,11.9,11.7]
[2020,4,14,1,43935.041666665908,11.9,"Valid",12,15.6,"Valid",15.3,null,null,11.9,12,15.6,15.3,15.6,15.3,11.9,12]
[2020,4,14,2,43935.083333332572,14.3,"Valid",12,18.899999999999999,"Valid",15.6,null,null,14.3,12,18.899999999999999,15.6,18.899999999999999,15.6,14.3,12]
[2020,4,14,3,43935.124999999236,8.8000000000000007,"Valid",12,12.6,"Valid",15.7,null,null,8.8000000000000007,12,12.6,15.7,12.6,15.7,8.8000000000000007,12]
[2020,4,14,4,43935.1666666659,10.9,"Valid",11.8,14.6,"Valid",15.6,null,null,10.9,11.8,14.6,15.6,14.6,15.6,10.9,11.8]
[2020,4,14,5,43935.208333332565,9.9,"Valid",11.6,12.4,"Valid",15.5,null,null,9.9,11.6,12.4,15.5,12.4,15.5,9.9,11.6]
[2020,4,14,6,43935.249999999229,14,"Valid",11.8,16.100000000000001,"Valid",15.7,null,null,14,11.8,16.100000000000001,15.7,16.100000000000001,15.7,14,11.8]
[2020,4,14,7,43935.291666665893,15.8,"Valid",12.1,17.399999999999999,"Valid",16,null,null,15.8,12.1,17.399999999999999,16,17.399999999999999,16,15.8,12.1]
[2020,4,14,8,43935.333333332557,18.3,"Valid",12.3,19.2,"Valid",16.3,null,null,{"$f":"IF(G322=\"Valid\", F322, NA())","v":18.3},{"$f":"IF(G322=\"Valid\", H322, NA())","v":12.3},{"$f":"IF(J322=\"Valid\", I322, NA())","v":19.2},{"$f":"IF(J322=\"Valid\", K322, NA())","v":16.3},19.2,16.3,18.3,12.3]
[2020,4,14,9,43935.374999999221,19,"Valid",12.9,28.2,"Valid",17.100000000000001,null,null,19,12.9,28.2,17.100000000000001,28.2,17.100000000000001,19,12.9]
[{"$f":"A323","v":2020},4,14,{"$f":"IF(D323=23,0,D323+1)","v":10},{"$f":"E323+0.0416666666666666","v":43935.416666665886},0.1,"Valid",12.6,12.1,"Valid",17.3,null,null,0.1,12.6,12.1,17.3,12.1,17.3,0.1,12.6]
[2020,4,14,11,43935.45833333255,12.1,"Valid",12.4,23.6,"Valid",17.399999999999999,null,null,12.1,12.4,23.6,17.399999999999999,23.6,17.399999999999999,12.1,12.4]
[2020,4,14,12,43935.499999999214,5.8,"Valid",12,17.7,"Valid",17.2,null,null,5.8,12,17.7,17.2,17.7,17.2,5.8,12]
[2020,4,14,13,43935.541666665878,7.3,"Valid",12.3,18.5,"Valid",17.8,null,null,7.3,12.3,18.5,17.8,18.5,17.8,7.3,12.3]
[2020,4,14,14,43935.583333332543,5.3,"Valid",12,17.2,"Valid",17.8,null,null,5.3,12,17.2,17.8,17.2,17.8,5.3,12]
[2020,4,14,15,43935.624999999207,4.9000000000000004,"Valid",11.3,17.899999999999999,"Valid",17.5,null,null,4.9000000000000004,11.3,17.899999999999999,17.5,17.899999999999999,17.5,4.9000000000000004,11.3]
[2020,4,14,16,43935.666666665871,1.9,"Valid",10.9,15.5,"Valid",17.600000000000001,null,null,1.9,10.9,15.5,17.600000000000001,15.5,17.600000000000001,1.9,10.9]
[2020,4,14,17,43935.708333332535,3.1,"Valid",9.9,15.6,"Valid",16.7,null,null,3.1,9.9,15.6,16.7,15.6,16.7,3.1,9.9]
[2020,4,14,18,43935.7499999992,3.8,"Valid",9.6,13.1,"Valid",16.399999999999999,null,null,3.8,9.6,13.1,16.399999999999999,13.1,16.399999999999999,3.8,9.6]
[2020,4,14,19,43935.791666665864,2.2000000000000002,"Valid",9,13.6,"Valid",16,null,null,2.2000000000000002,9,13.6,16,13.6,16,2.2000000000000002,9]
[2020,4,14,20,43935.833333332528,11,"Valid",9.6,20.2,"Valid",16.8,null,null,11,9.6,20.2,16.8,20.2,16.8,11,9.6]
[2020,4,14,21,43935.874999999192,6.8,"Valid",9.6999999999999993,16.100000000000001,"Valid",17.100000000000001,null,null,6.8,9.6999999999999993,16.100000000000001,17.100000000000001,16.100000000000001,17.100000000000001,6.8,9.6999999999999993]
[2020,4,14,22,43935.916666665857,4.5999999999999996,"Valid",9.6,10.7,"Valid",17,null,null,4.5999999999999996,9.6,10.7,17,10.7,17,4.5999999999999996,9.6]
[2020,4,14,23,43935.958333332521,0.3,"Valid",8.4,5.6,"Valid",16,null,null,0.3,8.4,5.6,16,5.6,16,0.3,8.4]
[2020,4,15,0,43935.999999999185,{"$f":"NA()","v":{"$error":"#N/A"}},"Invalid",{"$f":"NA()","v":{"$error":"#N/A"}},{"$f":"NA()","v":{"$error":"#N/A"}},"Invalid",{"$f":"NA()","v":{"$error":"#N/A"}},"Calibration Error","value outside range",{"$error":"#N/A"},{"$error":"#N/A"},{"$error":"#N/A"},{"$error":"#N/A"}]
[2020,4,15,1,43936.041666665849,0.6,"Valid",7.2,2.1,"Valid",14.8,null,null,0.6,7.2,2.1,14.8,2.1,14.8,0.6,7.2]
[2020,4,15,2,43936.083333332514,14.6,"Valid",7.1,16.899999999999999,"Valid",14.6,null,null,14.6,7.1,16.899999999999999,14.6,16.899999999999999,14.6,14.6,7.1]
[2020,4,15,3,43936.124999999178,13.2,"Valid",7.3,17.100000000000001,"Valid",14.8,null,null,13.2,7.3,17.100000000000001,14.8,17.100000000000001,14.8,13.2,7.3]
[2020,4,15,4,43936.166666665842,4.5999999999999996,"Valid",7,8.1999999999999993,"Valid",14.5,null,null,4.5999999999999996,7,8.1999999999999993,14.5,8.1999999999999993,14.5,4.5999999999999996,7]
[2020,4,15,5,43936.208333332506,{"$f":"NA()","v":{"$error":"#N/A"}},"Invalid",{"$f":"NA()","v":{"$error":"#N/A"}},{"$f":"NA()","v":{"$error":"#N/A"}},"Invalid",{"$f":"NA()","v":{"$error":"#N/A"}},"Calibration Error","value outside range",{"$error":"#N/A"},{"$error":"#N/A"},{"$error":"#N/A"},{"$error":"#N/A"}]
[2020,4,15,6,43936.249999999171,-2.1,"Valid",5.8,2.9,"Valid",13.5,null,null,-2.1,5.8,2.9,13.5,2.9,13.5,-2.1,5.8]
[2020,4,15,7,43936.291666665835,13.7,"Valid",5.8,17.100000000000001,"Valid",13.6,null,null,13.7,5.8,17.100000000000001,13.6,17.100000000000001,13.6,13.7,5.8]
[2020,4,15,8,43936.333333332499,12.3,"Valid",5.6,23.2,"Valid",13.8,null,null,12.3,5.6,23.2,13.8,23.2,13.8,12.3,5.6]
[2020,{"$f":"B346","v":4},{"$f":"C323+1","v":15},9,43936.374999999163,19.5,"Valid",5.6,39.700000000000003,"Valid",14.4,null,null,19.5,5.6,39.700000000000003,14.4,39.700000000000003,14.4,19.5,5.6]
[2020,4,15,10,43936.416666665828,8,"Valid",6,18.3,"Valid",14.8,null,null,8,6,18.3,14.8,18.3,14.8,8,6]
[2020,4,15,11,43936.458333332492,6.9,"Valid",5.8,11.7,"Valid",14.4,null,null,6.9,5.8,11.7,14.4,11.7,14.4,6.9,5.8]
[2020,4,15,12,43936.499999999156,11.6,"Valid",6.1,14.4,"Valid",14.3,null,null,11.6,6.1,14.4,14.3,14.4,14.3,11.6,6.1]
[2020,4,15,13,43936.54166666582,10.5,"Valid",6.2,13.8,"Valid",14.2,null,null,10.5,6.2,13.8,14.2,13.8,14.2,10.5,6.2]
[2020,4,15,14,43936.583333332484,18,"Valid",6.8,21.5,"Valid",14.4,null,null,18,6.8,21.5,14.4,21.5,14.4,18,6.8]
[2020,4,15,15,43936.624999999149,19.8,"Valid",7.4,23.3,"Valid",14.6,null,null,19.8,7.4,23.3,14.6,23.3,14.6,19.8,7.4]
[2020,4,15,16,43936.666666665813,16.600000000000001,"Valid",8,20.9,"Valid",14.9,null,null,16.600000000000001,8,20.9,14.9,20.9,14.9,16.600000000000001,8]
[2020,4,15,17,43936.708333332477,12.7,"Valid",8.4,17.399999999999999,"Valid",14.9,null,null,12.7,8.4,17.399999999999999,14.9,17.399999999999999,14.9,12.7,8.4]
[2020,4,15,18,43936.749999999141,10,"Valid",8.6,14.4,"Valid",14.8,null,null,10,8.6,14.4,14.8,14.4,14.8,10,8.6]
[2020,4,15,19,43936.791666665806,9.6,"Valid",8.6999999999999993,16.899999999999999,"Valid",14.6,null,null,9.6,8.6999999999999993,16.899999999999999,14.6,16.899999999999999,14.6,9.6,8.6999999999999993]
[2020,4,15,20,43936.83333333247,7.2,"Valid",8.5,12.2,"Valid",14.2,null,null,7.2,8.5,12.2,14.2,12.2,14.2,7.2,8.5]
[2020,4,15,21,43936.874999999134,0.9,"Valid",8.3000000000000007,4,"Valid",13.7,null,null,0.9,8.3000000000000007,4,13.7,4,13.7,0.9,8.3000000000000007]
[2020,4,15,22,43936.916666665798,18.100000000000001,"Valid",8.8000000000000007,20.3,"Valid",14.1,null,null,18.100000000000001,8.8000000000000007,20.3,14.1,20.3,14.1,18.100000000000001,8.8000000000000007]
[2020,4,15,23,43936.958333332463,10.5,"Valid",9.1999999999999993,13.8,"Valid",14.4,null,null,10.5,9.1999999999999993,13.8,14.4,13.8,14.4,10.5,9.1999999999999993]
[2020,4,16,0,43936.999999999127,14.7,"Valid",10.1,17.600000000000001,"Valid",15.1,null,null,14.7,10.1,17.600000000000001,15.1,17.600000000000001,15.1,14.7,10.1]
[2020,4,16,1,43937.041666665791,{"$f":"NA()","v":{"$error":"#N/A"}},"Invalid",{"$f":"NA()","v":{"$error":"#N/A"}},{"$f":"NA()","v":{"$error":"#N/A"}},"Invalid",{"$f":"NA()","v":{"$error":"#N/A"}},"Calibration Error","value outside range",{"$error":"#N/A"},{"$error":"#N/A"},{"$error":"#N/A"},{"$error":"#N/A"}]
[2020,4,16,2,43937.083333332455,18.399999999999999,"Valid",10.1,18.7,"Valid",15,null,null,18.399999999999999,10.1,18.7,15,18.7,15,18.399999999999999,10.1]
[2020,4,16,3,43937.12499999912,14.2,"Valid",10.1,16.600000000000001,"Valid",15,null,null,14.2,10.1,16.600000000000001,15,16.600000000000001,15,14.2,10.1]
[2020,4,16,4,43937.166666665784,2.2000000000000002,"Valid",10,3.7,"Valid",14.7,null,null,2.2000000000000002,10,3.7,14.7,3.7,14.7,2.2000000000000002,10]
[2020,4,16,5,43937.208333332448,{"$f":"NA()","v":{"$error":"#N/A"}},"Invalid",{"$f":"NA()","v":{"$error":"#N/A"}},{"$f":"NA()","v":{"$error":"#N/A"}},"Invalid",{"$f":"NA()","v":{"$error":"#N/A"}},"Calibration Error","value outside range",{"$error":"#N/A"},{"$error":"#N/A"},{"$error":"#N/A"},{"$error":"#N/A"}]
[2020,4,16,6,43937.249999999112,{"$f":"NA()","v":{"$error":"#N/A"}},"Invalid",{"$f":"NA()","v":{"$error":"#N/A"}},{"$f":"NA()","v":{"$error":"#N/A"}},"Invalid",{"$f":"NA()","v":{"$error":"#N/A"}},"Calibration Error","value outside range",{"$error":"#N/A"},{"$error":"#N/A"},{"$error":"#N/A"},{"$error":"#N/A"}]
[2020,4,16,7,43937.291666665777,0.2,"Valid",9.5,3.4,"Valid",14.1,null,null,0.2,9.5,3.4,14.1,3.4,14.1,0.2,9.5]
[2020,4,16,8,43937.333333332441,13.5,"Valid",9.6,16.3,"Valid",13.9,null,null,13.5,9.6,16.3,13.9,16.3,13.9,13.5,9.6]
[2020,4,16,9,43937.374999999105,9.6,"Valid",9.1999999999999993,20.6,"Valid",13.2,null,null,9.6,9.1999999999999993,20.6,13.2,20.6,13.2,9.6,9.1999999999999993]
[2020,4,16,10,43937.416666665769,11.3,"Valid",9.4,13,"Valid",13.1,null,null,11.3,9.4,13,13.1,13,13.1,11.3,9.4]
[2020,4,16,11,43937.458333332434,16.100000000000001,"Valid",9.8000000000000007,17,"Valid",13.3,null,null,16.100000000000001,9.8000000000000007,17,13.3,17,13.3,16.100000000000001,9.8000000000000007]
[2020,4,16,12,43937.499999999098,25.6,"Valid",10.4,27.6,"Valid",13.9,null,null,25.6,10.4,27.6,13.9,27.6,13.9,25.6,10.4]
[2020,4,16,13,43937.541666665762,19.3,"Valid",10.8,22.6,"Valid",14.3,null,null,19.3,10.8,22.6,14.3,22.6,14.3,19.3,10.8]
[2020,4,16,14,43937.583333332426,20.100000000000001,"Valid",10.9,22.4,"Valid",14.4,null,null,20.100000000000001,10.9,22.4,14.4,22.4,14.4,20.100000000000001,10.9]
[2020,4,16,15,43937.624999999091,19.899999999999999,"Valid",11,28.4,"Valid",14.6,null,null,19.899999999999999,11,28.4,14.6,28.4,14.6,19.899999999999999,11]
[2020,4,16,16,43937.666666665755,22.3,"Valid",11.2,32,"Valid",15,null,null,22.3,11.2,32,15,32,15,22.3,11.2]
[2020,4,16,17,43937.708333332419,14.6,"Valid",11.3,20.5,"Valid",15.1,null,null,14.6,11.3,20.5,15.1,20.5,15.1,14.6,11.3]
[2020,4,16,18,43937.749999999083,3.3,"Valid",10.9,7.6,"Valid",14.7,null,null,3.3,10.9,7.6,14.7,7.6,14.7,3.3,10.9]
[2020,4,16,19,43937.791666665747,9.1999999999999993,"Valid",10.8,18.399999999999999,"Valid",14.8,null,null,9.1999999999999993,10.8,18.399999999999999,14.8,18.399999999999999,14.8,9.1999999999999993,10.8]
[2020,4,16,20,43937.833333332412,2.7,"Valid",10.6,6.6,"Valid",14.5,null,null,2.7,10.6,6.6,14.5,6.6,14.5,2.7,10.6]
[2020,4,16,21,43937.874999999076,5.0999999999999996,"Valid",10.8,7.6,"Valid",14.6,null,null,5.0999999999999996,10.8,7.6,14.6,7.6,14.6,5.0999999999999996,10.8]
[2020,4,16,22,43937.91666666574,9.5,"Valid",10.4,11.1,"Valid",14.2,null,null,9.5,10.4,11.1,14.2,11.1,14.2,9.5,10.4]
[2020,4,16,23,43937.958333332404,7.6,"Valid",10.3,9.5,"Valid",14,null,null,7.6,10.3,9.5,14,9.5,14,7.6,10.3]
[2020,4,17,0,43937.999999999069,7.2,"Valid",9.9,8.6,"Valid",13.6,null,null,{"$f":"IF(G386=\"Valid\", F386, NA())","v":7.2},{"$f":"IF(G386=\"Valid\", H386, NA())","v":9.9},{"$f":"IF(J386=\"Valid\", I386, NA())","v":8.6},{"$f":"IF(J386=\"Valid\", K386, NA())","v":13.6},8.6,13.6,7.2,9.9]
[2020,4,17,1,43938.041666665733,11.1,"Valid",10.7,12,"Valid",14.2,null,null,11.1,10.7,12,14.2,12,14.2,11.1,10.7]
[{"$f":"A387","v":2020},4,17,{"$f":"IF(D387=23,0,D387+1)","v":2},{"$f":"E387+0.0416666666666666","v":43938.083333332397},7.7,"Valid",10.199999999999999,8.9,"Valid",13.8,null,null,7.7,10.199999999999999,8.9,13.8,8.9,13.8,7.7,10.199999999999999]
[2020,4,17,3,43938.124999999061,9.6999999999999993,"Valid",10,11.2,"Valid",13.6,null,null,9.6999999999999993,10,11.2,13.6,11.2,13.6,9.6999999999999993,10]
[2020,4,17,4,43938.166666665726,8.3000000000000007,"Valid",10.199999999999999,9.9,"Valid",13.8,null,null,8.3000000000000007,10.199999999999999,9.9,13.8,9.9,13.8,8.3000000000000007,10.199999999999999]
[2020,4,17,5,43938.20833333239,8.3000000000000007,"Valid",10.7,10,"Valid",14.3,null,null,8.3000000000000007,10.7,10,14.3,10,14.3,8.3000000000000007,10.7]
[2020,4,17,6,43938.249999999054,9.4,"Valid",11.2,10.6,"Valid",14.7,null,null,9.4,11.2,10.6,14.7,10.6,14.7,9.4,11.2]
[2020,4,17,7,43938.291666665718,8.4,"Valid",11.6,9.3000000000000007,"Valid",15,null,null,8.4,11.6,9.3000000000000007,15,9.3000000000000007,15,8.4,11.6]
[2020,4,17,8,43938.333333332383,5.5,"Valid",11.3,9.1999999999999993,"Valid",14.7,null,null,5.5,11.3,9.1999999999999993,14.7,9.1999999999999993,14.7,5.5,11.3]
[2020,4,17,9,43938.374999999047,5.9,"Valid",11.1,11.8,"Valid",14.3,null,null,5.9,11.1,11.8,14.3,11.8,14.3,5.9,11.1]
[2020,4,17,10,43938.416666665711,{"$f":"NA()","v":{"$error":"#N/A"}},"Invalid",{"$f":"NA()","v":{"$error":"#N/A"}},{"$f":"NA()","v":{"$error":"#N/A"}},"Invalid",{"$f":"NA()","v":{"$error":"#N/A"}},"Calibration Error","value outside range",{"$error":"#N/A"},{"$error":"#N/A"},{"$error":"#N/A"},{"$error":"#N/A"}]
[2020,4,17,11,43938.458333332375,11.3,"Valid",10.4,13.9,"Valid",13.9,null,null,11.3,10.4,13.9,13.9,13.9,13.9,11.3,10.4]
[2020,4,17,12,43938.49999999904,17.3,"Valid",10.1,22.1,"Valid",13.6,null,null,17.3,10.1,22.1,13.6,22.1,13.6,17.3,10.1]
[2020,4,17,13,43938.541666665704,23.7,"Valid",10.3,30.7,"Valid",14,null,null,23.7,10.3,30.7,14,30.7,14,23.7,10.3]
[2020,4,17,14,43938.583333332368,22.9,"Valid",10.4,32.6,"Valid",14.5,null,null,22.9,10.4,32.6,14.5,32.6,14.5,22.9,10.4]
[2020,4,17,15,43938.624999999032,17.7,"Valid",10.3,28.3,"Valid",14.5,null,null,17.7,10.3,28.3,14.5,28.3,14.5,17.7,10.3]
[2020,4,17,16,43938.666666665697,21.1,"Valid",10.199999999999999,33.200000000000003,"Valid",14.4,null,null,21.1,10.199999999999999,33.200000000000003,14.4,33.200000000000003,14.4,21.1,10.199999999999999]
[2020,4,17,17,43938.708333332361,11.3,"Valid",10.1,35.799999999999997,"Valid",15,null,null,11.3,10.1,35.799999999999997,15,35.799999999999997,15,11.3,10.1]
[2020,4,17,18,43938.749999999025,4.5999999999999996,"Valid",10,11.8,"Valid",15,null,null,4.5999999999999996,10,11.8,15,11.8,15,4.5999999999999996,10]
[2020,4,17,19,43938.791666665689,2.5,"Valid",9.6999999999999993,6.7,"Valid",14.4,null,null,2.5,9.6999999999999993,6.7,14.4,6.7,14.4,2.5,9.6999999999999993]
[2020,4,17,20,43938.833333332354,6.6,"Valid",9.6999999999999993,14.4,"Valid",14.6,null,null,6.6,9.6999999999999993,14.4,14.6,14.4,14.6,6.6,9.6999999999999993]
[2020,4,17,21,43938.874999999018,19.3,"Valid",10.199999999999999,22.2,"Valid",15.1,null,null,19.3,10.199999999999999,22.2,15.1,22.2,15.1,19.3,10.199999999999999]
[2020,4,17,22,43938.916666665682,-1,"Valid",9.8000000000000007,0,"Valid",14.6,null,null,-1,9.8000000000000007,0,14.6,0,14.6,-1,9.8000000000000007]
[2020,4,17,23,43938.958333332346,4,"Valid",9.6,5.2,"Valid",14.4,null,null,4,9.6,5.2,14.4,5.2,14.4,4,9.6]
[2020,4,18,0,43938.99999999901,3.9,"Valid",9.6,4.7,"Valid",14.4,null,null,3.9,9.6,4.7,14.4,4.7,14.4,3.9,9.6]
[2020,{"$f":"B410","v":4},{"$f":"C387+1","v":18},1,43939.041666665675,4.8,"Valid",9.1999999999999993,5.6,"Valid",14,null,null,4.8,9.1999999999999993,5.6,14,5.6,14,4.8,9.1999999999999993]
[2020,4,18,2,43939.083333332339,2.9,"Valid",9.1,3.7,"Valid",13.8,null,null,2.9,9.1,3.7,13.8,3.7,13.8,2.9,9.1]
[2020,4,18,3,43939.124999999003,4.3,"Valid",8.8000000000000007,5.7,"Valid",13.6,null,null,4.3,8.8000000000000007,5.7,13.6,5.7,13.6,4.3,8.8000000000000007]
[2020,4,18,4,43939.166666665667,5.7,"Valid",8.6999999999999993,7,"Valid",13.4,null,null,5.7,8.6999999999999993,7,13.4,7,13.4,5.7,8.6999999999999993]
[2020,4,18,5,43939.208333332332,5.6,"Valid",8.6,7.3,"Valid",13.3,null,null,5.6,8.6,7.3,13.3,7.3,13.3,5.6,8.6]
[2020,4,18,6,43939.249999998996,4.5999999999999996,"Valid",8.4,5.7,"Valid",13.1,null,null,4.5999999999999996,8.4,5.7,13.1,5.7,13.1,4.5999999999999996,8.4]
[2020,4,18,7,43939.29166666566,8.5,"Valid",8.4,8.8000000000000007,"Valid",13.1,null,null,8.5,8.4,8.8000000000000007,13.1,8.8000000000000007,13.1,8.5,8.4]
[2020,4,18,8,43939.333333332324,8.4,"Valid",8.6,10,"Valid",13.3,null,null,8.4,8.6,10,13.3,10,13.3,8.4,8.6]
[2020,4,18,9,43939.374999998989,{"$f":"NA()","v":{"$error":"#N/A"}},"Invalid",{"$f":"NA()","v":{"$error":"#N/A"}},{"$f":"NA()","v":{"$error":"#N/A"}},"Invalid",{"$f":"NA()","v":{"$error":"#N/A"}},"Calibration Error","value outside range",{"$error":"#N/A"},{"$error":"#N/A"},{"$error":"#N/A"},{"$error":"#N/A"}]
[2020,4,18,10,43939.416666665653,7.5,"Valid",8.8000000000000007,14,"Valid",13.7,null,null,7.5,8.8000000000000007,14,13.7,14,13.7,7.5,8.8000000000000007]
[2020,4,18,11,43939.458333332317,7.6,"Valid",8.6999999999999993,11.1,"Valid",13.6,null,null,7.6,8.6999999999999993,11.1,13.6,11.1,13.6,7.6,8.6999999999999993]
[2020,4,18,12,43939.499999998981,5.9,"Valid",8.4,10.7,"Valid",13.3,null,null,5.9,8.4,10.7,13.3,10.7,13.3,5.9,8.4]
[2020,4,18,13,43939.541666665646,6,"Valid",7.7,8.1999999999999993,"Valid",12.4,null,null,6,7.7,8.1999999999999993,12.4,8.1999999999999993,12.4,6,7.7]
[2020,4,18,14,43939.58333333231,-0.1,"Valid",6.7,3.6,"Valid",11.3,null,null,-0.1,6.7,3.6,11.3,3.6,11.3,-0.1,6.7]
[2020,4,18,15,43939.624999998974,{"$f":"NA()","v":{"$error":"#N/A"}},"Invalid",{"$f":"NA()","v":{"$error":"#N/A"}},{"$f":"NA()","v":{"$error":"#N/A"}},"Invalid",{"$f":"NA()","v":{"$error":"#N/A"}},"Calibration Error","value outside range",{"$error":"#N/A"},{"$error":"#N/A"},{"$error":"#N/A"},{"$error":"#N/A"}]
[2020,4,18,16,43939.666666665638,{"$f":"NA()","v":{"$error":"#N/A"}},"Invalid",{"$f":"NA()","v":{"$error":"#N/A"}},{"$f":"NA()","v":{"$error":"#N/A"}},"Invalid",{"$f":"NA()","v":{"$error":"#N/A"}},"Calibration Error","value outside range",{"$error":"#N/A"},{"$error":"#N/A"},{"$error":"#N/A"},{"$error":"#N/A"}]
[2020,4,18,17,43939.708333332303,2.2999999999999998,"Valid",5.9,4.0999999999999996,"Valid",8.5,null,null,2.2999999999999998,5.9,4.0999999999999996,8.5,4.0999999999999996,8.5,2.2999999999999998,5.9]
[2020,4,18,18,43939.749999998967,7.1,"Valid",5.9,9.1,"Valid",8.3000000000000007,null,null,7.1,5.9,9.1,8.3000000000000007,9.1,8.3000000000000007,7.1,5.9]
[2020,4,18,19,43939.791666665631,-2.2999999999999998,"Valid",5.7,2.2999999999999998,"Valid",8.1,null,null,-2.2999999999999998,5.7,2.2999999999999998,8.1,2.2999999999999998,8.1,-2.2999999999999998,5.7]
[2020,4,18,20,43939.833333332295,9.6999999999999993,"Valid",5.7,12.6,"Valid",7.9,null,null,9.6999999999999993,5.7,12.6,7.9,12.6,7.9,9.6999999999999993,5.7]
[2020,4,18,21,43939.87499999896,3,"Valid",5.0999999999999996,5.2,"Valid",7.2,null,null,3,5.0999999999999996,5.2,7.2,5.2,7.2,3,5.0999999999999996]
[2020,4,18,22,43939.916666665624,5.4,"Valid",5.3,7.9,"Valid",7.5,null,null,5.4,5.3,7.9,7.5,7.9,7.5,5.4,5.3]
[2020,4,18,23,43939.958333332288,4.4000000000000004,"Valid",5.3,6.1,"Valid",7.5,null,null,4.4000000000000004,5.3,6.1,7.5,6.1,7.5,4.4000000000000004,5.3]
[2020,4,19,0,43939.999999998952,6.8,"Valid",5.4,7.6,"Valid",7.6,null,null,6.8,5.4,7.6,7.6,7.6,7.6,6.8,5.4]
[2020,4,19,1,43940.041666665617,7.8,"Valid",5.6,7.8,"Valid",7.7,null,null,7.8,5.6,7.8,7.7,7.8,7.7,7.8,5.6]
[2020,4,19,2,43940.083333332281,{"$f":"NA()","v":{"$error":"#N/A"}},"Invalid",{"$f":"NA()","v":{"$error":"#N/A"}},{"$f":"NA()","v":{"$error":"#N/A"}},"Invalid",{"$f":"NA()","v":{"$error":"#N/A"}},"Calibration Error","value outside range",{"$error":"#N/A"},{"$error":"#N/A"},{"$error":"#N/A"},{"$error":"#N/A"}]
[2020,4,19,3,43940.124999998945,10.199999999999999,"Valid",6.2,10.8,"Valid",8.1999999999999993,null,null,10.199999999999999,6.2,10.8,8.1999999999999993,10.8,8.1999999999999993,10.199999999999999,6.2]
[2020,4,19,4,43940.166666665609,13.1,"Valid",6.5,13.8,"Valid",8.5,null,null,13.1,6.5,13.8,8.5,13.8,8.5,13.1,6.5]
[2020,4,19,5,43940.208333332273,6.9,"Valid",6.5,8.5,"Valid",8.5,null,null,6.9,6.5,8.5,8.5,8.5,8.5,6.9,6.5]
[2020,4,19,6,43940.249999998938,4.5999999999999996,"Valid",6.5,6.5,"Valid",8.5,null,null,4.5999999999999996,6.5,6.5,8.5,6.5,8.5,4.5999999999999996,6.5]
[2020,4,19,7,43940.291666665602,5.3,"Valid",6.4,7.8,"Valid",8.6,null,null,5.3,6.4,7.8,8.6,7.8,8.6,5.3,6.4]
[2020,4,19,8,43940.333333332266,10.4,"Valid",6.6,15.1,"Valid",8.9,null,null,10.4,6.6,15.1,8.9,15.1,8.9,10.4,6.6]
[2020,4,19,9,43940.37499999893,15.3,"Valid",7.4,15.5,"Valid",9.4,null,null,15.3,7.4,15.5,9.4,15.5,9.4,15.3,7.4]
[2020,4,19,10,43940.416666665595,10.199999999999999,"Valid",7.5,12.7,"Valid",9.5,null,null,10.199999999999999,7.5,12.7,9.5,12.7,9.5,10.199999999999999,7.5]
[2020,4,19,11,43940.458333332259,10.4,"Valid",7.7,13.7,"Valid",9.6,null,null,10.4,7.7,13.7,9.6,13.7,9.6,10.4,7.7]
[2020,4,19,12,43940.499999998923,4.2,"Valid",7.6,7.2,"Valid",9.5,null,null,4.2,7.6,7.2,9.5,7.2,9.5,4.2,7.6]
[2020,4,19,13,43940.541666665587,10.3,"Valid",7.9,11.5,"Valid",9.6999999999999993,null,null,10.3,7.9,11.5,9.6999999999999993,11.5,9.6999999999999993,10.3,7.9]
[2020,4,19,14,43940.583333332252,15.1,"Valid",8.5,15.1,"Valid",10.199999999999999,null,null,15.1,8.5,15.1,10.199999999999999,15.1,10.199999999999999,15.1,8.5]
[2020,4,19,15,43940.624999998916,9.6999999999999993,"Valid",8.3000000000000007,11.1,"Valid",10.1,null,null,9.6999999999999993,8.3000000000000007,11.1,10.1,11.1,10.1,9.6999999999999993,8.3000000000000007]
[2020,4,19,16,43940.66666666558,9.9,"Valid",8.1999999999999993,10,"Valid",10,null,null,{"$f":"IF(G450=\"Valid\", F450, NA())","v":9.9},{"$f":"IF(G450=\"Valid\", H450, NA())","v":8.1999999999999993},{"$f":"IF(J450=\"Valid\", I450, NA())","v":10},{"$f":"IF(J450=\"Valid\", K450, NA())","v":10},10,10,9.9,8.1999999999999993]
[2020,4,19,17,43940.708333332244,{"$f":"NA()","v":{"$error":"#N/A"}},"Invalid",{"$f":"NA()","v":{"$error":"#N/A"}},{"$f":"NA()","v":{"$error":"#N/A"}},"Invalid",{"$f":"NA()","v":{"$error":"#N/A"}},"Calibration Error","value outside range",{"$error":"#N/A"},{"$error":"#N/A"},{"$error":"#N/A"},{"$error":"#N/A"}]
[{"$f":"A451","v":2020},4,19,{"$f":"IF(D451=23,0,D451+1)","v":18},{"$f":"E451+0.0416666666666666","v":43940.749999998909},3.5,"Valid",7.7,6.2,"Valid",9.5,null,null,3.5,7.7,6.2,9.5,6.2,9.5,3.5,7.7]
[2020,4,19,19,43940.791666665573,11.4,"Valid",8.1,15,"Valid",9.9,null,null,11.4,8.1,15,9.9,15,9.9,11.4,8.1]
[2020,4,19,20,43940.833333332237,3.2,"Valid",7.8,5.8,"Valid",9.6,null,null,3.2,7.8,5.8,9.6,5.8,9.6,3.2,7.8]
[2020,4,19,21,43940.874999998901,4.4000000000000004,"Valid",7.8,5.0999999999999996,"Valid",9.5,null,null,4.4000000000000004,7.8,5.0999999999999996,9.5,5.0999999999999996,9.5,4.4000000000000004,7.8]
[2020,4,19,22,43940.916666665566,0.5,"Valid",7.6,1.2,"Valid",9.1999999999999993,null,null,0.5,7.6,1.2,9.1999999999999993,1.2,9.1999999999999993,0.5,7.6]
[2020,4,19,23,43940.95833333223,{"$f":"NA()","v":{"$error":"#N/A"}},"Invalid",{"$f":"NA()","v":{"$error":"#N/A"}},{"$f":"NA()","v":{"$error":"#N/A"}},"Invalid",{"$f":"NA()","v":{"$error":"#N/A"}},"Calibration Error","value outside range",{"$error":"#N/A"},{"$error":"#N/A"},{"$error":"#N/A"},{"$error":"#N/A"}]
[2020,4,20,0,43940.999999998894,{"$f":"NA()","v":{"$error":"#N/A"}},"Invalid",{"$f":"NA()","v":{"$error":"#N/A"}},{"$f":"NA()","v":{"$error":"#N/A"}},"Invalid",{"$f":"NA()","v":{"$error":"#N/A"}},"Calibration Error","value outside range",{"$error":"#N/A"},{"$error":"#N/A"},{"$error":"#N/A"},{"$error":"#N/A"}]
[2020,4,20,1,43941.041666665558,{"$f":"NA()","v":{"$error":"#N/A"}},"Invalid",{"$f":"NA()","v":{"$error":"#N/A"}},{"$f":"NA()","v":{"$error":"#N/A"}},"Invalid",{"$f":"NA()","v":{"$error":"#N/A"}},"Calibration Error","value outside range",{"$error":"#N/A"},{"$error":"#N/A"},{"$error":"#N/A"},{"$error":"#N/A"}]
[2020,4,20,2,43941.083333332223,{"$f":"NA()","v":{"$error":"#N/A"}},"Invalid",{"$f":"NA()","v":{"$error":"#N/A"}},{"$f":"NA()","v":{"$error":"#N/A"}},"Invalid",{"$f":"NA()","v":{"$error":"#N/A"}},"Calibration Error","value outside range",{"$error":"#N/A"},{"$error":"#N/A"},{"$error":"#N/A"},{"$error":"#N/A"}]
[2020,4,20,3,43941.124999998887,{"$f":"NA()","v":{"$error":"#N/A"}},"Invalid",{"$f":"NA()","v":{"$error":"#N/A"}},{"$f":"NA()","v":{"$error":"#N/A"}},"Invalid",{"$f":"NA()","v":{"$error":"#N/A"}},"Calibration Error","value outside range",{"$error":"#N/A"},{"$error":"#N/A"},{"$error":"#N/A"},{"$error":"#N/A"}]
[2020,4,20,4,43941.166666665551,10.7,"Valid",7.8,11.8,"Valid",9.1,null,null,10.7,7.8,11.8,9.1,11.8,9.1,10.7,7.8]
[2020,4,20,5,43941.208333332215,7.4,"Valid",7.8,8.6999999999999993,"Valid",9,null,null,7.4,7.8,8.6999999999999993,9,8.6999999999999993,9,7.4,7.8]
[2020,4,20,6,43941.24999999888,4.8,"Valid",7.8,6.9,"Valid",9,null,null,4.8,7.8,6.9,9,6.9,9,4.8,7.8]
[2020,4,20,7,43941.291666665544,6.9,"Valid",7.9,8.6,"Valid",9.1,null,null,6.9,7.9,8.6,9.1,8.6,9.1,6.9,7.9]
[2020,4,20,8,43941.333333332208,8.9,"Valid",7.8,10.1,"Valid",9,null,null,8.9,7.8,10.1,9,10.1,9,8.9,7.8]
[2020,4,20,9,43941.374999998872,17,"Valid",8,22.2,"Valid",9.3000000000000007,null,null,17,8,22.2,9.3000000000000007,22.2,9.3000000000000007,17,8]
[2020,4,20,10,43941.416666665536,2.9,"Valid",7.8,14.7,"Valid",9.5,null,null,2.9,7.8,14.7,9.5,14.7,9.5,2.9,7.8]
[2020,4,20,11,43941.458333332201,6.7,"Valid",7.7,15.5,"Valid",9.6999999999999993,null,null,6.7,7.7,15.5,9.6999999999999993,15.5,9.6999999999999993,6.7,7.7]
[2020,4,20,12,43941.499999998865,{"$f":"NA()","v":{"$error":"#N/A"}},"Invalid",{"$f":"NA()","v":{"$error":"#N/A"}},{"$f":"NA()","v":{"$error":"#N/A"}},"Invalid",{"$f":"NA()","v":{"$error":"#N/A"}},"Calibration Error","value outside range",{"$error":"#N/A"},{"$error":"#N/A"},{"$error":"#N/A"},{"$error":"#N/A"}]
[2020,4,20,13,43941.541666665529,11.3,"Valid",7.5,15.9,"Valid",9.6999999999999993,null,null,11.3,7.5,15.9,9.6999999999999993,15.9,9.6999999999999993,11.3,7.5]
[2020,4,20,14,43941.583333332193,0.6,"Valid",6.9,2.6,"Valid",9.1999999999999993,null,null,0.6,6.9,2.6,9.1999999999999993,2.6,9.1999999999999993,0.6,6.9]
[2020,4,20,15,43941.624999998858,10.7,"Valid",6.9,11.3,"Valid",9.1999999999999993,null,null,10.7,6.9,11.3,9.1999999999999993,11.3,9.1999999999999993,10.7,6.9]
[2020,4,20,16,43941.666666665522,4.0999999999999996,"Valid",6.7,9.8000000000000007,"Valid",9.1999999999999993,null,null,4.0999999999999996,6.7,9.8000000000000007,9.1999999999999993,9.8000000000000007,9.1999999999999993,4.0999999999999996,6.7]
[2020,{"$f":"B474","v":4},{"$f":"C451+1","v":20},17,43941.708333332186,5.3,"Valid",7,7.7,"Valid",9.5,null,null,5.3,7,7.7,9.5,7.7,9.5,5.3,7]
[2020,4,20,18,43941.74999999885,5.9,"Valid",7.1,10.1,"Valid",9.6,null,null,5.9,7.1,10.1,9.6,10.1,9.6,5.9,7.1]
[2020,4,20,19,43941.791666665515,3.5,"Valid",6.7,6.9,"Valid",9.1999999999999993,null,null,3.5,6.7,6.9,9.1999999999999993,6.9,9.1999999999999993,3.5,6.7]
[2020,4,20,20,43941.833333332179,10.199999999999999,"Valid",7,12.1,"Valid",9.4,null,null,10.199999999999999,7,12.1,9.4,12.1,9.4,10.199999999999999,7]
[2020,4,20,21,43941.874999998843,9.4,"Valid",7.1,11.3,"Valid",9.6,null,null,9.4,7.1,11.3,9.6,11.3,9.6,9.4,7.1]
[2020,4,20,22,43941.916666665507,12.7,"Valid",7.6,14.1,"Valid",10.1,null,null,12.7,7.6,14.1,10.1,14.1,10.1,12.7,7.6]
[2020,4,20,23,43941.958333332172,12.2,"Valid",7.9,13.3,"Valid",10.5,null,null,12.2,7.9,13.3,10.5,13.3,10.5,12.2,7.9]
[2020,4,21,0,43941.999999998836,3.4,"Valid",7.5,5.0999999999999996,"Valid",10.3,null,null,3.4,7.5,5.0999999999999996,10.3,5.0999999999999996,10.3,3.4,7.5]
[2020,4,21,1,43942.0416666655,14.3,"Valid",7.7,15.3,"Valid",10.5,null,null,14.3,7.7,15.3,10.5,15.3,10.5,14.3,7.7]
[2020,4,21,2,43942.083333332164,{"$f":"NA()","v":{"$error":"#N/A"}},"Invalid",{"$f":"NA()","v":{"$error":"#N/A"}},{"$f":"NA()","v":{"$error":"#N/A"}},"Invalid",{"$f":"NA()","v":{"$error":"#N/A"}},"Calibration Error","value outside range",{"$error":"#N/A"},{"$error":"#N/A"},{"$error":"#N/A"},{"$error":"#N/A"}]
[2020,4,21,3,43942.124999998829,{"$f":"NA()","v":{"$error":"#N/A"}},"Invalid",{"$f":"NA()","v":{"$error":"#N/A"}},{"$f":"NA()","v":{"$error":"#N/A"}},"Invalid",{"$f":"NA()","v":{"$error":"#N/A"}},"Calibration Error","value outside range",{"$error":"#N/A"},{"$error":"#N/A"},{"$error":"#N/A"},{"$error":"#N/A"}]
[2020,4,21,4,43942.166666665493,16.399999999999999,"Valid",6.5,17,"Valid",9.8000000000000007,null,null,16.399999999999999,6.5,17,9.8000000000000007,17,9.8000000000000007,16.399999999999999,6.5]
[2020,4,21,5,43942.208333332157,{"$f":"NA()","v":{"$error":"#N/A"}},"Invalid",{"$f":"NA()","v":{"$error":"#N/A"}},{"$f":"NA()","v":{"$error":"#N/A"}},"Invalid",{"$f":"NA()","v":{"$error":"#N/A"}},"Calibration Error","value outside range",{"$error":"#N/A"},{"$error":"#N/A"},{"$error":"#N/A"},{"$error":"#N/A"}]
[2020,4,21,6,43942.249999998821,{"$f":"NA()","v":{"$error":"#N/A"}},"Invalid",{"$f":"NA()","v":{"$error":"#N/A"}},{"$f":"NA()","v":{"$error":"#N/A"}},"Invalid",{"$f":"NA()","v":{"$error":"#N/A"}},"Calibration Error","value outside range",{"$error":"#N/A"},{"$error":"#N/A"},{"$error":"#N/A"},{"$error":"#N/A"}]
[2020,4,21,7,43942.291666665486,12.2,"Valid",6,15,"Valid",9.4,null,null,12.2,6,15,9.4,15,9.4,12.2,6]
[2020,4,21,8,43942.33333333215,4.9000000000000004,"Valid",5.8,15.9,"Valid",9.6999999999999993,null,null,4.9000000000000004,5.8,15.9,9.6999999999999993,15.9,9.6999999999999993,4.9000000000000004,5.8]
[2020,4,21,9,43942.374999998814,8.6,"Valid",5.5,27.4,"Valid",9.9,null,null,8.6,5.5,27.4,9.9,27.4,9.9,8.6,5.5]
[2020,4,21,10,43942.416666665478,5.0999999999999996,"Valid",5.6,12.5,"Valid",10,null,null,5.0999999999999996,5.6,12.5,10,12.5,10,5.0999999999999996,5.6]
[2020,4,21,11,43942.458333332143,{"$f":"NA()","v":{"$error":"#N/A"}},"Invalid",{"$f":"NA()","v":{"$error":"#N/A"}},{"$f":"NA()","v":{"$error":"#N/A"}},"Invalid",{"$f":"NA()","v":{"$error":"#N/A"}},"Power failure","no data",{"$error":"#N/A"},{"$error":"#N/A"},{"$error":"#N/A"},{"$error":"#N/A"}]
[2020,4,21,12,43942.499999998807,{"$f":"NA()","v":{"$error":"#N/A"}},"Invalid",{"$f":"NA()","v":{"$error":"#N/A"}},{"$f":"NA()","v":{"$error":"#N/A"}},"Invalid",{"$f":"NA()","v":{"$error":"#N/A"}},"Power failure","no data",{"$error":"#N/A"},{"$error":"#N/A"},{"$error":"#N/A"},{"$error":"#N/A"}]
[2020,4,21,13,43942.541666665471,{"$f":"NA()","v":{"$error":"#N/A"}},"Invalid",{"$f":"NA()","v":{"$error":"#N/A"}},{"$f":"NA()","v":{"$error":"#N/A"}},"Invalid",{"$f":"NA()","v":{"$error":"#N/A"}},"Power failure","no data",{"$error":"#N/A"},{"$error":"#N/A"},{"$error":"#N/A"},{"$error":"#N/A"}]
[2020,4,21,14,43942.583333332135,{"$f":"NA()","v":{"$error":"#N/A"}},"Invalid",{"$f":"NA()","v":{"$error":"#N/A"}},{"$f":"NA()","v":{"$error":"#N/A"}},"Invalid",{"$f":"NA()","v":{"$error":"#N/A"}},"Power failure","no data",{"$error":"#N/A"},{"$error":"#N/A"},{"$error":"#N/A"},{"$error":"#N/A"}]
[2020,4,21,15,43942.624999998799,{"$f":"NA()","v":{"$error":"#N/A"}},"Invalid",{"$f":"NA()","v":{"$error":"#N/A"}},{"$f":"NA()","v":{"$error":"#N/A"}},"Invalid",{"$f":"NA()","v":{"$error":"#N/A"}},"Power failure","no data",{"$error":"#N/A"},{"$error":"#N/A"},{"$error":"#N/A"},{"$error":"#N/A"}]
[2020,4,21,16,43942.666666665464,7.5,"Valid",7.7,20,"Valid",12,null,null,7.5,7.7,20,12,20,12,7.5,7.7]
[2020,4,21,17,43942.708333332128,15.6,"Valid",8.3000000000000007,23.9,"Valid",12.9,null,null,15.6,8.3000000000000007,23.9,12.9,23.9,12.9,15.6,8.3000000000000007]
[2020,4,21,18,43942.749999998792,22.4,"Valid",9.3000000000000007,34.5,"Valid",14.4,null,null,22.4,9.3000000000000007,34.5,14.4,34.5,14.4,22.4,9.3000000000000007]
[2020,4,21,19,43942.791666665456,22.9,"Valid",10.5,27,"Valid",15.6,null,null,22.9,10.5,27,15.6,27,15.6,22.9,10.5]
[2020,4,21,20,43942.833333332121,23.3,"Valid",11.2,23.9,"Valid",16.2,null,null,23.3,11.2,23.9,16.2,23.9,16.2,23.3,11.2]
[2020,4,21,21,43942.874999998785,23.1,"Valid",12,29.1,"Valid",17.3,null,null,23.1,12,29.1,17.3,29.1,17.3,23.1,12]
[2020,4,21,22,43942.916666665449,22.7,"Valid",12.6,26.5,"Valid",18,null,null,22.7,12.6,26.5,18,26.5,18,22.7,12.6]
[2020,4,21,23,43942.958333332113,21.7,"Valid",13.2,26.2,"Valid",18.8,null,null,21.7,13.2,26.2,18.8,26.2,18.8,21.7,13.2]
[2020,4,22,0,43942.999999998778,18.7,"Valid",14.1,22.9,"Valid",19.8,null,null,18.7,14.1,22.9,19.8,22.9,19.8,18.7,14.1]
[2020,4,22,1,43943.041666665442,17.5,"Valid",14.3,23.5,"Valid",20.3,null,null,17.5,14.3,23.5,20.3,23.5,20.3,17.5,14.3]
[2020,4,22,2,43943.083333332106,18.100000000000001,"Valid",14.5,25.3,"Valid",20.6,null,null,18.100000000000001,14.5,25.3,20.6,25.3,20.6,18.100000000000001,14.5]
[2020,4,22,3,43943.12499999877,18.899999999999999,"Valid",14.7,24.6,"Valid",20.8,null,null,18.899999999999999,14.7,24.6,20.8,24.6,20.8,18.899999999999999,14.7]
[2020,4,22,4,43943.166666665435,14.1,"Valid",14.6,21.7,"Valid",21,null,null,14.1,14.6,21.7,21,21.7,21,14.1,14.6]
[2020,4,22,5,43943.208333332099,16.8,"Valid",14.7,25.3,"Valid",21.3,null,null,16.8,14.7,25.3,21.3,25.3,21.3,16.8,14.7]
[2020,4,22,6,43943.249999998763,16.7,"Valid",14.8,19.7,"Valid",21.2,null,null,16.7,14.8,19.7,21.2,19.7,21.2,16.7,14.8]
[2020,4,22,7,43943.291666665427,17.100000000000001,"Valid",15,20.2,"Valid",21.4,null,null,17.100000000000001,15,20.2,21.4,20.2,21.4,17.100000000000001,15]
[2020,4,22,8,43943.333333332092,14.3,"Valid",15.5,25.2,"Valid",21.9,null,null,{"$f":"IF(G514=\"Valid\", F514, NA())","v":14.3},{"$f":"IF(G514=\"Valid\", H514, NA())","v":15.5},{"$f":"IF(J514=\"Valid\", I514, NA())","v":25.2},{"$f":"IF(J514=\"Valid\", K514, NA())","v":21.9},25.2,21.9,14.3,15.5]
[2020,4,22,9,43943.374999998756,23.4,"Valid",16.2,28.2,"Valid",21.9,null,null,23.4,16.2,28.2,21.9,28.2,21.9,23.4,16.2]
[{"$f":"A515","v":2020},4,22,{"$f":"IF(D515=23,0,D515+1)","v":10},{"$f":"E515+0.0416666666666666","v":43943.41666666542},25.2,"Valid",17.100000000000001,28.5,"Valid",22.7,null,null,25.2,17.100000000000001,28.5,22.7,28.5,22.7,25.2,17.100000000000001]
[2020,4,22,11,43943.458333332084,29.1,"Valid",17.7,31.7,"Valid",23.1,null,null,29.1,17.7,31.7,23.1,31.7,23.1,29.1,17.7]
[2020,4,22,12,43943.499999998749,21.6,"Valid",17.899999999999999,27.2,"Valid",23.3,null,null,21.6,17.899999999999999,27.2,23.3,27.2,23.3,21.6,17.899999999999999]
[2020,4,22,13,43943.541666665413,11.8,"Valid",17.600000000000001,18.2,"Valid",23.1,null,null,11.8,17.600000000000001,18.2,23.1,18.2,23.1,11.8,17.600000000000001]
[2020,4,22,14,43943.583333332077,9.6999999999999993,"Valid",17.3,16.3,"Valid",22.8,null,null,9.6999999999999993,17.3,16.3,22.8,16.3,22.8,9.6999999999999993,17.3]
[2020,4,22,15,43943.624999998741,10.3,"Valid",18.899999999999999,17.3,"Valid",25,null,null,10.3,18.899999999999999,17.3,25,17.3,25,10.3,18.899999999999999]
[2020,4,22,16,43943.666666665406,16.100000000000001,"Valid",19.3,20.9,"Valid",25.1,null,null,16.100000000000001,19.3,20.9,25.1,20.9,25.1,16.100000000000001,19.3]
[2020,4,22,17,43943.70833333207,22.9,"Valid",19.5,23.2,"Valid",25,null,null,22.9,19.5,23.2,25,23.2,25,22.9,19.5]
[2020,4,22,18,43943.749999998734,16.100000000000001,"Valid",19,26.3,"Valid",24.4,null,null,16.100000000000001,19,26.3,24.4,26.3,24.4,16.100000000000001,19]
[2020,4,22,19,43943.791666665398,21.8,"Valid",18.899999999999999,28.4,"Valid",24.3,null,null,21.8,18.899999999999999,28.4,24.3,28.4,24.3,21.8,18.899999999999999]
[2020,4,22,20,43943.833333332062,21.1,"Valid",18.5,28,"Valid",24.1,null,null,21.1,18.5,28,24.1,28,24.1,21.1,18.5]
[2020,4,22,21,43943.874999998727,15,"Valid",18.100000000000001,17.8,"Valid",23.6,null,null,15,18.100000000000001,17.8,23.6,17.8,23.6,15,18.100000000000001]
[2020,4,22,22,43943.916666665391,23.7,"Valid",18,25.4,"Valid",23.3,null,null,23.7,18,25.4,23.3,25.4,23.3,23.7,18]
[2020,4,22,23,43943.958333332055,17.600000000000001,"Valid",17.899999999999999,18.100000000000001,"Valid",23.1,null,null,17.600000000000001,17.899999999999999,18.100000000000001,23.1,18.100000000000001,23.1,17.600000000000001,17.899999999999999]
[2020,4,23,0,43943.999999998719,19.600000000000001,"Valid",17.899999999999999,21.3,"Valid",22.9,null,null,19.600000000000001,17.899999999999999,21.3,22.9,21.3,22.9,19.600000000000001,17.899999999999999]
[2020,4,23,1,43944.041666665384,16,"Valid",17.8,19.600000000000001,"Valid",22.8,null,null,16,17.8,19.600000000000001,22.8,19.600000000000001,22.8,16,17.8]
[2020,4,23,2,43944.083333332048,19.100000000000001,"Valid",17.8,25.8,"Valid",22.7,null,null,19.100000000000001,17.8,25.8,22.7,25.8,22.7,19.100000000000001,17.8]
[2020,4,23,3,43944.124999998712,21.9,"Valid",18,25.1,"Valid",22.8,null,null,21.9,18,25.1,22.8,25.1,22.8,21.9,18]
[2020,4,23,4,43944.166666665376,22.4,"Valid",18.2,26.6,"Valid",22.9,null,null,22.4,18.2,26.6,22.9,26.6,22.9,22.4,18.2]
[2020,4,23,5,43944.208333332041,20.399999999999999,"Valid",18.5,23.2,"Valid",23,null,null,20.399999999999999,18.5,23.2,23,23.2,23,20.399999999999999,18.5]
[2020,4,23,6,43944.249999998705,20.8,"Valid",18.600000000000001,24.1,"Valid",23,null,null,20.8,18.600000000000001,24.1,23,24.1,23,20.8,18.600000000000001]
[2020,4,23,7,43944.291666665369,20.9,"Valid",18.8,23.9,"Valid",23.2,null,null,20.9,18.8,23.9,23.2,23.9,23.2,20.9,18.8]
[2020,4,23,8,43944.333333332033,31.5,"Valid",19.600000000000001,37.9,"Valid",23.9,null,null,31.5,19.600000000000001,37.9,23.9,37.9,23.9,31.5,19.600000000000001]
[2020,{"$f":"B538","v":4},{"$f":"C515+1","v":23},9,43944.374999998698,21.1,"Valid",19.8,25.7,"Valid",24.2,null,null,21.1,19.8,25.7,24.2,25.7,24.2,21.1,19.8]
[2020,4,23,10,43944.416666665362,19.899999999999999,"Valid",19.899999999999999,53.7,"Valid",25.6,null,null,19.899999999999999,19.899999999999999,53.7,25.6,53.7,25.6,19.899999999999999,19.899999999999999]
[2020,4,23,11,43944.458333332026,14.9,"Valid",19.399999999999999,22.7,"Valid",25.3,null,null,14.9,19.399999999999999,22.7,25.3,22.7,25.3,14.9,19.399999999999999]
[2020,4,23,12,43944.49999999869,10.4,"Valid",19,16.100000000000001,"Valid",25,null,null,10.4,19,16.100000000000001,25,16.100000000000001,25,10.4,19]
[2020,4,23,13,43944.541666665355,3.3,"Valid",18.7,7.5,"Valid",24.6,null,null,3.3,18.7,7.5,24.6,7.5,24.6,3.3,18.7]
[2020,4,23,14,43944.583333332019,4.9000000000000004,"Valid",18.5,8.8000000000000007,"Valid",24.3,null,null,4.9000000000000004,18.5,8.8000000000000007,24.3,8.8000000000000007,24.3,4.9000000000000004,18.5]
[2020,4,23,15,43944.624999998683,0.2,"Valid",18.2,4.5,"Valid",23.8,null,null,0.2,18.2,4.5,23.8,4.5,23.8,0.2,18.2]
[2020,4,23,16,43944.666666665347,9.8000000000000007,"Valid",17.8,17.399999999999999,"Valid",23.6,null,null,9.8000000000000007,17.8,17.399999999999999,23.6,17.399999999999999,23.6,9.8000000000000007,17.8]
[2020,4,23,17,43944.708333332012,10.7,"Valid",17.3,23,"Valid",23.6,null,null,10.7,17.3,23,23.6,23,23.6,10.7,17.3]
[2020,4,23,18,43944.749999998676,20.3,"Valid",17.3,43.1,"Valid",24,null,null,20.3,17.3,43.1,24,43.1,24,20.3,17.3]
[2020,4,23,19,43944.79166666534,17.399999999999999,"Valid",16.899999999999999,40,"Valid",24.2,null,null,17.399999999999999,16.899999999999999,40,24.2,40,24.2,17.399999999999999,16.899999999999999]
[2020,4,23,20,43944.833333332004,18.100000000000001,"Valid",16.7,34.200000000000003,"Valid",24.3,null,null,18.100000000000001,16.7,34.200000000000003,24.3,34.200000000000003,24.3,18.100000000000001,16.7]
[2020,4,23,21,43944.874999998668,20.3,"Valid",16.8,27.3,"Valid",24.6,null,null,20.3,16.8,27.3,24.6,27.3,24.6,20.3,16.8]
[2020,4,23,22,43944.916666665333,19.399999999999999,"Valid",16.7,23.2,"Valid",24.6,null,null,19.399999999999999,16.7,23.2,24.6,23.2,24.6,19.399999999999999,16.7]
[2020,4,23,23,43944.958333331997,14.1,"Valid",16.5,17.7,"Valid",24.5,null,null,14.1,16.5,17.7,24.5,17.7,24.5,14.1,16.5]
[2020,4,24,0,43944.999999998661,13.2,"Valid",16.2,17.600000000000001,"Valid",24.4,null,null,13.2,16.2,17.600000000000001,24.4,17.600000000000001,24.4,13.2,16.2]
[2020,4,24,1,43945.041666665325,15.5,"Valid",16.100000000000001,19.7,"Valid",24.2,null,null,15.5,16.100000000000001,19.7,24.2,19.7,24.2,15.5,16.100000000000001]
[2020,4,24,2,43945.08333333199,16,"Valid",16,20.399999999999999,"Valid",24,null,null,16,16,20.399999999999999,24,20.399999999999999,24,16,16]
[2020,4,24,3,43945.124999998654,27.9,"Valid",16.3,50.5,"Valid",25.1,null,null,27.9,16.3,50.5,25.1,50.5,25.1,27.9,16.3]
[2020,4,24,4,43945.166666665318,28.9,"Valid",16.600000000000001,47.3,"Valid",26,null,null,28.9,16.600000000000001,47.3,26,47.3,26,28.9,16.600000000000001]
[2020,4,24,5,43945.208333331982,25.6,"Valid",16.7,36.799999999999997,"Valid",26.4,null,null,25.6,16.7,36.799999999999997,26.4,36.799999999999997,26.4,25.6,16.7]
[2020,4,24,6,43945.249999998647,21.7,"Valid",16.8,26,"Valid",26.6,null,null,21.7,16.8,26,26.6,26,26.6,21.7,16.8]
[2020,4,24,7,43945.291666665311,22.7,"Valid",16.8,28,"Valid",26.7,null,null,22.7,16.8,28,26.7,28,26.7,22.7,16.8]
[2020,4,24,8,43945.333333331975,12,"Valid",16.100000000000001,18.5,"Valid",26.1,null,null,12,16.100000000000001,18.5,26.1,18.5,26.1,12,16.100000000000001]
[2020,4,24,9,43945.374999998639,17.600000000000001,"Valid",16.2,31.9,"Valid",26.7,null,null,17.600000000000001,16.2,31.9,26.7,31.9,26.7,17.600000000000001,16.2]
[2020,4,24,10,43945.416666665304,15.3,"Valid",16.2,29.4,"Valid",26,null,null,15.3,16.2,29.4,26,29.4,26,15.3,16.2]
[2020,4,24,11,43945.458333331968,12.2,"Valid",16.100000000000001,20,"Valid",25.9,null,null,12.2,16.100000000000001,20,25.9,20,25.9,12.2,16.100000000000001]
[2020,4,24,12,43945.499999998632,4.5,"Valid",15.9,13,"Valid",25.9,null,null,4.5,15.9,13,25.9,13,25.9,4.5,15.9]
[2020,4,24,13,43945.541666665296,9,"Valid",16.2,17.899999999999999,"Valid",26.4,null,null,9,16.2,17.899999999999999,26.4,17.899999999999999,26.4,9,16.2]
[2020,4,24,14,43945.583333331961,8.5,"Valid",16.399999999999999,15.1,"Valid",26.8,null,null,8.5,16.399999999999999,15.1,26.8,15.1,26.8,8.5,16.399999999999999]
[2020,4,24,15,43945.624999998625,4.7,"Valid",16.600000000000001,10.7,"Valid",27.1,null,null,4.7,16.600000000000001,10.7,27.1,10.7,27.1,4.7,16.600000000000001]
[2020,4,24,16,43945.666666665289,7.2,"Valid",16.600000000000001,13.6,"Valid",27,null,null,7.2,16.600000000000001,13.6,27,13.6,27,7.2,16.600000000000001]
[2020,4,24,17,43945.708333331953,7,"Valid",16.3,20.5,"Valid",26.7,null,null,7,16.3,20.5,26.7,20.5,26.7,7,16.3]
[2020,4,24,18,43945.749999998618,14.8,"Valid",15.9,27.3,"Valid",25.7,null,null,14.8,15.9,27.3,25.7,27.3,25.7,14.8,15.9]
[2020,4,24,19,43945.791666665282,17.100000000000001,"Valid",15.6,33,"Valid",25,null,null,17.100000000000001,15.6,33,25,33,25,17.100000000000001,15.6]
[2020,4,24,20,43945.833333331946,16,"Valid",15.5,24.2,"Valid",24.5,null,null,16,15.5,24.2,24.5,24.2,24.5,16,15.5]
[2020,4,24,21,43945.87499999861,25,"Valid",15.6,29,"Valid",24.5,null,null,25,15.6,29,24.5,29,24.5,25,15.6]
[2020,4,24,22,43945.916666665275,12.5,"Valid",15.2,21.6,"Valid",24.3,null,null,12.5,15.2,21.6,24.3,21.6,24.3,12.5,15.2]
[2020,4,24,23,43945.958333331939,16.100000000000001,"Valid",15.4,22.2,"Valid",24.5,null,null,16.100000000000001,15.4,22.2,24.5,22.2,24.5,16.100000000000001,15.4]
[2020,4,25,0,43945.999999998603,14.2,"Valid",15.3,30.1,"Valid",25,null,null,{"$f":"IF(G578=\"Valid\", F578, NA())","v":14.2},{"$f":"IF(G578=\"Valid\", H578, NA())","v":15.3},{"$f":"IF(J578=\"Valid\", I578, NA())","v":30.1},{"$f":"IF(J578=\"Valid\", K578, NA())","v":25},30.1,25,14.2,15.3]
[2020,4,25,1,43946.041666665267,16.8,"Valid",15.3,40.299999999999997,"Valid",25.7,null,null,16.8,15.3,40.299999999999997,25.7,40.299999999999997,25.7,16.8,15.3]
[{"$f":"A579","v":2020},4,25,{"$f":"IF(D579=23,0,D579+1)","v":2},{"$f":"E579+0.0416666666666666","v":43946.083333331931},9,"Valid",15.1,17.399999999999999,"Valid",25.7,null,null,9,15.1,17.399999999999999,25.7,17.399999999999999,25.7,9,15.1]
[2020,4,25,3,43946.124999998596,7.2,"Valid",14.2,12.9,"Valid",24.1,null,null,7.2,14.2,12.9,24.1,12.9,24.1,7.2,14.2]
[2020,4,25,4,43946.16666666526,8.8000000000000007,"Valid",13.4,14,"Valid",22.7,null,null,8.8000000000000007,13.4,14,22.7,14,22.7,8.8000000000000007,13.4]
[2020,4,25,5,43946.208333331924,5.6,"Valid",12.6,11.3,"Valid",21.7,null,null,5.6,12.6,11.3,21.7,11.3,21.7,5.6,12.6]
[2020,4,25,6,43946.249999998588,14.6,"Valid",12.2,18.600000000000001,"Valid",21.2,null,null,14.6,12.2,18.600000000000001,21.2,18.600000000000001,21.2,14.6,12.2]
[2020,4,25,7,43946.291666665253,10.7,"Valid",11.7,15.3,"Valid",20.7,null,null,10.7,11.7,15.3,20.7,15.3,20.7,10.7,11.7]
[2020,4,25,8,43946.333333331917,11.7,"Valid",11.8,17.100000000000001,"Valid",20.9,null,null,11.7,11.8,17.100000000000001,20.9,17.100000000000001,20.9,11.7,11.8]
[2020,4,25,9,43946.374999998581,13.2,"Valid",11.8,19.3,"Valid",20.6,null,null,13.2,11.8,19.3,20.6,19.3,20.6,13.2,11.8]
[2020,4,25,10,43946.416666665245,16.399999999999999,"Valid",12,26.7,"Valid",20.8,null,null,16.399999999999999,12,26.7,20.8,26.7,20.8,16.399999999999999,12]
[2020,4,25,11,43946.45833333191,8.6999999999999993,"Valid",11.9,17.7,"Valid",20.9,null,null,8.6999999999999993,11.9,17.7,20.9,17.7,20.9,8.6999999999999993,11.9]
[2020,4,25,12,43946.499999998574,2.9,"Valid",11.9,7.5,"Valid",20.7,null,null,2.9,11.9,7.5,20.7,7.5,20.7,2.9,11.9]
[2020,4,25,13,43946.541666665238,4.8,"Valid",11.8,9.5,"Valid",20.399999999999999,null,null,4.8,11.8,9.5,20.399999999999999,9.5,20.399999999999999,4.8,11.8]
[2020,4,25,14,43946.583333331902,8.5,"Valid",11.8,12.9,"Valid",20.3,null,null,8.5,11.8,12.9,20.3,12.9,20.3,8.5,11.8]
[2020,4,25,15,43946.624999998567,8.6999999999999993,"Valid",12,11.9,"Valid",20.399999999999999,null,null,8.6999999999999993,12,11.9,20.399999999999999,11.9,20.399999999999999,8.6999999999999993,12]
[2020,4,25,16,43946.666666665231,8.3000000000000007,"Valid",12,12.8,"Valid",20.3,null,null,8.3000000000000007,12,12.8,20.3,12.8,20.3,8.3000000000000007,12]
[2020,4,25,17,43946.708333331895,6,"Valid",11.9,12.8,"Valid",19.899999999999999,null,null,6,11.9,12.8,19.899999999999999,12.8,19.899999999999999,6,11.9]
[2020,4,25,18,43946.749999998559,11,"Valid",11.6,16.2,"Valid",19.3,null,null,11,11.6,16.2,19.3,16.2,19.3,11,11.6]
[2020,4,25,19,43946.791666665224,15.9,"Valid",11.4,25.5,"Valid",18.600000000000001,null,null,15.9,11.4,25.5,18.600000000000001,25.5,18.600000000000001,15.9,11.4]
[2020,4,25,20,43946.833333331888,15.2,"Valid",11.3,20.6,"Valid",18.399999999999999,null,null,15.2,11.3,20.6,18.399999999999999,20.6,18.399999999999999,15.2,11.3]
[2020,4,25,21,43946.874999998552,14,"Valid",10.8,19.3,"Valid",18,null,null,14,10.8,19.3,18,19.3,18,14,10.8]
[2020,4,25,22,43946.916666665216,9.1999999999999993,"Valid",10.6,14.4,"Valid",17.600000000000001,null,null,9.1999999999999993,10.6,14.4,17.600000000000001,14.4,17.600000000000001,9.1999999999999993,10.6]
[2020,4,25,23,43946.958333331881,15.8,"Valid",10.6,20.100000000000001,"Valid",17.600000000000001,null,null,15.8,10.6,20.100000000000001,17.600000000000001,20.100000000000001,17.600000000000001,15.8,10.6]
[2020,4,26,0,43946.999999998545,3.3,"Valid",10.199999999999999,10.199999999999999,"Valid",16.8,null,null,3.3,10.199999999999999,10.199999999999999,16.8,10.199999999999999,16.8,3.3,10.199999999999999]
[2020,{"$f":"B602","v":4},{"$f":"C579+1","v":26},1,43947.041666665209,6,"Valid",9.8000000000000007,12.9,"Valid",15.6,null,null,6,9.8000000000000007,12.9,15.6,12.9,15.6,6,9.8000000000000007]
[2020,4,26,2,43947.083333331873,21.8,"Valid",10.3,23.2,"Valid",15.8,null,null,21.8,10.3,23.2,15.8,23.2,15.8,21.8,10.3]
[2020,4,26,3,43947.124999998538,10.9,"Valid",10.4,16.100000000000001,"Valid",16,null,null,10.9,10.4,16.100000000000001,16,16.100000000000001,16,10.9,10.4]
[2020,4,26,4,43947.166666665202,10.7,"Valid",10.5,14.6,"Valid",16,null,null,10.7,10.5,14.6,16,14.6,16,10.7,10.5]
[2020,4,26,5,43947.208333331866,12.7,"Valid",10.8,15.6,"Valid",16.100000000000001,null,null,12.7,10.8,15.6,16.100000000000001,15.6,16.100000000000001,12.7,10.8]
[2020,4,26,6,43947.24999999853,25.9,"Valid",11.3,26.5,"Valid",16.600000000000001,null,null,25.9,11.3,26.5,16.600000000000001,26.5,16.600000000000001,25.9,11.3]
[2020,4,26,7,43947.291666665194,{"$f":"NA()","v":{"$error":"#N/A"}},"Invalid",{"$f":"NA()","v":{"$error":"#N/A"}},{"$f":"NA()","v":{"$error":"#N/A"}},"Invalid",{"$f":"NA()","v":{"$error":"#N/A"}},"Calibration Error","value outside range",{"$error":"#N/A"},{"$error":"#N/A"},{"$error":"#N/A"},{"$error":"#N/A"}]
[2020,4,26,8,43947.333333331859,16.5,"Valid",12.1,17.2,"Valid",16.899999999999999,null,null,16.5,12.1,17.2,16.899999999999999,17.2,16.899999999999999,16.5,12.1]
[2020,4,26,9,43947.374999998523,11.5,"Valid",12.1,13.2,"Valid",16.8,null,null,11.5,12.1,13.2,16.8,13.2,16.8,11.5,12.1]
[2020,4,26,10,43947.416666665187,4.9000000000000004,"Valid",11.6,6.9,"Valid",16,null,null,4.9000000000000004,11.6,6.9,16,6.9,16,4.9000000000000004,11.6]
[2020,4,26,11,43947.458333331851,9.4,"Valid",11.7,12.7,"Valid",15.8,null,null,9.4,11.7,12.7,15.8,12.7,15.8,9.4,11.7]
[2020,4,26,12,43947.499999998516,9.5,"Valid",12,16.100000000000001,"Valid",16.3,null,null,9.5,12,16.100000000000001,16.3,16.100000000000001,16.3,9.5,12]
[2020,4,26,13,43947.54166666518,12.6,"Valid",12.4,32,"Valid",17.3,null,null,12.6,12.4,32,17.3,32,17.3,12.6,12.4]
[2020,4,26,14,43947.583333331844,8.5,"Valid",12.4,30.9,"Valid",18,null,null,8.5,12.4,30.9,18,30.9,18,8.5,12.4]
[2020,4,26,15,43947.624999998508,3.4,"Valid",12.2,11.5,"Valid",18.100000000000001,null,null,3.4,12.2,11.5,18.100000000000001,11.5,18.100000000000001,3.4,12.2]
[2020,4,26,16,43947.666666665173,0.4,"Valid",11.9,3.8,"Valid",17.600000000000001,null,null,0.4,11.9,3.8,17.600000000000001,3.8,17.600000000000001,0.4,11.9]
[2020,4,26,17,43947.708333331837,3.7,"Valid",11.7,9.4,"Valid",17.399999999999999,null,null,3.7,11.7,9.4,17.399999999999999,9.4,17.399999999999999,3.7,11.7]
[2020,4,26,18,43947.749999998501,3.5,"Valid",11.3,11.9,"Valid",17.2,null,null,3.5,11.3,11.9,17.2,11.9,17.2,3.5,11.3]
[2020,4,26,19,43947.791666665165,9.9,"Valid",11,18.3,"Valid",16.7,null,null,9.9,11,18.3,16.7,18.3,16.7,9.9,11]
[2020,4,26,20,43947.83333333183,12.7,"Valid",10.9,19.100000000000001,"Valid",16.600000000000001,null,null,12.7,10.9,19.100000000000001,16.600000000000001,19.100000000000001,16.600000000000001,12.7,10.9]
[2020,4,26,21,43947.874999998494,7,"Valid",10.5,13.1,"Valid",16.2,null,null,7,10.5,13.1,16.2,13.1,16.2,7,10.5]
[2020,4,26,22,43947.916666665158,13,"Valid",10.7,18.399999999999999,"Valid",16.399999999999999,null,null,13,10.7,18.399999999999999,16.399999999999999,18.399999999999999,16.399999999999999,13,10.7]
[2020,4,26,23,43947.958333331822,12,"Valid",10.4,16.8,"Valid",16.100000000000001,null,null,12,10.4,16.8,16.100000000000001,16.8,16.100000000000001,12,10.4]
[2020,4,27,0,43947.999999998487,16,"Valid",10.9,20.7,"Valid",16.5,null,null,16,10.9,20.7,16.5,20.7,16.5,16,10.9]
[2020,4,27,1,43948.041666665151,14.7,"Valid",11.3,19.100000000000001,"Valid",16.8,null,null,14.7,11.3,19.100000000000001,16.8,19.100000000000001,16.8,14.7,11.3]
[2020,4,27,2,43948.083333331815,11.9,"Valid",10.8,15,"Valid",16.399999999999999,null,null,11.9,10.8,15,16.399999999999999,15,16.399999999999999,11.9,10.8]
[2020,4,27,3,43948.124999998479,17.8,"Valid",11.1,21.8,"Valid",16.7,null,null,17.8,11.1,21.8,16.7,21.8,16.7,17.8,11.1]
[2020,4,27,4,43948.166666665144,19.100000000000001,"Valid",11.4,22.3,"Valid",16.899999999999999,null,null,19.100000000000001,11.4,22.3,16.899999999999999,22.3,16.899999999999999,19.100000000000001,11.4]
[2020,4,27,5,43948.208333331808,15.2,"Valid",11.5,19.5,"Valid",17,null,null,15.2,11.5,19.5,17,19.5,17,15.2,11.5]
[2020,4,27,6,43948.249999998472,{"$f":"NA()","v":{"$error":"#N/A"}},"Invalid",{"$f":"NA()","v":{"$error":"#N/A"}},{"$f":"NA()","v":{"$error":"#N/A"}},"Invalid",{"$f":"NA()","v":{"$error":"#N/A"}},"Calibration Error","value outside range",{"$error":"#N/A"},{"$error":"#N/A"},{"$error":"#N/A"},{"$error":"#N/A"}]
[2020,4,27,7,43948.291666665136,{"$f":"NA()","v":{"$error":"#N/A"}},"Invalid",{"$f":"NA()","v":{"$error":"#N/A"}},{"$f":"NA()","v":{"$error":"#N/A"}},"Invalid",{"$f":"NA()","v":{"$error":"#N/A"}},"Calibration Error","value outside range",{"$error":"#N/A"},{"$error":"#N/A"},{"$error":"#N/A"},{"$error":"#N/A"}]
[2020,4,27,8,43948.333333331801,8.6,"Valid",10.4,8.8000000000000007,"Valid",16,null,null,8.6,10.4,8.8000000000000007,16,8.8000000000000007,16,8.6,10.4]
[2020,4,27,9,43948.374999998465,8,"Valid",10.4,8,"Valid",16,null,null,8,10.4,8,16,8,16,8,10.4]
[2020,4,27,10,43948.416666665129,4.3,"Valid",10.5,8.1999999999999993,"Valid",16.100000000000001,null,null,4.3,10.5,8.1999999999999993,16.100000000000001,8.1999999999999993,16.100000000000001,4.3,10.5]
[2020,4,27,11,43948.458333331793,1.7,"Valid",10.1,8.1999999999999993,"Valid",15.9,null,null,1.7,10.1,8.1999999999999993,15.9,8.1999999999999993,15.9,1.7,10.1]
[2020,4,27,12,43948.499999998457,8.5,"Valid",10.1,16.600000000000001,"Valid",16,null,null,8.5,10.1,16.600000000000001,16,16.600000000000001,16,8.5,10.1]
[2020,4,27,13,43948.541666665122,1.3,"Valid",9.6999999999999993,7.4,"Valid",15,null,null,1.3,9.6999999999999993,7.4,15,7.4,15,1.3,9.6999999999999993]
[2020,4,27,14,43948.583333331786,4.4000000000000004,"Valid",9.5,11.2,"Valid",14.3,null,null,4.4000000000000004,9.5,11.2,14.3,11.2,14.3,4.4000000000000004,9.5]
[2020,4,27,15,43948.62499999845,6.5,"Valid",9.6999999999999993,13,"Valid",14.3,null,null,6.5,9.6999999999999993,13,14.3,13,14.3,6.5,9.6999999999999993]
[2020,4,27,16,43948.666666665114,10.3,"Valid",10.1,14.5,"Valid",14.7,null,null,{"$f":"IF(G642=\"Valid\", F642, NA())","v":10.3},{"$f":"IF(G642=\"Valid\", H642, NA())","v":10.1},{"$f":"IF(J642=\"Valid\", I642, NA())","v":14.5},{"$f":"IF(J642=\"Valid\", K642, NA())","v":14.7},14.5,14.7,10.3,10.1]
[2020,4,27,17,43948.708333331779,50.8,"Valid",12,52,"Valid",16.5,null,null,50.8,12,52,16.5,52,16.5,50.8,12]
[{"$f":"A643","v":2020},4,27,{"$f":"IF(D643=23,0,D643+1)","v":18},{"$f":"E643+0.0416666666666666","v":43948.749999998443},22.1,"Valid",12.7,27.7,"Valid",17,null,null,22.1,12.7,27.7,17,27.7,17,22.1,12.7]
[2020,4,27,19,43948.791666665107,23.2,"Valid",13.1,24.2,"Valid",17.100000000000001,null,null,23.2,13.1,24.2,17.100000000000001,24.2,17.100000000000001,23.2,13.1]
[2020,4,27,20,43948.833333331771,{"$f":"NA()","v":{"$error":"#N/A"}},"Invalid",{"$f":"NA()","v":{"$error":"#N/A"}},{"$f":"NA()","v":{"$error":"#N/A"}},"Invalid",{"$f":"NA()","v":{"$error":"#N/A"}},"Calibration Error","value outside range",{"$error":"#N/A"},{"$error":"#N/A"},{"$error":"#N/A"},{"$error":"#N/A"}]
[2020,4,27,21,43948.874999998436,{"$f":"NA()","v":{"$error":"#N/A"}},"Invalid",{"$f":"NA()","v":{"$error":"#N/A"}},{"$f":"NA()","v":{"$error":"#N/A"}},"Invalid",{"$f":"NA()","v":{"$error":"#N/A"}},"Calibration Error","value outside range",{"$error":"#N/A"},{"$error":"#N/A"},{"$error":"#N/A"},{"$error":"#N/A"}]
[2020,4,27,22,43948.9166666651,{"$f":"NA()","v":{"$error":"#N/A"}},"Invalid",{"$f":"NA()","v":{"$error":"#N/A"}},{"$f":"NA()","v":{"$error":"#N/A"}},"Invalid",{"$f":"NA()","v":{"$error":"#N/A"}},"Calibration Error","value outside range",{"$error":"#N/A"},{"$error":"#N/A"},{"$error":"#N/A"},{"$error":"#N/A"}]
[2020,4,27,23,43948.958333331764,{"$f":"NA()","v":{"$error":"#N/A"}},"Invalid",{"$f":"NA()","v":{"$error":"#N/A"}},{"$f":"NA()","v":{"$error":"#N/A"}},"Invalid",{"$f":"NA()","v":{"$error":"#N/A"}},"Calibration Error","value outside range",{"$error":"#N/A"},{"$error":"#N/A"},{"$error":"#N/A"},{"$error":"#N/A"}]
[2020,4,28,0,43948.999999998428,{"$f":"NA()","v":{"$error":"#N/A"}},"Invalid",{"$f":"NA()","v":{"$error":"#N/A"}},{"$f":"NA()","v":{"$error":"#N/A"}},"Invalid",{"$f":"NA()","v":{"$error":"#N/A"}},"Calibration Error","value outside range",{"$error":"#N/A"},{"$error":"#N/A"},{"$error":"#N/A"},{"$error":"#N/A"}]
[2020,4,28,1,43949.041666665093,{"$f":"NA()","v":{"$error":"#N/A"}},"Invalid",{"$f":"NA()","v":{"$error":"#N/A"}},{"$f":"NA()","v":{"$error":"#N/A"}},"Invalid",{"$f":"NA()","v":{"$error":"#N/A"}},"Calibration Error","value outside range",{"$error":"#N/A"},{"$error":"#N/A"},{"$error":"#N/A"},{"$error":"#N/A"}]
[2020,4,28,2,43949.083333331757,{"$f":"NA()","v":{"$error":"#N/A"}},"Invalid",{"$f":"NA()","v":{"$error":"#N/A"}},{"$f":"NA()","v":{"$error":"#N/A"}},"Invalid",{"$f":"NA()","v":{"$error":"#N/A"}},"Calibration Error","value outside range",{"$error":"#N/A"},{"$error":"#N/A"},{"$error":"#N/A"},{"$error":"#N/A"}]
[2020,4,28,3,43949.124999998421,{"$f":"NA()","v":{"$error":"#N/A"}},"Invalid",{"$f":"NA()","v":{"$error":"#N/A"}},{"$f":"NA()","v":{"$error":"#N/A"}},"Invalid",{"$f":"NA()","v":{"$error":"#N/A"}},"Calibration Error","value outside range",{"$error":"#N/A"},{"$error":"#N/A"},{"$error":"#N/A"},{"$error":"#N/A"}]
[2020,4,28,4,43949.166666665085,{"$f":"NA()","v":{"$error":"#N/A"}},"Invalid",{"$f":"NA()","v":{"$error":"#N/A"}},{"$f":"NA()","v":{"$error":"#N/A"}},"Invalid",{"$f":"NA()","v":{"$error":"#N/A"}},"Calibration Error","value outside range",{"$error":"#N/A"},{"$error":"#N/A"},{"$error":"#N/A"},{"$error":"#N/A"}]
[2020,4,28,5,43949.20833333175,{"$f":"NA()","v":{"$error":"#N/A"}},"Invalid",{"$f":"NA()","v":{"$error":"#N/A"}},{"$f":"NA()","v":{"$error":"#N/A"}},"Invalid",{"$f":"NA()","v":{"$error":"#N/A"}},"Calibration Error","value outside range",{"$error":"#N/A"},{"$error":"#N/A"},{"$error":"#N/A"},{"$error":"#N/A"}]
[2020,4,28,6,43949.249999998414,{"$f":"NA()","v":{"$error":"#N/A"}},"Invalid",{"$f":"NA()","v":{"$error":"#N/A"}},{"$f":"NA()","v":{"$error":"#N/A"}},"Invalid",{"$f":"NA()","v":{"$error":"#N/A"}},"Calibration Error","value outside range",{"$error":"#N/A"},{"$error":"#N/A"},{"$error":"#N/A"},{"$error":"#N/A"}]
[2020,4,28,7,43949.291666665078,{"$f":"NA()","v":{"$error":"#N/A"}},"Invalid",{"$f":"NA()","v":{"$error":"#N/A"}},{"$f":"NA()","v":{"$error":"#N/A"}},"Invalid",{"$f":"NA()","v":{"$error":"#N/A"}},"Calibration Error","value outside range",{"$error":"#N/A"},{"$error":"#N/A"},{"$error":"#N/A"},{"$error":"#N/A"}]
[2020,4,28,8,43949.333333331742,11.6,"Valid",13.3,15.4,"Valid",14.2,null,null,11.6,13.3,15.4,14.2,15.4,14.2,11.6,13.3]
[2020,4,28,9,43949.374999998407,{"$f":"NA()","v":{"$error":"#N/A"}},"Invalid",{"$f":"NA()","v":{"$error":"#N/A"}},{"$f":"NA()","v":{"$error":"#N/A"}},"Invalid",{"$f":"NA()","v":{"$error":"#N/A"}},"Calibration Error","value outside range",{"$error":"#N/A"},{"$error":"#N/A"},{"$error":"#N/A"},{"$error":"#N/A"}]
[2020,4,28,10,43949.416666665071,9.1,"Valid",13.7,9.1999999999999993,"Valid",14.2,null,null,9.1,13.7,9.1999999999999993,14.2,9.1999999999999993,14.2,9.1,13.7]
[2020,4,28,11,43949.458333331735,{"$f":"NA()","v":{"$error":"#N/A"}},"Invalid",{"$f":"NA()","v":{"$error":"#N/A"}},{"$f":"NA()","v":{"$error":"#N/A"}},"Invalid",{"$f":"NA()","v":{"$error":"#N/A"}},"Calibration Error","value outside range",{"$error":"#N/A"},{"$error":"#N/A"},{"$error":"#N/A"},{"$error":"#N/A"}]
[2020,4,28,12,43949.499999998399,1.2,"Valid",13.6,13.9,"Valid",14,null,null,1.2,13.6,13.9,14,13.9,14,1.2,13.6]
[2020,4,28,13,43949.541666665064,{"$f":"NA()","v":{"$error":"#N/A"}},"Invalid",{"$f":"NA()","v":{"$error":"#N/A"}},{"$f":"NA()","v":{"$error":"#N/A"}},"Invalid",{"$f":"NA()","v":{"$error":"#N/A"}},"Calibration Error","value outside range",{"$error":"#N/A"},{"$error":"#N/A"},{"$error":"#N/A"},{"$error":"#N/A"}]
[2020,4,28,14,43949.583333331728,{"$f":"NA()","v":{"$error":"#N/A"}},"Invalid",{"$f":"NA()","v":{"$error":"#N/A"}},{"$f":"NA()","v":{"$error":"#N/A"}},"Invalid",{"$f":"NA()","v":{"$error":"#N/A"}},"Calibration Error","value outside range",{"$error":"#N/A"},{"$error":"#N/A"},{"$error":"#N/A"},{"$error":"#N/A"}]
[2020,4,28,15,43949.624999998392,8.9,"Valid",13.9,9,"Valid",13.4,null,null,8.9,13.9,9,13.4,9,13.4,8.9,13.9]
[2020,4,28,16,43949.666666665056,11.6,"Valid",13.9,13.6,"Valid",13.3,null,null,11.6,13.9,13.6,13.3,13.6,13.3,11.6,13.9]
[2020,{"$f":"B666","v":4},{"$f":"C643+1","v":28},17,43949.70833333172,21.5,"Valid",12.6,24.4,"Valid",12.1,null,null,21.5,12.6,24.4,12.1,24.4,12.1,21.5,12.6]
[2020,4,28,18,43949.749999998385,{"$f":"NA()","v":{"$error":"#N/A"}},"Invalid",{"$f":"NA()","v":{"$error":"#N/A"}},{"$f":"NA()","v":{"$error":"#N/A"}},"Invalid",{"$f":"NA()","v":{"$error":"#N/A"}},"Calibration Error","value outside range",{"$error":"#N/A"},{"$error":"#N/A"},{"$error":"#N/A"},{"$error":"#N/A"}]
[2020,4,28,19,43949.791666665049,11,"Valid",12,21.9,"Valid",11.7,null,null,11,12,21.9,11.7,21.9,11.7,11,12]
[2020,4,28,20,43949.833333331713,12.8,"Valid",11.9,23,"Valid",12,null,null,12.8,11.9,23,12,23,12,12.8,11.9]
[2020,4,28,21,43949.874999998377,{"$f":"NA()","v":{"$error":"#N/A"}},"Invalid",{"$f":"NA()","v":{"$error":"#N/A"}},{"$f":"NA()","v":{"$error":"#N/A"}},"Invalid",{"$f":"NA()","v":{"$error":"#N/A"}},"Calibration Error","value outside range",{"$error":"#N/A"},{"$error":"#N/A"},{"$error":"#N/A"},{"$error":"#N/A"}]
[2020,4,28,22,43949.916666665042,{"$f":"NA()","v":{"$error":"#N/A"}},"Invalid",{"$f":"NA()","v":{"$error":"#N/A"}},{"$f":"NA()","v":{"$error":"#N/A"}},"Invalid",{"$f":"NA()","v":{"$error":"#N/A"}},"Calibration Error","value outside range",{"$error":"#N/A"},{"$error":"#N/A"},{"$error":"#N/A"},{"$error":"#N/A"}]
[2020,4,28,23,43949.958333331706,{"$f":"NA()","v":{"$error":"#N/A"}},"Invalid",{"$f":"NA()","v":{"$error":"#N/A"}},{"$f":"NA()","v":{"$error":"#N/A"}},"Invalid",{"$f":"NA()","v":{"$error":"#N/A"}},"Calibration Error","value outside range",{"$error":"#N/A"},{"$error":"#N/A"},{"$error":"#N/A"},{"$error":"#N/A"}]
[2020,4,29,0,43949.99999999837,{"$f":"NA()","v":{"$error":"#N/A"}},"Invalid",{"$f":"NA()","v":{"$error":"#N/A"}},{"$f":"NA()","v":{"$error":"#N/A"}},"Invalid",{"$f":"NA()","v":{"$error":"#N/A"}},"Calibration Error","value outside range",{"$error":"#N/A"},{"$error":"#N/A"},{"$error":"#N/A"},{"$error":"#N/A"}]
[2020,4,29,1,43950.041666665034,{"$f":"NA()","v":{"$error":"#N/A"}},"Invalid",{"$f":"NA()","v":{"$error":"#N/A"}},{"$f":"NA()","v":{"$error":"#N/A"}},"Invalid",{"$f":"NA()","v":{"$error":"#N/A"}},"Calibration Error","value outside range",{"$error":"#N/A"},{"$error":"#N/A"},{"$error":"#N/A"},{"$error":"#N/A"}]
[2020,4,29,2,43950.083333331699,{"$f":"NA()","v":{"$error":"#N/A"}},"Invalid",{"$f":"NA()","v":{"$error":"#N/A"}},{"$f":"NA()","v":{"$error":"#N/A"}},"Invalid",{"$f":"NA()","v":{"$error":"#N/A"}},"Calibration Error","value outside range",{"$error":"#N/A"},{"$error":"#N/A"},{"$error":"#N/A"},{"$error":"#N/A"}]
[2020,4,29,3,43950.124999998363,{"$f":"NA()","v":{"$error":"#N/A"}},"Invalid",{"$f":"NA()","v":{"$error":"#N/A"}},{"$f":"NA()","v":{"$error":"#N/A"}},"Invalid",{"$f":"NA()","v":{"$error":"#N/A"}},"Calibration Error","value outside range",{"$error":"#N/A"},{"$error":"#N/A"},{"$error":"#N/A"},{"$error":"#N/A"}]
[2020,4,29,4,43950.166666665027,{"$f":"NA()","v":{"$error":"#N/A"}},"Invalid",{"$f":"NA()","v":{"$error":"#N/A"}},{"$f":"NA()","v":{"$error":"#N/A"}},"Invalid",{"$f":"NA()","v":{"$error":"#N/A"}},"Calibration Error","value outside range",{"$error":"#N/A"},{"$error":"#N/A"},{"$error":"#N/A"},{"$error":"#N/A"}]
[2020,4,29,5,43950.208333331691,{"$f":"NA()","v":{"$error":"#N/A"}},"Invalid",{"$f":"NA()","v":{"$error":"#N/A"}},{"$f":"NA()","v":{"$error":"#N/A"}},"Invalid",{"$f":"NA()","v":{"$error":"#N/A"}},"Calibration Error","value outside range",{"$error":"#N/A"},{"$error":"#N/A"},{"$error":"#N/A"},{"$error":"#N/A"}]
[2020,4,29,6,43950.249999998356,{"$f":"NA()","v":{"$error":"#N/A"}},"Invalid",{"$f":"NA()","v":{"$error":"#N/A"}},{"$f":"NA()","v":{"$error":"#N/A"}},"Invalid",{"$f":"NA()","v":{"$error":"#N/A"}},"Calibration Error","value outside range",{"$error":"#N/A"},{"$error":"#N/A"},{"$error":"#N/A"},{"$error":"#N/A"}]
[2020,4,29,7,43950.29166666502,15.7,"Valid",10,25,"Valid",10.1,null,null,15.7,10,25,10.1,25,10.1,15.7,10]
[2020,4,29,8,43950.333333331684,12.4,"Valid",10,12.8,"Valid",10,null,null,12.4,10,12.8,10,12.8,10,12.4,10]
[2020,4,29,9,43950.374999998348,{"$f":"NA()","v":{"$error":"#N/A"}},"Invalid",{"$f":"NA()","v":{"$error":"#N/A"}},{"$f":"NA()","v":{"$error":"#N/A"}},"Invalid",{"$f":"NA()","v":{"$error":"#N/A"}},"Calibration Error","value outside range",{"$error":"#N/A"},{"$error":"#N/A"},{"$error":"#N/A"},{"$error":"#N/A"}]
[2020,4,29,10,43950.416666665013,{"$f":"NA()","v":{"$error":"#N/A"}},"Invalid",{"$f":"NA()","v":{"$error":"#N/A"}},{"$f":"NA()","v":{"$error":"#N/A"}},"Invalid",{"$f":"NA()","v":{"$error":"#N/A"}},"Calibration Error","value outside range",{"$error":"#N/A"},{"$error":"#N/A"},{"$error":"#N/A"},{"$error":"#N/A"}]
[2020,4,29,11,43950.458333331677,{"$f":"NA()","v":{"$error":"#N/A"}},"Invalid",{"$f":"NA()","v":{"$error":"#N/A"}},{"$f":"NA()","v":{"$error":"#N/A"}},"Invalid",{"$f":"NA()","v":{"$error":"#N/A"}},"Power failure","no data",{"$error":"#N/A"},{"$error":"#N/A"},{"$error":"#N/A"},{"$error":"#N/A"}]
[2020,4,29,12,43950.499999998341,{"$f":"NA()","v":{"$error":"#N/A"}},"Invalid",{"$f":"NA()","v":{"$error":"#N/A"}},{"$f":"NA()","v":{"$error":"#N/A"}},"Invalid",{"$f":"NA()","v":{"$error":"#N/A"}},"Power failure","no data",{"$error":"#N/A"},{"$error":"#N/A"},{"$error":"#N/A"},{"$error":"#N/A"}]
[2020,4,29,13,43950.541666665005,{"$f":"NA()","v":{"$error":"#N/A"}},"Invalid",{"$f":"NA()","v":{"$error":"#N/A"}},{"$f":"NA()","v":{"$error":"#N/A"}},"Invalid",{"$f":"NA()","v":{"$error":"#N/A"}},"Power failure","no data",{"$error":"#N/A"},{"$error":"#N/A"},{"$error":"#N/A"},{"$error":"#N/A"}]
[2020,4,29,14,43950.58333333167,{"$f":"NA()","v":{"$error":"#N/A"}},"Invalid",{"$f":"NA()","v":{"$error":"#N/A"}},{"$f":"NA()","v":{"$error":"#N/A"}},"Invalid",{"$f":"NA()","v":{"$error":"#N/A"}},"Power failure","no data",{"$error":"#N/A"},{"$error":"#N/A"},{"$error":"#N/A"},{"$error":"#N/A"}]
[2020,4,29,15,43950.624999998334,{"$f":"NA()","v":{"$error":"#N/A"}},"Invalid",{"$f":"NA()","v":{"$error":"#N/A"}},{"$f":"NA()","v":{"$error":"#N/A"}},"Invalid",{"$f":"NA()","v":{"$error":"#N/A"}},"Power failure","no data",{"$error":"#N/A"},{"$error":"#N/A"},{"$error":"#N/A"},{"$error":"#N/A"}]
[2020,4,29,16,43950.666666664998,2.6,"Valid",10,16.8,"Valid",10.199999999999999,null,null,2.6,10,16.8,10.199999999999999,16.8,10.199999999999999,2.6,10]
[2020,4,29,17,43950.708333331662,5.0999999999999996,"Valid",9.3000000000000007,11.1,"Valid",9.6,null,null,5.0999999999999996,9.3000000000000007,11.1,9.6,11.1,9.6,5.0999999999999996,9.3000000000000007]
[2020,4,29,18,43950.749999998327,7.9,"Valid",8.5,43.9,"Valid",10.5,null,null,7.9,8.5,43.9,10.5,43.9,10.5,7.9,8.5]
[2020,4,29,19,43950.791666664991,4,"Valid",8.1,19.8,"Valid",10.4,null,null,4,8.1,19.8,10.4,19.8,10.4,4,8.1]
[2020,4,29,20,43950.833333331655,2.4,"Valid",7.6,17.7,"Valid",10.199999999999999,null,null,2.4,7.6,17.7,10.199999999999999,17.7,10.199999999999999,2.4,7.6]
[2020,4,29,21,43950.874999998319,3.8,"Valid",7.3,10.6,"Valid",10.3,null,null,3.8,7.3,10.6,10.3,10.6,10.3,3.8,7.3]
[2020,4,29,22,43950.916666664983,4.4000000000000004,"Valid",6.9,8.4,"Valid",10.199999999999999,null,null,4.4000000000000004,6.9,8.4,10.199999999999999,8.4,10.199999999999999,4.4000000000000004,6.9]
[2020,4,29,23,43950.958333331648,1,"Valid",6.6,4.2,"Valid",10.199999999999999,null,null,1,6.6,4.2,10.199999999999999,4.2,10.199999999999999,1,6.6]
[2020,4,30,0,43950.999999998312,3.2,"Valid",6.5,8.6,"Valid",10.6,null,null,3.2,6.5,8.6,10.6,8.6,10.6,3.2,6.5]
[2020,4,30,1,43951.041666664976,5.8,"Valid",6.4,10.7,"Valid",10.9,null,null,5.8,6.4,10.7,10.9,10.7,10.9,5.8,6.4]
[2020,4,30,2,43951.08333333164,4.7,"Valid",6.2,8.9,"Valid",11.1,null,null,4.7,6.2,8.9,11.1,8.9,11.1,4.7,6.2]
[2020,4,30,3,43951.124999998305,7.6,"Valid",6,17,"Valid",11.6,null,null,7.6,6,17,11.6,17,11.6,7.6,6]
[2020,4,30,4,43951.166666664969,7.8,"Valid",5.9,19.600000000000001,"Valid",12.3,null,null,7.8,5.9,19.600000000000001,12.3,19.600000000000001,12.3,7.8,5.9]
[2020,4,30,5,43951.208333331633,5.8,"Valid",5.8,18.899999999999999,"Valid",13.1,null,null,5.8,5.8,18.899999999999999,13.1,18.899999999999999,13.1,5.8,5.8]
[2020,4,30,6,43951.249999998297,4,"Valid",5.6,14.2,"Valid",13.5,null,null,4,5.6,14.2,13.5,14.2,13.5,4,5.6]
[2020,4,30,7,43951.291666664962,10.3,"Valid",5.4,26.4,"Valid",13.6,null,null,10.3,5.4,26.4,13.6,26.4,13.6,10.3,5.4]
[2020,4,30,8,43951.333333331626,11.1,"Valid",5.3,33.6,"Valid",14.6,null,null,{"$f":"IF(G706=\"Valid\", F706, NA())","v":11.1},{"$f":"IF(G706=\"Valid\", H706, NA())","v":5.3},{"$f":"IF(J706=\"Valid\", I706, NA())","v":33.6},{"$f":"IF(J706=\"Valid\", K706, NA())","v":14.6},33.6,14.6,11.1,5.3]
[2020,4,30,9,43951.37499999829,8.9,"Valid",5.2,27.2,"Valid",15.4,null,null,8.9,5.2,27.2,15.4,27.2,15.4,8.9,5.2]
[{"$f":"A707","v":2020},4,30,{"$f":"IF(D707=23,0,D707+1)","v":10},{"$f":"E707+0.0416666666666666","v":43951.416666664954},13.9,"Valid",5.4,22.1,"Valid",16.2,null,null,13.9,5.4,22.1,16.2,22.1,16.2,13.9,5.4]
[2020,4,30,11,43951.458333331619,10.199999999999999,"Valid",5.7,15.8,"Valid",16.2,null,null,10.199999999999999,5.7,15.8,16.2,15.8,16.2,10.199999999999999,5.7]
[2020,4,30,12,43951.499999998283,7.4,"Valid",5.7,9.3000000000000007,"Valid",15.9,null,null,7.4,5.7,9.3000000000000007,15.9,9.3000000000000007,15.9,7.4,5.7]
[2020,4,30,13,43951.541666664947,{"$f":"NA()","v":{"$error":"#N/A"}},"Invalid",{"$f":"NA()","v":{"$error":"#N/A"}},{"$f":"NA()","v":{"$error":"#N/A"}},"Invalid",{"$f":"NA()","v":{"$error":"#N/A"}},"Calibration Error","value outside range",{"$error":"#N/A"},{"$error":"#N/A"},{"$error":"#N/A"},{"$error":"#N/A"}]
[2020,4,30,14,43951.583333331611,5.6,"Valid",5.5,6.5,"Valid",14.8,null,null,5.6,5.5,6.5,14.8,6.5,14.8,5.6,5.5]
[2020,4,30,15,43951.624999998276,{"$f":"NA()","v":{"$error":"#N/A"}},"Invalid",{"$f":"NA()","v":{"$error":"#N/A"}},{"$f":"NA()","v":{"$error":"#N/A"}},"Invalid",{"$f":"NA()","v":{"$error":"#N/A"}},"Calibration Error","value outside range",{"$error":"#N/A"},{"$error":"#N/A"},{"$error":"#N/A"},{"$error":"#N/A"}]
[2020,4,30,16,43951.66666666494,18.899999999999999,"Valid",6.8,18.899999999999999,"Valid",15.5,null,null,18.899999999999999,6.8,18.899999999999999,15.5,18.899999999999999,15.5,18.899999999999999,6.8]
[2020,4,30,17,43951.708333331604,{"$f":"NA()","v":{"$error":"#N/A"}},"Invalid",{"$f":"NA()","v":{"$error":"#N/A"}},{"$f":"NA()","v":{"$error":"#N/A"}},"Invalid",{"$f":"NA()","v":{"$error":"#N/A"}},"Calibration Error","value outside range",{"$error":"#N/A"},{"$error":"#N/A"},{"$error":"#N/A"},{"$error":"#N/A"}]
[2020,4,30,18,43951.749999998268,12.8,"Valid",7.2,13.3,"Valid",14.2,null,null,12.8,7.2,13.3,14.2,13.3,14.2,12.8,7.2]
[2020,4,30,19,43951.791666664933,{"$f":"NA()","v":{"$error":"#N/A"}},"Invalid",{"$f":"NA()","v":{"$error":"#N/A"}},{"$f":"NA()","v":{"$error":"#N/A"}},"Invalid",{"$f":"NA()","v":{"$error":"#N/A"}},"Calibration Error","value outside range",{"$error":"#N/A"},{"$error":"#N/A"},{"$error":"#N/A"},{"$error":"#N/A"}]
[2020,4,30,20,43951.833333331597,7.7,"Valid",7.1,8.1999999999999993,"Valid",12.9,null,null,7.7,7.1,8.1999999999999993,12.9,8.1999999999999993,12.9,7.7,7.1]
[2020,4,30,21,43951.874999998261,{"$f":"NA()","v":{"$error":"#N/A"}},"Invalid",{"$f":"NA()","v":{"$error":"#N/A"}},{"$f":"NA()","v":{"$error":"#N/A"}},"Invalid",{"$f":"NA()","v":{"$error":"#N/A"}},"Calibration Error","value outside range",{"$error":"#N/A"},{"$error":"#N/A"},{"$error":"#N/A"},{"$error":"#N/A"}]
[2020,4,30,22,43951.916666664925,{"$f":"NA()","v":{"$error":"#N/A"}},"Invalid",{"$f":"NA()","v":{"$error":"#N/A"}},{"$f":"NA()","v":{"$error":"#N/A"}},"Invalid",{"$f":"NA()","v":{"$error":"#N/A"}},"Calibration Error","value outside range",{"$error":"#N/A"},{"$error":"#N/A"},{"$error":"#N/A"},{"$error":"#N/A"}]
[2020,4,30,23,43951.95833333159,{"$f":"NA()","v":{"$error":"#N/A"}},"Invalid",{"$f":"NA()","v":{"$error":"#N/A"}},{"$f":"NA()","v":{"$error":"#N/A"}},"Invalid",{"$f":"NA()","v":{"$error":"#N/A"}},"Calibration Error","value outside range",{"$error":"#N/A"},{"$error":"#N/A"},{"$error":"#N/A"},{"$error":"#N/A"}]
[2020,4,31,0,43951.999999998254,null,null,null,null,null,null,null,null,{"$error":"#N/A"},{"$error":"#N/A"},{"$error":"#N/A"},{"$error":"#N/A"}]
[2020,4,31,1,43952.041666664918,null,null,null,null,null,null,null,null,{"$error":"#N/A"},{"$error":"#N/A"},{"$error":"#N/A"},{"$error":"#N/A"}]
[2020,4,31,2,43952.083333331582,null,null,null,null,null,null,null,null,{"$error":"#N/A"},{"$error":"#N/A"},{"$error":"#N/A"},{"$error":"#N/A"}]
[2020,4,31,3,43952.124999998246,null,null,null,null,null,null,null,null,{"$error":"#N/A"},{"$error":"#N/A"},{"$error":"#N/A"},{"$error":"#N/A"}]
[2020,4,31,4,43952.166666664911,null,null,null,null,null,null,null,null,{"$error":"#N/A"},{"$error":"#N/A"},{"$error":"#N/A"},{"$error":"#N/A"}]
[2020,4,31,5,43952.208333331575,null,null,null,null,null,null,null,null,{"$error":"#N/A"},{"$error":"#N/A"},{"$error":"#N/A"},{"$error":"#N/A"}]
[2020,4,31,6,43952.249999998239,null,null,null,null,null,null,null,null,{"$error":"#N/A"},{"$error":"#N/A"},{"$error":"#N/A"},{"$error":"#N/A"}]
[2020,4,31,7,43952.291666664903,null,null,null,null,null,null,null,null,{"$error":"#N/A"},{"$error":"#N/A"},{"$error":"#N/A"},{"$error":"#N/A"}]
[2020,4,31,8,43952.333333331568,null,null,null,null,null,null,null,null,{"$error":"#N/A"},{"$error":"#N/A"},{"$error":"#N/A"},{"$error":"#N/A"}]
[2020,{"$f":"B730","v":4},{"$f":"C707+1","v":31},9,43952.374999998232,null,null,null,null,null,null,null,null,{"$error":"#N/A"},{"$error":"#N/A"},{"$error":"#N/A"},{"$error":"#N/A"}]
[2020,4,31,10,43952.416666664896,null,null,null,null,null,null,null,null,{"$error":"#N/A"},{"$error":"#N/A"},{"$error":"#N/A"},{"$error":"#N/A"}]
[2020,4,31,11,43952.45833333156,null,null,null,null,null,null,null,null,{"$error":"#N/A"},{"$error":"#N/A"},{"$error":"#N/A"},{"$error":"#N/A"}]
[2020,4,31,12,43952.499999998225,null,null,null,null,null,null,null,null,{"$error":"#N/A"},{"$error":"#N/A"},{"$error":"#N/A"},{"$error":"#N/A"}]
[2020,4,31,13,43952.541666664889,null,null,null,null,null,null,null,null,{"$error":"#N/A"},{"$error":"#N/A"},{"$error":"#N/A"},{"$error":"#N/A"}]
[2020,4,31,14,43952.583333331553,null,null,null,null,null,null,null,null,{"$error":"#N/A"},{"$error":"#N/A"},{"$error":"#N/A"},{"$error":"#N/A"}]
[2020,4,31,15,43952.624999998217,null,null,null,null,null,null,null,null,{"$error":"#N/A"},{"$error":"#N/A"},{"$error":"#N/A"},{"$error":"#N/A"}]
[2020,4,31,16,43952.666666664882,null,null,null,null,null,null,null,null,{"$error":"#N/A"},{"$error":"#N/A"},{"$error":"#N/A"},{"$error":"#N/A"}]
[2020,4,31,17,43952.708333331546,null,null,null,null,null,null,null,null,{"$error":"#N/A"},{"$error":"#N/A"},{"$error":"#N/A"},{"$error":"#N/A"}]
[2020,4,31,18,43952.74999999821,null,null,null,null,null,null,null,null,{"$error":"#N/A"},{"$error":"#N/A"},{"$error":"#N/A"},{"$error":"#N/A"}]
[2020,4,31,19,43952.791666664874,null,null,null,null,null,null,null,null,{"$error":"#N/A"},{"$error":"#N/A"},{"$error":"#N/A"},{"$error":"#N/A"}]
[2020,4,31,20,43952.833333331539,null,null,null,null,null,null,null,null,{"$error":"#N/A"},{"$error":"#N/A"},{"$error":"#N/A"},{"$error":"#N/A"}]
[2020,4,31,21,43952.874999998203,null,null,null,null,null,null,null,null,{"$error":"#N/A"},{"$error":"#N/A"},{"$error":"#N/A"},{"$error":"#N/A"}]
[2020,4,31,22,43952.916666664867,null,null,null,null,null,null,null,null,{"$error":"#N/A"},{"$error":"#N/A"},{"$error":"#N/A"},{"$error":"#N/A"}]
[2020,4,31,23,43952.958333331531,null,null,null,null,null,null,null,null,{"$error":"#N/A"},{"$error":"#N/A"},{"$error":"#N/A"},{"$error":"#N/A"}]

{"sheet":"Raw data_format","index":4,"n_rows":8,"n_cols":6,"rows_kept":8,"cut":false,"hidden":false,"merged":[]}
["Parameter","Format","Comment","Units of measure","Minimum","Maximum"]
["Year","yyyy","4 integer format","Not applicable",2015,"Until reporting ceases"]
["Month","mm","2 integer format","Not applicable",1,12]
["Day","dd","2 integer format","Not applicable",1,31]
["Hour","hh","2 integer format","Not applicable",0,23]
["PM10",0,"1 decimal place resolution","µg/m3","Negative","Instrument specific"]
["PM2.5",0,"2 decimal place resolution","µg/m3","Negative","Instrument specific"]
["Status","Text","7 character format","Not applicable","Valid","Invalid"]