{"text_format":"1","workbook":"xlsx","n_sheets":8,"sheets":["Instructions","Meta data_sheet","Meta data_lookup","Raw data_sheet","Raw data_format","24hr_PM10_chart","24hr_PM2.5_chart","Sheet1"],"not_rendered":{"charts":4,"images":0,"macros":1,"external_links":0,"defined_names":10,"comments":0,"pivot_tables":0},"unopened":[{"sheet":"24hr_PM10_chart","index":5,"reason":"not_a_worksheet"},{"sheet":"24hr_PM2.5_chart","index":6,"reason":"not_a_worksheet"}],"bounds":{"document_bytes":16777216,"sheet_cells":100000,"rows_first":2000,"rows_last":500,"rows_between":2000,"halvings":0,"cell_chars":16384,"cell_head_chars":4096},"cells_cut":0,"cells_raw":0,"read":"whole","date_system":"1900"}

{"sheet":"Instructions","index":0,"n_rows":0,"n_cols":0,"rows_kept":0,"cut":false,"hidden":false,"merged":[]}

{"sheet":"Meta data_sheet","index":1,"n_rows":17,"n_cols":5,"rows_kept":17,"cut":false,"hidden":false,"merged":[[18,0,18,1],[16,0,16,1]]}
["Ambient Monitoring Station","Details",null,"Ambient Monitoring Results","Details"]
["Location","Maules Creek",null,"PM2.5 monitoring start (dd/mm/yyyy hh:mm)","2023-08-01"]
["Easting",{"$f":"VLOOKUP($B$2,'Meta data_lookup'!$A$2:$D$5,2,FALSE)","v":225302},null,"PM2.5 monitoring end","2023-09-01"]
["Northing",{"$f":"VLOOKUP($B$2,'Meta data_lookup'!$A$2:$D$5,3,FALSE)","v":6623037},null,"PM2.5 monitoring period (h)",{"$f":"(E3-E2)*24","v":744}]
["Site elevation (m)",{"$f":"VLOOKUP($B$2,'Meta data_lookup'!$A$2:$D$5,4,FALSE)","v":"ND"},null,"Number of valid PM2.5 results",{"$f":"COUNTIF('Raw data_sheet'!G2:G673,\"Valid\")","v":654}]
["Description of surrounding land use","Agriculture/Mining",null,"Proportion of valid PM2.5 results (%)",{"$f":"E5/E4","v":0.87903225806451613}]
["Typical sources impacting on the site","Agriculture/Mining/Unsealed Roads",null,"PM10 monitoring start (dd/mm/yyyy hh:mm)","2023-08-01"]
["Site compliance with AS/NZS 3580.1.1:2007","Yes",null,"PM10 monitoring end","2023-09-01"]
["PM2.5 method compliance with AS/NZS 3580.9.13:2013\n","Yes",null,"PM10 monitoring period (h)",{"$f":"(E8-E7)*24","v":744}]
["PM2.5 instrument make","Thermo Scientific",null,"Number of valid PM10 results",{"$f":"COUNTIF('Raw data_sheet'!J2:J673,\"Valid\")","v":659}]
["PM2.5 instrument model","1405DF",null,"Proportion of valid PM10 results (%)",{"$f":"E10/E9","v":0.885752688172043}]
["PM2.5 instrument intake height (m)",3.5]
["PM10 method compliance with AS 3580.9.8-2008\n","No*"]
["PM10 instrument make","Thermo Scientific"]
["PM10 instrument model","1405DF"]
["PM10 instrument intake height (m)",3.5]
["*The 1405DF TEOM used at this site measures PM10 indirectly rather than directly. The unit does however meet the intent of AS 3580.9.8-2008, and this method has been accredited by the USEPA. It is considered scientifically robust and is used extensively throughout NSW with EPA's knowledge and informal acceptance."]

{"sheet":"Meta data_lookup","index":2,"n_rows":5,"n_cols":4,"rows_kept":5,"cut":false,"hidden":false,"merged":[]}
["Location","Easting","Northing","Site elevation (m)"]
["Maules Creek",225302,6623037,"ND"]
["Breeza",237993,6542606,"ND"]
["Will-gai",231804,6596392,"ND"]
["Werris Creek",276783,6528734,"ND"]

{"sheet":"Raw data_sheet","index":3,"n_rows":745,"n_cols":21,"rows_kept":745,"cut":false,"hidden":false,"merged":[]}
["Year","Month","Day","Hour","Date and time","PM2.5_hourly","PM2.5_Data_Status","PM2.5_24hr_rolling_average","PM10_hourly","PM10_Data_Status","PM10_24hr_rolling_average","Cause of data invalidity, if applicable","Detailed comments","PM2.5_hourly_valid_plot","PM2.5_24hr_rolling_ave_valid_plot","PM10_hourly_valid_plot","PM10_24hr_rolling_ave_valid_plot","PM10_hourly_valid_plot_series","PM10_24hr_rolling_average_valid_plot_series","PM2.5_hourly_valid_plot_series","PM2.5_24hr_rolling_average_valid_plot_series"]
[2023,8,1,0,{"$f":"DATE(A2,B2,C2)+TIME(D2,0,0)","v":45139},3.4,"Valid",0.92374999999999996,5.14,"Valid",6.7208333333333323,"","",{"$f":"IF(G2=\"Valid\", F2, NA())","v":3.4},{"$f":"IF(G2=\"Valid\", H2, NA())","v":0.92374999999999996},{"$f":"IF(J2=\"Valid\", I2, NA())","v":5.14},{"$f":"IF(J2=\"Valid\", K2, NA())","v":6.7208333333333323},5.14,6.7208333333333323,3.4,0.92374999999999996]
[{"$f":"A2","v":2023},8,{"$f":"C2","v":1},{"$f":"IF(D2=23,0,D2+1)","v":1},{"$f":"E2+0.0416666666666666","v":45139.041666666664},3.35,"Valid",1.0504166666666668,5.8,"Valid",6.7758333333333338,"","",{"$f":"IF(G3=\"Valid\", F3, NA())","v":3.35},{"$f":"IF(G3=\"Valid\", H3, NA())","v":1.0504166666666668},5.8,6.7758333333333338,5.8,6.7758333333333338,3.35,1.0504166666666668]
[{"$f":"A3","v":2023},8,{"$f":"C3","v":1},{"$f":"IF(D3=23,0,D3+1)","v":2},{"$f":"E3+0.0416666666666666","v":45139.083333333328},1.08,"Valid",1.0875000000000001,2.83,"Valid",6.717083333333334,"","",1.08,1.0875000000000001,2.83,6.717083333333334,2.83,6.717083333333334,1.08,1.0875000000000001]
[2023,8,1,3,45139.124999999993,6.42,"Valid",1.2870833333333334,8.26,"Valid",6.8620833333333335,"","",6.42,1.2870833333333334,8.26,6.8620833333333335,8.26,6.8620833333333335,6.42,1.2870833333333334]
[2023,8,1,4,45139.166666666657,7.13,"Valid",1.4037500000000003,8.5,"Valid",6.9333333333333336,"","",7.13,1.4037500000000003,8.5,6.9333333333333336,8.5,6.9333333333333336,7.13,1.4037500000000003]
[2023,8,1,5,45139.208333333321,1.98,"Valid",1.4620833333333334,3.82,"Valid",6.9491666666666667,"","",1.98,1.4620833333333334,3.82,6.9491666666666667,3.82,6.9491666666666667,1.98,1.4620833333333334]
[2023,8,1,6,45139.249999999985,2.4900000000000002,"Valid",1.6195833333333336,4.37,"Valid",7.0487499999999992,"","",2.4900000000000002,1.6195833333333336,4.37,7.0487499999999992,4.37,7.0487499999999992,2.4900000000000002,1.6195833333333336]
[2023,8,1,7,45139.29166666665,-1.1599999999999999,"Valid",1.5304166666666672,0.72,"Valid",6.9337499999999999,"","",-1.1599999999999999,1.5304166666666672,0.72,6.9337499999999999,0.72,6.9337499999999999,-1.1599999999999999,1.5304166666666672]
[2023,8,1,8,45139.333333333314,0.49,"Valid",1.5779166666666671,2.2799999999999998,"Valid",6.9554166666666672,"","",0.49,1.5779166666666671,2.2799999999999998,6.9554166666666672,2.2799999999999998,6.9554166666666672,0.49,1.5779166666666671]
[2023,8,1,9,45139.374999999978,-0.52,"Valid",1.5616666666666668,3.38,"Valid",6.9524999999999997,"","",-0.52,1.5616666666666668,3.38,6.9524999999999997,3.38,6.9524999999999997,-0.52,1.5616666666666668]
[2023,8,1,10,45139.416666666642,2.0699999999999998,"Valid",1.6870833333333337,5.04,"Valid",6.864583333333333,"","",2.0699999999999998,1.6870833333333337,5.04,6.864583333333333,5.04,6.864583333333333,2.0699999999999998,1.6870833333333337]
[2023,8,1,11,45139.458333333307,-0.84,"Valid",1.6304166666666668,2.1800000000000002,"Valid",6.4191666666666665,"","",-0.84,1.6304166666666668,2.1800000000000002,6.4191666666666665,2.1800000000000002,6.4191666666666665,-0.84,1.6304166666666668]
[2023,8,1,12,45139.499999999971,0.44,"Valid",1.63,4.8,"Valid",6.1941666666666668,"","",0.44,1.63,4.8,6.1941666666666668,4.8,6.1941666666666668,0.44,1.63]
[2023,8,1,13,45139.541666666635,1.89,"Valid",1.71875,22.41,"Valid",6.8116666666666665,"","",1.89,1.71875,22.41,6.8116666666666665,22.41,6.8116666666666665,1.89,1.71875]
[2023,8,1,14,45139.583333333299,1.88,"Valid",1.8425000000000002,23.29,"Valid",7.7029166666666669,"","",1.88,1.8425000000000002,23.29,7.7029166666666669,23.29,7.7029166666666669,1.88,1.8425000000000002]
[2023,8,1,15,45139.624999999964,2.88,"Valid",2.0275000000000003,22.82,"Valid",8.6174999999999997,"","",2.88,2.0275000000000003,22.82,8.6174999999999997,22.82,8.6174999999999997,2.88,2.0275000000000003]
[2023,8,1,16,45139.666666666628,1.9,"Valid",2.1266666666666669,21.14,"Valid",9.3183333333333334,"","",1.9,2.1266666666666669,21.14,9.3183333333333334,21.14,9.3183333333333334,1.9,2.1266666666666669]
[2023,8,1,17,45139.708333333292,2.72,"Valid",2.1520833333333336,20.78,"Valid",9.6904166666666658,"","",2.72,2.1520833333333336,20.78,9.6904166666666658,20.78,9.6904166666666658,2.72,2.1520833333333336]
[2023,8,1,18,45139.749999999956,4.13,"Valid",2.3366666666666669,18.09,"Valid",10.214166666666666,"","",4.13,2.3366666666666669,18.09,10.214166666666666,18.09,10.214166666666666,4.13,2.3366666666666669]
[2023,8,1,19,45139.791666666621,1.68,"Valid",2.124166666666667,29.66,"Valid",10.253333333333334,"","",1.68,2.124166666666667,29.66,10.253333333333334,29.66,10.253333333333334,1.68,2.124166666666667]
[2023,8,1,20,45139.833333333285,3.65,"Valid",2.2004166666666669,20.62,"Valid",10.649583333333334,"","",3.65,2.2004166666666669,20.62,10.649583333333334,20.62,10.649583333333334,3.65,2.2004166666666669]
[2023,8,1,21,45139.874999999949,1.62,"Valid",2.2158333333333333,14.6,"Valid",10.994583333333333,"","",1.62,2.2158333333333333,14.6,10.994583333333333,14.6,10.994583333333333,1.62,2.2158333333333333]
[2023,8,1,22,45139.916666666613,-0.12,"Valid",2.1741666666666668,4.97,"Valid",10.906666666666666,"","",-0.12,2.1741666666666668,4.97,10.906666666666666,4.97,10.906666666666666,-0.12,2.1741666666666668]
[2023,8,{"$f":"C24","v":1},23,45139.958333333278,1.44,"Valid",2.0833333333333335,4.28,"Valid",10.824166666666665,"","",1.44,2.0833333333333335,4.28,10.824166666666665,4.28,10.824166666666665,1.44,2.0833333333333335]
[2023,8,{"$f":"C2+1","v":2},0,45139.999999999942,2.1800000000000002,"Valid",2.0325000000000002,5.41,"Valid",10.835416666666667,"","",2.1800000000000002,2.0325000000000002,5.41,10.835416666666667,5.41,10.835416666666667,2.1800000000000002,2.0325000000000002]
[2023,8,{"$f":"C3+1","v":2},1,45140.041666666606,2.08,"Valid",1.979583333333333,5.37,"Valid",10.817499999999997,"","",2.08,1.979583333333333,5.37,10.817499999999997,5.37,10.817499999999997,2.08,1.979583333333333]
[2023,8,2,2,45140.08333333327,3.76,"Valid",2.0912499999999996,6.93,"Valid",10.988333333333332,"","",3.76,2.0912499999999996,6.93,10.988333333333332,6.93,10.988333333333332,3.76,2.0912499999999996]
[2023,8,2,3,45140.124999999935,-0.77,"Valid",1.7916666666666661,2.4700000000000002,"Valid",10.747083333333334,"","",-0.77,1.7916666666666661,2.4700000000000002,10.747083333333334,2.4700000000000002,10.747083333333334,-0.77,1.7916666666666661]
[2023,8,2,4,45140.166666666599,3.65,"Valid",1.6466666666666665,6.64,"Valid",10.669583333333334,"","",3.65,1.6466666666666665,6.64,10.669583333333334,6.64,10.669583333333334,3.65,1.6466666666666665]
[2023,8,2,5,45140.208333333263,3.68,"Valid",1.7174999999999996,7.39,"Valid",10.818333333333333,"","",3.68,1.7174999999999996,7.39,10.818333333333333,7.39,10.818333333333333,3.68,1.7174999999999996]
[2023,8,2,6,45140.249999999927,9.25,"Valid",1.9991666666666665,12.12,"Valid",11.141249999999998,"","",9.25,1.9991666666666665,12.12,11.141249999999998,12.12,11.141249999999998,9.25,1.9991666666666665]
[2023,8,2,7,45140.291666666591,1.31,"Valid",2.1020833333333333,5.56,"Valid",11.342916666666666,"","",1.31,2.1020833333333333,5.56,11.342916666666666,5.56,11.342916666666666,1.31,2.1020833333333333]
[2023,8,2,8,45140.333333333256,2.37,"Valid",2.1804166666666664,6.65,"Valid",11.524999999999999,"","",2.37,2.1804166666666664,6.65,11.524999999999999,6.65,11.524999999999999,2.37,2.1804166666666664]
[2023,8,2,9,45140.37499999992,3.63,"Valid",2.3533333333333331,8.75,"Valid",11.748749999999996,"","",3.63,2.3533333333333331,8.75,11.748749999999996,8.75,11.748749999999996,3.63,2.3533333333333331]
[2023,8,2,10,45140.416666666584,0.13,"Valid",2.2725000000000004,5.88,"Valid",11.783749999999998,"","",0.13,2.2725000000000004,5.88,11.783749999999998,5.88,11.783749999999998,0.13,2.2725000000000004]
[2023,8,2,11,45140.458333333248,-1.43,"Valid",2.2479166666666668,3.74,"Valid",11.848749999999997,"","",-1.43,2.2479166666666668,3.74,11.848749999999997,3.74,11.848749999999997,-1.43,2.2479166666666668]
[2023,8,2,12,45140.499999999913,-2,"Valid",2.1462500000000002,1.43,"Valid",11.708333333333334,"","",-2,2.1462500000000002,1.43,11.708333333333334,1.43,11.708333333333334,-2,2.1462500000000002]
[2023,8,2,13,45140.541666666577,-0.5,"Valid",2.0466666666666669,3.86,"Valid",10.935416666666667,"","",-0.5,2.0466666666666669,3.86,10.935416666666667,3.86,10.935416666666667,-0.5,2.0466666666666669]
[2023,8,2,14,45140.583333333241,-2.57,"Valid",1.8612500000000001,0.86,"Valid",10.000833333333334,"","",-2.57,1.8612500000000001,0.86,10.000833333333334,0.86,10.000833333333334,-2.57,1.8612500000000001]
[2023,8,2,15,45140.624999999905,-3.61,"Valid",1.5908333333333333,1.72,"Valid",9.1216666666666679,"","",-3.61,1.5908333333333333,1.72,9.1216666666666679,1.72,9.1216666666666679,-3.61,1.5908333333333333]
[2023,8,2,16,45140.66666666657,-2.23,"Valid",1.4187500000000004,6.44,"Valid",8.5091666666666672,"","",-2.23,1.4187500000000004,6.44,8.5091666666666672,6.44,8.5091666666666672,-2.23,1.4187500000000004]
[2023,8,2,17,45140.708333333234,-2.93,"Valid",1.1833333333333331,16.829999999999998,"Valid",8.3445833333333344,"","",-2.93,1.1833333333333331,16.829999999999998,8.3445833333333344,16.829999999999998,8.3445833333333344,-2.93,1.1833333333333331]
[2023,8,2,18,45140.749999999898,-4.68,"Valid",0.81625000000000003,1.61,"Valid",7.6579166666666696,"","",-4.68,0.81625000000000003,1.61,7.6579166666666696,1.61,7.6579166666666696,-4.68,0.81625000000000003]
[2023,8,2,19,45140.791666666562,-7.74,"Valid",0.42375000000000002,0.43,"Valid",6.44,"","",-7.74,0.42375000000000002,0.43,6.44,0.43,6.44,-7.74,0.42375000000000002]
[2023,8,2,20,45140.833333333227,-6.81,"Valid",-1.2083333333332965E-2,0.2,"Valid",5.5891666666666673,"","",-6.81,{"$f":"IF(G46=\"Valid\", H46, NA())","v":-1.2083333333332965E-2},{"$f":"IF(J46=\"Valid\", I46, NA())","v":0.2},5.5891666666666673,0.2,5.5891666666666673,-6.81,-1.2083333333332965E-2]
[2023,8,2,21,45140.874999999891,-6.66,"Valid",-0.3570833333333332,-1.03,"Valid",4.9379166666666672,"","",-6.66,-0.3570833333333332,-1.03,4.9379166666666672,-1.03,4.9379166666666672,-6.66,-0.3570833333333332]
[2023,8,2,22,45140.916666666555,-7.15,"Valid",-0.64999999999999969,-1.24,"Valid",4.6791666666666663,"","",-7.15,-0.64999999999999969,-1.24,4.6791666666666663,-1.24,4.6791666666666663,-7.15,-0.64999999999999969]
[2023,8,2,23,45140.958333333219,-9.0500000000000007,"Valid",-1.0870833333333336,-3.78,"Valid",4.3433333333333328,"","",-9.0500000000000007,-1.0870833333333336,-3.78,4.3433333333333328,-3.78,4.3433333333333328,-9.0500000000000007,-1.0870833333333336]
[2023,8,3,0,45140.999999999884,-6.72,"Valid",-1.457916666666667,-2.08,"Valid",4.0312500000000009,"","",-6.72,-1.457916666666667,-2.08,4.0312500000000009,-2.08,4.0312500000000009,-6.72,-1.457916666666667]
[2023,8,3,1,45141.041666666548,-6.56,"Valid",-1.8179166666666671,-2.11,"Valid",3.7195833333333339,"","",-6.56,-1.8179166666666671,-2.11,3.7195833333333339,-2.11,3.7195833333333339,-6.56,-1.8179166666666671]
[2023,8,3,2,45141.083333333212,-7.12,"Valid",-2.2712499999999998,-3.06,"Valid",3.3033333333333341,"","",-7.12,-2.2712499999999998,-3.06,3.3033333333333341,-3.06,3.3033333333333341,-7.12,-2.2712499999999998]
[2023,8,3,3,45141.124999999876,-9.27,"Valid",-2.6254166666666667,-4.8600000000000003,"Valid",2.9979166666666672,"","",-9.27,-2.6254166666666667,-4.8600000000000003,2.9979166666666672,-4.8600000000000003,2.9979166666666672,-9.27,-2.6254166666666667]
[2023,8,3,4,45141.166666666541,-6.17,"Valid",-3.0345833333333339,-2.62,"Valid",2.612083333333334,"","",-6.17,-3.0345833333333339,-2.62,2.612083333333334,-2.62,2.612083333333334,-6.17,-3.0345833333333339]
[2023,8,3,5,45141.208333333205,-5.71,"Valid",-3.4258333333333333,-0.13,"Valid",2.2987500000000005,"","",-5.71,-3.4258333333333333,-0.13,2.2987500000000005,-0.13,2.2987500000000005,-5.71,-3.4258333333333333]
[2023,8,3,6,45141.249999999869,-4.05,"Valid",-3.98,1.18,"Valid",1.8429166666666663,"","",-4.05,-3.98,1.18,1.8429166666666663,1.18,1.8429166666666663,-4.05,-3.98]
[2023,8,3,7,45141.291666666533,-7,"Valid",-4.3262499999999999,-2.2799999999999998,"Valid",1.5162499999999997,"","",-7,-4.3262499999999999,-2.2799999999999998,1.5162499999999997,-2.2799999999999998,1.5162499999999997,-7,-4.3262499999999999]
[2023,8,3,8,45141.333333333198,-5.87,"Valid",-4.6695833333333328,-1.71,"Valid",1.167916666666666,"","",-5.87,-4.6695833333333328,-1.71,1.167916666666666,-1.71,1.167916666666666,-5.87,-4.6695833333333328]
[2023,8,3,9,45141.374999999862,-9.39,"Valid",-5.2120833333333332,-4.5599999999999996,"Valid",0.61333333333333329,"","",-9.39,-5.2120833333333332,-4.5599999999999996,0.61333333333333329,-4.5599999999999996,0.61333333333333329,-9.39,-5.2120833333333332]
[2023,8,3,10,45141.416666666526,"","Invalid",-5.4443478260869567,-9.41,"Valid",-2.3750000000000011E-2,"Calibration Error","High negatives removed",{"$error":"#N/A"},{"$error":"#N/A"},-9.41,-2.3750000000000011E-2,-9.41,-2.3750000000000011E-2]
[2023,8,3,11,45141.45833333319,"","Invalid",-5.6268181818181819,-8.67,"Valid",-0.54083333333333339,"Calibration Error","High negatives removed",{"$error":"#N/A"},{"$error":"#N/A"},-8.67,-0.54083333333333339,-8.67,-0.54083333333333339]
[2023,8,3,12,45141.499999999854,"","Invalid",-5.7995238095238095,"","Invalid",-0.62652173913043507,"Calibration Error","High negatives removed",{"$error":"#N/A"},{"$error":"#N/A"},{"$error":"#N/A"},{"$error":"#N/A"}]
[2023,8,3,13,45141.541666666519,"","Invalid",-6.0644999999999998,-4.54,"Valid",-0.9917391304347829,"Calibration Error","High negatives removed",{"$error":"#N/A"},{"$error":"#N/A"},-4.54,-0.9917391304347829,-4.54,-0.9917391304347829]
[2023,8,3,14,45141.583333333183,"","Invalid",-6.2484210526315787,-1.03,"Valid",-1.0739130434782611,"Calibration Error","High negatives removed",{"$error":"#N/A"},{"$error":"#N/A"},-1.03,-1.0739130434782611,-1.03,-1.0739130434782611]
[2023,8,3,15,45141.624999999847,"","Invalid",-6.3949999999999996,-0.09,"Valid",-1.1526086956521742,"Calibration Error","High negatives removed",{"$error":"#N/A"},{"$error":"#N/A"},-0.09,-1.1526086956521742,-0.09,-1.1526086956521742]
[2023,8,3,16,45141.666666666511,"","Invalid",{"$f":"NA()","v":{"$error":"#N/A"}},"","Invalid",-1.4977272727272728,"Calibration Error","System Reset & <18hr of valid 1hr data for 24-hr rolling average",{"$f":"IF(G66=\"Valid\", F66, NA())","v":{"$error":"#N/A"}},{"$f":"IF(G66=\"Valid\", H66, NA())","v":{"$error":"#N/A"}},{"$f":"IF(J66=\"Valid\", I66, NA())","v":{"$error":"#N/A"}},{"$f":"IF(J66=\"Valid\", K66, NA())","v":{"$error":"#N/A"}}]
[2023,8,3,17,45141.708333333176,"","Invalid",{"$f":"NA()","v":{"$error":"#N/A"}},"","Invalid",-2.3704761904761908,"Calibration Error","System Reset & <18hr of valid 1hr data for 24-hr rolling average",{"$error":"#N/A"},{"$error":"#N/A"},{"$error":"#N/A"},{"$error":"#N/A"}]
[{"$f":"A67","v":2023},8,3,{"$f":"IF(D67=23,0,D67+1)","v":18},{"$f":"E67+0.0416666666666666","v":45141.74999999984},"","Invalid",{"$f":"NA()","v":{"$error":"#N/A"}},"","Invalid",-2.5695000000000006,"Calibration Error","System Reset & <18hr of valid 1hr data for 24-hr rolling average",{"$error":"#N/A"},{"$error":"#N/A"},{"$error":"#N/A"},{"$error":"#N/A"}]
[2023,8,3,19,45141.791666666504,"","Invalid",{"$f":"NA()","v":{"$error":"#N/A"}},"","Invalid",-2.7273684210526321,"Calibration Error","System Reset & <18hr of valid 1hr data for 24-hr rolling average",{"$error":"#N/A"},{"$error":"#N/A"},{"$error":"#N/A"},{"$error":"#N/A"}]
[2023,8,3,20,45141.833333333168,"","Invalid",{"$f":"NA()","v":{"$error":"#N/A"}},"","Invalid",-2.89,"Calibration Error","System Reset & <18hr of valid 1hr data for 24-hr rolling average",{"$error":"#N/A"},{"$error":"#N/A"},{"$error":"#N/A"},{"$error":"#N/A"}]
[2023,8,3,21,45141.874999999833,2.0299999999999998,"Valid",{"$f":"NA()","v":{"$error":"#N/A"}},9.44,"Valid",-2.3083333333333336,"Calibration Error","<18hr of valid 1hr data for 24-hr rolling average",2.0299999999999998,{"$error":"#N/A"},9.44,-2.3083333333333336,9.44,-2.3083333333333336,2.0299999999999998]
[2023,8,3,22,45141.916666666497,3.71,"Valid",{"$f":"NA()","v":{"$error":"#N/A"}},8.36,"Valid",-1.7750000000000006,"Calibration Error","<18hr of valid 1hr data for 24-hr rolling average",3.71,{"$error":"#N/A"},8.36,-1.7750000000000006,8.36,-1.7750000000000006,3.71]
[2023,8,3,23,45141.958333333161,-0.85,"Valid",{"$f":"NA()","v":{"$error":"#N/A"}},3.4,"Valid",-1.3761111111111117,"Calibration Error","<18hr of valid 1hr data for 24-hr rolling average",-0.85,{"$error":"#N/A"},3.4,-1.3761111111111117,3.4,-1.3761111111111117,-0.85]
[2023,8,4,0,45141.999999999825,2.5,"Valid",{"$f":"NA()","v":{"$error":"#N/A"}},6.24,"Valid",-0.91388888888888942,"Calibration Error","<18hr of valid 1hr data for 24-hr rolling average",2.5,{"$error":"#N/A"},6.24,-0.91388888888888942,6.24,-0.91388888888888942,2.5]
[2023,8,4,1,45142.04166666649,2.36,"Valid",{"$f":"NA()","v":{"$error":"#N/A"}},5.43,"Valid",-0.49500000000000033,"Calibration Error","<18hr of valid 1hr data for 24-hr rolling average",2.36,{"$error":"#N/A"},5.43,-0.49500000000000033,5.43,-0.49500000000000033,2.36]
[2023,8,4,2,45142.083333333154,-0.79,"Valid",{"$f":"NA()","v":{"$error":"#N/A"}},1.34,"Valid",-0.25055555555555614,"Calibration Error","<18hr of valid 1hr data for 24-hr rolling average",-0.79,{"$error":"#N/A"},1.34,-0.25055555555555614,1.34,-0.25055555555555614,-0.79]
[2023,8,4,3,45142.124999999818,0.39,"Valid",{"$f":"NA()","v":{"$error":"#N/A"}},3.19,"Valid",0.19666666666666618,"Calibration Error","<18hr of valid 1hr data for 24-hr rolling average",0.39,{"$error":"#N/A"},3.19,0.19666666666666618,3.19,0.19666666666666618,0.39]
[2023,8,4,4,45142.166666666482,3.16,"Valid",{"$f":"NA()","v":{"$error":"#N/A"}},5.27,"Valid",0.63500000000000012,"Calibration Error","<18hr of valid 1hr data for 24-hr rolling average",3.16,{"$error":"#N/A"},5.27,0.63500000000000012,5.27,0.63500000000000012,3.16]
[2023,8,4,5,45142.208333333147,1.23,"Valid",{"$f":"NA()","v":{"$error":"#N/A"}},3.15,"Valid",0.81722222222222207,"Calibration Error","<18hr of valid 1hr data for 24-hr rolling average",1.23,{"$error":"#N/A"},3.15,0.81722222222222207,3.15,0.81722222222222207,1.23]
[2023,8,4,6,45142.249999999811,1.97,"Valid",{"$f":"NA()","v":{"$error":"#N/A"}},2.16,"Valid",0.87166666666666626,"Calibration Error","<18hr of valid 1hr data for 24-hr rolling average",1.97,{"$error":"#N/A"},2.16,0.87166666666666626,2.16,0.87166666666666626,1.97]
[2023,8,4,7,45142.291666666475,2.33,"Valid",{"$f":"NA()","v":{"$error":"#N/A"}},4.3499999999999996,"Valid",1.24,"Calibration Error","<18hr of valid 1hr data for 24-hr rolling average",2.33,{"$error":"#N/A"},4.3499999999999996,1.24,4.3499999999999996,1.24,2.33]
[2023,8,4,8,45142.333333333139,2.86,"Valid",{"$f":"NA()","v":{"$error":"#N/A"}},5.49,"Valid",1.6400000000000001,"Calibration Error","<18hr of valid 1hr data for 24-hr rolling average",2.86,{"$error":"#N/A"},5.49,1.6400000000000001,5.49,1.6400000000000001,2.86]
[2023,8,4,9,45142.374999999804,-2.9,"Valid",{"$f":"NA()","v":{"$error":"#N/A"}},-0.25,"Valid",1.8794444444444443,"Calibration Error","<18hr of valid 1hr data for 24-hr rolling average",-2.9,{"$error":"#N/A"},-0.25,1.8794444444444443,-0.25,1.8794444444444443,-2.9]
[2023,8,4,10,45142.416666666468,3.23,"Valid",{"$f":"NA()","v":{"$error":"#N/A"}},7.56,"Valid",2.8222222222222224,"Calibration Error","<18hr of valid 1hr data for 24-hr rolling average",3.23,{"$error":"#N/A"},7.56,2.8222222222222224,7.56,2.8222222222222224,3.23]
[2023,8,4,11,45142.458333333132,2.14,"Valid",{"$f":"NA()","v":{"$error":"#N/A"}},12.19,"Valid",3.9811111111111117,"Calibration Error","<18hr of valid 1hr data for 24-hr rolling average",2.14,{"$error":"#N/A"},12.19,3.9811111111111117,12.19,3.9811111111111117,2.14]
[2023,8,4,12,45142.499999999796,1.21,"Valid",{"$f":"NA()","v":{"$error":"#N/A"}},7.37,"Valid",4.1594736842105275,"Calibration Error","<18hr of valid 1hr data for 24-hr rolling average",1.21,{"$error":"#N/A"},7.37,4.1594736842105275,7.37,4.1594736842105275,1.21]
[2023,8,4,13,45142.541666666461,-0.35,"Valid",{"$f":"NA()","v":{"$error":"#N/A"}},4.05,"Valid",4.6115789473684217,"Calibration Error","<18hr of valid 1hr data for 24-hr rolling average",-0.35,{"$error":"#N/A"},4.05,4.6115789473684217,4.05,4.6115789473684217,-0.35]
[2023,8,4,14,45142.583333333125,3.98,"Valid",1.5672222222222225,9.17,"Valid",5.148421052631579,"","",3.98,1.5672222222222225,9.17,5.148421052631579,9.17,5.148421052631579,3.98,1.5672222222222225]
[2023,8,4,15,45142.624999999789,6.03,"Valid",1.8021052631578949,13.12,"Valid",5.8436842105263169,"","",6.03,1.8021052631578949,13.12,5.8436842105263169,13.12,5.8436842105263169,6.03,1.8021052631578949]
[2023,8,4,16,45142.666666666453,2.14,"Valid",1.8190000000000002,10.65,"Valid",6.0840000000000014,"","",2.14,1.8190000000000002,10.65,6.0840000000000014,10.65,6.0840000000000014,2.14,1.8190000000000002]
[2023,8,{"$f":"C67+1","v":4},17,45142.708333333117,-0.77,"Valid",1.6957142857142857,6.17,"Valid",6.0880952380952396,"","",-0.77,1.6957142857142857,6.17,6.0880952380952396,6.17,6.0880952380952396,-0.77,1.6957142857142857]
[2023,8,4,18,45142.749999999782,1.74,"Valid",1.6977272727272728,8.09,"Valid",6.1790909090909105,"","",1.74,1.6977272727272728,8.09,6.1790909090909105,8.09,6.1790909090909105,1.74,1.6977272727272728]
[2023,8,4,19,45142.791666666446,3.2,"Valid",1.7630434782608697,14.95,"Valid",6.5604347826086959,"","",3.2,1.7630434782608697,14.95,6.5604347826086959,14.95,6.5604347826086959,3.2,1.7630434782608697]
[2023,8,4,20,45142.83333333311,4.5599999999999996,"Valid",1.8795833333333336,12.13,"Valid",6.7925000000000004,"","",4.5599999999999996,1.8795833333333336,12.13,6.7925000000000004,12.13,6.7925000000000004,4.5599999999999996,1.8795833333333336]
[2023,8,4,21,45142.874999999774,3.59,"Valid",1.9445833333333333,11.36,"Valid",6.8724999999999996,"","",3.59,1.9445833333333333,11.36,6.8724999999999996,11.36,6.8724999999999996,3.59,1.9445833333333333]
[2023,8,4,22,45142.916666666439,2.09,"Valid",1.8770833333333339,13.67,"Valid",7.0937499999999991,"","",2.09,1.8770833333333339,13.67,7.0937499999999991,13.67,7.0937499999999991,2.09,1.8770833333333339]
[2023,8,4,23,45142.958333333103,5.16,"Valid",2.1274999999999999,9.93,"Valid",7.3658333333333337,"","",5.16,2.1274999999999999,9.93,7.3658333333333337,9.93,7.3658333333333337,5.16,2.1274999999999999]
[2023,8,5,0,45142.999999999767,2.5099999999999998,"Valid",2.1279166666666667,7.18,"Valid",7.4050000000000002,"","",2.5099999999999998,2.1279166666666667,7.18,7.4050000000000002,7.18,7.4050000000000002,2.5099999999999998,2.1279166666666667]
[2023,8,5,1,45143.041666666431,0.18,"Valid",2.0370833333333334,5.49,"Valid",7.4074999999999998,"","",0.18,2.0370833333333334,5.49,7.4074999999999998,5.49,7.4074999999999998,0.18,2.0370833333333334]
[2023,8,5,2,45143.083333333096,1.7,"Valid",2.1408333333333331,5.12,"Valid",7.5650000000000013,"","",1.7,2.1408333333333331,5.12,7.5650000000000013,5.12,7.5650000000000013,1.7,2.1408333333333331]
[2023,8,5,3,45143.12499999976,0.36,"Valid",2.1395833333333329,3.75,"Valid",7.5883333333333347,"","",0.36,2.1395833333333329,3.75,7.5883333333333347,3.75,7.5883333333333347,0.36,2.1395833333333329]
[2023,8,5,4,45143.166666666424,4.6100000000000003,"Valid",2.1999999999999997,5.98,"Valid",7.6179166666666669,"","",4.6100000000000003,2.1999999999999997,5.98,7.6179166666666669,5.98,7.6179166666666669,4.6100000000000003,2.1999999999999997]
[2023,8,5,5,45143.208333333088,3.43,"Valid",2.2916666666666665,4.58,"Valid",7.6775000000000011,"","",3.43,2.2916666666666665,4.58,7.6775000000000011,4.58,7.6775000000000011,3.43,2.2916666666666665]
[2023,8,5,6,45143.249999999753,5.3,"Valid",2.4304166666666664,7.42,"Valid",7.8966666666666674,"","",5.3,2.4304166666666664,7.42,7.8966666666666674,7.42,7.8966666666666674,5.3,2.4304166666666664]
[2023,8,5,7,45143.291666666417,4.08,"Valid",2.503333333333333,5.8,"Valid",7.9570833333333342,"","",4.08,2.503333333333333,5.8,7.9570833333333342,5.8,7.9570833333333342,4.08,2.503333333333333]
[2023,8,5,8,45143.333333333081,-0.7,"Valid",2.3549999999999995,1.1200000000000001,"Valid",7.7750000000000012,"","",-0.7,2.3549999999999995,1.1200000000000001,7.7750000000000012,1.1200000000000001,7.7750000000000012,-0.7,2.3549999999999995]
[2023,8,5,9,45143.374999999745,3.3,"Valid",2.6133333333333328,7.76,"Valid",8.1087500000000006,"","",3.3,2.6133333333333328,7.76,8.1087500000000006,7.76,8.1087500000000006,3.3,2.6133333333333328]
[2023,8,5,10,45143.41666666641,5.18,"Valid",2.6945833333333327,13.09,"Valid",8.3391666666666673,"","",5.18,2.6945833333333327,13.09,8.3391666666666673,13.09,8.3391666666666673,5.18,2.6945833333333327]
[2023,8,5,11,45143.458333333074,7.35,"Valid",2.9116666666666657,24.38,"Valid",8.8470833333333339,"","",7.35,2.9116666666666657,24.38,8.8470833333333339,24.38,8.8470833333333339,7.35,2.9116666666666657]
[2023,8,5,12,45143.499999999738,7.29,"Valid",3.1649999999999996,14.66,"Valid",9.1508333333333329,"","",7.29,3.1649999999999996,14.66,9.1508333333333329,14.66,9.1508333333333329,7.29,3.1649999999999996]
[2023,8,5,13,45143.541666666402,6.26,"Valid",3.4404166666666662,16.010000000000002,"Valid",9.6491666666666678,"","",6.26,3.4404166666666662,16.010000000000002,9.6491666666666678,16.010000000000002,9.6491666666666678,6.26,3.4404166666666662]
[2023,8,5,14,45143.583333333067,3.89,"Valid",3.436666666666667,8.34,"Valid",9.6145833333333339,"","",3.89,3.436666666666667,8.34,9.6145833333333339,8.34,9.6145833333333339,3.89,3.436666666666667]
[2023,8,5,15,45143.624999999731,2.58,"Valid",3.2929166666666667,5.8,"Valid",9.3095833333333342,"","",2.58,3.2929166666666667,5.8,9.3095833333333342,5.8,9.3095833333333342,2.58,3.2929166666666667]
[2023,8,5,16,45143.666666666395,4.37,"Valid",3.3858333333333337,9.3000000000000007,"Valid",9.2533333333333356,"","",4.37,3.3858333333333337,9.3000000000000007,9.2533333333333356,9.3000000000000007,9.2533333333333356,4.37,3.3858333333333337]
[2023,8,5,17,45143.708333333059,4.3,"Valid",3.5970833333333334,14.36,"Valid",9.5945833333333344,"","",4.3,3.5970833333333334,14.36,9.5945833333333344,14.36,9.5945833333333344,4.3,3.5970833333333334]
[2023,8,5,18,45143.749999999724,6.44,"Valid",3.7929166666666663,15.47,"Valid",9.9020833333333336,"","",6.44,3.7929166666666663,15.47,9.9020833333333336,15.47,9.9020833333333336,6.44,3.7929166666666663]
[2023,8,5,19,45143.791666666388,6.17,"Valid",3.9166666666666661,20.27,"Valid",10.123750000000001,"","",6.17,3.9166666666666661,20.27,10.123750000000001,20.27,10.123750000000001,6.17,3.9166666666666661]
[2023,8,5,20,45143.833333333052,3.75,"Valid",3.8829166666666661,14.37,"Valid",10.217083333333335,"","",3.75,3.8829166666666661,14.37,10.217083333333335,14.37,10.217083333333335,3.75,3.8829166666666661]
[2023,8,5,21,45143.874999999716,6.73,"Valid",4.0137500000000008,20.85,"Valid",10.612500000000001,"","",6.73,4.0137500000000008,20.85,10.612500000000001,20.85,10.612500000000001,6.73,4.0137500000000008]
[2023,8,5,22,45143.91666666638,4.9400000000000004,"Valid",4.1324999999999994,12.46,"Valid",10.562083333333334,"","",4.9400000000000004,4.1324999999999994,12.46,10.562083333333334,12.46,10.562083333333334,4.9400000000000004,4.1324999999999994]
[2023,8,5,23,45143.958333333045,3.39,"Valid",4.0587499999999999,10.44,"Valid",10.583333333333334,"","",3.39,4.0587499999999999,10.44,10.583333333333334,10.44,10.583333333333334,3.39,4.0587499999999999]
[2023,8,6,0,45143.999999999709,4.99,"Valid",4.1620833333333325,11.78,"Valid",10.775,"","",4.99,4.1620833333333325,11.78,10.775,11.78,10.775,4.99,4.1620833333333325]
[2023,8,6,1,45144.041666666373,11.22,"Valid",4.6220833333333333,25.03,"Valid",11.589166666666666,"","",11.22,4.6220833333333333,25.03,11.589166666666666,25.03,11.589166666666666,11.22,4.6220833333333333]
[2023,8,6,2,45144.083333333037,7.1,"Valid",4.847083333333333,12.98,"Valid",11.916666666666666,"","",7.1,4.847083333333333,12.98,11.916666666666666,12.98,11.916666666666666,7.1,4.847083333333333]
[2023,8,6,3,45144.124999999702,5.53,"Valid",5.0624999999999991,9.1999999999999993,"Valid",12.143749999999999,"","",5.53,5.0624999999999991,9.1999999999999993,12.143749999999999,9.1999999999999993,12.143749999999999,5.53,5.0624999999999991]
[2023,8,6,4,45144.166666666366,6.38,"Valid",5.1362499999999986,8.1999999999999993,"Valid",12.23625,"","",6.38,5.1362499999999986,8.1999999999999993,12.23625,8.1999999999999993,12.23625,6.38,5.1362499999999986]
[2023,8,6,5,45144.20833333303,7.78,"Valid",5.317499999999999,9.43,"Valid",12.438333333333334,"","",7.78,5.317499999999999,9.43,12.438333333333334,9.43,12.438333333333334,7.78,5.317499999999999]
[2023,8,6,6,45144.249999999694,7.24,"Valid",5.3983333333333325,9.7200000000000006,"Valid",12.534166666666669,"","",7.24,5.3983333333333325,9.7200000000000006,12.534166666666669,9.7200000000000006,12.534166666666669,7.24,5.3983333333333325]
[2023,8,6,7,45144.291666666359,6.24,"Valid",5.4883333333333324,7.72,"Valid",12.614166666666669,"","",6.24,5.4883333333333324,7.72,12.614166666666669,7.72,12.614166666666669,6.24,5.4883333333333324]
[2023,8,6,8,45144.333333333023,4.5599999999999996,"Valid",5.7074999999999996,7.18,"Valid",12.866666666666669,"","",{"$f":"IF(G130=\"Valid\", F130, NA())","v":4.5599999999999996},{"$f":"IF(G130=\"Valid\", H130, NA())","v":5.7074999999999996},{"$f":"IF(J130=\"Valid\", I130, NA())","v":7.18},{"$f":"IF(J130=\"Valid\", K130, NA())","v":12.866666666666669},7.18,12.866666666666669,4.5599999999999996,5.7074999999999996]
[2023,8,6,9,45144.374999999687,7.01,"Valid",5.8620833333333318,9.35,"Valid",12.932916666666671,"","",7.01,5.8620833333333318,9.35,12.932916666666671,9.35,12.932916666666671,7.01,5.8620833333333318]
[{"$f":"A131","v":2023},8,6,{"$f":"IF(D131=23,0,D131+1)","v":10},{"$f":"E131+0.0416666666666666","v":45144.416666666351},5.29,"Valid",5.8666666666666645,9.27,"Valid",12.773750000000001,"","",5.29,5.8666666666666645,9.27,12.773750000000001,9.27,12.773750000000001,5.29,5.8666666666666645]
[2023,8,6,11,45144.458333333016,6.38,"Valid",5.8262499999999982,18.7,"Valid",12.537083333333333,"","",6.38,5.8262499999999982,18.7,12.537083333333333,18.7,12.537083333333333,6.38,5.8262499999999982]
[2023,8,6,12,45144.49999999968,7.5,"Valid",5.8350000000000009,24.98,"Valid",12.967083333333333,"","",7.5,5.8350000000000009,24.98,12.967083333333333,24.98,12.967083333333333,7.5,5.8350000000000009]
[2023,8,6,13,45144.541666666344,8.0399999999999991,"Valid",5.9091666666666667,20.72,"Valid",13.163333333333332,"","",8.0399999999999991,5.9091666666666667,20.72,13.163333333333332,20.72,13.163333333333332,8.0399999999999991,5.9091666666666667]
[2023,8,6,14,45144.583333333008,5.28,"Valid",5.9670833333333322,17.82,"Valid",13.558333333333335,"","",5.28,5.9670833333333322,17.82,13.558333333333335,17.82,13.558333333333335,5.28,5.9670833333333322]
[2023,8,6,15,45144.624999999673,7.17,"Valid",6.1583333333333323,10.57,"Valid",13.757083333333332,"","",7.17,6.1583333333333323,10.57,13.757083333333332,10.57,13.757083333333332,7.17,6.1583333333333323]
[2023,8,6,16,45144.666666666337,9.9499999999999993,"Valid",6.3908333333333323,13.91,"Valid",13.949166666666668,"","",9.9499999999999993,6.3908333333333323,13.91,13.949166666666668,13.91,13.949166666666668,9.9499999999999993,6.3908333333333323]
[2023,8,6,17,45144.708333333001,16.059999999999999,"Valid",6.8808333333333325,22.29,"Valid",14.279583333333335,"","",16.059999999999999,6.8808333333333325,22.29,14.279583333333335,22.29,14.279583333333335,16.059999999999999,6.8808333333333325]
[2023,8,6,18,45144.749999999665,12.58,"Valid",7.1366666666666667,16.39,"Valid",14.317916666666667,"","",12.58,7.1366666666666667,16.39,14.317916666666667,16.39,14.317916666666667,12.58,7.1366666666666667]
[2023,8,6,19,45144.79166666633,3.93,"Valid",7.0433333333333357,8.2200000000000006,"Valid",13.815833333333336,"","",3.93,7.0433333333333357,8.2200000000000006,13.815833333333336,8.2200000000000006,13.815833333333336,3.93,7.0433333333333357]
[2023,8,6,20,45144.833333332994,0.56999999999999995,"Valid",6.9108333333333354,5.35,"Valid",13.440000000000003,"","",0.56999999999999995,6.9108333333333354,5.35,13.440000000000003,5.35,13.440000000000003,0.56999999999999995,6.9108333333333354]
[2023,8,6,21,45144.874999999658,2.5,"Valid",6.734583333333334,9.23,"Valid",12.955833333333336,"","",2.5,6.734583333333334,9.23,12.955833333333336,9.23,12.955833333333336,2.5,6.734583333333334]
[2023,8,6,22,45144.916666666322,4.24,"Valid",6.7054166666666681,8.23,"Valid",12.779583333333335,"","",4.24,6.7054166666666681,8.23,12.779583333333335,8.23,12.779583333333335,4.24,6.7054166666666681]
[2023,8,6,23,45144.958333332987,9.59,"Valid",6.9637500000000019,14.06,"Valid",12.930416666666668,"","",9.59,6.9637500000000019,14.06,12.930416666666668,14.06,12.930416666666668,9.59,6.9637500000000019]
[2023,8,7,0,45144.999999999651,2.57,"Valid",6.8629166666666679,6.5,"Valid",12.710416666666669,"","",2.57,6.8629166666666679,6.5,12.710416666666669,6.5,12.710416666666669,2.57,6.8629166666666679]
[2023,8,7,1,45145.041666666315,4.4800000000000004,"Valid",6.5820833333333342,8.3800000000000008,"Valid",12.016666666666664,"","",4.4800000000000004,6.5820833333333342,8.3800000000000008,12.016666666666664,8.3800000000000008,12.016666666666664,4.4800000000000004,6.5820833333333342]
[2023,8,7,2,45145.083333332979,4.17,"Valid",6.46,7.87,"Valid",11.803749999999999,"","",4.17,6.46,7.87,11.803749999999999,7.87,11.803749999999999,4.17,6.46]
[2023,8,7,3,45145.124999999643,0.62,"Valid",6.2554166666666662,3.99,"Valid",11.586666666666666,"","",0.62,6.2554166666666662,3.99,11.586666666666666,3.99,11.586666666666666,0.62,6.2554166666666662]
[2023,8,7,4,45145.166666666308,-0.4,"Valid",5.9729166666666655,0.56999999999999995,"Valid",11.268749999999999,"","",-0.4,5.9729166666666655,0.56999999999999995,11.268749999999999,0.56999999999999995,11.268749999999999,-0.4,5.9729166666666655]
[2023,8,7,5,45145.208333332972,1.1499999999999999,"Valid",5.6966666666666654,2.2999999999999998,"Valid",10.971666666666666,"","",1.1499999999999999,5.6966666666666654,2.2999999999999998,10.971666666666666,2.2999999999999998,10.971666666666666,1.1499999999999999,5.6966666666666654]
[2023,8,7,6,45145.249999999636,3.59,"Valid",5.5445833333333328,4.4400000000000004,"Valid",10.751666666666665,"","",3.59,5.5445833333333328,4.4400000000000004,10.751666666666665,4.4400000000000004,10.751666666666665,3.59,5.5445833333333328]
[2023,8,7,7,45145.2916666663,0.51,"Valid",5.3058333333333341,2.37,"Valid",10.52875,"","",0.51,5.3058333333333341,2.37,10.52875,2.37,10.52875,0.51,5.3058333333333341]
[2023,8,7,8,45145.333333332965,0.62,"Valid",5.1416666666666675,3.98,"Valid",10.395416666666666,"","",0.62,5.1416666666666675,3.98,10.395416666666666,3.98,10.395416666666666,0.62,5.1416666666666675]
[2023,8,{"$f":"C131+1","v":7},9,45145.374999999629,2.25,"Valid",4.9433333333333342,5.5,"Valid",10.234999999999998,"","",2.25,4.9433333333333342,5.5,10.234999999999998,5.5,10.234999999999998,2.25,4.9433333333333342]
[2023,8,7,10,45145.416666666293,1.02,"Valid",4.7654166666666669,3.93,"Valid",10.012499999999999,"","",1.02,4.7654166666666669,3.93,10.012499999999999,3.93,10.012499999999999,1.02,4.7654166666666669]
[2023,8,7,11,45145.458333332957,-0.04,"Valid",4.4979166666666668,1.42,"Valid",9.2924999999999986,"","",-0.04,4.4979166666666668,1.42,9.2924999999999986,1.42,9.2924999999999986,-0.04,4.4979166666666668]
[2023,8,7,12,45145.499999999622,2.71,"Valid",4.2983333333333329,13.25,"Valid",8.8037499999999991,"","",2.71,4.2983333333333329,13.25,8.8037499999999991,13.25,8.8037499999999991,2.71,4.2983333333333329]
[2023,8,7,13,45145.541666666286,4.32,"Valid",4.1433333333333335,20.85,"Valid",8.8091666666666661,"","",4.32,4.1433333333333335,20.85,8.8091666666666661,20.85,8.8091666666666661,4.32,4.1433333333333335]
[2023,8,7,14,45145.58333333295,2.02,"Valid",4.0074999999999994,11.12,"Valid",8.5299999999999994,"","",2.02,4.0074999999999994,11.12,8.5299999999999994,11.12,8.5299999999999994,2.02,4.0074999999999994]
[2023,8,7,15,45145.624999999614,0.97,"Valid",3.749166666666667,14.87,"Valid",8.7091666666666665,"","",0.97,3.749166666666667,14.87,8.7091666666666665,14.87,8.7091666666666665,0.97,3.749166666666667]
[2023,8,7,16,45145.666666666279,2.34,"Valid",3.4320833333333329,17.54,"Valid",8.8604166666666675,"","",2.34,3.4320833333333329,17.54,8.8604166666666675,17.54,8.8604166666666675,2.34,3.4320833333333329]
[2023,8,7,17,45145.708333332943,2.09,"Valid",2.8499999999999996,14.06,"Valid",8.5175000000000001,"","",2.09,2.8499999999999996,14.06,8.5175000000000001,14.06,8.5175000000000001,2.09,2.8499999999999996]
[2023,8,7,18,45145.749999999607,4.55,"Valid",2.5154166666666664,17.22,"Valid",8.5520833333333339,"","",4.55,2.5154166666666664,17.22,8.5520833333333339,17.22,8.5520833333333339,4.55,2.5154166666666664]
[2023,8,7,19,45145.791666666271,8.25,"Valid",2.6954166666666666,53.3,"Valid",10.430416666666668,"","",8.25,2.6954166666666666,53.3,10.430416666666668,53.3,10.430416666666668,8.25,2.6954166666666666]
[2023,8,7,20,45145.833333332936,0.88,"Valid",2.7083333333333335,17.54,"Valid",10.938333333333334,"","",0.88,2.7083333333333335,17.54,10.938333333333334,17.54,10.938333333333334,0.88,2.7083333333333335]
[2023,8,7,21,45145.8749999996,4.47,"Valid",2.7904166666666672,12.96,"Valid",11.09375,"","",4.47,2.7904166666666672,12.96,11.09375,12.96,11.09375,4.47,2.7904166666666672]
[2023,8,7,22,45145.916666666264,2.21,"Valid",2.705833333333334,10.31,"Valid",11.180416666666666,"","",2.21,2.705833333333334,10.31,11.180416666666666,10.31,11.180416666666666,2.21,2.705833333333334]
[2023,8,7,23,45145.958333332928,0.93,"Valid",2.3450000000000002,9.39,"Valid",10.985833333333332,"","",0.93,2.3450000000000002,9.39,10.985833333333332,9.39,10.985833333333332,0.93,2.3450000000000002]
[2023,8,8,0,45145.999999999593,1.88,"Valid",2.3162500000000001,4.5599999999999996,"Valid",10.905000000000001,"","",1.88,2.3162500000000001,4.5599999999999996,10.905000000000001,4.5599999999999996,10.905000000000001,1.88,2.3162500000000001]
[2023,8,8,1,45146.041666666257,4.2699999999999996,"Valid",2.3074999999999997,6.56,"Valid",10.829166666666666,"","",4.2699999999999996,2.3074999999999997,6.56,10.829166666666666,6.56,10.829166666666666,4.2699999999999996,2.3074999999999997]
[2023,8,8,2,45146.083333332921,3.68,"Valid",2.2870833333333338,5.45,"Valid",10.728333333333332,"","",3.68,2.2870833333333338,5.45,10.728333333333332,5.45,10.728333333333332,3.68,2.2870833333333338]
[2023,8,8,3,45146.124999999585,3.56,"Valid",2.4095833333333334,5.34,"Valid",10.784583333333332,"","",3.56,2.4095833333333334,5.34,10.784583333333332,5.34,10.784583333333332,3.56,2.4095833333333334]
[2023,8,8,4,45146.16666666625,4.9800000000000004,"Valid",2.6337500000000005,6.29,"Valid",11.022916666666665,"","",4.9800000000000004,2.6337500000000005,6.29,11.022916666666665,6.29,11.022916666666665,4.9800000000000004,2.6337500000000005]
[2023,8,8,5,45146.208333332914,4.71,"Valid",2.782083333333333,8.64,"Valid",11.287083333333333,"","",4.71,2.782083333333333,8.64,11.287083333333333,8.64,11.287083333333333,4.71,2.782083333333333]
[2023,8,8,6,45146.249999999578,5.32,"Valid",2.8541666666666665,13.49,"Valid",11.664166666666665,"","",5.32,2.8541666666666665,13.49,11.664166666666665,13.49,11.664166666666665,5.32,2.8541666666666665]
[2023,8,8,7,45146.291666666242,2.62,"Valid",2.942083333333334,9.08,"Valid",11.94375,"","",2.62,2.942083333333334,9.08,11.94375,9.08,11.94375,2.62,2.942083333333334]
[2023,8,8,8,45146.333333332906,3.15,"Valid",3.0475000000000008,6.28,"Valid",12.039583333333331,"","",3.15,3.0475000000000008,6.28,12.039583333333331,6.28,12.039583333333331,3.15,3.0475000000000008]
[2023,8,8,9,45146.374999999571,3.04,"Valid",3.0804166666666677,4.76,"Valid",12.008749999999997,"","",3.04,3.0804166666666677,4.76,12.008749999999997,4.76,12.008749999999997,3.04,3.0804166666666677]
[2023,8,8,10,45146.416666666235,-0.01,"Valid",3.037500000000001,1.78,"Valid",11.919166666666662,"","",-0.01,3.037500000000001,1.78,11.919166666666662,1.78,11.919166666666662,-0.01,3.037500000000001]
[2023,8,8,11,45146.458333332899,0.82,"Valid",3.0733333333333337,1.89,"Valid",11.938749999999994,"","",0.82,3.0733333333333337,1.89,11.938749999999994,1.89,11.938749999999994,0.82,3.0733333333333337]
[2023,8,8,12,45146.499999999563,2.58,"Valid",3.0679166666666666,8.82,"Valid",11.754166666666661,"","",2.58,3.0679166666666666,8.82,11.754166666666661,8.82,11.754166666666661,2.58,3.0679166666666666]
[2023,8,8,13,45146.541666666228,-7.0000000000000007E-2,"Valid",2.8849999999999998,3.02,"Valid",11.011249999999999,"","",-7.0000000000000007E-2,2.8849999999999998,3.02,11.011249999999999,3.02,11.011249999999999,-7.0000000000000007E-2,2.8849999999999998]
[2023,8,8,14,45146.583333332892,6.04,"Valid",3.0525000000000002,8.69,"Valid",10.909999999999998,"","",6.04,3.0525000000000002,8.69,10.909999999999998,8.69,10.909999999999998,6.04,3.0525000000000002]
[2023,8,8,15,45146.624999999556,4.05,"Valid",3.1808333333333341,13.15,"Valid",10.838333333333331,"","",4.05,3.1808333333333341,13.15,10.838333333333331,13.15,10.838333333333331,4.05,3.1808333333333341]
[2023,8,8,16,45146.66666666622,-0.2,"Valid",3.0749999999999997,13.32,"Valid",10.6625,"","",-0.2,3.0749999999999997,13.32,10.6625,13.32,10.6625,-0.2,3.0749999999999997]
[2023,8,8,17,45146.708333332885,-0.55000000000000004,"Valid",2.9649999999999999,14.84,"Valid",10.695,"","",-0.55000000000000004,2.9649999999999999,14.84,10.695,14.84,10.695,-0.55000000000000004,2.9649999999999999]
[2023,8,8,18,45146.749999999549,-0.18,"Valid",2.7679166666666664,11.31,"Valid",10.448750000000002,"","",-0.18,2.7679166666666664,11.31,10.448750000000002,11.31,10.448750000000002,-0.18,2.7679166666666664]
[2023,8,8,19,45146.791666666213,1.45,"Valid",2.4845833333333331,25.01,"Valid",9.2700000000000014,"","",1.45,2.4845833333333331,25.01,9.2700000000000014,25.01,9.2700000000000014,1.45,2.4845833333333331]
[2023,8,8,20,45146.833333332877,5.16,"Valid",2.6629166666666664,24.47,"Valid",9.5587499999999981,"","",5.16,2.6629166666666664,24.47,9.5587499999999981,24.47,9.5587499999999981,5.16,2.6629166666666664]
[2023,8,8,21,45146.874999999542,2.02,"Valid",2.5608333333333335,8.4700000000000006,"Valid",9.3716666666666679,"","",2.02,2.5608333333333335,8.4700000000000006,9.3716666666666679,8.4700000000000006,9.3716666666666679,2.02,2.5608333333333335]
[2023,8,8,22,45146.916666666206,1.61,"Valid",2.5358333333333336,9.2100000000000009,"Valid",9.3258333333333336,"","",1.61,2.5358333333333336,9.2100000000000009,9.3258333333333336,9.2100000000000009,9.3258333333333336,1.61,2.5358333333333336]
[2023,8,8,23,45146.95833333287,2.38,"Valid",2.5962499999999999,6.16,"Valid",9.1912500000000001,"","",2.38,2.5962499999999999,6.16,9.1912500000000001,6.16,9.1912500000000001,2.38,2.5962499999999999]
[2023,8,9,0,45146.999999999534,-0.73,"Valid",2.4875000000000003,3.11,"Valid",9.1308333333333334,"","",{"$f":"IF(G194=\"Valid\", F194, NA())","v":-0.73},{"$f":"IF(G194=\"Valid\", H194, NA())","v":2.4875000000000003},{"$f":"IF(J194=\"Valid\", I194, NA())","v":3.11},{"$f":"IF(J194=\"Valid\", K194, NA())","v":9.1308333333333334},3.11,9.1308333333333334,-0.73,2.4875000000000003]
[2023,8,9,1,45147.041666666199,1.59,"Valid",2.3758333333333335,3.25,"Valid",8.9929166666666678,"","",1.59,2.3758333333333335,3.25,8.9929166666666678,3.25,8.9929166666666678,1.59,2.3758333333333335]
[{"$f":"A195","v":2023},8,9,{"$f":"IF(D195=23,0,D195+1)","v":2},{"$f":"E195+0.0416666666666666","v":45147.083333332863},0.66,"Valid",2.2500000000000004,3.29,"Valid",8.9029166666666679,"","",0.66,2.2500000000000004,3.29,8.9029166666666679,3.29,8.9029166666666679,0.66,2.2500000000000004]
[2023,8,9,3,45147.124999999527,1.02,"Valid",2.144166666666667,3.09,"Valid",8.8091666666666679,"","",1.02,2.144166666666667,3.09,8.8091666666666679,3.09,8.8091666666666679,1.02,2.144166666666667]
[2023,8,9,4,45147.166666666191,0.35,"Valid",1.9512500000000002,1.49,"Valid",8.6091666666666686,"","",0.35,1.9512500000000002,1.49,8.6091666666666686,1.49,8.6091666666666686,0.35,1.9512500000000002]
[2023,8,9,5,45147.208333332856,1.4,"Valid",1.8133333333333337,2.67,"Valid",8.3604166666666675,"","",1.4,1.8133333333333337,2.67,8.3604166666666675,2.67,8.3604166666666675,1.4,1.8133333333333337]
[2023,8,9,6,45147.24999999952,3.89,"Valid",1.7537500000000001,5.43,"Valid",8.0245833333333341,"","",3.89,1.7537500000000001,5.43,8.0245833333333341,5.43,8.0245833333333341,3.89,1.7537500000000001]
[2023,8,9,7,45147.291666666184,2.68,"Valid",1.7562499999999999,4.63,"Valid",7.8391666666666673,"","",2.68,1.7562499999999999,4.63,7.8391666666666673,4.63,7.8391666666666673,2.68,1.7562499999999999]
[2023,8,9,8,45147.333333332848,1.48,"Valid",1.6866666666666665,4.07,"Valid",7.7470833333333333,"","",1.48,1.6866666666666665,4.07,7.7470833333333333,4.07,7.7470833333333333,1.48,1.6866666666666665]
[2023,8,9,9,45147.374999999513,3.86,"Valid",1.720833333333333,8.2799999999999994,"Valid",7.8937500000000007,"","",3.86,1.720833333333333,8.2799999999999994,7.8937500000000007,8.2799999999999994,7.8937500000000007,3.86,1.720833333333333]
[2023,8,9,10,45147.416666666177,1.69,"Valid",1.7916666666666663,6.53,"Valid",8.0916666666666668,"","",1.69,1.7916666666666663,6.53,8.0916666666666668,6.53,8.0916666666666668,1.69,1.7916666666666663]
[2023,8,9,11,45147.458333332841,3.55,"Valid",1.9054166666666663,10.53,"Valid",8.451666666666668,"","",3.55,1.9054166666666663,10.53,8.451666666666668,10.53,8.451666666666668,3.55,1.9054166666666663]
[2023,8,9,12,45147.499999999505,4.59,"Valid",1.9891666666666665,10.41,"Valid",8.5179166666666664,"","",4.59,1.9891666666666665,10.41,8.5179166666666664,10.41,8.5179166666666664,4.59,1.9891666666666665]
[2023,8,9,13,45147.541666666169,3.11,"Valid",2.1216666666666661,9.76,"Valid",8.7987500000000001,"","",3.11,2.1216666666666661,9.76,8.7987500000000001,9.76,8.7987500000000001,3.11,2.1216666666666661]
[2023,8,9,14,45147.583333332834,1.25,"Valid",1.9220833333333331,5.15,"Valid",8.6512499999999992,"","",1.25,1.9220833333333331,5.15,8.6512499999999992,5.15,8.6512499999999992,1.25,1.9220833333333331]
[2023,8,9,15,45147.624999999498,1.55,"Valid",1.8179166666666664,6.7,"Valid",8.3824999999999985,"","",1.55,1.8179166666666664,6.7,8.3824999999999985,6.7,8.3824999999999985,1.55,1.8179166666666664]
[2023,8,9,16,45147.666666666162,1.41,"Valid",1.8849999999999998,5.78,"Valid",8.0683333333333334,"","",1.41,1.8849999999999998,5.78,8.0683333333333334,5.78,8.0683333333333334,1.41,1.8849999999999998]
[2023,8,9,17,45147.708333332826,0.79,"Valid",1.940833333333333,7.89,"Valid",7.7787499999999987,"","",0.79,1.940833333333333,7.89,7.7787499999999987,7.89,7.7787499999999987,0.79,1.940833333333333]
[2023,8,9,18,45147.749999999491,0.26,"Valid",1.9591666666666665,5.76,"Valid",7.5474999999999985,"","",0.26,1.9591666666666665,5.76,7.5474999999999985,5.76,7.5474999999999985,0.26,1.9591666666666665]
[2023,8,9,19,45147.791666666155,3.25,"Valid",2.0341666666666662,17.62,"Valid",7.2395833333333313,"","",3.25,2.0341666666666662,17.62,7.2395833333333313,17.62,7.2395833333333313,3.25,2.0341666666666662]
[2023,8,9,20,45147.833333332819,-0.23,"Valid",1.8095833333333333,5.92,"Valid",6.4666666666666677,"","",-0.23,1.8095833333333333,5.92,6.4666666666666677,5.92,6.4666666666666677,-0.23,1.8095833333333333]
[2023,8,9,21,45147.874999999483,1.97,"Valid",1.8074999999999999,7.08,"Valid",6.4087500000000004,"","",1.97,1.8074999999999999,7.08,6.4087500000000004,7.08,6.4087500000000004,1.97,1.8074999999999999]
[2023,8,9,22,45147.916666666148,3.7,"Valid",1.8945833333333333,8.82,"Valid",6.392500000000001,"","",3.7,1.8945833333333333,8.82,6.392500000000001,8.82,6.392500000000001,3.7,1.8945833333333333]
[2023,8,9,23,45147.958333332812,2.38,"Valid",1.8945833333333335,5.56,"Valid",6.3675000000000006,"","",2.38,1.8945833333333335,5.56,6.3675000000000006,5.56,6.3675000000000006,2.38,1.8945833333333335]
[2023,8,10,0,45147.999999999476,2.96,"Valid",2.0483333333333333,5.63,"Valid",6.472500000000001,"","",2.96,2.0483333333333333,5.63,6.472500000000001,5.63,6.472500000000001,2.96,2.0483333333333333]
[2023,8,{"$f":"C195+1","v":10},1,45148.04166666614,2.5,"Valid",2.0862500000000002,5.72,"Valid",6.5754166666666682,"","",2.5,2.0862500000000002,5.72,6.5754166666666682,5.72,6.5754166666666682,2.5,2.0862500000000002]
[2023,8,10,2,45148.083333332805,5.21,"Valid",2.2758333333333338,7.33,"Valid",6.7437500000000012,"","",5.21,2.2758333333333338,7.33,6.7437500000000012,7.33,6.7437500000000012,5.21,2.2758333333333338]
[2023,8,10,3,45148.124999999469,1.78,"Valid",2.3075000000000006,3.99,"Valid",6.7812500000000009,"","",1.78,2.3075000000000006,3.99,6.7812500000000009,3.99,6.7812500000000009,1.78,2.3075000000000006]
[2023,8,10,4,45148.166666666133,0.55000000000000004,"Valid",2.3158333333333339,2.39,"Valid",6.8187500000000005,"","",0.55000000000000004,2.3158333333333339,2.39,6.8187500000000005,2.39,6.8187500000000005,0.55000000000000004,2.3158333333333339]
[2023,8,10,5,45148.208333332797,1.9,"Valid",2.3366666666666669,3.67,"Valid",6.8604166666666666,"","",1.9,2.3366666666666669,3.67,6.8604166666666666,3.67,6.8604166666666666,1.9,2.3366666666666669]
[2023,8,10,6,45148.249999999462,4.83,"Valid",2.375833333333333,5.98,"Valid",6.8833333333333329,"","",4.83,2.375833333333333,5.98,6.8833333333333329,5.98,6.8833333333333329,4.83,2.375833333333333]
[2023,8,10,7,45148.291666666126,4.9000000000000004,"Valid",2.4683333333333333,7.25,"Valid",6.9924999999999997,"","",4.9000000000000004,2.4683333333333333,7.25,6.9924999999999997,7.25,6.9924999999999997,4.9000000000000004,2.4683333333333333]
[2023,8,10,8,45148.33333333279,2.16,"Valid",2.4966666666666666,4.2300000000000004,"Valid",6.9991666666666665,"","",2.16,2.4966666666666666,4.2300000000000004,6.9991666666666665,4.2300000000000004,6.9991666666666665,2.16,2.4966666666666666]
[2023,8,10,9,45148.374999999454,2.15,"Valid",2.4254166666666661,4.9400000000000004,"Valid",6.8599999999999994,"","",2.15,2.4254166666666661,4.9400000000000004,6.8599999999999994,4.9400000000000004,6.8599999999999994,2.15,2.4254166666666661]
[2023,8,10,10,45148.416666666119,2.09,"Valid",2.4420833333333327,6.13,"Valid",6.8433333333333302,"","",2.09,2.4420833333333327,6.13,6.8433333333333302,6.13,6.8433333333333302,2.09,2.4420833333333327]
[2023,8,10,11,45148.458333332783,2.76,"Valid",2.4091666666666662,8.2200000000000006,"Valid",6.7470833333333324,"","",2.76,2.4091666666666662,8.2200000000000006,6.7470833333333324,8.2200000000000006,6.7470833333333324,2.76,2.4091666666666662]
[2023,8,10,12,45148.499999999447,1.58,"Valid",2.2837499999999991,6.41,"Valid",6.5804166666666655,"","",1.58,2.2837499999999991,6.41,6.5804166666666655,6.41,6.5804166666666655,1.58,2.2837499999999991]
[2023,8,10,13,45148.541666666111,3.26,"Valid",2.2899999999999996,9.2899999999999991,"Valid",6.5608333333333322,"","",3.26,2.2899999999999996,9.2899999999999991,6.5608333333333322,9.2899999999999991,6.5608333333333322,3.26,2.2899999999999996]
[2023,8,10,14,45148.583333332776,2.84,"Valid",2.3562499999999997,9.06,"Valid",6.723749999999999,"","",2.84,2.3562499999999997,9.06,6.723749999999999,9.06,6.723749999999999,2.84,2.3562499999999997]
[2023,8,10,15,45148.62499999944,5.43,"Valid",2.5179166666666659,11.88,"Valid",6.9395833333333323,"","",5.43,2.5179166666666659,11.88,6.9395833333333323,11.88,6.9395833333333323,5.43,2.5179166666666659]
[2023,8,10,16,45148.666666666104,5.47,"Valid",2.6870833333333333,12.99,"Valid",7.2399999999999993,"","",5.47,2.6870833333333333,12.99,7.2399999999999993,12.99,7.2399999999999993,5.47,2.6870833333333333]
[2023,8,10,17,45148.708333332768,5.23,"Valid",2.8720833333333329,11.89,"Valid",7.4066666666666663,"","",5.23,2.8720833333333329,11.89,7.4066666666666663,11.89,7.4066666666666663,5.23,2.8720833333333329]
[2023,8,10,18,45148.749999999432,2.25,"Valid",2.9549999999999996,8.41,"Valid",7.5170833333333329,"","",2.25,2.9549999999999996,8.41,7.5170833333333329,8.41,7.5170833333333329,2.25,2.9549999999999996]
[2023,8,10,19,45148.791666666097,6,"Valid",3.0695833333333327,25.39,"Valid",7.8408333333333333,"","",6,3.0695833333333327,25.39,7.8408333333333333,25.39,7.8408333333333333,6,3.0695833333333327]
[2023,8,10,20,45148.833333332761,5.61,"Valid",3.3129166666666663,13.75,"Valid",8.1670833333333324,"","",5.61,3.3129166666666663,13.75,8.1670833333333324,13.75,8.1670833333333324,5.61,3.3129166666666663]
[2023,8,10,21,45148.874999999425,1.25,"Valid",3.2829166666666665,6.7,"Valid",8.1512499999999992,"","",1.25,3.2829166666666665,6.7,8.1512499999999992,6.7,8.1512499999999992,1.25,3.2829166666666665]
[2023,8,10,22,45148.916666666089,5.38,"Valid",3.3529166666666659,11.06,"Valid",8.2445833333333329,"","",5.38,3.3529166666666659,11.06,8.2445833333333329,11.06,8.2445833333333329,5.38,3.3529166666666659]
[2023,8,10,23,45148.958333332754,0.39,"Valid",3.2699999999999996,4.12,"Valid",8.1845833333333342,"","",0.39,3.2699999999999996,4.12,8.1845833333333342,4.12,8.1845833333333342,0.39,3.2699999999999996]
[2023,8,11,0,45148.999999999418,6.8,"Valid",3.4299999999999993,10.58,"Valid",8.3908333333333349,"","",6.8,3.4299999999999993,10.58,8.3908333333333349,10.58,8.3908333333333349,6.8,3.4299999999999993]
[2023,8,11,1,45149.041666666082,1.36,"Valid",3.382499999999999,7.07,"Valid",8.4470833333333335,"","",1.36,3.382499999999999,7.07,8.4470833333333335,7.07,8.4470833333333335,1.36,3.382499999999999]
[2023,8,11,2,45149.083333332746,2.88,"Valid",3.285416666666666,8.51,"Valid",8.4962499999999999,"","",2.88,3.285416666666666,8.51,8.4962499999999999,8.51,8.4962499999999999,2.88,3.285416666666666]
[2023,8,11,3,45149.124999999411,3.82,"Valid",3.3704166666666655,7.52,"Valid",8.6433333333333326,"","",3.82,3.3704166666666655,7.52,8.6433333333333326,7.52,8.6433333333333326,3.82,3.3704166666666655]
[2023,8,11,4,45149.166666666075,6.68,"Valid",3.6258333333333326,9.6999999999999993,"Valid",8.9479166666666661,"","",6.68,3.6258333333333326,9.6999999999999993,8.9479166666666661,9.6999999999999993,8.9479166666666661,6.68,3.6258333333333326]
[2023,8,11,5,45149.208333332739,3.94,"Valid",3.7108333333333334,7.3,"Valid",9.0991666666666671,"","",3.94,3.7108333333333334,7.3,9.0991666666666671,7.3,9.0991666666666671,3.94,3.7108333333333334]
[2023,8,11,6,45149.249999999403,2.87,"Valid",3.6291666666666664,5.12,"Valid",9.0633333333333344,"","",2.87,3.6291666666666664,5.12,9.0633333333333344,5.12,9.0633333333333344,2.87,3.6291666666666664]
[2023,8,11,7,45149.291666666068,5.26,"Valid",3.6441666666666666,8.16,"Valid",9.1012500000000003,"","",5.26,3.6441666666666666,8.16,9.1012500000000003,8.16,9.1012500000000003,5.26,3.6441666666666666]
[2023,8,11,8,45149.333333332732,5.17,"Valid",3.7695833333333333,10.83,"Valid",9.3762500000000006,"","",5.17,3.7695833333333333,10.83,9.3762500000000006,10.83,9.3762500000000006,5.17,3.7695833333333333]
[2023,8,11,9,45149.374999999396,3.77,"Valid",3.8370833333333327,9.4700000000000006,"Valid",9.5650000000000013,"","",3.77,3.8370833333333327,9.4700000000000006,9.5650000000000013,9.4700000000000006,9.5650000000000013,3.77,3.8370833333333327]
[2023,8,11,10,45149.41666666606,2.09,"Valid",3.8370833333333341,7.23,"Valid",9.6108333333333338,"","",2.09,3.8370833333333341,7.23,9.6108333333333338,7.23,9.6108333333333338,2.09,3.8370833333333341]
[2023,8,11,11,45149.458333332725,2.57,"Valid",3.8291666666666671,5.85,"Valid",9.5120833333333348,"","",2.57,3.8291666666666671,5.85,9.5120833333333348,5.85,9.5120833333333348,2.57,3.8291666666666671]
[2023,8,11,12,45149.499999999389,4.16,"Valid",3.936666666666667,10.6,"Valid",9.6866666666666674,"","",4.16,3.936666666666667,10.6,9.6866666666666674,10.6,9.6866666666666674,4.16,3.936666666666667]
[2023,8,11,13,45149.541666666053,1.76,"Valid",3.874166666666667,4.9400000000000004,"Valid",9.5054166666666671,"","",1.76,3.874166666666667,4.9400000000000004,9.5054166666666671,4.9400000000000004,9.5054166666666671,1.76,3.874166666666667]
[2023,8,11,14,45149.583333332717,0.97,"Valid",3.7962500000000001,4.33,"Valid",9.3083333333333336,"","",0.97,3.7962500000000001,4.33,9.3083333333333336,4.33,9.3083333333333336,0.97,3.7962500000000001]
[2023,8,11,15,45149.624999999382,-0.67,"Valid",3.5420833333333328,2.2400000000000002,"Valid",8.9066666666666681,"","",-0.67,3.5420833333333328,2.2400000000000002,8.9066666666666681,2.2400000000000002,8.9066666666666681,-0.67,3.5420833333333328]
[2023,8,11,16,45149.666666666046,0.56999999999999995,"Valid",3.3379166666666653,3.79,"Valid",8.5233333333333334,"","",{"$f":"IF(G258=\"Valid\", F258, NA())","v":0.56999999999999995},{"$f":"IF(G258=\"Valid\", H258, NA())","v":3.3379166666666653},{"$f":"IF(J258=\"Valid\", I258, NA())","v":3.79},{"$f":"IF(J258=\"Valid\", K258, NA())","v":8.5233333333333334},3.79,8.5233333333333334,0.56999999999999995,3.3379166666666653]
[2023,8,11,17,45149.70833333271,-1.26,"Valid",3.067499999999999,3.38,"Valid",8.1687500000000011,"","",-1.26,3.067499999999999,3.38,8.1687500000000011,3.38,8.1687500000000011,-1.26,3.067499999999999]
[{"$f":"A259","v":2023},8,11,{"$f":"IF(D259=23,0,D259+1)","v":18},{"$f":"E259+0.0416666666666666","v":45149.749999999374},1.39,"Valid",3.0316666666666658,11.82,"Valid",8.3108333333333331,"","",1.39,3.0316666666666658,11.82,8.3108333333333331,11.82,8.3108333333333331,1.39,3.0316666666666658]
[2023,8,11,19,45149.791666666039,-0.57999999999999996,"Valid",2.7574999999999998,12.99,"Valid",7.7941666666666665,"","",-0.57999999999999996,2.7574999999999998,12.99,7.7941666666666665,12.99,7.7941666666666665,-0.57999999999999996,2.7574999999999998]
[2023,8,11,20,45149.833333332703,6.47,"Valid",2.7933333333333334,33.89,"Valid",8.6333333333333329,"","",6.47,2.7933333333333334,33.89,8.6333333333333329,33.89,8.6333333333333329,6.47,2.7933333333333334]
[2023,8,11,21,45149.874999999367,0.56000000000000005,"Valid",2.7645833333333338,14.68,"Valid",8.9658333333333342,"","",0.56000000000000005,2.7645833333333338,14.68,8.9658333333333342,14.68,8.9658333333333342,0.56000000000000005,2.7645833333333338]
[2023,8,11,22,45149.916666666031,-1.33,"Valid",2.4850000000000003,2.14,"Valid",8.5941666666666663,"","",-1.33,2.4850000000000003,2.14,8.5941666666666663,2.14,8.5941666666666663,-1.33,2.4850000000000003]
[2023,8,11,23,45149.958333332695,0.57999999999999996,"Valid",2.4929166666666669,3.49,"Valid",8.5679166666666671,"","",0.57999999999999996,2.4929166666666669,3.49,8.5679166666666671,3.49,8.5679166666666671,0.57999999999999996,2.4929166666666669]
[2023,8,12,0,45149.99999999936,0.74,"Valid",2.2404166666666669,3.71,"Valid",8.2816666666666681,"","",0.74,2.2404166666666669,3.71,8.2816666666666681,3.71,8.2816666666666681,0.74,2.2404166666666669]
[2023,8,12,1,45150.041666666024,0.67,"Valid",2.2116666666666673,3.52,"Valid",8.1337500000000009,"","",0.67,2.2116666666666673,3.52,8.1337500000000009,3.52,8.1337500000000009,0.67,2.2116666666666673]
[2023,8,12,2,45150.083333332688,-0.81,"Valid",2.0579166666666668,1.7,"Valid",7.8499999999999988,"","",-0.81,2.0579166666666668,1.7,7.8499999999999988,1.7,7.8499999999999988,-0.81,2.0579166666666668]
[2023,8,12,3,45150.124999999352,1.43,"Valid",1.9583333333333337,3.81,"Valid",7.6954166666666666,"","",1.43,1.9583333333333337,3.81,7.6954166666666666,3.81,7.6954166666666666,1.43,1.9583333333333337]
[2023,8,12,4,45150.166666666017,2.0099999999999998,"Valid",1.7637499999999999,4.1500000000000004,"Valid",7.4641666666666673,"","",2.0099999999999998,1.7637499999999999,4.1500000000000004,7.4641666666666673,4.1500000000000004,7.4641666666666673,2.0099999999999998,1.7637499999999999]
[2023,8,12,5,45150.208333332681,4.7,"Valid",1.7954166666666669,6.65,"Valid",7.4370833333333337,"","",4.7,1.7954166666666669,6.65,7.4370833333333337,6.65,7.4370833333333337,4.7,1.7954166666666669]
[2023,8,12,6,45150.249999999345,3.86,"Valid",1.8366666666666667,6.63,"Valid",7.5,"","",3.86,1.8366666666666667,6.63,7.5,6.63,7.5,3.86,1.8366666666666667]
[2023,8,12,7,45150.291666666009,-1.99,"Valid",1.534583333333333,0.79,"Valid",7.1929166666666662,"","",-1.99,1.534583333333333,0.79,7.1929166666666662,0.79,7.1929166666666662,-1.99,1.534583333333333]
[2023,8,12,8,45150.333333332674,4.83,"Valid",1.5204166666666667,8.01,"Valid",7.0754166666666665,"","",4.83,1.5204166666666667,8.01,7.0754166666666665,8.01,7.0754166666666665,4.83,1.5204166666666667]
[2023,8,12,9,45150.374999999338,1.96,"Valid",1.4450000000000001,6.14,"Valid",6.9366666666666648,"","",1.96,1.4450000000000001,6.14,6.9366666666666648,6.14,6.9366666666666648,1.96,1.4450000000000001]
[2023,8,12,10,45150.416666666002,1.81,"Valid",1.4333333333333336,17.77,"Valid",7.3758333333333326,"","",1.81,1.4333333333333336,17.77,7.3758333333333326,17.77,7.3758333333333326,1.81,1.4333333333333336]
[2023,8,12,11,45150.458333332666,6.93,"Valid",1.6149999999999995,27.31,"Valid",8.2699999999999978,"","",6.93,1.6149999999999995,27.31,8.2699999999999978,27.31,8.2699999999999978,6.93,1.6149999999999995]
[2023,8,12,12,45150.499999999331,3.93,"Valid",1.6054166666666665,11.88,"Valid",8.3233333333333324,"","",3.93,1.6054166666666665,11.88,8.3233333333333324,11.88,8.3233333333333324,3.93,1.6054166666666665]
[2023,8,12,13,45150.541666665995,5.25,"Valid",1.7508333333333335,14.06,"Valid",8.7033333333333331,"","",5.25,1.7508333333333335,14.06,8.7033333333333331,14.06,8.7033333333333331,5.25,1.7508333333333335]
[2023,8,12,14,45150.583333332659,3.78,"Valid",1.8679166666666669,11.37,"Valid",8.9966666666666679,"","",3.78,1.8679166666666669,11.37,8.9966666666666679,11.37,8.9966666666666679,3.78,1.8679166666666669]
[2023,8,12,15,45150.624999999323,0.28000000000000003,"Valid",1.9075000000000004,7.36,"Valid",9.2100000000000026,"","",0.28000000000000003,1.9075000000000004,7.36,9.2100000000000026,7.36,9.2100000000000026,0.28000000000000003,1.9075000000000004]
[2023,8,12,16,45150.666666665988,4.5199999999999996,"Valid",2.0720833333333335,10.91,"Valid",9.5066666666666677,"","",4.5199999999999996,2.0720833333333335,10.91,9.5066666666666677,10.91,9.5066666666666677,4.5199999999999996,2.0720833333333335]
[2023,8,{"$f":"C259+1","v":12},17,45150.708333332652,3.95,"Valid",2.289166666666667,11.42,"Valid",9.8416666666666668,"","",3.95,2.289166666666667,11.42,9.8416666666666668,11.42,9.8416666666666668,3.95,2.289166666666667]
[2023,8,12,18,45150.749999999316,5.74,"Valid",2.4704166666666674,22.23,"Valid",10.275416666666667,"","",5.74,2.4704166666666674,22.23,10.275416666666667,22.23,10.275416666666667,5.74,2.4704166666666674]
[2023,8,12,19,45150.79166666598,12.44,"Valid",3.0129166666666674,45.88,"Valid",11.645833333333334,"","",12.44,3.0129166666666674,45.88,11.645833333333334,45.88,11.645833333333334,12.44,3.0129166666666674]
[2023,8,12,20,45150.833333332645,3.42,"Valid",2.8858333333333337,14.58,"Valid",10.84125,"","",3.42,2.8858333333333337,14.58,10.84125,14.58,10.84125,3.42,2.8858333333333337]
[2023,8,12,21,45150.874999999309,3.37,"Valid",3.0029166666666671,10.7,"Valid",10.675416666666665,"","",3.37,3.0029166666666671,10.7,10.675416666666665,10.7,10.675416666666665,3.37,3.0029166666666671]
[2023,8,12,22,45150.916666665973,2.96,"Valid",3.1816666666666671,10.33,"Valid",11.016666666666666,"","",2.96,3.1816666666666671,10.33,11.016666666666666,10.33,11.016666666666666,2.96,3.1816666666666671]
[2023,8,12,23,45150.958333332637,5.74,"Valid",3.3966666666666665,11.61,"Valid",11.354999999999999,"","",5.74,3.3966666666666665,11.61,11.354999999999999,11.61,11.354999999999999,5.74,3.3966666666666665]
[2023,8,13,0,45150.999999999302,1.86,"Valid",3.4433333333333334,6.76,"Valid",11.482083333333334,"","",1.86,3.4433333333333334,6.76,11.482083333333334,6.76,11.482083333333334,1.86,3.4433333333333334]
[2023,8,13,1,45151.041666665966,1.98,"Valid",3.4979166666666668,7.84,"Valid",11.662083333333333,"","",1.98,3.4979166666666668,7.84,11.662083333333333,7.84,11.662083333333333,1.98,3.4979166666666668]
[2023,8,13,2,45151.08333333263,4.74,"Valid",3.7291666666666665,9.34,"Valid",11.980416666666663,"","",4.74,3.7291666666666665,9.34,11.980416666666663,9.34,11.980416666666663,4.74,3.7291666666666665]
[2023,8,13,3,45151.124999999294,5.98,"Valid",3.9187500000000006,9.2799999999999994,"Valid",12.208333333333329,"","",5.98,3.9187500000000006,9.2799999999999994,12.208333333333329,9.2799999999999994,12.208333333333329,5.98,3.9187500000000006]
[2023,8,13,4,45151.166666665958,0.02,"Valid",3.835833333333333,2.69,"Valid",12.147499999999996,"","",0.02,3.835833333333333,2.69,12.147499999999996,2.69,12.147499999999996,0.02,3.835833333333333]
[2023,8,13,5,45151.208333332623,4.49,"Valid",3.8270833333333325,7.16,"Valid",12.168749999999998,"","",4.49,3.8270833333333325,7.16,12.168749999999998,7.16,12.168749999999998,4.49,3.8270833333333325]
[2023,8,13,6,45151.249999999287,1.05,"Valid",3.7099999999999995,3.53,"Valid",12.039583333333331,"","",1.05,3.7099999999999995,3.53,12.039583333333331,3.53,12.039583333333331,1.05,3.7099999999999995]
[2023,8,13,7,45151.291666665951,4.2300000000000004,"Valid",3.9691666666666663,8.4700000000000006,"Valid",12.359583333333331,"","",4.2300000000000004,3.9691666666666663,8.4700000000000006,12.359583333333331,8.4700000000000006,12.359583333333331,4.2300000000000004,3.9691666666666663]
[2023,8,13,8,45151.333333332615,3.45,"Valid",3.9116666666666666,7.3,"Valid",12.33,"","",3.45,3.9116666666666666,7.3,12.33,7.3,12.33,3.45,3.9116666666666666]
[2023,8,13,9,45151.37499999928,1.91,"Valid",3.9095833333333334,6.68,"Valid",12.352500000000001,"","",1.91,3.9095833333333334,6.68,12.352500000000001,6.68,12.352500000000001,1.91,3.9095833333333334]
[2023,8,13,10,45151.416666665944,2.88,"Valid",3.9541666666666662,7.41,"Valid",11.920833333333336,"","",2.88,3.9541666666666662,7.41,11.920833333333336,7.41,11.920833333333336,2.88,3.9541666666666662]
[2023,8,13,11,45151.458333332608,4.8099999999999996,"Valid",3.8658333333333328,8.93,"Valid",11.155000000000003,"","",4.8099999999999996,3.8658333333333328,8.93,11.155000000000003,8.93,11.155000000000003,4.8099999999999996,3.8658333333333328]
[2023,8,13,12,45151.499999999272,1.83,"Valid",3.7783333333333324,6.29,"Valid",10.922083333333335,"","",1.83,3.7783333333333324,6.29,10.922083333333335,6.29,10.922083333333335,1.83,3.7783333333333324]
[2023,8,13,13,45151.541666665937,4.83,"Valid",3.7608333333333328,8.02,"Valid",10.670416666666668,"","",4.83,3.7608333333333328,8.02,10.670416666666668,8.02,10.670416666666668,4.83,3.7608333333333328]
[2023,8,13,14,45151.583333332601,5.51,"Valid",3.8329166666666672,11.85,"Valid",10.690416666666669,"","",5.51,3.8329166666666672,11.85,10.690416666666669,11.85,10.690416666666669,5.51,3.8329166666666672]
[2023,8,13,15,45151.624999999265,1.22,"Valid",3.8720833333333338,6.71,"Valid",10.663333333333334,"","",1.22,3.8720833333333338,6.71,10.663333333333334,6.71,10.663333333333334,1.22,3.8720833333333338]
[2023,8,13,16,45151.666666665929,4.75,"Valid",3.8816666666666673,10.69,"Valid",10.654166666666667,"","",4.75,3.8816666666666673,10.69,10.654166666666667,10.69,10.654166666666667,4.75,3.8816666666666673]
[2023,8,13,17,45151.708333332594,2.72,"Valid",3.8304166666666668,9.6199999999999992,"Valid",10.579166666666667,"","",2.72,3.8304166666666668,9.6199999999999992,10.579166666666667,9.6199999999999992,10.579166666666667,2.72,3.8304166666666668]
[2023,8,13,18,45151.749999999258,3.07,"Valid",3.7191666666666663,8.1,"Valid",9.9904166666666683,"","",3.07,3.7191666666666663,8.1,9.9904166666666683,8.1,9.9904166666666683,3.07,3.7191666666666663]
[2023,8,13,19,45151.791666665922,2.23,"Valid",3.2937499999999997,19.57,"Valid",8.8941666666666652,"","",2.23,3.2937499999999997,19.57,8.8941666666666652,19.57,8.8941666666666652,2.23,3.2937499999999997]
[2023,8,13,20,45151.833333332586,4.09,"Valid",3.3216666666666668,12.3,"Valid",8.7991666666666664,"","",4.09,3.3216666666666668,12.3,8.7991666666666664,12.3,8.7991666666666664,4.09,3.3216666666666668]
[2023,8,13,21,45151.874999999251,2.02,"Valid",3.2654166666666669,6.57,"Valid",8.6270833333333332,"","",2.02,3.2654166666666669,6.57,8.6270833333333332,6.57,8.6270833333333332,2.02,3.2654166666666669]
[2023,8,13,22,45151.916666665915,3.63,"Valid",3.293333333333333,8.6,"Valid",8.5549999999999997,"","",3.63,3.293333333333333,8.6,8.5549999999999997,8.6,8.5549999999999997,3.63,3.293333333333333]
[2023,8,13,23,45151.958333332579,1.42,"Valid",3.1133333333333328,12.49,"Valid",8.5916666666666668,"","",1.42,3.1133333333333328,12.49,8.5916666666666668,12.49,8.5916666666666668,1.42,3.1133333333333328]
[2023,8,14,0,45151.999999999243,1.17,"Valid",3.0845833333333328,6.99,"Valid",8.6012499999999985,"","",1.17,3.0845833333333328,6.99,8.6012499999999985,6.99,8.6012499999999985,1.17,3.0845833333333328]
[2023,8,14,1,45152.041666665908,1.67,"Valid",3.0716666666666659,7.36,"Valid",8.5812500000000007,"","",1.67,3.0716666666666659,7.36,8.5812500000000007,7.36,8.5812500000000007,1.67,3.0716666666666659]
[2023,8,14,2,45152.083333332572,0.63,"Valid",2.9004166666666666,35.61,"Valid",9.6758333333333351,"","",0.63,2.9004166666666666,35.61,9.6758333333333351,35.61,9.6758333333333351,0.63,2.9004166666666666]
[2023,8,14,3,45152.124999999236,7.47,"Valid",2.9625000000000004,40.619999999999997,"Valid",10.981666666666667,"","",7.47,2.9625000000000004,40.619999999999997,10.981666666666667,40.619999999999997,10.981666666666667,7.47,2.9625000000000004]
[2023,8,14,4,45152.1666666659,4.9000000000000004,"Valid",3.1658333333333339,24.57,"Valid",11.893333333333333,"","",4.9000000000000004,3.1658333333333339,24.57,11.893333333333333,24.57,11.893333333333333,4.9000000000000004,3.1658333333333339]
[2023,8,14,5,45152.208333332565,3.04,"Valid",3.1054166666666672,13.75,"Valid",12.167916666666668,"","",3.04,3.1054166666666672,13.75,12.167916666666668,13.75,12.167916666666668,3.04,3.1054166666666672]
[2023,8,14,6,45152.249999999229,4.2699999999999996,"Valid",3.2395833333333339,11.43,"Valid",12.497083333333334,"","",4.2699999999999996,3.2395833333333339,11.43,12.497083333333334,11.43,12.497083333333334,4.2699999999999996,3.2395833333333339]
[2023,8,14,7,45152.291666665893,3.32,"Valid",3.2016666666666667,9.82,"Valid",12.553333333333335,"","",3.32,3.2016666666666667,9.82,12.553333333333335,9.82,12.553333333333335,3.32,3.2016666666666667]
[2023,8,14,8,45152.333333332557,3.38,"Valid",3.19875,8.23,"Valid",12.592083333333335,"","",{"$f":"IF(G322=\"Valid\", F322, NA())","v":3.38},{"$f":"IF(G322=\"Valid\", H322, NA())","v":3.19875},{"$f":"IF(J322=\"Valid\", I322, NA())","v":8.23},{"$f":"IF(J322=\"Valid\", K322, NA())","v":12.592083333333335},8.23,12.592083333333335,3.38,3.19875]
[2023,8,14,9,45152.374999999221,2.15,"Valid",3.2087500000000002,8.25,"Valid",12.657500000000001,"","",2.15,3.2087500000000002,8.25,12.657500000000001,8.25,12.657500000000001,2.15,3.2087500000000002]
[{"$f":"A323","v":2023},8,14,{"$f":"IF(D323=23,0,D323+1)","v":10},{"$f":"E323+0.0416666666666666","v":45152.416666665886},7.3,"Valid",3.3929166666666664,13.7,"Valid",12.919583333333335,"","",7.3,3.3929166666666664,13.7,12.919583333333335,13.7,12.919583333333335,7.3,3.3929166666666664]
[2023,8,14,11,45152.45833333255,1.44,"Valid",3.2525000000000008,9.59,"Valid",12.947083333333332,"","",1.44,3.2525000000000008,9.59,12.947083333333332,9.59,12.947083333333332,1.44,3.2525000000000008]
[2023,8,14,12,45152.499999999214,1.99,"Valid",3.2591666666666668,7.5,"Valid",12.9975,"","",1.99,3.2591666666666668,7.5,12.9975,7.5,12.9975,1.99,3.2591666666666668]
[2023,8,14,13,45152.541666665878,3.95,"Valid",3.2225000000000001,9.4600000000000009,"Valid",13.057499999999997,"","",3.95,3.2225000000000001,9.4600000000000009,13.057499999999997,9.4600000000000009,13.057499999999997,3.95,3.2225000000000001]
[2023,8,14,14,45152.583333332543,1.73,"Valid",3.0649999999999999,9.08,"Valid",12.942083333333329,"","",1.73,3.0649999999999999,9.08,12.942083333333329,9.08,12.942083333333329,1.73,3.0649999999999999]
[2023,8,14,15,45152.624999999207,0.99,"Valid",3.0554166666666664,8.2799999999999994,"Valid",13.007499999999995,"","",0.99,3.0554166666666664,8.2799999999999994,13.007499999999995,8.2799999999999994,13.007499999999995,0.99,3.0554166666666664]
[2023,8,14,16,45152.666666665871,0.05,"Valid",2.8595833333333331,7.6,"Valid",12.878749999999997,"","",0.05,2.8595833333333331,7.6,12.878749999999997,7.6,12.878749999999997,0.05,2.8595833333333331]
[2023,8,14,17,45152.708333332535,0.54,"Valid",2.7687500000000003,7.77,"Valid",12.801666666666662,"","",0.54,2.7687500000000003,7.77,12.801666666666662,7.77,12.801666666666662,0.54,2.7687500000000003]
[2023,8,14,18,45152.7499999992,3.57,"Valid",2.7895833333333329,10.199999999999999,"Valid",12.889166666666661,"","",3.57,2.7895833333333329,10.199999999999999,12.889166666666661,10.199999999999999,12.889166666666661,3.57,2.7895833333333329]
[2023,8,14,19,45152.791666665864,1.35,"Valid",2.7529166666666662,10.85,"Valid",12.525833333333333,"","",1.35,2.7529166666666662,10.85,12.525833333333333,10.85,12.525833333333333,1.35,2.7529166666666662]
[2023,8,14,20,45152.833333332528,8.27,"Valid",2.9270833333333335,25.94,"Valid",13.094166666666666,"","",8.27,2.9270833333333335,25.94,13.094166666666666,25.94,13.094166666666666,8.27,2.9270833333333335]
[2023,8,14,21,45152.874999999192,1.54,"Valid",2.907083333333333,16.97,"Valid",13.527499999999998,"","",1.54,2.907083333333333,16.97,13.527499999999998,16.97,13.527499999999998,1.54,2.907083333333333]
[2023,8,14,22,45152.916666665857,-2.58,"Valid",2.6483333333333334,7.92,"Valid",13.499166666666669,"","",-2.58,2.6483333333333334,7.92,13.499166666666669,7.92,13.499166666666669,-2.58,2.6483333333333334]
[2023,8,14,23,45152.958333332521,3.37,"Valid",2.7295833333333337,7.27,"Valid",13.281666666666668,"","",3.37,2.7295833333333337,7.27,13.281666666666668,7.27,13.281666666666668,3.37,2.7295833333333337]
[2023,8,15,0,45152.999999999185,2.5099999999999998,"Valid",2.7854166666666664,5.22,"Valid",13.207916666666669,"","",2.5099999999999998,2.7854166666666664,5.22,13.207916666666669,5.22,13.207916666666669,2.5099999999999998,2.7854166666666664]
[2023,8,15,1,45153.041666665849,3.03,"Valid",2.8420833333333331,4.55,"Valid",13.090833333333336,"","",3.03,2.8420833333333331,4.55,13.090833333333336,4.55,13.090833333333336,3.03,2.8420833333333331]
[2023,8,15,2,45153.083333332514,2.64,"Valid",2.9258333333333333,6.03,"Valid",11.858333333333334,"","",2.64,2.9258333333333333,6.03,11.858333333333334,6.03,11.858333333333334,2.64,2.9258333333333333]
[2023,8,15,3,45153.124999999178,3.68,"Valid",2.7679166666666664,6.09,"Valid",10.419583333333334,"","",3.68,2.7679166666666664,6.09,10.419583333333334,6.09,10.419583333333334,3.68,2.7679166666666664]
[2023,8,15,4,45153.166666665842,0.91,"Valid",2.6016666666666661,4.22,"Valid",9.5716666666666672,"","",0.91,2.6016666666666661,4.22,9.5716666666666672,4.22,9.5716666666666672,0.91,2.6016666666666661]
[2023,8,15,5,45153.208333332506,-1.1499999999999999,"Valid",2.427083333333333,0.78,"Valid",9.0312500000000018,"","",-1.1499999999999999,2.427083333333333,0.78,9.0312500000000018,0.78,9.0312500000000018,-1.1499999999999999,2.427083333333333]
[2023,8,15,6,45153.249999999171,0.9,"Valid",2.2866666666666666,2.2000000000000002,"Valid",8.6466666666666665,"","",0.9,2.2866666666666666,2.2000000000000002,8.6466666666666665,2.2000000000000002,8.6466666666666665,0.9,2.2866666666666666]
[2023,8,15,7,45153.291666665835,3.18,"Valid",2.2808333333333328,4.4400000000000004,"Valid",8.4224999999999994,"","",3.18,2.2808333333333328,4.4400000000000004,8.4224999999999994,4.4400000000000004,8.4224999999999994,3.18,2.2808333333333328]
[2023,8,15,8,45153.333333332499,2.76,"Valid",2.2549999999999994,5.08,"Valid",8.2912499999999998,"","",2.76,2.2549999999999994,5.08,8.2912499999999998,5.08,8.2912499999999998,2.76,2.2549999999999994]
[2023,8,{"$f":"C323+1","v":15},9,45153.374999999163,0.77,"Valid",2.1974999999999998,3.21,"Valid",8.0812500000000007,"","",0.77,2.1974999999999998,3.21,8.0812500000000007,3.21,8.0812500000000007,0.77,2.1974999999999998]
[2023,8,15,10,45153.416666665828,3.09,"Valid",2.0220833333333332,8.81,"Valid",7.8775000000000013,"","",3.09,2.0220833333333332,8.81,7.8775000000000013,8.81,7.8775000000000013,3.09,2.0220833333333332]
[2023,8,15,11,45153.458333332492,1.69,"Valid",2.0325000000000002,11.86,"Valid",7.9720833333333347,"","",1.69,2.0325000000000002,11.86,7.9720833333333347,11.86,7.9720833333333347,1.69,2.0325000000000002]
[2023,8,15,12,45153.499999999156,2.36,"Valid",2.0479166666666662,11.06,"Valid",8.1204166666666691,"","",2.36,2.0479166666666662,11.06,8.1204166666666691,11.06,8.1204166666666691,2.36,2.0479166666666662]
[2023,8,15,13,45153.54166666582,1.56,"Valid",1.9483333333333335,12.52,"Valid",8.2479166666666668,"","",1.56,1.9483333333333335,12.52,8.2479166666666668,12.52,8.2479166666666668,1.56,1.9483333333333335]
[2023,8,15,14,45153.583333332484,2.56,"Valid",1.9829166666666669,11.12,"Valid",8.3329166666666676,"","",2.56,1.9829166666666669,11.12,8.3329166666666676,11.12,8.3329166666666676,2.56,1.9829166666666669]
[2023,8,15,15,45153.624999999149,-0.08,"Valid",1.9383333333333337,2.64,"Valid",8.0979166666666682,"","",-0.08,1.9383333333333337,2.64,8.0979166666666682,2.64,8.0979166666666682,-0.08,1.9383333333333337]
[2023,8,15,16,45153.666666665813,2.2599999999999998,"Valid",2.030416666666667,4.58,"Valid",7.9720833333333347,"","",2.2599999999999998,2.030416666666667,4.58,7.9720833333333347,4.58,7.9720833333333347,2.2599999999999998,2.030416666666667]
[2023,8,15,17,45153.708333332477,-3.4,"Valid",1.8662500000000002,3.4,"Valid",7.79,"","",-3.4,1.8662500000000002,3.4,7.79,3.4,7.79,-3.4,1.8662500000000002]
[2023,8,15,18,45153.749999999141,-0.75,"Valid",1.68625,5.63,"Valid",7.5995833333333342,"","",-0.75,1.68625,5.63,7.5995833333333342,5.63,7.5995833333333342,-0.75,1.68625]
[2023,8,15,19,45153.791666665806,2.4700000000000002,"Valid",1.7329166666666664,14.8,"Valid",7.7641666666666671,"","",2.4700000000000002,1.7329166666666664,14.8,7.7641666666666671,14.8,7.7641666666666671,2.4700000000000002,1.7329166666666664]
[2023,8,15,20,45153.83333333247,2.8,"Valid",1.5049999999999999,8.69,"Valid",7.0454166666666671,"","",2.8,1.5049999999999999,8.69,7.0454166666666671,8.69,7.0454166666666671,2.8,1.5049999999999999]
[2023,8,15,21,45153.874999999134,3.08,"Valid",1.5691666666666666,10.65,"Valid",6.7820833333333335,"","",3.08,1.5691666666666666,10.65,6.7820833333333335,10.65,6.7820833333333335,3.08,1.5691666666666666]
[2023,8,15,22,45153.916666665798,0.98,"Valid",1.7174999999999996,5.79,"Valid",6.6933333333333342,"","",0.98,1.7174999999999996,5.79,6.6933333333333342,5.79,6.6933333333333342,0.98,1.7174999999999996]
[2023,8,15,23,45153.958333332463,-3.23,"Valid",1.4424999999999999,-0.37,"Valid",6.375,"","",-3.23,1.4424999999999999,-0.37,6.375,-0.37,6.375,-3.23,1.4424999999999999]
[2023,8,16,0,45153.999999999127,1.1200000000000001,"Valid",1.3845833333333333,3.72,"Valid",6.3125,"","",1.1200000000000001,1.3845833333333333,3.72,6.3125,3.72,6.3125,1.1200000000000001,1.3845833333333333]
[2023,8,16,1,45154.041666665791,1.27,"Valid",1.31125,4.8499999999999996,"Valid",6.3249999999999993,"","",1.27,1.31125,4.8499999999999996,6.3249999999999993,4.8499999999999996,6.3249999999999993,1.27,1.31125]
[2023,8,16,2,45154.083333332455,0.61,"Valid",1.2266666666666666,3.42,"Valid",6.2162499999999987,"","",0.61,1.2266666666666666,3.42,6.2162499999999987,3.42,6.2162499999999987,0.61,1.2266666666666666]
[2023,8,16,3,45154.12499999912,1.29,"Valid",1.1270833333333332,3.36,"Valid",6.1025,"","",1.29,1.1270833333333332,3.36,6.1025,3.36,6.1025,1.29,1.1270833333333332]
[2023,8,16,4,45154.166666665784,4.1900000000000004,"Valid",1.2637500000000002,6.72,"Valid",6.206666666666667,"","",4.1900000000000004,1.2637500000000002,6.72,6.206666666666667,6.72,6.206666666666667,4.1900000000000004,1.2637500000000002]
[2023,8,16,5,45154.208333332448,2.2400000000000002,"Valid",1.405,4.28,"Valid",6.3525,"","",2.2400000000000002,1.405,4.28,6.3525,4.28,6.3525,2.2400000000000002,1.405]
[2023,8,16,6,45154.249999999112,4.12,"Valid",1.5391666666666666,6.04,"Valid",6.5125000000000002,"","",4.12,1.5391666666666666,6.04,6.5125000000000002,6.04,6.5125000000000002,4.12,1.5391666666666666]
[2023,8,16,7,45154.291666665777,4.04,"Valid",1.575,6.02,"Valid",6.5783333333333331,"","",4.04,1.575,6.02,6.5783333333333331,6.02,6.5783333333333331,4.04,1.575]
[2023,8,16,8,45154.333333332441,2.36,"Valid",1.5583333333333336,5.14,"Valid",6.5808333333333335,"","",2.36,1.5583333333333336,5.14,6.5808333333333335,5.14,6.5808333333333335,2.36,1.5583333333333336]
[2023,8,16,9,45154.374999999105,-0.61,"Valid",1.5008333333333335,2.2000000000000002,"Valid",6.5387499999999994,"","",-0.61,1.5008333333333335,2.2000000000000002,6.5387499999999994,2.2000000000000002,6.5387499999999994,-0.61,1.5008333333333335]
[2023,8,16,10,45154.416666665769,7.61,"Valid",1.6891666666666667,10.59,"Valid",6.6129166666666661,"","",7.61,1.6891666666666667,10.59,6.6129166666666661,10.59,6.6129166666666661,7.61,1.6891666666666667]
[2023,8,16,11,45154.458333332434,3.02,"Valid",1.7445833333333336,5.6,"Valid",6.3520833333333329,"","",3.02,1.7445833333333336,5.6,6.3520833333333329,5.6,6.3520833333333329,3.02,1.7445833333333336]
[2023,8,16,12,45154.499999999098,2.84,"Valid",1.7645833333333336,4.53,"Valid",6.0799999999999992,"","",2.84,1.7645833333333336,4.53,6.0799999999999992,4.53,6.0799999999999992,2.84,1.7645833333333336]
[2023,8,16,13,45154.541666665762,-0.52,"Valid",1.6779166666666667,2.5,"Valid",5.6625000000000005,"","",-0.52,1.6779166666666667,2.5,5.6625000000000005,2.5,5.6625000000000005,-0.52,1.6779166666666667]
[2023,8,16,14,45154.583333332426,-2.11,"Valid",1.4833333333333334,0.24,"Valid",5.2091666666666665,"","",-2.11,1.4833333333333334,0.24,5.2091666666666665,0.24,5.2091666666666665,-2.11,1.4833333333333334]
[2023,8,16,15,45154.624999999091,3.05,"Valid",1.6137499999999998,6.33,"Valid",5.362916666666667,"","",3.05,1.6137499999999998,6.33,5.362916666666667,6.33,5.362916666666667,3.05,1.6137499999999998]
[2023,8,16,16,45154.666666665755,2.2599999999999998,"Valid",1.6137499999999996,5.8,"Valid",5.4137500000000003,"","",2.2599999999999998,1.6137499999999996,5.8,5.4137500000000003,5.8,5.4137500000000003,2.2599999999999998,1.6137499999999996]
[2023,8,16,17,45154.708333332419,0.03,"Valid",1.7566666666666666,4.2300000000000004,"Valid",5.4483333333333333,"","",0.03,1.7566666666666666,4.2300000000000004,5.4483333333333333,4.2300000000000004,5.4483333333333333,0.03,1.7566666666666666]
[2023,8,16,18,45154.749999999083,0.73,"Valid",1.8183333333333331,8.57,"Valid",5.5708333333333329,"","",0.73,1.8183333333333331,8.57,5.5708333333333329,8.57,5.5708333333333329,0.73,1.8183333333333331]
[2023,8,16,19,45154.791666665747,4.9000000000000004,"Valid",1.919583333333333,23.33,"Valid",5.9262500000000005,"","",4.9000000000000004,1.919583333333333,23.33,5.9262500000000005,23.33,5.9262500000000005,4.9000000000000004,1.919583333333333]
[2023,8,16,20,45154.833333332412,1.66,"Valid",1.8720833333333331,11.69,"Valid",6.0512500000000005,"","",1.66,1.8720833333333331,11.69,6.0512500000000005,11.69,6.0512500000000005,1.66,1.8720833333333331]
[2023,8,16,21,45154.874999999076,8.5,"Valid",2.097916666666666,14.78,"Valid",6.2233333333333336,"","",8.5,2.097916666666666,14.78,6.2233333333333336,14.78,6.2233333333333336,8.5,2.097916666666666]
[2023,8,16,22,45154.91666666574,2.16,"Valid",2.1470833333333328,6.39,"Valid",6.248333333333334,"","",2.16,2.1470833333333328,6.39,6.248333333333334,6.39,6.248333333333334,2.16,2.1470833333333328]
[2023,8,16,23,45154.958333332404,2.82,"Valid",2.3991666666666656,7.32,"Valid",6.5687499999999988,"","",2.82,2.3991666666666656,7.32,6.5687499999999988,7.32,6.5687499999999988,2.82,2.3991666666666656]
[2023,8,17,0,45154.999999999069,4.0599999999999996,"Valid",2.5216666666666661,6.45,"Valid",6.6824999999999974,"","",{"$f":"IF(G386=\"Valid\", F386, NA())","v":4.0599999999999996},{"$f":"IF(G386=\"Valid\", H386, NA())","v":2.5216666666666661},{"$f":"IF(J386=\"Valid\", I386, NA())","v":6.45},{"$f":"IF(J386=\"Valid\", K386, NA())","v":6.6824999999999974},6.45,6.6824999999999974,4.0599999999999996,2.5216666666666661]
[2023,8,17,1,45155.041666665733,2.4500000000000002,"Valid",2.5708333333333333,5.37,"Valid",6.7041666666666648,"","",2.4500000000000002,2.5708333333333333,5.37,6.7041666666666648,5.37,6.7041666666666648,2.4500000000000002,2.5708333333333333]
[{"$f":"A387","v":2023},8,17,{"$f":"IF(D387=23,0,D387+1)","v":2},{"$f":"E387+0.0416666666666666","v":45155.083333332397},7.36,"Valid",2.8520833333333333,10.68,"Valid",7.006666666666665,"","",7.36,2.8520833333333333,10.68,7.006666666666665,10.68,7.006666666666665,7.36,2.8520833333333333]
[2023,8,17,3,45155.124999999061,7.6,"Valid",3.1150000000000002,10.36,"Valid",7.298333333333332,"","",7.6,3.1150000000000002,10.36,7.298333333333332,10.36,7.298333333333332,7.6,3.1150000000000002]
[2023,8,17,4,45155.166666665726,4.0999999999999996,"Valid",3.1112500000000001,6.3,"Valid",7.2808333333333337,"","",4.0999999999999996,3.1112500000000001,6.3,7.2808333333333337,6.3,7.2808333333333337,4.0999999999999996,3.1112500000000001]
[2023,8,17,5,45155.20833333239,-0.79,"Valid",2.9849999999999999,1.18,"Valid",7.1516666666666664,"","",-0.79,2.9849999999999999,1.18,7.1516666666666664,1.18,7.1516666666666664,-0.79,2.9849999999999999]
[2023,8,17,6,45155.249999999054,5.07,"Valid",3.0245833333333336,7.99,"Valid",7.232916666666668,"","",5.07,3.0245833333333336,7.99,7.232916666666668,7.99,7.232916666666668,5.07,3.0245833333333336]
[2023,8,17,7,45155.291666665718,4.42,"Valid",3.0404166666666668,9.3699999999999992,"Valid",7.3725000000000023,"","",4.42,3.0404166666666668,9.3699999999999992,7.3725000000000023,9.3699999999999992,7.3725000000000023,4.42,3.0404166666666668]
[2023,8,17,8,45155.333333332383,4.84,"Valid",3.1437500000000007,11.15,"Valid",7.6229166666666677,"","",4.84,3.1437500000000007,11.15,7.6229166666666677,11.15,7.6229166666666677,4.84,3.1437500000000007]
[2023,8,17,9,45155.374999999047,4.6900000000000004,"Valid",3.3645833333333339,15.97,"Valid",8.1966666666666672,"","",4.6900000000000004,3.3645833333333339,15.97,8.1966666666666672,15.97,8.1966666666666672,4.6900000000000004,3.3645833333333339]
[2023,8,17,10,45155.416666665711,0.71,"Valid",3.0770833333333329,15.18,"Valid",8.3879166666666691,"","",0.71,3.0770833333333329,15.18,8.3879166666666691,15.18,8.3879166666666691,0.71,3.0770833333333329]
[2023,8,17,11,45155.458333332375,2.6,"Valid",3.0595833333333329,9.01,"Valid",8.5300000000000011,"","",2.6,3.0595833333333329,9.01,8.5300000000000011,9.01,8.5300000000000011,2.6,3.0595833333333329]
[2023,8,17,12,45155.49999999904,2.13,"Valid",3.0299999999999994,6.82,"Valid",8.6254166666666681,"","",2.13,3.0299999999999994,6.82,8.6254166666666681,6.82,8.6254166666666681,2.13,3.0299999999999994]
[2023,8,17,13,45155.541666665704,4.33,"Valid",3.2320833333333323,7.21,"Valid",8.8216666666666672,"","",4.33,3.2320833333333323,7.21,8.8216666666666672,7.21,8.8216666666666672,4.33,3.2320833333333323]
[2023,8,17,14,45155.583333332368,5.48,"Valid",3.5483333333333333,10.63,"Valid",9.2545833333333345,"","",5.48,3.5483333333333333,10.63,9.2545833333333345,10.63,9.2545833333333345,5.48,3.5483333333333333]
[2023,8,17,15,45155.624999999032,3.67,"Valid",3.5741666666666663,6.87,"Valid",9.2770833333333336,"","",3.67,3.5741666666666663,6.87,9.2770833333333336,6.87,9.2770833333333336,3.67,3.5741666666666663]
[2023,8,17,16,45155.666666665697,7.58,"Valid",3.7958333333333329,10.38,"Valid",9.4679166666666656,"","",7.58,3.7958333333333329,10.38,9.4679166666666656,10.38,9.4679166666666656,7.58,3.7958333333333329]
[2023,8,17,17,45155.708333332361,0.92,"Valid",3.8329166666666663,3.71,"Valid",9.4462499999999991,"","",0.92,3.8329166666666663,3.71,9.4462499999999991,3.71,9.4462499999999991,0.92,3.8329166666666663]
[2023,8,17,18,45155.749999999025,-2.89,"Valid",3.6820833333333329,-0.23,"Valid",9.0795833333333338,"","",-2.89,3.6820833333333329,-0.23,9.0795833333333338,-0.23,9.0795833333333338,-2.89,3.6820833333333329]
[2023,8,17,19,45155.791666665689,5.22,"Valid",3.6954166666666666,8.1999999999999993,"Valid",8.4491666666666667,"","",5.22,3.6954166666666666,8.1999999999999993,8.4491666666666667,8.1999999999999993,8.4491666666666667,5.22,3.6954166666666666]
[2023,8,17,20,45155.833333332354,1.22,"Valid",3.6770833333333339,3.72,"Valid",8.1170833333333334,"","",1.22,3.6770833333333339,3.72,8.1170833333333334,3.72,8.1170833333333334,1.22,3.6770833333333339]
[2023,8,17,21,45155.874999999018,6.69,"Valid",3.6016666666666666,8.15,"Valid",7.8408333333333351,"","",6.69,3.6016666666666666,8.15,7.8408333333333351,8.15,7.8408333333333351,6.69,3.6016666666666666]
[2023,8,17,22,45155.916666665682,3.86,"Valid",3.6724999999999999,5.31,"Valid",7.7958333333333343,"","",3.86,3.6724999999999999,5.31,7.7958333333333343,5.31,7.7958333333333343,3.86,3.6724999999999999]
[2023,8,17,23,45155.958333332346,-0.48,"Valid",3.5349999999999997,1.82,"Valid",7.5666666666666673,"","",-0.48,3.5349999999999997,1.82,7.5666666666666673,1.82,7.5666666666666673,-0.48,3.5349999999999997]
[2023,8,18,0,45155.99999999901,3.58,"Valid",3.5149999999999992,6.02,"Valid",7.548750000000001,"","",3.58,3.5149999999999992,6.02,7.548750000000001,6.02,7.548750000000001,3.58,3.5149999999999992]
[2023,8,{"$f":"C387+1","v":18},1,45156.041666665675,3.97,"Valid",3.5783333333333331,7.2,"Valid",7.625,"","",3.97,3.5783333333333331,7.2,7.625,7.2,7.625,3.97,3.5783333333333331]
[2023,8,18,2,45156.083333332339,5.52,"Valid",3.5016666666666665,8.16,"Valid",7.5200000000000005,"","",5.52,3.5016666666666665,8.16,7.5200000000000005,8.16,7.5200000000000005,5.52,3.5016666666666665]
[2023,8,18,3,45156.124999999003,6.8,"Valid",3.4683333333333333,9.0500000000000007,"Valid",7.4654166666666661,"","",6.8,3.4683333333333333,9.0500000000000007,7.4654166666666661,9.0500000000000007,7.4654166666666661,6.8,3.4683333333333333]
[2023,8,18,4,45156.166666665667,4.67,"Valid",3.4920833333333334,7.95,"Valid",7.5341666666666649,"","",4.67,3.4920833333333334,7.95,7.5341666666666649,7.95,7.5341666666666649,4.67,3.4920833333333334]
[2023,8,18,5,45156.208333332332,6.31,"Valid",3.7879166666666664,9.74,"Valid",7.8908333333333331,"","",6.31,3.7879166666666664,9.74,7.8908333333333331,9.74,7.8908333333333331,6.31,3.7879166666666664]
[2023,8,18,6,45156.249999998996,2.5,"Valid",3.6808333333333327,6.45,"Valid",7.8266666666666653,"","",2.5,3.6808333333333327,6.45,7.8266666666666653,6.45,7.8266666666666653,2.5,3.6808333333333327]
[2023,8,18,7,45156.29166666566,4.83,"Valid",3.6979166666666665,8.24,"Valid",7.7795833333333322,"","",4.83,3.6979166666666665,8.24,7.7795833333333322,8.24,7.7795833333333322,4.83,3.6979166666666665]
[2023,8,18,8,45156.333333332324,3.46,"Valid",3.6404166666666664,6.19,"Valid",7.572916666666667,"","",3.46,3.6404166666666664,6.19,7.572916666666667,6.19,7.572916666666667,3.46,3.6404166666666664]
[2023,8,18,9,45156.374999998989,4.41,"Valid",3.6287499999999997,6.12,"Valid",7.1624999999999988,"","",4.41,3.6287499999999997,6.12,7.1624999999999988,6.12,7.1624999999999988,4.41,3.6287499999999997]
[2023,8,18,10,45156.416666665653,2.91,"Valid",3.7204166666666656,5.29,"Valid",6.7504166666666663,"","",2.91,{"$f":"IF(G420=\"Valid\", H420, NA())","v":3.7204166666666656},5.29,6.7504166666666663,5.29,6.7504166666666663,2.91,3.7204166666666656]
[2023,8,18,11,45156.458333332317,5.3,"Valid",3.8329166666666659,7.47,"Valid",6.6862500000000002,"","",5.3,3.8329166666666659,7.47,6.6862500000000002,7.47,6.6862500000000002,5.3,3.8329166666666659]
[2023,8,18,12,45156.499999998981,3.77,"Valid",3.9012499999999992,6.85,"Valid",6.6875,"","",3.77,3.9012499999999992,6.85,6.6875,6.85,6.6875,3.77,3.9012499999999992]
[2023,8,18,13,45156.541666665646,1.2,"Valid",3.7708333333333326,3.32,"Valid",6.5254166666666649,"","",1.2,3.7708333333333326,3.32,6.5254166666666649,3.32,6.5254166666666649,1.2,3.7708333333333326]
[2023,8,18,14,45156.58333333231,2.5099999999999998,"Valid",3.6470833333333328,5.56,"Valid",6.314166666666666,"","",2.5099999999999998,3.6470833333333328,5.56,6.314166666666666,5.56,6.314166666666666,2.5099999999999998,3.6470833333333328]
[2023,8,18,15,45156.624999998974,-0.26,"Valid",3.4833333333333329,2.72,"Valid",6.1412499999999994,"","",-0.26,3.4833333333333329,2.72,6.1412499999999994,2.72,6.1412499999999994,-0.26,3.4833333333333329]
[2023,8,18,16,45156.666666665638,1.4,"Valid",3.2258333333333336,4.25,"Valid",5.8858333333333333,"","",1.4,3.2258333333333336,4.25,5.8858333333333333,4.25,5.8858333333333333,1.4,3.2258333333333336]
[2023,8,18,17,45156.708333332303,0.3,"Valid",3.1999999999999997,3.29,"Valid",5.8683333333333323,"","",0.3,3.1999999999999997,3.29,5.8683333333333323,3.29,5.8683333333333323,0.3,3.1999999999999997]
[2023,8,18,18,45156.749999998967,0.05,"Valid",3.3224999999999998,2.89,"Valid",5.9983333333333313,"","",0.05,3.3224999999999998,2.89,5.9983333333333313,2.89,5.9983333333333313,0.05,3.3224999999999998]
[2023,8,18,19,45156.791666665631,2.4500000000000002,"Valid",3.2070833333333333,6.93,"Valid",5.9454166666666657,"","",2.4500000000000002,3.2070833333333333,6.93,5.9454166666666657,6.93,5.9454166666666657,2.4500000000000002,3.2070833333333333]
[2023,8,18,20,45156.833333332295,-3.43,"Valid",3.0133333333333332,0.1,"Valid",5.7945833333333319,"","",-3.43,3.0133333333333332,0.1,5.7945833333333319,0.1,5.7945833333333319,-3.43,3.0133333333333332]
[2023,8,18,21,45156.87499999896,1.49,"Valid",2.7966666666666664,2.81,"Valid",5.5720833333333344,"","",1.49,2.7966666666666664,2.81,5.5720833333333344,2.81,5.5720833333333344,1.49,2.7966666666666664]
[2023,8,18,22,45156.916666665624,-2.84,"Valid",2.5175000000000001,-1.1100000000000001,"Valid",5.3045833333333343,"","",-2.84,2.5175000000000001,-1.1100000000000001,5.3045833333333343,-1.1100000000000001,5.3045833333333343,-2.84,2.5175000000000001]
[2023,8,18,23,45156.958333332288,0.51,"Valid",2.5587499999999994,2.34,"Valid",5.3262500000000008,"","",0.51,2.5587499999999994,2.34,5.3262500000000008,2.34,5.3262500000000008,0.51,2.5587499999999994]
[2023,8,19,0,45156.999999998952,3.48,"Valid",2.554583333333333,5.57,"Valid",5.307500000000001,"","",3.48,2.554583333333333,5.57,5.307500000000001,5.57,5.307500000000001,3.48,2.554583333333333]
[2023,8,19,1,45157.041666665617,-0.3,"Valid",2.3766666666666665,2.33,"Valid",5.1045833333333333,"","",-0.3,2.3766666666666665,2.33,5.1045833333333333,2.33,5.1045833333333333,-0.3,2.3766666666666665]
[2023,8,19,2,45157.083333332281,1.35,"Valid",2.2029166666666664,3.39,"Valid",4.9058333333333337,"","",1.35,2.2029166666666664,{"$f":"IF(J436=\"Valid\", I439, NA())","v":5.85},4.9058333333333337,5.85,4.9058333333333337,1.35,2.2029166666666664]
[2023,8,19,3,45157.124999998945,1.78,"Valid",1.9937500000000001,3.86,"Valid",4.6895833333333332,"","",1.78,1.9937500000000001,3.86,4.6895833333333332,3.86,4.6895833333333332,1.78,1.9937500000000001]
[2023,8,19,4,45157.166666665609,0.23,"Valid",1.8087499999999999,1.82,"Valid",4.434166666666667,"","",0.23,1.8087499999999999,1.82,4.434166666666667,1.82,4.434166666666667,0.23,1.8087499999999999]
[2023,8,19,5,45157.208333332273,3.98,"Valid",1.7116666666666667,5.85,"Valid",4.2720833333333337,"","",3.98,1.7116666666666667,5.85,4.2720833333333337,5.85,4.2720833333333337,3.98,1.7116666666666667]
[2023,8,19,6,45157.249999998938,2.83,"Valid",1.7254166666666662,4.03,"Valid",4.1712499999999997,"","",2.83,1.7254166666666662,4.03,4.1712499999999997,4.03,4.1712499999999997,2.83,1.7254166666666662]
[2023,8,19,7,45157.291666665602,3.56,"Valid",1.6725000000000001,5.15,"Valid",4.0424999999999995,"","",3.56,1.6725000000000001,5.15,4.0424999999999995,5.15,4.0424999999999995,3.56,1.6725000000000001]
[2023,8,19,8,45157.333333332266,2.57,"Valid",1.635416666666667,3.98,"Valid",3.9504166666666669,"","",2.57,1.635416666666667,3.98,3.9504166666666669,3.98,3.9504166666666669,2.57,1.635416666666667]
[2023,8,19,9,45157.37499999893,-0.15,"Valid",1.4454166666666668,1.76,"Valid",3.7687500000000003,"","",-0.15,1.4454166666666668,1.76,3.7687500000000003,1.76,3.7687500000000003,-0.15,1.4454166666666668]
[2023,8,19,10,45157.416666665595,4.1399999999999997,"Valid",1.4966666666666668,6.95,"Valid",3.8379166666666671,"","",4.1399999999999997,1.4966666666666668,6.95,3.8379166666666671,6.95,3.8379166666666671,4.1399999999999997,1.4966666666666668]
[2023,8,19,11,45157.458333332259,-1.35,"Valid",1.2195833333333332,1.73,"Valid",3.5987500000000008,"","",-1.35,1.2195833333333332,1.73,3.5987500000000008,1.73,3.5987500000000008,-1.35,1.2195833333333332]
[2023,8,19,12,45157.499999998923,-1.1399999999999999,"Valid",1.0149999999999999,2.39,"Valid",3.4129166666666677,"","",-1.1399999999999999,1.0149999999999999,2.39,3.4129166666666677,2.39,3.4129166666666677,-1.1399999999999999,1.0149999999999999]
[2023,8,19,13,45157.541666665587,1.76,"Valid",1.0383333333333333,6.61,"Valid",3.5500000000000007,"","",1.76,1.0383333333333333,6.61,3.5500000000000007,6.61,3.5500000000000007,1.76,1.0383333333333333]
[2023,8,19,14,45157.583333332252,3.24,"Valid",1.0687500000000003,5.37,"Valid",3.5420833333333337,"","",3.24,1.0687500000000003,5.37,3.5420833333333337,5.37,3.5420833333333337,3.24,1.0687500000000003]
[2023,8,19,15,45157.624999998916,0.7,"Valid",1.1087500000000001,4.1100000000000003,"Valid",3.6,"","",0.7,1.1087500000000001,4.1100000000000003,3.6,4.1100000000000003,3.6,0.7,1.1087500000000001]
[2023,8,19,16,45157.66666666558,0.11,"Valid",1.0550000000000002,2.4900000000000002,"Valid",3.526666666666666,"","",{"$f":"IF(G450=\"Valid\", F450, NA())","v":0.11},{"$f":"IF(G450=\"Valid\", H450, NA())","v":1.0550000000000002},{"$f":"IF(J450=\"Valid\", I450, NA())","v":2.4900000000000002},{"$f":"IF(J450=\"Valid\", K450, NA())","v":3.526666666666666},2.4900000000000002,3.526666666666666,0.11,1.0550000000000002]
[2023,8,19,17,45157.708333332244,1.9,"Valid",1.1216666666666666,4.5599999999999996,"Valid",3.5795833333333333,"","",1.9,1.1216666666666666,4.5599999999999996,3.5795833333333333,4.5599999999999996,3.5795833333333333,1.9,1.1216666666666666]
[{"$f":"A451","v":2023},8,19,{"$f":"IF(D451=23,0,D451+1)","v":18},{"$f":"E451+0.0416666666666666","v":45157.749999998909},2.59,"Valid",1.2275,5.4,"Valid",3.6841666666666666,"","",2.59,1.2275,5.4,3.6841666666666666,5.4,3.6841666666666666,2.59,1.2275]
[2023,8,19,19,45157.791666665573,3.41,"Valid",1.2674999999999998,9.69,"Valid",3.7991666666666664,"","",3.41,1.2674999999999998,9.69,3.7991666666666664,9.69,3.7991666666666664,3.41,1.2674999999999998]
[2023,8,19,20,45157.833333332237,2.15,"Valid",1.4999999999999998,6.91,"Valid",4.0829166666666667,"","",2.15,1.4999999999999998,6.91,4.0829166666666667,6.91,4.0829166666666667,2.15,1.4999999999999998]
[2023,8,19,21,45157.874999998901,0.88,"Valid",1.4745833333333334,14.46,"Valid",4.5683333333333325,"","",0.88,1.4745833333333334,14.46,4.5683333333333325,14.46,4.5683333333333325,0.88,1.4745833333333334]
[2023,8,19,22,45157.916666665566,-3,"Valid",1.4679166666666668,0.71,"Valid",4.6441666666666661,"","",-3,1.4679166666666668,0.71,4.6441666666666661,0.71,4.6441666666666661,-3,1.4679166666666668]
[2023,8,19,23,45157.95833333223,4.3499999999999996,"Valid",1.6279166666666667,7.07,"Valid",4.8412499999999996,"","",{"$f":"IF(G457=\"Valid\", F457, NA())","v":4.3499999999999996},1.6279166666666667,7.07,4.8412499999999996,7.07,4.8412499999999996,4.3499999999999996,1.6279166666666667]
[2023,8,20,0,45157.999999998894,-0.41,"Valid",1.4658333333333335,2.56,"Valid",4.7158333333333333,"","",-0.41,1.4658333333333335,2.56,4.7158333333333333,2.56,4.7158333333333333,-0.41,1.4658333333333335]
[2023,8,20,1,45158.041666665558,-0.6,"Valid",1.4533333333333338,3.68,"Valid",4.7720833333333337,"","",-0.6,1.4533333333333338,3.68,4.7720833333333337,3.68,4.7720833333333337,-0.6,1.4533333333333338]
[2023,8,20,2,45158.083333332223,0.01,"Valid",1.3975000000000002,2.3199999999999998,"Valid",4.7275,"","",0.01,1.3975000000000002,2.3199999999999998,4.7275,2.3199999999999998,4.7275,0.01,1.3975000000000002]
[2023,8,20,3,45158.124999998887,1.95,"Valid",1.4045833333333333,3.84,"Valid",4.7266666666666666,"","",1.95,1.4045833333333333,3.84,4.7266666666666666,3.84,4.7266666666666666,1.95,1.4045833333333333]
[2023,8,20,4,45158.166666665551,2.0099999999999998,"Valid",1.4787499999999998,4.34,"Valid",4.831666666666667,"","",2.0099999999999998,1.4787499999999998,4.34,4.831666666666667,4.34,4.831666666666667,2.0099999999999998,1.4787499999999998]
[2023,8,20,5,45158.208333332215,-3.73,"Valid",1.1575,-1.89,"Valid",4.5091666666666672,"","",-3.73,1.1575,-1.89,4.5091666666666672,-1.89,4.5091666666666672,-3.73,1.1575]
[2023,8,20,6,45158.24999999888,0,"Valid",1.0395833333333333,1.67,"Valid",4.4108333333333336,"","",0,1.0395833333333333,1.67,4.4108333333333336,1.67,4.4108333333333336,0,1.0395833333333333]
[2023,8,20,7,45158.291666665544,0.52,"Valid",0.91291666666666649,2.2799999999999998,"Valid",4.2912500000000007,"","",0.52,0.91291666666666649,2.2799999999999998,4.2912500000000007,2.2799999999999998,4.2912500000000007,0.52,0.91291666666666649]
[2023,8,20,8,45158.333333332208,0.9,"Valid",0.84333333333333316,5,"Valid",4.3337500000000011,"","",0.9,0.84333333333333316,5,4.3337500000000011,5,4.3337500000000011,0.9,0.84333333333333316]
[2023,8,20,9,45158.374999998872,2.68,"Valid",0.96125000000000005,9.4,"Valid",4.6520833333333336,"","",2.68,0.96125000000000005,9.4,4.6520833333333336,9.4,4.6520833333333336,2.68,0.96125000000000005]
[2023,8,20,10,45158.416666665536,2.48,"Valid",0.89208333333333334,12.5,"Valid",4.8833333333333337,"","",2.48,0.89208333333333334,12.5,4.8833333333333337,12.5,4.8833333333333337,2.48,0.89208333333333334]
[2023,8,20,11,45158.458333332201,2.87,"Valid",1.0679166666666668,10.36,"Valid",5.2429166666666678,"","",2.87,1.0679166666666668,10.36,5.2429166666666678,10.36,5.2429166666666678,2.87,1.0679166666666668]
[2023,8,20,12,45158.499999998865,1.93,"Valid",1.1958333333333335,12.31,"Valid",5.65625,"","",1.93,1.1958333333333335,12.31,5.65625,12.31,5.65625,1.93,1.1958333333333335]
[2023,8,20,13,45158.541666665529,1.78,"Valid",1.1966666666666665,14.15,"Valid",5.9704166666666678,"","",1.78,1.1966666666666665,14.15,5.9704166666666678,14.15,5.9704166666666678,1.78,1.1966666666666665]
[2023,8,20,14,45158.583333332193,2.2400000000000002,"Valid",1.1550000000000002,9.57,"Valid",6.1454166666666667,"","",2.2400000000000002,1.1550000000000002,9.57,6.1454166666666667,9.57,6.1454166666666667,2.2400000000000002,1.1550000000000002]
[2023,8,20,15,45158.624999998858,2.06,"Valid",1.2116666666666667,5.6,"Valid",6.2075000000000005,"","",2.06,1.2116666666666667,5.6,6.2075000000000005,5.6,6.2075000000000005,2.06,1.2116666666666667]
[2023,8,20,16,45158.666666665522,2.78,"Valid",1.3229166666666667,7.18,"Valid",6.402916666666667,"","",2.78,1.3229166666666667,7.18,6.402916666666667,7.18,6.402916666666667,2.78,1.3229166666666667]
[2023,8,{"$f":"C451+1","v":20},17,45158.708333332186,2.31,"Valid",1.3399999999999999,5.39,"Valid",6.4375,"","",2.31,1.3399999999999999,5.39,6.4375,5.39,6.4375,2.31,1.3399999999999999]
[2023,8,20,18,45158.74999999885,3.79,"Valid",1.39,8.7200000000000006,"Valid",6.5758333333333345,"","",3.79,1.39,8.7200000000000006,6.5758333333333345,8.7200000000000006,6.5758333333333345,3.79,1.39]
[2023,8,20,19,45158.791666665515,2.65,"Valid",1.3583333333333332,16.23,"Valid",6.8483333333333327,"","",2.65,1.3583333333333332,16.23,6.8483333333333327,16.23,6.8483333333333327,2.65,1.3583333333333332]
[2023,8,20,20,45158.833333332179,3.26,"Valid",1.4045833333333331,17.489999999999998,"Valid",7.2891666666666666,"","",3.26,1.4045833333333331,17.489999999999998,7.2891666666666666,17.489999999999998,7.2891666666666666,3.26,1.4045833333333331]
[2023,8,20,21,45158.874999998843,1.04,"Valid",1.4112499999999999,5.79,"Valid",6.9279166666666674,"","",1.04,1.4112499999999999,5.79,6.9279166666666674,5.79,6.9279166666666674,1.04,1.4112499999999999]
[2023,8,20,22,45158.916666665507,2,"Valid",1.6195833333333332,5.4,"Valid",7.123333333333334,"","",2,1.6195833333333332,5.4,7.123333333333334,5.4,7.123333333333334,2,1.6195833333333332]
[2023,8,20,23,45158.958333332172,1.54,"Valid",1.5024999999999997,5.14,"Valid",7.0429166666666667,"","",1.54,1.5024999999999997,5.14,7.0429166666666667,5.14,7.0429166666666667,1.54,1.5024999999999997]
[2023,8,21,0,45158.999999998836,3.53,"Valid",1.6666666666666663,5.0199999999999996,"Valid",7.1454166666666667,"","",3.53,1.6666666666666663,5.0199999999999996,7.1454166666666667,5.0199999999999996,7.1454166666666667,3.53,1.6666666666666663]
[2023,8,21,1,45159.0416666655,5.01,"Valid",1.9004166666666664,5.98,"Valid",7.24125,"","",5.01,1.9004166666666664,5.98,7.24125,5.98,7.24125,5.01,1.9004166666666664]
[2023,8,21,2,45159.083333332164,3.81,"Valid",2.0587499999999999,4.8,"Valid",7.3445833333333335,"","",3.81,2.0587499999999999,4.8,7.3445833333333335,4.8,7.3445833333333335,3.81,2.0587499999999999]
[2023,8,21,3,45159.124999998829,2.81,"Valid",2.094583333333333,3.73,"Valid",7.34,"","",2.81,2.094583333333333,3.73,7.34,3.73,7.34,2.81,2.094583333333333]
[2023,8,21,4,45159.166666665493,0.95,"Valid",2.0504166666666666,2.42,"Valid",7.2599999999999989,"","",0.95,2.0504166666666666,2.42,7.2599999999999989,2.42,7.2599999999999989,0.95,2.0504166666666666]
[2023,8,21,5,45159.208333332157,-0.64,"Valid",2.1791666666666667,0.41,"Valid",7.355833333333333,"","",-0.64,2.1791666666666667,0.41,7.355833333333333,0.41,7.355833333333333,-0.64,2.1791666666666667]
[2023,8,21,6,45159.249999998821,3.93,"Valid",2.3429166666666665,5.89,"Valid",7.5316666666666654,"","",3.93,2.3429166666666665,5.89,7.5316666666666654,5.89,7.5316666666666654,3.93,2.3429166666666665]
[2023,8,21,7,45159.291666665486,1.92,"Valid",2.4012500000000001,3.09,"Valid",7.5654166666666649,"","",1.92,2.4012500000000001,3.09,7.5654166666666649,3.09,7.5654166666666649,1.92,2.4012500000000001]
[2023,8,21,8,45159.33333333215,3.14,"Valid",2.4945833333333334,5.21,"Valid",7.5741666666666658,"","",3.14,2.4945833333333334,5.21,7.5741666666666658,5.21,7.5741666666666658,3.14,2.4945833333333334]
[2023,8,21,9,45159.374999998814,2.08,"Valid",2.4695833333333335,5.91,"Valid",7.4287499999999982,"","",2.08,2.4695833333333335,5.91,7.4287499999999982,5.91,7.4287499999999982,2.08,2.4695833333333335]
[2023,8,21,10,45159.416666665478,3.42,"Valid",2.5087500000000005,7.7,"Valid",7.2287499999999989,"","",3.42,2.5087500000000005,7.7,7.2287499999999989,7.7,7.2287499999999989,3.42,2.5087500000000005]
[2023,8,21,11,45159.458333332143,7.2,"Valid",2.6891666666666669,26.96,"Valid",7.9204166666666653,"","",7.2,2.6891666666666669,26.96,7.9204166666666653,26.96,7.9204166666666653,7.2,2.6891666666666669]
[2023,8,21,12,45159.499999998807,1.42,"Valid",2.6679166666666667,4.29,"Valid",7.5862499999999997,"","",1.42,2.6679166666666667,4.29,7.5862499999999997,4.29,7.5862499999999997,1.42,2.6679166666666667]
[2023,8,21,13,45159.541666665471,1.45,"Valid",2.6541666666666672,3.54,"Valid",7.1441666666666661,"","",1.45,2.6541666666666672,3.54,7.1441666666666661,3.54,7.1441666666666661,1.45,2.6541666666666672]
[2023,8,21,14,45159.583333332135,1.61,"Valid",2.6279166666666671,5,"Valid",6.9537499999999994,"","",1.61,2.6279166666666671,5,6.9537499999999994,5,6.9537499999999994,1.61,2.6279166666666671]
[2023,8,21,15,45159.624999998799,2.68,"Valid",2.6537500000000001,7.17,"Valid",7.0191666666666643,"","",2.68,2.6537500000000001,7.17,7.0191666666666643,7.17,7.0191666666666643,2.68,2.6537500000000001]
[2023,8,21,16,45159.666666665464,1.81,"Valid",2.6133333333333337,7.18,"Valid",7.0191666666666661,"","",1.81,2.6133333333333337,7.18,7.0191666666666661,7.18,7.0191666666666661,1.81,2.6133333333333337]
[2023,8,21,17,45159.708333332128,-0.05,"Valid",2.5150000000000006,5.16,"Valid",7.0095833333333317,"","",-0.05,2.5150000000000006,5.16,7.0095833333333317,5.16,7.0095833333333317,-0.05,2.5150000000000006]
[2023,8,21,18,45159.749999998792,2.63,"Valid",2.4666666666666672,7.28,"Valid",6.9495833333333321,"","",2.63,2.4666666666666672,7.28,6.9495833333333321,7.28,6.9495833333333321,2.63,2.4666666666666672]
[2023,8,21,19,45159.791666665456,3.83,"Valid",2.5158333333333336,28.16,"Valid",7.4466666666666663,"","",3.83,2.5158333333333336,28.16,7.4466666666666663,28.16,7.4466666666666663,3.83,2.5158333333333336]
[2023,8,21,20,45159.833333332121,2.36,"Valid",2.4783333333333339,9.9700000000000006,"Valid",7.1333333333333337,"","",2.36,2.4783333333333339,9.9700000000000006,7.1333333333333337,9.9700000000000006,7.1333333333333337,2.36,2.4783333333333339]
[2023,8,21,21,45159.874999998785,-1.23,"Valid",2.3837500000000005,2.89,"Valid",7.0124999999999993,"","",-1.23,2.3837500000000005,2.89,7.0124999999999993,2.89,7.0124999999999993,-1.23,2.3837500000000005]
[2023,8,21,22,45159.916666665449,2.4700000000000002,"Valid",2.4033333333333338,8.5,"Valid",7.1416666666666666,"","",2.4700000000000002,2.4033333333333338,8.5,7.1416666666666666,8.5,7.1416666666666666,2.4700000000000002,2.4033333333333338]
[2023,8,21,23,45159.958333332113,-0.01,"Valid",2.3387500000000006,3.43,"Valid",7.0704166666666666,"","",-0.01,2.3387500000000006,3.43,7.0704166666666666,3.43,7.0704166666666666,-0.01,2.3387500000000006]
[2023,8,22,0,45159.999999998778,-0.04,"Valid",2.1900000000000008,3.11,"Valid",6.9908333333333337,"","",-0.04,2.1900000000000008,3.11,6.9908333333333337,3.11,6.9908333333333337,-0.04,2.1900000000000008]
[2023,8,22,1,45160.041666665442,3.7,"Valid",2.1354166666666674,6.46,"Valid",7.0108333333333341,"","",3.7,2.1354166666666674,6.46,7.0108333333333341,6.46,7.0108333333333341,3.7,2.1354166666666674]
[2023,8,22,2,45160.083333332106,-0.23,"Valid",1.9670833333333337,2.0299999999999998,"Valid",6.8954166666666667,"","",-0.23,1.9670833333333337,2.0299999999999998,6.8954166666666667,2.0299999999999998,6.8954166666666667,-0.23,1.9670833333333337]
[2023,8,22,3,45160.12499999877,5.68,"Valid",2.0866666666666669,7.57,"Valid",7.0554166666666669,"","",5.68,2.0866666666666669,7.57,7.0554166666666669,7.57,7.0554166666666669,5.68,2.0866666666666669]
[2023,8,22,4,45160.166666665435,3.44,"Valid",2.1904166666666667,5.29,"Valid",7.1749999999999998,"","",3.44,2.1904166666666667,5.29,7.1749999999999998,5.29,7.1749999999999998,3.44,2.1904166666666667]
[2023,8,22,5,45160.208333332099,-0.35,"Valid",2.2025000000000001,1.23,"Valid",7.2091666666666656,"","",-0.35,2.2025000000000001,1.23,7.2091666666666656,1.23,7.2091666666666656,-0.35,2.2025000000000001]
[2023,8,22,6,45160.249999998763,0.6,"Valid",2.0637500000000002,2.2000000000000002,"Valid",7.055416666666666,"","",0.6,2.0637500000000002,2.2000000000000002,7.055416666666666,2.2000000000000002,7.055416666666666,0.6,2.0637500000000002]
[2023,8,22,7,45160.291666665427,2.77,"Valid",2.0991666666666666,4.33,"Valid",7.1070833333333345,"","",2.77,2.0991666666666666,4.33,7.1070833333333345,4.33,7.1070833333333345,2.77,2.0991666666666666]
[2023,8,22,8,45160.333333332092,1.49,"Valid",2.030416666666667,4.33,"Valid",7.0704166666666666,"","",{"$f":"IF(G514=\"Valid\", F514, NA())","v":1.49},{"$f":"IF(G514=\"Valid\", H514, NA())","v":2.030416666666667},{"$f":"IF(J514=\"Valid\", I514, NA())","v":4.33},{"$f":"IF(J514=\"Valid\", K514, NA())","v":7.0704166666666666},4.33,7.0704166666666666,1.49,2.030416666666667]
[2023,8,22,9,45160.374999998756,0.92,"Valid",1.9820833333333336,11.58,"Valid",7.3066666666666675,"","",0.92,1.9820833333333336,11.58,7.3066666666666675,11.58,7.3066666666666675,0.92,1.9820833333333336]
[{"$f":"A515","v":2023},8,22,{"$f":"IF(D515=23,0,D515+1)","v":10},{"$f":"E515+0.0416666666666666","v":45160.41666666542},5.49,"Valid",2.0683333333333334,16.850000000000001,"Valid",7.6879166666666663,"","",5.49,2.0683333333333334,16.850000000000001,7.6879166666666663,16.850000000000001,7.6879166666666663,5.49,2.0683333333333334]
[2023,8,22,11,45160.458333332084,3.6,"Valid",1.9183333333333337,12.11,"Valid",7.0691666666666677,"","",3.6,1.9183333333333337,12.11,7.0691666666666677,12.11,7.0691666666666677,3.6,1.9183333333333337]
[2023,8,22,12,45160.499999998749,5.55,"Valid",2.0904166666666666,14.84,"Valid",7.50875,"","",5.55,2.0904166666666666,14.84,7.50875,14.84,7.50875,5.55,2.0904166666666666]
[2023,8,22,13,45160.541666665413,7.33,"Valid",2.3354166666666667,13.81,"Valid",7.9366666666666665,"","",7.33,2.3354166666666667,13.81,7.9366666666666665,13.81,7.9366666666666665,7.33,2.3354166666666667]
[2023,8,22,14,45160.583333332077,6.24,"Valid",2.5283333333333333,11.2,"Valid",8.1949999999999985,"","",6.24,2.5283333333333333,11.2,8.1949999999999985,11.2,8.1949999999999985,6.24,2.5283333333333333]
[2023,8,22,15,45160.624999998741,3.19,"Valid",2.5495833333333331,7.39,"Valid",8.2041666666666675,"","",3.19,2.5495833333333331,7.39,8.2041666666666675,7.39,8.2041666666666675,3.19,2.5495833333333331]
[2023,8,22,16,45160.666666665406,4.4000000000000004,"Valid",2.6574999999999998,9.89,"Valid",8.3170833333333345,"","",4.4000000000000004,2.6574999999999998,9.89,8.3170833333333345,9.89,8.3170833333333345,4.4000000000000004,2.6574999999999998]
[2023,8,22,17,45160.70833333207,4.8600000000000003,"Valid",2.8620833333333331,16.88,"Valid",8.805416666666666,"","",4.8600000000000003,2.8620833333333331,16.88,8.805416666666666,16.88,8.805416666666666,4.8600000000000003,2.8620833333333331]
[2023,8,22,18,45160.749999998734,5.76,"Valid",2.9925000000000002,11.5,"Valid",8.9812500000000011,"","",5.76,2.9925000000000002,11.5,8.9812500000000011,11.5,8.9812500000000011,5.76,2.9925000000000002]
[2023,8,22,19,45160.791666665398,9.5399999999999991,"Valid",3.2304166666666667,22.65,"Valid",8.7516666666666669,"","",9.5399999999999991,3.2304166666666667,22.65,8.7516666666666669,22.65,8.7516666666666669,9.5399999999999991,3.2304166666666667]
[2023,8,22,20,45160.833333332062,6.26,"Valid",3.3929166666666664,19.739999999999998,"Valid",9.1587499999999995,"","",6.26,3.3929166666666664,19.739999999999998,9.1587499999999995,19.739999999999998,9.1587499999999995,6.26,3.3929166666666664]
[2023,8,22,21,45160.874999998727,8.64,"Valid",3.8041666666666671,13.38,"Valid",9.5958333333333332,"","",8.64,3.8041666666666671,13.38,9.5958333333333332,13.38,9.5958333333333332,8.64,3.8041666666666671]
[2023,8,22,22,45160.916666665391,18.61,"Valid",4.4766666666666675,24.02,"Valid",10.242500000000001,"","",18.61,4.4766666666666675,24.02,10.242500000000001,24.02,10.242500000000001,18.61,4.4766666666666675]
[2023,8,22,23,45160.958333332055,12.23,"Valid",4.9866666666666672,16.82,"Valid",10.800416666666669,"","",12.23,4.9866666666666672,16.82,10.800416666666669,16.82,10.800416666666669,12.23,4.9866666666666672]
[2023,8,23,0,45160.999999998719,10.97,"Valid",5.4454166666666666,15.87,"Valid",11.332083333333335,"","",10.97,5.4454166666666666,15.87,11.332083333333335,15.87,11.332083333333335,10.97,5.4454166666666666]
[2023,8,23,1,45161.041666665384,8.1300000000000008,"Valid",5.63,13.56,"Valid",11.627916666666666,"","",8.1300000000000008,5.63,13.56,11.627916666666666,13.56,11.627916666666666,8.1300000000000008,5.63]
[2023,8,23,2,45161.083333332048,8.99,"Valid",6.0141666666666671,13.63,"Valid",12.11125,"","",8.99,6.0141666666666671,13.63,12.11125,13.63,12.11125,8.99,6.0141666666666671]
[2023,8,23,3,45161.124999998712,6.44,"Valid",6.0458333333333343,10.53,"Valid",12.234583333333333,"","",6.44,6.0458333333333343,10.53,12.234583333333333,10.53,12.234583333333333,6.44,6.0458333333333343]
[2023,8,23,4,45161.166666665376,4.21,"Valid",6.0779166666666669,6.82,"Valid",12.298333333333332,"","",4.21,6.0779166666666669,6.82,12.298333333333332,6.82,12.298333333333332,4.21,6.0779166666666669]
[2023,8,23,5,45161.208333332041,3.21,"Valid",6.2262500000000003,6.03,"Valid",12.49833333333333,"","",3.21,6.2262500000000003,6.03,12.49833333333333,6.03,12.49833333333333,3.21,6.2262500000000003]
[2023,8,23,6,45161.249999998705,5.62,"Valid",6.4354166666666677,14.79,"Valid",13.022916666666665,"","",5.62,6.4354166666666677,14.79,13.022916666666665,14.79,13.022916666666665,5.62,6.4354166666666677]
[2023,8,23,7,45161.291666665369,3.08,"Valid",6.4483333333333341,10.3,"Valid",13.271666666666667,"","",3.08,6.4483333333333341,10.3,13.271666666666667,10.3,13.271666666666667,3.08,6.4483333333333341]
[2023,8,23,8,45161.333333332033,6.5,"Valid",6.6570833333333352,12.88,"Valid",13.627916666666666,"","",6.5,6.6570833333333352,12.88,13.627916666666666,12.88,13.627916666666666,6.5,6.6570833333333352]
[2023,8,{"$f":"C515+1","v":23},9,45161.374999998698,5.16,"Valid",6.8337500000000011,14.82,"Valid",13.762916666666667,"","",5.16,6.8337500000000011,14.82,13.762916666666667,14.82,13.762916666666667,5.16,6.8337500000000011]
[2023,8,23,10,45161.416666665362,1.82,"Valid",6.680833333333335,8.0500000000000007,"Valid",13.39625,"","",1.82,6.680833333333335,8.0500000000000007,13.39625,8.0500000000000007,13.39625,1.82,6.680833333333335]
[2023,8,23,11,45161.458333332026,5.96,"Valid",6.7791666666666677,18.649999999999999,"Valid",13.668750000000001,"","",5.96,6.7791666666666677,18.649999999999999,13.668750000000001,18.649999999999999,13.668750000000001,5.96,6.7791666666666677]
[2023,8,23,12,45161.49999999869,0.2,"Valid",6.5562499999999995,2.1,"Valid",13.137916666666664,"","",0.2,6.5562499999999995,2.1,13.137916666666664,2.1,13.137916666666664,0.2,6.5562499999999995]
[2023,8,23,13,45161.541666665355,0.82,"Valid",6.2849999999999993,3.18,"Valid",12.695,"","",0.82,6.2849999999999993,3.18,12.695,3.18,12.695,0.82,6.2849999999999993]
[2023,8,23,14,45161.583333332019,-0.37,"Valid",6.0095833333333317,1.26,"Valid",12.280833333333334,"","",-0.37,6.0095833333333317,1.26,12.280833333333334,1.26,12.280833333333334,-0.37,6.0095833333333317]
[2023,8,23,15,45161.624999998683,3.85,"Valid",6.0370833333333316,6.37,"Valid",12.238333333333332,"","",3.85,6.0370833333333316,6.37,12.238333333333332,6.37,12.238333333333332,3.85,6.0370833333333316]
[2023,8,23,16,45161.666666665347,1.05,"Valid",5.8974999999999982,3.62,"Valid",11.977083333333333,"","",1.05,5.8974999999999982,3.62,11.977083333333333,3.62,11.977083333333333,1.05,5.8974999999999982]
[2023,8,23,17,45161.708333332012,3.54,"Valid",5.8424999999999976,16.2,"Valid",11.948749999999999,"","",3.54,5.8424999999999976,16.2,11.948749999999999,16.2,11.948749999999999,3.54,5.8424999999999976]
[2023,8,23,18,45161.749999998676,-0.61,"Valid",5.5770833333333307,11.49,"Valid",11.948333333333332,"","",-0.61,5.5770833333333307,11.49,11.948333333333332,11.49,11.948333333333332,-0.61,5.5770833333333307]
[2023,8,23,19,45161.79166666534,2.0699999999999998,"Valid",5.2658333333333305,20.04,"Valid",11.839583333333335,"","",2.0699999999999998,5.2658333333333305,20.04,11.839583333333335,20.04,11.839583333333335,2.0699999999999998,5.2658333333333305]
[2023,8,23,20,45161.833333332004,2.63,"Valid",5.1145833333333313,18.440000000000001,"Valid",11.785416666666668,"","",2.63,5.1145833333333313,18.440000000000001,11.785416666666668,18.440000000000001,11.785416666666668,2.63,5.1145833333333313]
[2023,8,23,21,45161.874999998668,1.87,"Valid",4.8324999999999987,8.89,"Valid",11.598333333333334,"","",1.87,4.8324999999999987,8.89,11.598333333333334,8.89,11.598333333333334,1.87,4.8324999999999987]
[2023,8,23,22,45161.916666665333,-0.09,"Valid",4.0533333333333319,4.66,"Valid",10.791666666666666,"","",-0.09,4.0533333333333319,4.66,10.791666666666666,4.66,10.791666666666666,-0.09,4.0533333333333319]
[2023,8,23,23,45161.958333331997,2.84,"Valid",3.662083333333332,10.119999999999999,"Valid",10.512499999999999,"","",2.84,3.662083333333332,10.119999999999999,10.512499999999999,10.119999999999999,10.512499999999999,2.84,3.662083333333332]
[2023,8,24,0,45161.999999998661,0.87,"Valid",3.2412500000000009,6.31,"Valid",10.114166666666666,"","",0.87,3.2412500000000009,6.31,10.114166666666666,6.31,10.114166666666666,0.87,3.2412500000000009]
[2023,8,24,1,45162.041666665325,3.18,"Valid",3.0350000000000015,8.1,"Valid",9.8866666666666649,"","",3.18,3.0350000000000015,8.1,9.8866666666666649,8.1,9.8866666666666649,3.18,3.0350000000000015]
[2023,8,24,2,45162.08333333199,4.0199999999999996,"Valid",2.8279166666666664,8.82,"Valid",9.6862500000000011,"","",4.0199999999999996,2.8279166666666664,8.82,9.6862500000000011,8.82,9.6862500000000011,4.0199999999999996,2.8279166666666664]
[2023,8,24,3,45162.124999998654,2.88,"Valid",2.679583333333333,6.79,"Valid",9.5304166666666656,"","",2.88,2.679583333333333,6.79,9.5304166666666656,6.79,9.5304166666666656,2.88,2.679583333333333]
[2023,8,24,4,45162.166666665318,1.41,"Valid",2.5629166666666658,4.6500000000000004,"Valid",9.44,"","",1.41,2.5629166666666658,4.6500000000000004,9.44,4.6500000000000004,9.44,1.41,2.5629166666666658]
[2023,8,24,5,45162.208333331982,4.01,"Valid",2.5962499999999995,7.1,"Valid",9.4845833333333349,"","",4.01,2.5962499999999995,7.1,9.4845833333333349,7.1,9.4845833333333349,4.01,2.5962499999999995]
[2023,8,24,6,45162.249999998647,1.6,"Valid",2.4287499999999995,3.99,"Valid",9.0345833333333339,"","",1.6,2.4287499999999995,3.99,9.0345833333333339,3.99,9.0345833333333339,1.6,2.4287499999999995]
[2023,8,24,7,45162.291666665311,3.17,"Valid",2.4324999999999997,6.79,"Valid",8.8883333333333336,"","",3.17,2.4324999999999997,6.79,8.8883333333333336,6.79,8.8883333333333336,3.17,2.4324999999999997]
[2023,8,24,8,45162.333333331975,12.18,"Valid",2.6691666666666669,14.24,"Valid",8.9449999999999985,"","",12.18,2.6691666666666669,14.24,8.9449999999999985,14.24,8.9449999999999985,12.18,2.6691666666666669]
[2023,8,24,9,45162.374999998639,9.8699999999999992,"Valid",2.8654166666666669,14.43,"Valid",8.9287499999999991,"","",9.8699999999999992,2.8654166666666669,14.43,8.9287499999999991,14.43,8.9287499999999991,9.8699999999999992,2.8654166666666669]
[2023,8,24,10,45162.416666665304,7.73,"Valid",3.1116666666666668,11.2,"Valid",9.0599999999999987,"","",7.73,3.1116666666666668,11.2,9.0599999999999987,11.2,9.0599999999999987,7.73,3.1116666666666668]
[2023,8,24,11,45162.458333331968,6.07,"Valid",3.1162499999999995,9.4,"Valid",8.6745833333333326,"","",6.07,3.1162499999999995,9.4,8.6745833333333326,9.4,8.6745833333333326,6.07,3.1162499999999995]
[2023,8,24,12,45162.499999998632,5.2,"Valid",3.3245833333333334,7.57,"Valid",8.9024999999999999,"","",5.2,3.3245833333333334,7.57,8.9024999999999999,7.57,8.9024999999999999,5.2,3.3245833333333334]
[2023,8,24,13,45162.541666665296,5,"Valid",3.4987500000000007,7.34,"Valid",9.0758333333333336,"","",5,3.4987500000000007,7.34,9.0758333333333336,7.34,9.0758333333333336,5,3.4987500000000007]
[2023,8,24,14,45162.583333331961,9.2200000000000006,"Valid",3.8983333333333339,14.1,"Valid",9.6108333333333338,"","",9.2200000000000006,3.8983333333333339,14.1,9.6108333333333338,14.1,9.6108333333333338,9.2200000000000006,3.8983333333333339]
[2023,8,24,15,45162.624999998625,3.76,"Valid",3.8945833333333333,11.9,"Valid",9.8412500000000005,"","",3.76,3.8945833333333333,11.9,9.8412500000000005,11.9,9.8412500000000005,3.76,3.8945833333333333]
[2023,8,24,16,45162.666666665289,3.08,"Valid",3.9791666666666674,11.09,"Valid",10.152500000000002,"","",3.08,3.9791666666666674,11.09,10.152500000000002,11.09,10.152500000000002,3.08,3.9791666666666674]
[2023,8,24,17,45162.708333331953,1.97,"Valid",3.9137499999999998,8.3800000000000008,"Valid",9.8266666666666662,"","",1.97,3.9137499999999998,8.3800000000000008,9.8266666666666662,8.3800000000000008,9.8266666666666662,1.97,3.9137499999999998]
[2023,8,24,18,45162.749999998618,7.32,"Valid",4.2441666666666675,24.53,"Valid",10.37,"","",7.32,4.2441666666666675,24.53,10.37,24.53,10.37,7.32,4.2441666666666675]
[2023,8,24,19,45162.791666665282,3.62,"Valid",4.3087500000000007,35.119999999999997,"Valid",10.998333333333333,"","",3.62,4.3087500000000007,35.119999999999997,10.998333333333333,35.119999999999997,10.998333333333333,3.62,4.3087500000000007]
[2023,8,24,20,45162.833333331946,6,"Valid",4.4491666666666667,33.880000000000003,"Valid",11.641666666666667,"","",6,4.4491666666666667,33.880000000000003,11.641666666666667,33.880000000000003,11.641666666666667,6,4.4491666666666667]
[2023,8,24,21,45162.87499999861,4.3899999999999997,"Valid",4.5541666666666663,12.14,"Valid",11.777083333333335,"","",4.3899999999999997,4.5541666666666663,12.14,11.777083333333335,12.14,11.777083333333335,4.3899999999999997,4.5541666666666663]
[2023,8,24,22,45162.916666665275,5.29,"Valid",4.7783333333333333,10.55,"Valid",12.022500000000001,"","",5.29,4.7783333333333333,10.55,12.022500000000001,10.55,12.022500000000001,5.29,4.7783333333333333]
[2023,8,24,23,45162.958333331939,4.7699999999999996,"Valid",4.8587499999999997,10.24,"Valid",12.027500000000002,"","",4.7699999999999996,4.8587499999999997,10.24,12.027500000000002,10.24,12.027500000000002,4.7699999999999996,4.8587499999999997]
[2023,8,25,0,45162.999999998603,2.2000000000000002,"Valid",4.9141666666666666,5.5,"Valid",11.99375,"","",{"$f":"IF(G578=\"Valid\", F578, NA())","v":2.2000000000000002},{"$f":"IF(G578=\"Valid\", H578, NA())","v":4.9141666666666666},{"$f":"IF(J578=\"Valid\", I578, NA())","v":5.5},{"$f":"IF(J578=\"Valid\", K578, NA())","v":11.99375},5.5,11.99375,2.2000000000000002,4.9141666666666666]
[2023,8,25,1,45163.041666665267,0.31,"Valid",4.7945833333333345,3.96,"Valid",11.821250000000001,"","",0.31,4.7945833333333345,3.96,11.821250000000001,3.96,11.821250000000001,0.31,4.7945833333333345]
[{"$f":"A579","v":2023},8,25,{"$f":"IF(D579=23,0,D579+1)","v":2},{"$f":"E579+0.0416666666666666","v":45163.083333331931},1.52,"Valid",4.6904166666666667,4.41,"Valid",11.637500000000001,"","",1.52,4.6904166666666667,4.41,11.637500000000001,4.41,11.637500000000001,1.52,4.6904166666666667]
[2023,8,25,3,45163.124999998596,4.1500000000000004,"Valid",4.7433333333333341,7.17,"Valid",11.653333333333336,"","",4.1500000000000004,4.7433333333333341,7.17,11.653333333333336,7.17,11.653333333333336,4.1500000000000004,4.7433333333333341]
[2023,8,25,4,45163.16666666526,3.61,"Valid",4.8350000000000009,5.46,"Valid",11.687083333333334,"","",3.61,4.8350000000000009,5.46,11.687083333333334,5.46,11.687083333333334,3.61,4.8350000000000009]
[2023,8,25,5,45163.208333331924,2.16,"Valid",4.7579166666666666,4.4000000000000004,"Valid",11.574583333333335,"","",2.16,4.7579166666666666,4.4000000000000004,11.574583333333335,4.4000000000000004,11.574583333333335,2.16,4.7579166666666666]
[2023,8,25,6,45163.249999998588,2.29,"Valid",4.7866666666666671,4.3600000000000003,"Valid",11.590000000000002,"","",2.29,4.7866666666666671,4.3600000000000003,11.590000000000002,4.3600000000000003,11.590000000000002,2.29,4.7866666666666671]
[2023,8,25,7,45163.291666665253,4.71,"Valid",4.850833333333334,7.32,"Valid",11.612083333333333,"","",4.71,4.850833333333334,7.32,11.612083333333333,7.32,11.612083333333333,4.71,4.850833333333334]
[2023,8,25,8,45163.333333331917,-0.33,"Valid",4.3295833333333338,3.2,"Valid",11.152083333333332,"","",-0.33,4.3295833333333338,3.2,11.152083333333332,3.2,11.152083333333332,-0.33,4.3295833333333338]
[2023,8,25,9,45163.374999998581,5.67,"Valid",4.1545833333333331,10.35,"Valid",10.982083333333334,"","",5.67,4.1545833333333331,10.35,10.982083333333334,10.35,10.982083333333334,5.67,4.1545833333333331]
[2023,8,25,10,45163.416666665245,4.03,"Valid",4.0004166666666672,11.78,"Valid",11.00625,"","",4.03,4.0004166666666672,11.78,11.00625,11.78,11.00625,4.03,4.0004166666666672]
[2023,8,25,11,45163.45833333191,7.47,"Valid",4.0587499999999999,18.940000000000001,"Valid",11.403750000000002,"","",7.47,4.0587499999999999,18.940000000000001,11.403750000000002,18.940000000000001,11.403750000000002,7.47,4.0587499999999999]
[2023,8,25,12,45163.499999998574,6.93,"Valid",4.1308333333333342,16.690000000000001,"Valid",11.783750000000003,"","",6.93,4.1308333333333342,16.690000000000001,11.783750000000003,16.690000000000001,11.783750000000003,6.93,4.1308333333333342]
[2023,8,25,13,45163.541666665238,4.34,"Valid",4.1033333333333344,9.27,"Valid",11.864166666666668,"","",4.34,4.1033333333333344,9.27,11.864166666666668,9.27,11.864166666666668,4.34,4.1033333333333344]
[2023,8,25,14,45163.583333331902,4.5199999999999996,"Valid",3.9075000000000006,11.1,"Valid",11.739166666666669,"","",4.5199999999999996,3.9075000000000006,11.1,11.739166666666669,11.1,11.739166666666669,4.5199999999999996,3.9075000000000006]
[2023,8,25,15,45163.624999998567,5.33,"Valid",3.9729166666666664,12.37,"Valid",11.758750000000001,"","",5.33,3.9729166666666664,12.37,11.758750000000001,12.37,11.758750000000001,5.33,3.9729166666666664]
[2023,8,25,16,45163.666666665231,5.58,"Valid",4.0770833333333334,11.06,"Valid",11.7575,"","",5.58,4.0770833333333334,11.06,11.7575,11.06,11.7575,5.58,4.0770833333333334]
[2023,8,25,17,45163.708333331895,5.21,"Valid",4.2120833333333332,10.5,"Valid",11.845833333333331,"","",5.21,4.2120833333333332,10.5,11.845833333333331,10.5,11.845833333333331,5.21,4.2120833333333332]
[2023,8,25,18,45163.749999998559,"","Invalid",4.0769565217391293,"","Invalid",11.294347826086955,"Power Failure","Power outage - system reset",{"$error":"#N/A"},{"$error":"#N/A"},{"$error":"#N/A"},{"$error":"#N/A"}]
[2023,8,25,19,45163.791666665224,"","Invalid",4.0977272727272718,"","Invalid",10.211363636363636,"Power Failure","Power outage - system reset",{"$error":"#N/A"},{"$error":"#N/A"},{"$error":"#N/A"},{"$error":"#N/A"}]
[2023,8,25,20,45163.833333331888,"","Invalid",4.0071428571428562,"","Invalid",9.0842857142857145,"Power Failure","Power outage - system reset",{"$error":"#N/A"},{"$error":"#N/A"},{"$error":"#N/A"},{"$error":"#N/A"}]
[2023,8,25,21,45163.874999998552,"","Invalid",3.9879999999999995,"","Invalid",8.9314999999999998,"Power Failure","Power outage - system reset",{"$error":"#N/A"},{"$error":"#N/A"},{"$error":"#N/A"},{"$error":"#N/A"}]
[2023,8,25,22,45163.916666665216,-0.6,"Valid",3.6934999999999993,7.87,"Valid",8.7975000000000012,"","",-0.6,3.6934999999999993,7.87,8.7975000000000012,7.87,8.7975000000000012,-0.6,3.6934999999999993]
[2023,8,25,23,45163.958333331881,4.57,"Valid",3.6834999999999996,9.58,"Valid",8.7645,"","",4.57,3.6834999999999996,9.58,8.7645,9.58,8.7645,4.57,3.6834999999999996]
[2023,8,26,0,45163.999999998545,3.91,"Valid",3.7689999999999997,10.23,"Valid",9.0010000000000012,"","",3.91,3.7689999999999997,10.23,9.0010000000000012,10.23,9.0010000000000012,3.91,3.7689999999999997]
[2023,8,{"$f":"C579+1","v":26},1,45164.041666665209,1.83,"Valid",3.8449999999999998,8.67,"Valid",9.2364999999999995,"","",1.83,3.8449999999999998,8.67,9.2364999999999995,8.67,9.2364999999999995,1.83,3.8449999999999998]
[2023,8,26,2,45164.083333331873,3.05,"Valid",3.9214999999999991,6.04,"Valid",9.3179999999999996,"","",3.05,3.9214999999999991,6.04,9.3179999999999996,6.04,9.3179999999999996,3.05,3.9214999999999991]
[2023,8,26,3,45164.124999998538,4.0199999999999996,"Valid",3.9149999999999983,6.78,"Valid",9.2985000000000007,"","",4.0199999999999996,3.9149999999999983,6.78,9.2985000000000007,6.78,9.2985000000000007,4.0199999999999996,3.9149999999999983]
[2023,8,26,4,45164.166666665202,1.41,"Valid",3.8049999999999988,4.42,"Valid",9.2464999999999993,"","",1.41,3.8049999999999988,4.42,9.2464999999999993,4.42,9.2464999999999993,1.41,3.8049999999999988]
[2023,8,26,5,45164.208333331866,2.87,"Valid",3.8404999999999996,5.56,"Valid",9.3044999999999991,"","",2.87,3.8404999999999996,5.56,9.3044999999999991,5.56,9.3044999999999991,2.87,3.8404999999999996]
[2023,8,26,6,45164.24999999853,1.1399999999999999,"Valid",3.7829999999999999,3.76,"Valid",9.274499999999998,"","",1.1399999999999999,3.7829999999999999,3.76,9.274499999999998,3.76,9.274499999999998,1.1399999999999999,3.7829999999999999]
[2023,8,26,7,45164.291666665194,5.05,"Valid",3.7999999999999994,7.82,"Valid",9.2994999999999983,"","",5.05,3.7999999999999994,7.82,9.2994999999999983,7.82,9.2994999999999983,5.05,3.7999999999999994]
[2023,8,26,8,45164.333333331859,1.37,"Valid",3.8849999999999993,5.13,"Valid",9.3959999999999972,"","",1.37,3.8849999999999993,5.13,9.3959999999999972,5.13,9.3959999999999972,1.37,3.8849999999999993]
[2023,8,26,9,45164.374999998523,4.95,"Valid",3.8489999999999993,13.67,"Valid",9.5619999999999958,"","",4.95,3.8489999999999993,13.67,9.5619999999999958,13.67,9.5619999999999958,4.95,3.8489999999999993]
[2023,8,26,10,45164.416666665187,10.53,"Valid",4.1739999999999995,26.85,"Valid",10.315499999999998,"","",10.53,4.1739999999999995,26.85,10.315499999999998,26.85,10.315499999999998,10.53,4.1739999999999995]
[2023,8,26,11,45164.458333331851,3.89,"Valid",3.9949999999999988,12.59,"Valid",9.9979999999999993,"","",3.89,3.9949999999999988,12.59,9.9979999999999993,12.59,9.9979999999999993,3.89,3.9949999999999988]
[2023,8,26,12,45164.499999998516,6.32,"Valid",3.9644999999999997,14.4,"Valid",9.8835000000000015,"","",6.32,3.9644999999999997,14.4,9.8835000000000015,14.4,9.8835000000000015,6.32,3.9644999999999997]
[2023,8,26,13,45164.54166666518,7.41,"Valid",4.1179999999999994,14.78,"Valid",10.159000000000001,"","",7.41,4.1179999999999994,14.78,10.159000000000001,14.78,10.159000000000001,7.41,4.1179999999999994]
[2023,8,26,14,45164.583333331844,6.52,"Valid",4.218,13.13,"Valid",10.260500000000002,"","",6.52,4.218,13.13,10.260500000000002,13.13,10.260500000000002,6.52,4.218]
[2023,8,26,15,45164.624999998508,4.92,"Valid",4.1974999999999998,11.69,"Valid",10.226500000000001,"","",4.92,4.1974999999999998,11.69,10.226500000000001,11.69,10.226500000000001,4.92,4.1974999999999998]
[2023,8,26,16,45164.666666665173,4.82,"Valid",4.1594999999999995,11.55,"Valid",10.251000000000001,"","",4.82,4.1594999999999995,11.55,10.251000000000001,11.55,10.251000000000001,4.82,4.1594999999999995]
[2023,8,26,17,45164.708333331837,6.72,"Valid",4.2350000000000012,13.45,"Valid",10.3985,"","",6.72,4.2350000000000012,13.45,10.3985,13.45,10.3985,6.72,4.2350000000000012]
[2023,8,26,18,45164.749999998501,5.77,"Valid",4.3080952380952384,19.91,"Valid",10.851428571428571,"","",5.77,4.3080952380952384,19.91,10.851428571428571,19.91,10.851428571428571,5.77,4.3080952380952384]
[2023,8,26,19,45164.791666665165,6.17,"Valid",4.3927272727272735,24.52,"Valid",11.472727272727273,"","",6.17,4.3927272727272735,24.52,11.472727272727273,24.52,11.472727272727273,6.17,4.3927272727272735]
[2023,8,26,20,45164.83333333183,6.3,"Valid",4.4756521739130442,23.37,"Valid",11.989999999999998,"","",6.3,4.4756521739130442,23.37,11.989999999999998,23.37,11.989999999999998,6.3,4.4756521739130442]
[2023,8,26,21,45164.874999998494,6.92,"Valid",4.5775000000000006,19.64,"Valid",12.308749999999998,"","",6.92,4.5775000000000006,19.64,12.308749999999998,19.64,12.308749999999998,6.92,4.5775000000000006]
[2023,8,26,22,45164.916666665158,6.97,"Valid",4.8929166666666672,12.66,"Valid",12.508333333333335,"","",6.97,4.8929166666666672,12.66,12.508333333333335,12.66,12.508333333333335,6.97,4.8929166666666672]
[2023,8,26,23,45164.958333331822,8.57,"Valid",5.0595833333333324,22.45,"Valid",13.044583333333334,"","",8.57,5.0595833333333324,22.45,13.044583333333334,22.45,13.044583333333334,8.57,5.0595833333333324]
[2023,8,27,0,45164.999999998487,6.74,"Valid",5.1774999999999993,14.96,"Valid",13.241666666666667,"","",6.74,5.1774999999999993,14.96,13.241666666666667,14.96,13.241666666666667,6.74,5.1774999999999993]
[2023,8,27,1,45165.041666665151,6.49,"Valid",5.3716666666666661,12.62,"Valid",13.40625,"","",6.49,5.3716666666666661,12.62,13.40625,12.62,13.40625,6.49,5.3716666666666661]
[2023,8,27,2,45165.083333331815,8.17,"Valid",5.5849999999999982,12.85,"Valid",13.690000000000003,"","",8.17,5.5849999999999982,12.85,13.690000000000003,12.85,13.690000000000003,8.17,5.5849999999999982]
[2023,8,27,3,45165.124999998479,5.97,"Valid",5.6662499999999989,10.07,"Valid",13.827083333333334,"","",5.97,5.6662499999999989,10.07,13.827083333333334,10.07,13.827083333333334,5.97,5.6662499999999989]
[2023,8,27,4,45165.166666665144,7.12,"Valid",5.9041666666666659,13.31,"Valid",14.1975,"","",7.12,5.9041666666666659,13.31,14.1975,13.31,14.1975,7.12,5.9041666666666659]
[2023,8,27,5,45165.208333331808,7.01,"Valid",6.0766666666666671,14.96,"Valid",14.589166666666666,"","",7.01,6.0766666666666671,14.96,14.589166666666666,14.96,14.589166666666666,7.01,6.0766666666666671]
[2023,8,27,6,45165.249999998472,10.06,"Valid",6.4483333333333333,17.329999999999998,"Valid",15.154583333333333,"","",10.06,6.4483333333333333,17.329999999999998,15.154583333333333,17.329999999999998,15.154583333333333,10.06,6.4483333333333333]
[2023,8,27,7,45165.291666665136,8.61,"Valid",6.5966666666666667,14.68,"Valid",15.440416666666666,"","",8.61,6.5966666666666667,14.68,15.440416666666666,14.68,15.440416666666666,8.61,6.5966666666666667]
[2023,8,27,8,45165.333333331801,9.06,"Valid",6.9170833333333333,15.79,"Valid",15.884583333333333,"","",9.06,6.9170833333333333,15.79,15.884583333333333,15.79,15.884583333333333,9.06,6.9170833333333333]
[2023,8,27,9,45165.374999998465,7.79,"Valid",7.0354166666666664,16.61,"Valid",16.007083333333334,"","",7.79,7.0354166666666664,16.61,16.007083333333334,16.61,16.007083333333334,7.79,7.0354166666666664]
[2023,8,27,10,45165.416666665129,9.8699999999999992,"Valid",7.0079166666666675,16.57,"Valid",15.578750000000001,"","",9.8699999999999992,7.0079166666666675,16.57,15.578750000000001,16.57,15.578750000000001,9.8699999999999992,7.0079166666666675]
[2023,8,27,11,45165.458333331793,8.89,"Valid",7.2162499999999996,16.39,"Valid",15.737083333333331,"","",8.89,7.2162499999999996,16.39,15.737083333333331,16.39,15.737083333333331,8.89,7.2162499999999996]
[2023,8,27,12,45165.499999998457,8.1300000000000008,"Valid",7.291666666666667,15.11,"Valid",15.766666666666667,"","",8.1300000000000008,7.291666666666667,15.11,15.766666666666667,15.11,15.766666666666667,8.1300000000000008,7.291666666666667]
[2023,8,27,13,45165.541666665122,5.57,"Valid",7.214999999999999,12.45,"Valid",15.669583333333334,"","",5.57,7.214999999999999,12.45,15.669583333333334,12.45,15.669583333333334,5.57,7.214999999999999]
[2023,8,27,14,45165.583333331786,7.55,"Valid",7.2579166666666666,13.6,"Valid",15.689166666666667,"","",7.55,7.2579166666666666,13.6,15.689166666666667,13.6,15.689166666666667,7.55,7.2579166666666666]
[2023,8,27,15,45165.62499999845,5.64,"Valid",7.2879166666666677,11.69,"Valid",15.689166666666667,"","",5.64,7.2879166666666677,11.69,15.689166666666667,11.69,15.689166666666667,5.64,7.2879166666666677]
[2023,8,27,16,45165.666666665114,6.4,"Valid",7.3537499999999989,12.64,"Valid",15.734583333333335,"","",{"$f":"IF(G642=\"Valid\", F642, NA())","v":6.4},{"$f":"IF(G642=\"Valid\", H642, NA())","v":7.3537499999999989},{"$f":"IF(J642=\"Valid\", I642, NA())","v":12.64},{"$f":"IF(J642=\"Valid\", K642, NA())","v":15.734583333333335},12.64,15.734583333333335,6.4,7.3537499999999989]
[2023,8,27,17,45165.708333331779,6.89,"Valid",7.3608333333333329,12.02,"Valid",15.674999999999997,"","",6.89,7.3608333333333329,12.02,15.674999999999997,12.02,15.674999999999997,6.89,7.3608333333333329]
[{"$f":"A643","v":2023},8,27,{"$f":"IF(D643=23,0,D643+1)","v":18},{"$f":"E643+0.0416666666666666","v":45165.749999998443},1.9,"Valid",7.1995833333333339,4.6100000000000003,"Valid",15.0375,"","",1.9,7.1995833333333339,4.6100000000000003,15.0375,4.6100000000000003,15.0375,1.9,7.1995833333333339]
[2023,8,27,19,45165.791666665107,3.19,"Valid",7.0754166666666665,5.49,"Valid",14.244583333333333,"","",3.19,7.0754166666666665,5.49,14.244583333333333,5.49,14.244583333333333,3.19,7.0754166666666665]
[2023,8,27,20,45165.833333331771,4.01,"Valid",6.9799999999999995,6.6,"Valid",13.545833333333334,"","",4.01,6.9799999999999995,6.6,13.545833333333334,6.6,13.545833333333334,4.01,6.9799999999999995]
[2023,8,27,21,45165.874999998436,8.83,"Valid",7.0595833333333333,11.99,"Valid",13.227083333333333,"","",8.83,7.0595833333333333,11.99,13.227083333333333,11.99,13.227083333333333,8.83,7.0595833333333333]
[2023,8,27,22,45165.9166666651,13.92,"Valid",7.3491666666666662,16.100000000000001,"Valid",13.370416666666669,"","",13.92,7.3491666666666662,16.100000000000001,13.370416666666669,16.100000000000001,13.370416666666669,13.92,7.3491666666666662]
[2023,8,27,23,45165.958333331764,10.92,"Valid",7.4470833333333317,13.42,"Valid",12.99416666666667,"","",10.92,7.4470833333333317,13.42,12.99416666666667,13.42,12.99416666666667,10.92,7.4470833333333317]
[2023,8,28,0,45165.999999998428,12.8,"Valid",7.699583333333333,15,"Valid",12.995833333333335,"","",12.8,7.699583333333333,15,12.995833333333335,15,12.995833333333335,12.8,7.699583333333333]
[2023,8,28,1,45166.041666665093,7.47,"Valid",7.7404166666666674,10.66,"Valid",12.914166666666672,"","",7.47,7.7404166666666674,10.66,12.914166666666672,10.66,12.914166666666672,7.47,7.7404166666666674]
[2023,8,28,2,45166.083333331757,4.97,"Valid",7.6070833333333345,8.8699999999999992,"Valid",12.748333333333337,"","",4.97,7.6070833333333345,8.8699999999999992,12.748333333333337,8.8699999999999992,12.748333333333337,4.97,7.6070833333333345]
[2023,8,28,3,45166.124999998421,8.69,"Valid",7.720416666666666,12.28,"Valid",12.840416666666668,"","",8.69,7.720416666666666,12.28,12.840416666666668,12.28,12.840416666666668,8.69,7.720416666666666]
[2023,8,28,4,45166.166666665085,9.18,"Valid",7.8062500000000012,11.73,"Valid",12.774583333333334,"","",9.18,7.8062500000000012,11.73,12.774583333333334,11.73,12.774583333333334,9.18,7.8062500000000012]
[2023,8,28,5,45166.20833333175,7.82,"Valid",7.8400000000000007,12.47,"Valid",12.670833333333336,"","",7.82,7.8400000000000007,12.47,12.670833333333336,12.47,12.670833333333336,7.82,7.8400000000000007]
[2023,8,28,6,45166.249999998414,4.75,"Valid",7.6187500000000012,9.57,"Valid",12.347500000000002,"","",4.75,7.6187500000000012,9.57,12.347500000000002,9.57,12.347500000000002,4.75,7.6187500000000012]
[2023,8,28,7,45166.291666665078,9.93,"Valid",7.673750000000001,14.8,"Valid",12.352500000000001,"","",9.93,7.673750000000001,14.8,12.352500000000001,14.8,12.352500000000001,9.93,7.673750000000001]
[2023,8,28,8,45166.333333331742,7.89,"Valid",7.625,12.55,"Valid",12.217500000000001,"","",7.89,7.625,12.55,12.217500000000001,12.55,12.217500000000001,7.89,7.625]
[2023,8,28,9,45166.374999998407,12.1,"Valid",7.8045833333333334,16.579999999999998,"Valid",12.216249999999997,"","",12.1,7.8045833333333334,16.579999999999998,12.216249999999997,16.579999999999998,12.216249999999997,12.1,7.8045833333333334]
[2023,8,28,10,45166.416666665071,7.04,"Valid",7.6866666666666648,12.17,"Valid",12.032916666666665,"","",7.04,7.6866666666666648,12.17,12.032916666666665,12.17,12.032916666666665,7.04,7.6866666666666648]
[2023,8,28,11,45166.458333331735,6.77,"Valid",7.5983333333333318,11.84,"Valid",11.843333333333332,"","",6.77,7.5983333333333318,11.84,11.843333333333332,11.84,11.843333333333332,6.77,7.5983333333333318]
[2023,8,28,12,45166.499999998399,6.85,"Valid",7.5449999999999982,12.59,"Valid",11.73833333333333,"","",6.85,7.5449999999999982,12.59,11.73833333333333,12.59,11.73833333333333,6.85,7.5449999999999982]
[2023,8,28,13,45166.541666665064,7.66,"Valid",7.6320833333333313,14.38,"Valid",11.81875,"","",7.66,7.6320833333333313,14.38,11.81875,14.38,11.81875,7.66,7.6320833333333313]
[2023,8,28,14,45166.583333331728,6.39,"Valid",7.5837499999999984,11.55,"Valid",11.733333333333334,"","",6.39,7.5837499999999984,11.55,11.733333333333334,11.55,11.733333333333334,6.39,7.5837499999999984]
[2023,8,28,15,45166.624999998392,5.51,"Valid",7.5783333333333305,9.76,"Valid",11.652916666666668,"","",5.51,7.5783333333333305,9.76,11.652916666666668,9.76,11.652916666666668,5.51,7.5783333333333305]
[2023,8,28,16,45166.666666665056,"","Invalid",7.6295652173913036,"","Invalid",11.61,"Power Failure","Power outage - system reset",{"$error":"#N/A"},{"$error":"#N/A"},{"$error":"#N/A"},{"$error":"#N/A"}]
[2023,8,{"$f":"C643+1","v":28},17,45166.70833333172,"","Invalid",7.6631818181818172,"","Invalid",11.591363636363637,"Power Failure","Power outage - system reset",{"$error":"#N/A"},{"$error":"#N/A"},{"$error":"#N/A"},{"$error":"#N/A"}]
[2023,8,28,18,45166.749999998385,"","Invalid",7.9376190476190462,"","Invalid",11.923809523809524,"Power Failure","Power outage - system reset",{"$error":"#N/A"},{"$error":"#N/A"},{"$error":"#N/A"},{"$error":"#N/A"}]
[2023,8,28,19,45166.791666665049,7.99,"Valid",8.1661904761904758,11.83,"Valid",12.225714285714286,"","",7.99,8.1661904761904758,11.83,12.225714285714286,11.83,12.225714285714286,7.99,8.1661904761904758]
[2023,8,28,20,45166.833333331713,8.4,"Valid",8.3752380952380943,11.09,"Valid",12.439523809523811,"","",8.4,8.3752380952380943,11.09,12.439523809523811,11.09,12.439523809523811,8.4,8.3752380952380943]
[2023,8,28,21,45166.874999998377,3.04,"Valid",8.0995238095238076,5.78,"Valid",12.143809523809526,"","",3.04,8.0995238095238076,5.78,12.143809523809526,5.78,12.143809523809526,3.04,8.0995238095238076]
[2023,8,28,22,45166.916666665042,7.33,"Valid",7.7857142857142856,8.43,"Valid",11.77857142857143,"","",7.33,7.7857142857142856,8.43,11.77857142857143,8.43,11.77857142857143,7.33,7.7857142857142856]
[2023,8,28,23,45166.958333331706,6.48,"Valid",7.5742857142857147,7.08,"Valid",11.476666666666668,"","",{"$f":"IF(G673=\"Valid\", F673, NA())","v":6.48},{"$f":"IF(G673=\"Valid\", H673, NA())","v":7.5742857142857147},7.08,11.476666666666668,7.08,11.476666666666668,6.48,7.5742857142857147]
[2023,8,29,0,45166.99999999837,2.62,"Valid",7.0895238095238096,5.08,"Valid",11.004285714285718,"","",{"$f":"IF(G674=\"Valid\", F674, NA())","v":2.62},{"$f":"IF(G674=\"Valid\", H674, NA())","v":7.0895238095238096},{"$f":"IF(J674=\"Valid\", I674, NA())","v":5.08},{"$f":"IF(J674=\"Valid\", K674, NA())","v":11.004285714285718},5.08,11.004285714285718,2.62,7.0895238095238096]
[2023,8,29,1,45167.041666665034,3.44,"Valid",6.8976190476190471,5.0999999999999996,"Valid",10.739523809523812,"","",3.44,6.8976190476190471,5.0999999999999996,10.739523809523812,5.0999999999999996,10.739523809523812,3.44,6.8976190476190471]
[2023,8,29,2,45167.083333331699,-0.65,"Valid",6.63,1.1000000000000001,"Valid",10.369523809523812,"","",-0.65,6.63,1.1000000000000001,10.369523809523812,1.1000000000000001,10.369523809523812,-0.65,6.63]
[2023,8,29,3,45167.124999998363,0.3,"Valid",6.2304761904761916,2.1800000000000002,"Valid",9.8885714285714315,"","",0.3,6.2304761904761916,2.1800000000000002,9.8885714285714315,2.1800000000000002,9.8885714285714315,0.3,6.2304761904761916]
[2023,8,29,4,45167.166666665027,4.17,"Valid",5.9919047619047623,6.07,"Valid",9.6190476190476204,"","",4.17,5.9919047619047623,6.07,9.6190476190476204,6.07,9.6190476190476204,4.17,5.9919047619047623]
[2023,8,29,5,45167.208333331691,1.32,"Valid",5.682380952380953,3.2,"Valid",9.1776190476190482,"","",1.32,5.682380952380953,3.2,9.1776190476190482,3.2,9.1776190476190482,1.32,5.682380952380953]
[2023,8,29,6,45167.249999998356,3.23,"Valid",5.6100000000000012,4.83,"Valid",8.951904761904764,"","",3.23,5.6100000000000012,4.83,8.951904761904764,4.83,8.951904761904764,3.23,5.6100000000000012]
[2023,8,29,7,45167.29166666502,3.73,"Valid",5.3147619047619052,5.49,"Valid",8.5085714285714307,"","",3.73,5.3147619047619052,5.49,8.5085714285714307,5.49,8.5085714285714307,3.73,5.3147619047619052]
[2023,8,29,8,45167.333333331684,2.2000000000000002,"Valid",5.0438095238095242,4.0199999999999996,"Valid",8.1023809523809547,"","",2.2000000000000002,5.0438095238095242,4.0199999999999996,8.1023809523809547,4.0199999999999996,8.1023809523809547,2.2000000000000002,5.0438095238095242]
[2023,8,29,9,45167.374999998348,2.97,"Valid",4.6090476190476188,4.1399999999999997,"Valid",7.5100000000000007,"","",2.97,4.6090476190476188,4.1399999999999997,7.5100000000000007,4.1399999999999997,7.5100000000000007,2.97,4.6090476190476188]
[2023,8,29,10,45167.416666665013,6.13,"Valid",4.5657142857142858,7.88,"Valid",7.3057142857142852,"","",6.13,4.5657142857142858,7.88,7.3057142857142852,7.88,7.3057142857142852,6.13,4.5657142857142858]
[2023,8,29,11,45167.458333331677,3.25,"Valid",4.3980952380952374,5.24,"Valid",6.9914285714285693,"","",3.25,4.3980952380952374,5.24,6.9914285714285693,5.24,6.9914285714285693,3.25,4.3980952380952374]
[2023,8,29,12,45167.499999998341,2.41,"Valid",4.1866666666666656,3.96,"Valid",6.5804761904761904,"","",2.41,4.1866666666666656,3.96,6.5804761904761904,3.96,6.5804761904761904,2.41,4.1866666666666656]
[2023,8,29,13,45167.541666665005,4.59,"Valid",4.0404761904761894,8.32,"Valid",6.2919047619047621,"","",4.59,4.0404761904761894,8.32,6.2919047619047621,8.32,6.2919047619047621,4.59,4.0404761904761894]
[2023,8,29,14,45167.58333333167,2.66,"Valid",3.8628571428571425,4.46,"Valid",5.9542857142857128,"","",2.66,3.8628571428571425,4.46,5.9542857142857128,4.46,5.9542857142857128,2.66,3.8628571428571425]
[2023,8,29,15,45167.624999998334,6.08,"Valid",3.8899999999999992,8.26,"Valid",5.8828571428571408,"","",6.08,3.8899999999999992,8.26,5.8828571428571408,8.26,5.8828571428571408,6.08,3.8899999999999992]
[2023,8,29,16,45167.666666664998,5.33,"Valid",3.9554545454545447,7.84,"Valid",5.9718181818181799,"","",5.33,3.9554545454545447,7.84,5.9718181818181799,7.84,5.9718181818181799,5.33,3.9554545454545447]
[2023,8,29,17,45167.708333331662,4.87,"Valid",3.9952173913043474,7.39,"Valid",6.033478260869563,"","",4.87,3.9952173913043474,7.39,6.033478260869563,7.39,6.033478260869563,4.87,3.9952173913043474]
[2023,8,29,18,45167.749999998327,4.8899999999999997,"Valid",4.0324999999999998,7.62,"Valid",6.0995833333333316,"","",4.8899999999999997,4.0324999999999998,7.62,6.0995833333333316,7.62,6.0995833333333316,4.8899999999999997,4.0324999999999998]
[2023,8,29,19,45167.791666664991,4.75,"Valid",3.8975000000000004,8.59,"Valid",5.9645833333333327,"","",4.75,3.8975000000000004,8.59,5.9645833333333327,8.59,5.9645833333333327,4.75,3.8975000000000004]
[2023,8,29,20,45167.833333331655,5.45,"Valid",3.7745833333333341,8.86,"Valid",5.8716666666666653,"","",5.45,3.7745833333333341,8.86,5.8716666666666653,8.86,5.8716666666666653,5.45,3.7745833333333341]
[2023,8,29,21,45167.874999998319,5.82,"Valid",3.8904166666666669,7.95,"Valid",5.9620833333333323,"","",5.82,3.8904166666666669,7.95,5.9620833333333323,7.95,5.9620833333333323,5.82,3.8904166666666669]
[2023,8,29,22,45167.916666664983,2.5299999999999998,"Valid",3.6904166666666662,4.7,"Valid",5.8066666666666658,"","",2.5299999999999998,3.6904166666666662,4.7,5.8066666666666658,4.7,5.8066666666666658,2.5299999999999998,3.6904166666666662]
[2023,8,29,23,45167.958333331648,1.06,"Valid",3.4645833333333336,2.73,"Valid",5.6254166666666672,"","",1.06,3.4645833333333336,2.73,5.6254166666666672,2.73,5.6254166666666672,1.06,3.4645833333333336]
[2023,8,30,0,45167.999999998312,3.72,"Valid",3.5104166666666665,5.52,"Valid",5.6437500000000007,"","",3.72,3.5104166666666665,5.52,5.6437500000000007,5.52,5.6437500000000007,3.72,3.5104166666666665]
[2023,8,30,1,45168.041666664976,3.94,"Valid",3.53125,5.3,"Valid",5.6520833333333345,"","",3.94,3.53125,5.3,5.6520833333333345,5.3,5.6520833333333345,3.94,3.53125]
[2023,8,30,2,45168.08333333164,4.3899999999999997,"Valid",3.7412499999999991,5.27,"Valid",5.8258333333333354,"","",4.3899999999999997,3.7412499999999991,5.27,5.8258333333333354,5.27,5.8258333333333354,4.3899999999999997,3.7412499999999991]
[2023,8,30,3,45168.124999998305,3.57,"Valid",3.8774999999999995,4.67,"Valid",5.9295833333333343,"","",3.57,3.8774999999999995,4.67,5.9295833333333343,4.67,5.9295833333333343,3.57,3.8774999999999995]
[2023,8,30,4,45168.166666664969,0.65,"Valid",3.7308333333333334,2.3199999999999998,"Valid",5.7733333333333334,"","",0.65,3.7308333333333334,2.3199999999999998,5.7733333333333334,2.3199999999999998,5.7733333333333334,0.65,3.7308333333333334]
[2023,8,30,5,45168.208333331633,7.24,"Valid",3.9774999999999996,8.5399999999999991,"Valid",5.9958333333333327,"","",7.24,3.9774999999999996,8.5399999999999991,5.9958333333333327,8.5399999999999991,5.9958333333333327,7.24,3.9774999999999996]
[2023,8,30,6,45168.249999998297,3.37,"Valid",3.9833333333333329,5.41,"Valid",6.02,"","",3.37,3.9833333333333329,5.41,6.02,5.41,6.02,3.37,3.9833333333333329]
[2023,8,30,7,45168.291666664962,1.72,"Valid",3.8995833333333327,3.16,"Valid",5.9229166666666666,"","",1.72,3.8995833333333327,3.16,5.9229166666666666,3.16,5.9229166666666666,1.72,3.8995833333333327]
[2023,8,30,8,45168.333333331626,4.9400000000000004,"Valid",4.0137499999999999,7.16,"Valid",6.05375,"","",4.9400000000000004,4.0137499999999999,7.16,6.05375,7.16,6.05375,4.9400000000000004,4.0137499999999999]
[2023,8,30,9,45168.37499999829,2.86,"Valid",4.0091666666666663,7.49,"Valid",6.1933333333333325,"","",2.86,4.0091666666666663,7.49,6.1933333333333325,7.49,6.1933333333333325,2.86,4.0091666666666663]
[{"$f":"A707","v":2023},8,30,{"$f":"IF(D707=23,0,D707+1)","v":10},{"$f":"E707+0.0416666666666666","v":45168.416666664954},2.8,"Valid",3.870416666666666,6.82,"Valid",6.149166666666666,"","",2.8,3.870416666666666,6.82,6.149166666666666,6.82,6.149166666666666,2.8,3.870416666666666]
[2023,8,30,11,45168.458333331619,3.01,"Valid",3.8604166666666671,7.2,"Valid",6.2308333333333321,"","",3.01,3.8604166666666671,7.2,6.2308333333333321,7.2,6.2308333333333321,3.01,3.8604166666666671]
[2023,8,30,12,45168.499999998283,4.9400000000000004,"Valid",3.9658333333333338,7.72,"Valid",6.3874999999999984,"","",4.9400000000000004,3.9658333333333338,7.72,6.3874999999999984,7.72,6.3874999999999984,4.9400000000000004,3.9658333333333338]
[2023,8,30,13,45168.541666664947,6.84,"Valid",4.0595833333333333,9.77,"Valid",6.4479166666666652,"","",6.84,4.0595833333333333,9.77,6.4479166666666652,9.77,6.4479166666666652,6.84,4.0595833333333333]
[2023,8,30,14,45168.583333331611,5.24,"Valid",4.1670833333333333,8.6999999999999993,"Valid",6.6245833333333328,"","",5.24,4.1670833333333333,8.6999999999999993,6.6245833333333328,8.6999999999999993,6.6245833333333328,5.24,4.1670833333333333]
[2023,8,30,15,45168.624999998276,4.6100000000000003,"Valid",4.105833333333333,8.84,"Valid",6.6487499999999997,"","",4.6100000000000003,4.105833333333333,8.84,6.6487499999999997,8.84,6.6487499999999997,4.6100000000000003,4.105833333333333]
[2023,8,30,16,45168.66666666494,3.82,"Valid",4.0429166666666658,7.35,"Valid",6.6283333333333312,"","",3.82,4.0429166666666658,7.35,6.6283333333333312,7.35,6.6283333333333312,3.82,4.0429166666666658]
[2023,8,30,17,45168.708333331604,5.24,"Valid",4.0583333333333327,10.52,"Valid",6.7587499999999991,"","",5.24,4.0583333333333327,10.52,6.7587499999999991,10.52,6.7587499999999991,5.24,4.0583333333333327]
[2023,8,30,18,45168.749999998268,4.59,"Valid",4.0458333333333325,9.69,"Valid",6.8449999999999989,"","",4.59,4.0458333333333325,9.69,6.8449999999999989,9.69,6.8449999999999989,4.59,4.0458333333333325]
[2023,8,30,19,45168.791666664933,6.76,"Valid",4.1295833333333318,14.86,"Valid",7.1062499999999984,"","",6.76,4.1295833333333318,14.86,7.1062499999999984,14.86,7.1062499999999984,6.76,4.1295833333333318]
[2023,8,30,20,45168.833333331597,6.31,"Valid",4.1654166666666663,14.02,"Valid",7.32125,"","",6.31,4.1654166666666663,14.02,7.32125,14.02,7.32125,6.31,4.1654166666666663]
[2023,8,30,21,45168.874999998261,9.0500000000000007,"Valid",4.3,13.08,"Valid",7.535000000000001,"","",9.0500000000000007,4.3,13.08,7.535000000000001,13.08,7.535000000000001,9.0500000000000007,4.3]
[2023,8,30,22,45168.916666664925,7.38,"Valid",4.5020833333333332,11.01,"Valid",7.7979166666666684,"","",7.38,4.5020833333333332,11.01,7.7979166666666684,11.01,7.7979166666666684,7.38,4.5020833333333332]
[2023,8,30,23,45168.95833333159,0.75,"Valid",4.4891666666666667,4.26,"Valid",7.8616666666666672,"","",0.75,4.4891666666666667,4.26,7.8616666666666672,4.26,7.8616666666666672,0.75,4.4891666666666667]
[2023,8,31,0,45168.999999998254,3.95,"Valid",4.4987500000000002,7.8,"Valid",7.956666666666667,"","",3.95,4.4987500000000002,7.8,7.956666666666667,7.8,7.956666666666667,3.95,4.4987500000000002]
[2023,8,31,1,45169.041666664918,4.71,"Valid",4.5308333333333328,7.37,"Valid",8.0429166666666685,"","",4.71,4.5308333333333328,7.37,8.0429166666666685,7.37,8.0429166666666685,4.71,4.5308333333333328]
[2023,8,31,2,45169.083333331582,5.45,"Valid",4.5750000000000002,6.86,"Valid",8.1091666666666686,"","",5.45,4.5750000000000002,6.86,8.1091666666666686,6.86,8.1091666666666686,5.45,4.5750000000000002]
[2023,8,31,3,45169.124999998246,2.5,"Valid",4.5304166666666665,3.99,"Valid",8.0808333333333344,"","",2.5,4.5304166666666665,3.99,8.0808333333333344,3.99,8.0808333333333344,2.5,4.5304166666666665]
[2023,8,31,4,45169.166666664911,0.38,"Valid",4.5191666666666661,2.56,"Valid",8.0908333333333342,"","",0.38,4.5191666666666661,2.56,8.0908333333333342,2.56,8.0908333333333342,0.38,4.5191666666666661]
[2023,8,31,5,45169.208333331575,0.61,"Valid",4.242916666666666,2.36,"Valid",7.8333333333333357,"","",0.61,4.242916666666666,2.36,7.8333333333333357,2.36,7.8333333333333357,0.61,4.242916666666666]
[2023,8,31,6,45169.249999998239,3,"Valid",4.2275,4.1900000000000004,"Valid",7.7825000000000015,"","",3,4.2275,4.1900000000000004,7.7825000000000015,4.1900000000000004,7.7825000000000015,3,4.2275]
[2023,8,31,7,45169.291666664903,1.87,"Valid",4.2337499999999997,4.1100000000000003,"Valid",7.8220833333333353,"","",1.87,4.2337499999999997,4.1100000000000003,7.8220833333333353,4.1100000000000003,7.8220833333333353,1.87,4.2337499999999997]
[2023,8,31,8,45169.333333331568,6.84,"Valid",4.3129166666666672,8.7799999999999994,"Valid",7.8895833333333352,"","",6.84,4.3129166666666672,8.7799999999999994,7.8895833333333352,8.7799999999999994,7.8895833333333352,6.84,4.3129166666666672]
[2023,8,{"$f":"C707+1","v":31},9,45169.374999998232,5.6,"Valid",4.427083333333333,7.9,"Valid",7.906666666666669,"","",5.6,4.427083333333333,7.9,7.906666666666669,7.9,7.906666666666669,5.6,4.427083333333333]
[2023,8,31,10,45169.416666664896,2.16,"Valid",4.4004166666666666,3.66,"Valid",7.775000000000003,"","",2.16,4.4004166666666666,3.66,7.775000000000003,3.66,7.775000000000003,2.16,4.4004166666666666]
[2023,8,31,11,45169.45833333156,1.86,"Valid",4.3525,4.53,"Valid",7.6637500000000029,"","",1.86,4.3525,4.53,7.6637500000000029,4.53,7.6637500000000029,1.86,4.3525]
[2023,8,31,12,45169.499999998225,3.24,"Valid",4.2816666666666663,6.63,"Valid",7.618333333333335,"","",3.24,4.2816666666666663,6.63,7.618333333333335,6.63,7.618333333333335,3.24,4.2816666666666663]
[2023,8,31,13,45169.541666664889,4.92,"Valid",4.2016666666666671,9.02,"Valid",7.587083333333335,"","",4.92,4.2016666666666671,9.02,7.587083333333335,9.02,7.587083333333335,4.92,4.2016666666666671]
[2023,8,31,14,45169.583333331553,6.24,"Valid",4.2433333333333332,9.68,"Valid",7.6279166666666685,"","",6.24,4.2433333333333332,9.68,7.6279166666666685,9.68,7.6279166666666685,6.24,4.2433333333333332]
[2023,8,31,15,45169.624999998217,5.0199999999999996,"Valid",4.2604166666666661,8.27,"Valid",7.6041666666666679,"","",5.0199999999999996,4.2604166666666661,8.27,7.6041666666666679,8.27,7.6041666666666679,5.0199999999999996,4.2604166666666661]
[2023,8,31,16,45169.666666664882,1.45,"Valid",4.1616666666666662,5.6,"Valid",7.5312500000000009,"","",{"$f":"IF(G738=\"Valid\", F738, NA())","v":1.45},{"$f":"IF(G738=\"Valid\", H738, NA())","v":4.1616666666666662},{"$f":"IF(J738=\"Valid\", I738, NA())","v":5.6},{"$f":"IF(J738=\"Valid\", K738, NA())","v":7.5312500000000009},5.6,7.5312500000000009,1.45,4.1616666666666662]
[2023,8,31,17,45169.708333331546,-0.45,"Valid",3.9245833333333326,7.83,"Valid",7.4191666666666665,"","",-0.45,3.9245833333333326,7.83,7.4191666666666665,7.83,7.4191666666666665,-0.45,3.9245833333333326]
[2023,8,31,18,45169.74999999821,2.62,"Valid",3.8424999999999994,7.14,"Valid",7.3129166666666672,"","",2.62,3.8424999999999994,7.14,7.3129166666666672,7.14,7.3129166666666672,2.62,3.8424999999999994]
[2023,8,31,19,45169.791666664874,4.4000000000000004,"Valid",3.7441666666666666,8.93,"Valid",7.065833333333333,"","",4.4000000000000004,3.7441666666666666,8.93,7.065833333333333,8.93,7.065833333333333,4.4000000000000004,3.7441666666666666]
[2023,8,31,20,45169.833333331539,0.46,"Valid",3.5004166666666663,5.99,"Valid",6.7312500000000002,"","",0.46,3.5004166666666663,5.99,6.7312500000000002,5.99,6.7312500000000002,0.46,3.5004166666666663]
[2023,8,31,21,45169.874999998203,2.96,"Valid",3.2466666666666666,7.67,"Valid",6.5058333333333325,"","",2.96,3.2466666666666666,7.67,6.5058333333333325,7.67,6.5058333333333325,2.96,3.2466666666666666]
[2023,8,31,22,45169.916666664867,4.26,"Valid",3.1166666666666658,10.84,"Valid",6.4987499999999985,"","",4.26,3.1166666666666658,10.84,6.4987499999999985,10.84,6.4987499999999985,4.26,3.1166666666666658]
[2023,8,31,23,45169.958333331531,2.06,"Valid",3.1712499999999992,6.11,"Valid",6.5758333333333328,"","",2.06,3.1712499999999992,6.11,6.5758333333333328,6.11,6.5758333333333328,2.06,3.1712499999999992]

{"sheet":"Raw data_format","index":4,"n_rows":8,"n_cols":6,"rows_kept":8,"cut":false,"hidden":false,"merged":[]}
["Parameter","Format","Comment","Units of measure","Minimum","Maximum"]
["Year","yyyy","4 integer format","Not applicable",2015,"Until reporting ceases"]
["Month","mm","2 integer format","Not applicable",1,12]
["Day","dd","2 integer format","Not applicable",1,31]
["Hour","hh","2 integer format","Not applicable",0,23]
["PM10",0,"1 decimal place resolution","µg/m3","Negative","Instrument specific"]
["PM2.5",0,"2 decimal place resolution","µg/m3","Negative","Instrument specific"]
["Status","Text","7 character format","Not applicable","Valid","Invalid"]

{"sheet":"Sheet1","index":7,"n_rows":0,"n_cols":0,"rows_kept":0,"cut":false,"hidden":false,"merged":[]}