{"text_format":"1","workbook":"xlsx","n_sheets":8,"sheets":["Instructions","Meta data_sheet","Meta data_lookup","Raw data_sheet","Raw data_format","24hr_PM10_chart","24hr_PM2.5_chart","Sheet1"],"not_rendered":{"charts":4,"images":0,"macros":1,"external_links":0,"defined_names":10,"comments":0,"pivot_tables":0},"unopened":[{"sheet":"24hr_PM10_chart","index":5,"reason":"not_a_worksheet"},{"sheet":"24hr_PM2.5_chart","index":6,"reason":"not_a_worksheet"}],"bounds":{"document_bytes":16777216,"sheet_cells":100000,"rows_first":2000,"rows_last":500,"rows_between":2000,"halvings":0,"cell_chars":16384,"cell_head_chars":4096},"cells_cut":0,"cells_raw":0,"read":"whole","date_system":"1900"}

{"sheet":"Instructions","index":0,"n_rows":0,"n_cols":0,"rows_kept":0,"cut":false,"hidden":false,"merged":[]}

{"sheet":"Meta data_sheet","index":1,"n_rows":17,"n_cols":5,"rows_kept":17,"cut":false,"hidden":false,"merged":[[18,0,18,1],[16,0,16,1]]}
["Ambient Monitoring Station","Details",null,"Ambient Monitoring Results","Details"]
["Location","Maules Creek",null,"PM2.5 monitoring start (dd/mm/yyyy hh:mm)","2023-06-01"]
["Easting",{"$f":"VLOOKUP($B$2,'Meta data_lookup'!$A$2:$D$5,2,FALSE)","v":225302},null,"PM2.5 monitoring end","2023-07-01"]
["Northing",{"$f":"VLOOKUP($B$2,'Meta data_lookup'!$A$2:$D$5,3,FALSE)","v":6623037},null,"PM2.5 monitoring period (h)",{"$f":"(E3-E2)*24","v":720}]
["Site elevation (m)",{"$f":"VLOOKUP($B$2,'Meta data_lookup'!$A$2:$D$5,4,FALSE)","v":"ND"},null,"Number of valid PM2.5 results",{"$f":"COUNTIF('Raw data_sheet'!G2:G673,\"Valid\")","v":667}]
["Description of surrounding land use","Agriculture/Mining",null,"Proportion of valid PM2.5 results (%)",{"$f":"E5/E4","v":0.92638888888888893}]
["Typical sources impacting on the site","Agriculture/Mining/Unsealed Roads",null,"PM10 monitoring start (dd/mm/yyyy hh:mm)","2023-06-01"]
["Site compliance with AS/NZS 3580.1.1:2007","Yes",null,"PM10 monitoring end","2023-07-01"]
["PM2.5 method compliance with AS/NZS 3580.9.13:2013\n","Yes",null,"PM10 monitoring period (h)",{"$f":"(E8-E7)*24","v":720}]
["PM2.5 instrument make","Thermo Scientific",null,"Number of valid PM10 results",{"$f":"COUNTIF('Raw data_sheet'!J2:J673,\"Valid\")","v":667}]
["PM2.5 instrument model","1405DF",null,"Proportion of valid PM10 results (%)",{"$f":"E10/E9","v":0.92638888888888893}]
["PM2.5 instrument intake height (m)",3.5]
["PM10 method compliance with AS 3580.9.8-2008\n","No*"]
["PM10 instrument make","Thermo Scientific"]
["PM10 instrument model","1405DF"]
["PM10 instrument intake height (m)",3.5]
["*The 1405DF TEOM used at this site measures PM10 indirectly rather than directly. The unit does however meet the intent of AS 3580.9.8-2008, and this method has been accredited by the USEPA. It is considered scientifically robust and is used extensively throughout NSW with EPA's knowledge and informal acceptance."]

{"sheet":"Meta data_lookup","index":2,"n_rows":5,"n_cols":4,"rows_kept":5,"cut":false,"hidden":false,"merged":[]}
["Location","Easting","Northing","Site elevation (m)"]
["Maules Creek",225302,6623037,"ND"]
["Breeza",237993,6542606,"ND"]
["Will-gai",231804,6596392,"ND"]
["Werris Creek",276783,6528734,"ND"]

{"sheet":"Raw data_sheet","index":3,"n_rows":721,"n_cols":21,"rows_kept":721,"cut":false,"hidden":false,"merged":[]}
["Year","Month","Day","Hour","Date and time","PM2.5_hourly","PM2.5_Data_Status","PM2.5_24hr_rolling_average","PM10_hourly","PM10_Data_Status","PM10_24hr_rolling_average","Cause of data invalidity, if applicable","Detailed comments","PM2.5_hourly_valid_plot","PM2.5_24hr_rolling_ave_valid_plot","PM10_hourly_valid_plot","PM10_24hr_rolling_ave_valid_plot","PM10_hourly_valid_plot_series","PM10_24hr_rolling_average_valid_plot_series","PM2.5_hourly_valid_plot_series","PM2.5_24hr_rolling_average_valid_plot_series"]
[2023,6,1,0,{"$f":"DATE(A2,B2,C2)+TIME(D2,0,0)","v":45078},0.43,"Valid",3.3929166666666668,3,"Valid",7.4954166666666664,"","",{"$f":"IF(G2=\"Valid\", F2, NA())","v":0.43},{"$f":"IF(G2=\"Valid\", H2, NA())","v":3.3929166666666668},{"$f":"IF(J2=\"Valid\", I2, NA())","v":3},{"$f":"IF(J2=\"Valid\", K2, NA())","v":7.4954166666666664},3,7.4954166666666664,0.43,3.3929166666666668]
[{"$f":"A2","v":2023},6,{"$f":"C2","v":1},{"$f":"IF(D2=23,0,D2+1)","v":1},{"$f":"E2+0.0416666666666666","v":45078.041666666664},0.19,"Valid",3.0525000000000002,2.76,"Valid",7.1775000000000011,"","",{"$f":"IF(G3=\"Valid\", F3, NA())","v":0.19},{"$f":"IF(G3=\"Valid\", H3, NA())","v":3.0525000000000002},2.76,7.1775000000000011,2.76,7.1775000000000011,0.19,3.0525000000000002]
[{"$f":"A3","v":2023},6,{"$f":"C3","v":1},{"$f":"IF(D3=23,0,D3+1)","v":2},{"$f":"E3+0.0416666666666666","v":45078.083333333328},0.15,"Valid",2.7904166666666672,2.2200000000000002,"Valid",6.94625,"","",0.15,2.7904166666666672,2.2200000000000002,6.94625,2.2200000000000002,6.94625,0.15,2.7904166666666672]
[2023,6,1,3,45078.124999999993,3.68,"Valid",2.7754166666666666,5.2,"Valid",6.9083333333333341,"","",3.68,2.7754166666666666,5.2,6.9083333333333341,5.2,6.9083333333333341,3.68,2.7754166666666666]
[2023,6,1,4,45078.166666666657,2.04,"Valid",2.7729166666666671,4.0199999999999996,"Valid",6.9258333333333333,"","",2.04,2.7729166666666671,4.0199999999999996,6.9258333333333333,4.0199999999999996,6.9258333333333333,2.04,2.7729166666666671]
[2023,6,1,5,45078.208333333321,3.17,"Valid",2.73,5.3,"Valid",6.9016666666666673,"","",3.17,2.73,5.3,6.9016666666666673,5.3,6.9016666666666673,3.17,2.73]
[2023,6,1,6,45078.249999999985,3.19,"Valid",2.7770833333333336,4.63,"Valid",6.9358333333333322,"","",3.19,2.7770833333333336,4.63,6.9358333333333322,4.63,6.9358333333333322,3.19,2.7770833333333336]
[2023,6,1,7,45078.29166666665,2.39,"Valid",2.8925000000000001,3.64,"Valid",7.0387500000000003,"","",2.39,2.8925000000000001,3.64,7.0387500000000003,3.64,7.0387500000000003,2.39,2.8925000000000001]
[2023,6,1,8,45078.333333333314,5.64,"Valid",2.9933333333333327,7.82,"Valid",7.1516666666666646,"","",5.64,2.9933333333333327,7.82,7.1516666666666646,7.82,7.1516666666666646,5.64,2.9933333333333327]
[2023,6,1,9,45078.374999999978,5.04,"Valid",3.1579166666666669,7.45,"Valid",7.209583333333331,"","",5.04,3.1579166666666669,7.45,7.209583333333331,7.45,7.209583333333331,5.04,3.1579166666666669]
[2023,6,1,10,45078.416666666642,1.56,"Valid",3.1066666666666669,3.55,"Valid",7.1008333333333331,"","",1.56,3.1066666666666669,3.55,7.1008333333333331,3.55,7.1008333333333331,1.56,3.1066666666666669]
[2023,6,1,11,45078.458333333307,1.1000000000000001,"Valid",2.9954166666666668,5.54,"Valid",7.064166666666666,"","",1.1000000000000001,2.9954166666666668,5.54,7.064166666666666,5.54,7.064166666666666,1.1000000000000001,2.9954166666666668]
[2023,6,1,12,45078.499999999971,5.44,"Valid",3.1758333333333328,9.4700000000000006,"Valid",7.3162499999999993,"","",5.44,3.1758333333333328,9.4700000000000006,7.3162499999999993,9.4700000000000006,7.3162499999999993,5.44,3.1758333333333328]
[2023,6,1,13,45078.541666666635,6.01,"Valid",3.344583333333333,9.98,"Valid",7.5137499999999973,"","",6.01,3.344583333333333,9.98,7.5137499999999973,9.98,7.5137499999999973,6.01,3.344583333333333]
[2023,6,1,14,45078.583333333299,0.57999999999999996,"Valid",3.2374999999999994,3.46,"Valid",7.4316666666666649,"","",0.57999999999999996,3.2374999999999994,3.46,7.4316666666666649,3.46,7.4316666666666649,0.57999999999999996,3.2374999999999994]
[2023,6,1,15,45078.624999999964,4.49,"Valid",3.3674999999999997,8.25,"Valid",7.5474999999999994,"","",4.49,3.3674999999999997,8.25,7.5474999999999994,8.25,7.5474999999999994,4.49,3.3674999999999997]
[2023,6,1,16,45078.666666666628,6.62,"Valid",3.4770833333333333,10.74,"Valid",7.5958333333333341,"","",6.62,3.4770833333333333,10.74,7.5958333333333341,10.74,7.5958333333333341,6.62,3.4770833333333333]
[2023,6,1,17,45078.708333333292,3.97,"Valid",3.4162499999999998,9.82,"Valid",7.5770833333333334,"","",3.97,3.4162499999999998,9.82,7.5770833333333334,9.82,7.5770833333333334,3.97,3.4162499999999998]
[2023,6,1,18,45078.749999999956,1.38,"Valid",3.2837499999999995,11.56,"Valid",7.519166666666667,"","",1.38,3.2837499999999995,11.56,7.519166666666667,11.56,7.519166666666667,1.38,3.2837499999999995]
[2023,6,1,19,45078.791666666621,4.4400000000000004,"Valid",3.2095833333333328,10.1,"Valid",7.0195833333333324,"","",4.4400000000000004,3.2095833333333328,10.1,7.0195833333333324,10.1,7.0195833333333324,4.4400000000000004,3.2095833333333328]
[2023,6,1,20,45078.833333333285,4.5,"Valid",3.231666666666666,10.65,"Valid",7.0137500000000008,"","",4.5,3.231666666666666,10.65,7.0137500000000008,10.65,7.0137500000000008,4.5,3.231666666666666]
[2023,6,1,21,45078.874999999949,5.33,"Valid",3.2504166666666667,8.1,"Valid",6.6433333333333335,"","",5.33,3.2504166666666667,8.1,6.6433333333333335,8.1,6.6433333333333335,5.33,3.2504166666666667]
[2023,6,1,22,45078.916666666613,4.67,"Valid",3.2870833333333334,7.61,"Valid",6.6791666666666671,"","",4.67,3.2870833333333334,7.61,6.6791666666666671,7.61,6.6791666666666671,4.67,3.2870833333333334]
[2023,6,{"$f":"C24","v":1},23,45078.958333333278,3.69,"Valid",3.3208333333333329,6.45,"Valid",6.7216666666666667,"","",3.69,3.3208333333333329,6.45,6.7216666666666667,6.45,6.7216666666666667,3.69,3.3208333333333329]
[2023,6,{"$f":"C2+1","v":2},0,45078.999999999942,1.95,"Valid",3.3841666666666659,4.45,"Valid",6.7820833333333326,"","",1.95,3.3841666666666659,4.45,6.7820833333333326,4.45,6.7820833333333326,1.95,3.3841666666666659]
[2023,6,{"$f":"C3+1","v":2},1,45079.041666666606,4.4800000000000004,"Valid",3.5629166666666663,6.39,"Valid",6.9333333333333309,"","",4.4800000000000004,3.5629166666666663,6.39,6.9333333333333309,6.39,6.9333333333333309,4.4800000000000004,3.5629166666666663]
[2023,6,2,2,45079.08333333327,1.52,"Valid",3.6199999999999997,3.74,"Valid",6.9966666666666653,"","",1.52,3.6199999999999997,3.74,6.9966666666666653,3.74,6.9966666666666653,1.52,3.6199999999999997]
[2023,6,2,3,45079.124999999935,3.27,"Valid",3.6029166666666668,5.19,"Valid",6.996249999999999,"","",3.27,3.6029166666666668,5.19,6.996249999999999,5.19,6.996249999999999,3.27,3.6029166666666668]
[2023,6,2,4,45079.166666666599,-0.91,"Valid",3.48,0.53,"Valid",6.8508333333333331,"","",-0.91,3.48,0.53,6.8508333333333331,0.53,6.8508333333333331,-0.91,3.48]
[2023,6,2,5,45079.208333333263,-0.16,"Valid",3.3412500000000001,1.41,"Valid",6.6887499999999989,"","",-0.16,3.3412500000000001,1.41,6.6887499999999989,1.41,6.6887499999999989,-0.16,3.3412500000000001]
[2023,6,2,6,45079.249999999927,-1.44,"Valid",3.1483333333333334,0.12,"Valid",6.5008333333333326,"","",-1.44,3.1483333333333334,0.12,6.5008333333333326,0.12,6.5008333333333326,-1.44,3.1483333333333334]
[2023,6,2,7,45079.291666666591,0.68,"Valid",3.0770833333333338,2.59,"Valid",6.4570833333333333,"","",0.68,3.0770833333333338,2.59,6.4570833333333333,2.59,6.4570833333333333,0.68,3.0770833333333338]
[2023,6,2,8,45079.333333333256,-0.06,"Valid",2.8395833333333336,1.77,"Valid",6.205000000000001,"","",-0.06,2.8395833333333336,1.77,6.205000000000001,1.77,6.205000000000001,-0.06,2.8395833333333336]
[2023,6,2,9,45079.37499999992,2.4500000000000002,"Valid",2.7316666666666669,5.18,"Valid",6.1104166666666684,"","",2.4500000000000002,2.7316666666666669,5.18,6.1104166666666684,5.18,6.1104166666666684,2.4500000000000002,2.7316666666666669]
[2023,6,2,10,45079.416666666584,2.93,"Valid",2.7887500000000007,6.54,"Valid",6.2350000000000003,"","",2.93,2.7887500000000007,6.54,6.2350000000000003,6.54,6.2350000000000003,2.93,2.7887500000000007]
[2023,6,2,11,45079.458333333248,1.7,"Valid",2.8137500000000006,7.22,"Valid",6.3050000000000006,"","",1.7,2.8137500000000006,7.22,6.3050000000000006,7.22,6.3050000000000006,1.7,2.8137500000000006]
[2023,6,2,12,45079.499999999913,6.12,"Valid",2.8420833333333344,24.3,"Valid",6.9229166666666666,"","",6.12,2.8420833333333344,24.3,6.9229166666666666,24.3,6.9229166666666666,6.12,2.8420833333333344]
[2023,6,2,13,45079.541666666577,4.91,"Valid",2.796250000000001,17.260000000000002,"Valid",7.2262500000000012,"","",4.91,2.796250000000001,17.260000000000002,7.2262500000000012,17.260000000000002,7.2262500000000012,4.91,2.796250000000001]
[2023,6,2,14,45079.583333333241,7.95,"Valid",3.1033333333333348,14.56,"Valid",7.6887500000000015,"","",7.95,3.1033333333333348,14.56,7.6887500000000015,14.56,7.6887500000000015,7.95,3.1033333333333348]
[2023,6,2,15,45079.624999999905,6.31,"Valid",3.1791666666666676,13.01,"Valid",7.887083333333333,"","",6.31,3.1791666666666676,13.01,7.887083333333333,13.01,7.887083333333333,6.31,3.1791666666666676]
[2023,6,2,16,45079.66666666657,7.01,"Valid",3.1954166666666679,12.84,"Valid",7.9745833333333325,"","",7.01,3.1954166666666679,12.84,7.9745833333333325,12.84,7.9745833333333325,7.01,3.1954166666666679]
[2023,6,2,17,45079.708333333234,7.45,"Valid",3.3404166666666679,14.32,"Valid",8.1620833333333334,"","",7.45,3.3404166666666679,14.32,8.1620833333333334,14.32,8.1620833333333334,7.45,3.3404166666666679]
[2023,6,2,18,45079.749999999898,5.7,"Valid",3.5204166666666676,21.5,"Valid",8.5762499999999999,"","",5.7,3.5204166666666676,21.5,8.5762499999999999,21.5,8.5762499999999999,5.7,3.5204166666666676]
[2023,6,2,19,45079.791666666562,4.59,"Valid",3.5266666666666673,11.26,"Valid",8.6245833333333319,"","",4.59,3.5266666666666673,11.26,8.6245833333333319,11.26,8.6245833333333319,4.59,3.5266666666666673]
[2023,6,2,20,45079.833333333227,2.19,"Valid",3.4304166666666664,5.7,"Valid",8.418333333333333,"","",2.19,{"$f":"IF(G46=\"Valid\", H46, NA())","v":3.4304166666666664},{"$f":"IF(J46=\"Valid\", I46, NA())","v":5.7},8.418333333333333,5.7,8.418333333333333,2.19,3.4304166666666664]
[2023,6,2,21,45079.874999999891,7.83,"Valid",3.5345833333333334,22.79,"Valid",9.0304166666666656,"","",7.83,3.5345833333333334,22.79,9.0304166666666656,22.79,9.0304166666666656,7.83,3.5345833333333334]
[2023,6,2,22,45079.916666666555,6.11,"Valid",3.594583333333333,11.88,"Valid",9.2083333333333321,"","",6.11,3.594583333333333,11.88,9.2083333333333321,11.88,9.2083333333333321,6.11,3.594583333333333]
[2023,6,2,23,45079.958333333219,6.61,"Valid",3.7162500000000001,13.21,"Valid",9.49,"","",6.61,3.7162500000000001,13.21,9.49,13.21,9.49,6.61,3.7162500000000001]
[2023,6,3,0,45079.999999999884,6.74,"Valid",3.9158333333333331,9.8699999999999992,"Valid",9.7158333333333342,"","",6.74,3.9158333333333331,9.8699999999999992,9.7158333333333342,9.8699999999999992,9.7158333333333342,6.74,3.9158333333333331]
[2023,6,3,1,45080.041666666548,1.97,"Valid",3.8112499999999994,3.78,"Valid",9.6070833333333336,"","",1.97,3.8112499999999994,3.78,9.6070833333333336,3.78,9.6070833333333336,1.97,3.8112499999999994]
[2023,6,3,2,45080.083333333212,3.52,"Valid",3.8945833333333328,5.5,"Valid",9.680416666666666,"","",3.52,3.8945833333333328,5.5,9.680416666666666,5.5,9.680416666666666,3.52,3.8945833333333328]
[2023,6,3,3,45080.124999999876,3.63,"Valid",3.9095833333333325,5.8,"Valid",9.7058333333333326,"","",3.63,3.9095833333333325,5.8,9.7058333333333326,5.8,9.7058333333333326,3.63,3.9095833333333325]
[2023,6,3,4,45080.166666666541,6.26,"Valid",4.208333333333333,9.08,"Valid",10.062083333333334,"","",6.26,4.208333333333333,9.08,10.062083333333334,9.08,10.062083333333334,6.26,4.208333333333333]
[2023,6,3,5,45080.208333333205,4.96,"Valid",4.421666666666666,6.87,"Valid",10.289583333333335,"","",4.96,4.421666666666666,6.87,10.289583333333335,6.87,10.289583333333335,4.96,4.421666666666666]
[2023,6,3,6,45080.249999999869,1.78,"Valid",4.5558333333333332,3.48,"Valid",10.429583333333333,"","",1.78,4.5558333333333332,3.48,10.429583333333333,3.48,10.429583333333333,1.78,4.5558333333333332]
[2023,6,3,7,45080.291666666533,5.75,"Valid",4.7670833333333329,7.62,"Valid",10.639166666666666,"","",5.75,4.7670833333333329,7.62,10.639166666666666,7.62,10.639166666666666,5.75,4.7670833333333329]
[2023,6,3,8,45080.333333333198,8.2200000000000006,"Valid",5.1120833333333326,11.96,"Valid",11.063750000000001,"","",8.2200000000000006,5.1120833333333326,11.96,11.063750000000001,11.96,11.063750000000001,8.2200000000000006,5.1120833333333326]
[2023,6,3,9,45080.374999999862,8.43,"Valid",5.3612499999999992,13.25,"Valid",11.4,"","",8.43,5.3612499999999992,13.25,11.4,13.25,11.4,8.43,5.3612499999999992]
[2023,6,3,10,45080.416666666526,2.46,"Valid",5.3416666666666659,6.62,"Valid",11.403333333333336,"","",2.46,5.3416666666666659,6.62,11.403333333333336,6.62,11.403333333333336,2.46,5.3416666666666659]
[2023,6,3,11,45080.45833333319,4.6399999999999997,"Valid",5.4641666666666664,8.81,"Valid",11.469583333333334,"","",4.6399999999999997,5.4641666666666664,8.81,11.469583333333334,8.81,11.469583333333334,4.6399999999999997,5.4641666666666664]
[2023,6,3,12,45080.499999999854,2.79,"Valid",5.3254166666666665,5.79,"Valid",10.698333333333336,"","",2.79,5.3254166666666665,5.79,10.698333333333336,5.79,10.698333333333336,2.79,5.3254166666666665]
[2023,6,3,13,45080.541666666519,7.08,"Valid",5.4158333333333326,11.03,"Valid",10.438750000000001,"","",7.08,5.4158333333333326,11.03,10.438750000000001,11.03,10.438750000000001,7.08,5.4158333333333326]
[2023,6,3,14,45080.583333333183,6.79,"Valid",5.3674999999999997,12.38,"Valid",10.347916666666668,"","",6.79,5.3674999999999997,12.38,10.347916666666668,12.38,10.347916666666668,6.79,5.3674999999999997]
[2023,6,3,15,45080.624999999847,7.03,"Valid",5.3975,11.43,"Valid",10.282083333333334,"","",7.03,5.3975,11.43,10.282083333333334,11.43,10.282083333333334,7.03,5.3975]
[2023,6,3,16,45080.666666666511,3.69,"Valid",5.2591666666666672,7.71,"Valid",10.068333333333333,"","",{"$f":"IF(G66=\"Valid\", F66, NA())","v":3.69},{"$f":"IF(G66=\"Valid\", H66, NA())","v":5.2591666666666672},{"$f":"IF(J66=\"Valid\", I66, NA())","v":7.71},{"$f":"IF(J66=\"Valid\", K66, NA())","v":10.068333333333333},7.71,10.068333333333333,3.69,5.2591666666666672]
[2023,6,3,17,45080.708333333176,6.27,"Valid",5.2100000000000009,9.61,"Valid",9.8720833333333342,"","",6.27,5.2100000000000009,9.61,9.8720833333333342,9.61,9.8720833333333342,6.27,5.2100000000000009]
[{"$f":"A67","v":2023},6,3,{"$f":"IF(D67=23,0,D67+1)","v":18},{"$f":"E67+0.0416666666666666","v":45080.74999999984},7.69,"Valid",5.2929166666666667,24.64,"Valid",10.002916666666666,"","",7.69,5.2929166666666667,24.64,10.002916666666666,24.64,10.002916666666666,7.69,5.2929166666666667]
[2023,6,3,19,45080.791666666504,6.46,"Valid",5.3708333333333336,16.97,"Valid",10.240833333333333,"","",6.46,5.3708333333333336,16.97,10.240833333333333,16.97,10.240833333333333,6.46,5.3708333333333336]
[2023,6,3,20,45080.833333333168,4.24,"Valid",5.4562499999999998,9.16,"Valid",10.385,"","",4.24,5.4562499999999998,9.16,10.385,9.16,10.385,4.24,5.4562499999999998]
[2023,6,3,21,45080.874999999833,6.2,"Valid",5.3883333333333328,9.9499999999999993,"Valid",9.85,"","",6.2,5.3883333333333328,9.9499999999999993,9.85,9.9499999999999993,9.85,6.2,5.3883333333333328]
[2023,6,3,22,45080.916666666497,7.75,"Valid",5.4566666666666661,11.57,"Valid",9.8370833333333323,"","",7.75,5.4566666666666661,11.57,9.8370833333333323,11.57,9.8370833333333323,7.75,5.4566666666666661]
[2023,6,3,23,45080.958333333161,8.07,"Valid",5.5174999999999992,11.3,"Valid",9.7575000000000003,"","",8.07,5.5174999999999992,11.3,9.7575000000000003,11.3,9.7575000000000003,8.07,5.5174999999999992]
[2023,6,4,0,45080.999999999825,8.0299999999999994,"Valid",5.5712499999999991,11.57,"Valid",9.8283333333333331,"","",8.0299999999999994,5.5712499999999991,11.57,9.8283333333333331,11.57,9.8283333333333331,8.0299999999999994,5.5712499999999991]
[2023,6,4,1,45081.04166666649,6.97,"Valid",5.7795833333333322,14.66,"Valid",10.281666666666665,"","",6.97,5.7795833333333322,14.66,10.281666666666665,14.66,10.281666666666665,6.97,5.7795833333333322]
[2023,6,4,2,45081.083333333154,4.13,"Valid",5.8049999999999988,7.49,"Valid",10.364583333333332,"","",4.13,5.8049999999999988,7.49,10.364583333333332,7.49,10.364583333333332,4.13,5.8049999999999988]
[2023,6,4,3,45081.124999999818,2.79,"Valid",5.7699999999999987,5.78,"Valid",10.363749999999998,"","",2.79,5.7699999999999987,5.78,10.363749999999998,5.78,10.363749999999998,2.79,5.7699999999999987]
[2023,6,4,4,45081.166666666482,5.29,"Valid",5.7295833333333315,7.77,"Valid",10.309166666666666,"","",5.29,5.7295833333333315,7.77,10.309166666666666,7.77,10.309166666666666,5.29,5.7295833333333315]
[2023,6,4,5,45081.208333333147,7.15,"Valid",5.8208333333333329,10.16,"Valid",10.446249999999999,"","",7.15,5.8208333333333329,10.16,10.446249999999999,10.16,10.446249999999999,7.15,5.8208333333333329]
[2023,6,4,6,45081.249999999811,7.34,"Valid",6.0524999999999993,16.45,"Valid",10.986666666666665,"","",7.34,6.0524999999999993,16.45,10.986666666666665,16.45,10.986666666666665,7.34,6.0524999999999993]
[2023,6,4,7,45081.291666666475,9.36,"Valid",6.2029166666666669,19.670000000000002,"Valid",11.488750000000001,"","",9.36,6.2029166666666669,19.670000000000002,11.488750000000001,19.670000000000002,11.488750000000001,9.36,6.2029166666666669]
[2023,6,4,8,45081.333333333139,7.85,"Valid",6.1875000000000009,14.72,"Valid",11.60375,"","",7.85,6.1875000000000009,14.72,11.60375,14.72,11.60375,7.85,6.1875000000000009]
[2023,6,4,9,45081.374999999804,7.37,"Valid",6.1433333333333344,13.03,"Valid",11.594583333333333,"","",7.37,6.1433333333333344,13.03,11.594583333333333,13.03,11.594583333333333,7.37,6.1433333333333344]
[2023,6,4,10,45081.416666666468,10.18,"Valid",6.4650000000000025,15.33,"Valid",11.957500000000001,"","",10.18,6.4650000000000025,15.33,11.957500000000001,15.33,11.957500000000001,10.18,6.4650000000000025]
[2023,6,4,11,45081.458333333132,6.45,"Valid",6.5404166666666681,11.89,"Valid",12.085833333333333,"","",6.45,6.5404166666666681,11.89,12.085833333333333,11.89,12.085833333333333,6.45,6.5404166666666681]
[2023,6,4,12,45081.499999999796,7.65,"Valid",6.7429166666666687,13.86,"Valid",12.422083333333333,"","",7.65,6.7429166666666687,13.86,12.422083333333333,13.86,12.422083333333333,7.65,6.7429166666666687]
[2023,6,4,13,45081.541666666461,11.46,"Valid",6.925416666666667,16.48,"Valid",12.649166666666668,"","",11.46,6.925416666666667,16.48,12.649166666666668,16.48,12.649166666666668,11.46,6.925416666666667]
[2023,6,4,14,45081.583333333125,10.130000000000001,"Valid",7.0645833333333341,14.04,"Valid",12.718333333333335,"","",10.130000000000001,7.0645833333333341,14.04,12.718333333333335,14.04,12.718333333333335,10.130000000000001,7.0645833333333341]
[2023,6,4,15,45081.624999999789,11.73,"Valid",7.260416666666667,17.13,"Valid",12.955833333333338,"","",11.73,7.260416666666667,17.13,12.955833333333338,17.13,12.955833333333338,11.73,7.260416666666667]
[2023,6,4,16,45081.666666666453,9.11,"Valid",7.486250000000001,15.98,"Valid",13.300416666666671,"","",9.11,7.486250000000001,15.98,13.300416666666671,15.98,13.300416666666671,9.11,7.486250000000001]
[2023,6,{"$f":"C67+1","v":4},17,45081.708333333117,5.36,"Valid",7.4483333333333333,9.18,"Valid",13.282500000000004,"","",5.36,7.4483333333333333,9.18,13.282500000000004,9.18,13.282500000000004,5.36,7.4483333333333333]
[2023,6,4,18,45081.749999999782,4.8,"Valid",7.3279166666666669,9.65,"Valid",12.657916666666667,"","",4.8,7.3279166666666669,9.65,12.657916666666667,9.65,12.657916666666667,4.8,7.3279166666666669]
[2023,6,4,19,45081.791666666446,4.2300000000000004,"Valid",7.2350000000000003,10.95,"Valid",12.407083333333333,"","",4.2300000000000004,7.2350000000000003,10.95,12.407083333333333,10.95,12.407083333333333,4.2300000000000004,7.2350000000000003]
[2023,6,4,20,45081.83333333311,4.1500000000000004,"Valid",7.2312500000000002,8.33,"Valid",12.3725,"","",4.1500000000000004,7.2312500000000002,8.33,12.3725,8.33,12.3725,4.1500000000000004,7.2312500000000002]
[2023,6,4,21,45081.874999999774,2.2599999999999998,"Valid",7.0670833333333336,5.28,"Valid",12.177916666666663,"","",2.2599999999999998,7.0670833333333336,5.28,12.177916666666663,5.28,12.177916666666663,2.2599999999999998,7.0670833333333336]
[2023,6,4,22,45081.916666666439,2.69,"Valid",6.8562500000000002,5.14,"Valid",11.909999999999997,"","",2.69,6.8562500000000002,5.14,11.909999999999997,5.14,11.909999999999997,2.69,6.8562500000000002]
[2023,6,4,23,45081.958333333103,0.02,"Valid",6.5208333333333348,1.49,"Valid",11.501249999999997,"","",0.02,6.5208333333333348,1.49,11.501249999999997,1.49,11.501249999999997,0.02,6.5208333333333348]
[2023,6,5,0,45081.999999999767,5.74,"Valid",6.4254166666666679,7.83,"Valid",11.345416666666665,"","",5.74,6.4254166666666679,7.83,11.345416666666665,7.83,11.345416666666665,5.74,6.4254166666666679]
[2023,6,5,1,45082.041666666431,6.6,"Valid",6.41,8.75,"Valid",11.099166666666664,"","",6.6,6.41,8.75,11.099166666666664,8.75,11.099166666666664,6.6,6.41]
[2023,6,5,2,45082.083333333096,3.94,"Valid",6.4020833333333336,5.78,"Valid",11.027916666666664,"","",3.94,6.4020833333333336,5.78,11.027916666666664,5.78,11.027916666666664,3.94,6.4020833333333336]
[2023,6,5,3,45082.12499999976,2.0299999999999998,"Valid",6.3704166666666664,3.82,"Valid",10.946249999999999,"","",2.0299999999999998,6.3704166666666664,3.82,10.946249999999999,3.82,10.946249999999999,2.0299999999999998,6.3704166666666664]
[2023,6,5,4,45082.166666666424,"","Invalid",6.4173913043478272,"","Invalid",11.084347826086956,"Power Failure","Power outage - system reset",{"$error":"#N/A"},{"$error":"#N/A"},{"$error":"#N/A"},{"$error":"#N/A"}]
[2023,6,5,5,45082.208333333088,"","Invalid",6.3840909090909088,"","Invalid",11.126363636363637,"Power Failure","Power outage - system reset",{"$error":"#N/A"},{"$error":"#N/A"},{"$error":"#N/A"},{"$error":"#N/A"}]
[2023,6,5,6,45082.249999999753,"","Invalid",6.338571428571429,"","Invalid",10.872857142857143,"Power Failure","Power outage - system reset",{"$error":"#N/A"},{"$error":"#N/A"},{"$error":"#N/A"},{"$error":"#N/A"}]
[2023,6,5,7,45082.291666666417,2.2599999999999998,"Valid",6.0004761904761903,4.01,"Valid",10.127142857142857,"","",2.2599999999999998,6.0004761904761903,4.01,10.127142857142857,4.01,10.127142857142857,2.2599999999999998,6.0004761904761903]
[2023,6,5,8,45082.333333333081,5.68,"Valid",5.8971428571428577,8.24,"Valid",9.8185714285714276,"","",5.68,5.8971428571428577,8.24,9.8185714285714276,8.24,9.8185714285714276,5.68,5.8971428571428577]
[2023,6,5,9,45082.374999999745,2.44,"Valid",5.6623809523809525,8.0500000000000007,"Valid",9.581428571428571,"","",2.44,5.6623809523809525,8.0500000000000007,9.581428571428571,8.0500000000000007,9.581428571428571,2.44,5.6623809523809525]
[2023,6,5,10,45082.41666666641,2.2999999999999998,"Valid",5.2871428571428565,4.33,"Valid",9.057619047619049,"","",2.2999999999999998,5.2871428571428565,4.33,9.057619047619049,4.33,9.057619047619049,2.2999999999999998,5.2871428571428565]
[2023,6,5,11,45082.458333333074,0.19,"Valid",4.9890476190476187,4,"Valid",8.6819047619047627,"","",0.19,4.9890476190476187,4,8.6819047619047627,4,8.6819047619047627,0.19,4.9890476190476187]
[2023,6,5,12,45082.499999999738,1.48,"Valid",4.6952380952380945,3.49,"Valid",8.1880952380952401,"","",1.48,4.6952380952380945,3.49,8.1880952380952401,3.49,8.1880952380952401,1.48,4.6952380952380945]
[2023,6,5,13,45082.541666666402,2.13,"Valid",4.2509523809523797,4.29,"Valid",7.6076190476190488,"","",2.13,4.2509523809523797,4.29,7.6076190476190488,4.29,7.6076190476190488,2.13,4.2509523809523797]
[2023,6,5,14,45082.583333333067,2.52,"Valid",3.8885714285714279,4.3,"Valid",7.1438095238095247,"","",2.52,3.8885714285714279,4.3,7.1438095238095247,4.3,7.1438095238095247,2.52,3.8885714285714279]
[2023,6,5,15,45082.624999999731,3.57,"Valid",3.4999999999999987,5.77,"Valid",6.6028571428571423,"","",3.57,3.4999999999999987,5.77,6.6028571428571423,5.77,6.6028571428571423,3.57,3.4999999999999987]
[2023,6,5,16,45082.666666666395,2.25,"Valid",3.1733333333333329,6.43,"Valid",6.1480952380952374,"","",2.25,3.1733333333333329,6.43,6.1480952380952374,6.43,6.1480952380952374,2.25,3.1733333333333329]
[2023,6,5,17,45082.708333333059,1.87,"Valid",3.0071428571428567,9.36,"Valid",6.1566666666666645,"","",1.87,3.0071428571428567,9.36,6.1566666666666645,9.36,6.1566666666666645,1.87,3.0071428571428567]
[2023,6,5,18,45082.749999999724,2.12,"Valid",2.8795238095238092,14.09,"Valid",6.368095238095238,"","",2.12,2.8795238095238092,14.09,6.368095238095238,14.09,6.368095238095238,2.12,2.8795238095238092]
[2023,6,5,19,45082.791666666388,1.9,"Valid",2.7685714285714282,5.45,"Valid",6.1061904761904753,"","",1.9,2.7685714285714282,5.45,6.1061904761904753,5.45,6.1061904761904753,1.9,2.7685714285714282]
[2023,6,5,20,45082.833333333052,1.58,"Valid",2.6461904761904753,4.3,"Valid",5.9142857142857146,"","",1.58,2.6461904761904753,4.3,5.9142857142857146,4.3,5.9142857142857146,1.58,2.6461904761904753]
[2023,6,5,21,45082.874999999716,1.05,"Valid",2.5885714285714281,4.1100000000000003,"Valid",5.8585714285714285,"","",1.05,2.5885714285714281,4.1100000000000003,5.8585714285714285,4.1100000000000003,5.8585714285714285,1.05,2.5885714285714281]
[2023,6,5,22,45082.91666666638,1.45,"Valid",2.52952380952381,3.06,"Valid",5.7595238095238086,"","",1.45,2.52952380952381,3.06,5.7595238095238086,3.06,5.7595238095238086,1.45,2.52952380952381]
[2023,6,5,23,45082.958333333045,5.82,"Valid",2.8057142857142856,8.18,"Valid",6.0780952380952389,"","",5.82,2.8057142857142856,8.18,6.0780952380952389,8.18,6.0780952380952389,5.82,2.8057142857142856]
[2023,6,6,0,45082.999999999709,4.87,"Valid",2.7642857142857138,6.27,"Valid",6.0038095238095242,"","",4.87,2.7642857142857138,6.27,6.0038095238095242,6.27,6.0038095238095242,4.87,2.7642857142857138]
[2023,6,6,1,45083.041666666373,1.94,"Valid",2.542380952380952,3.26,"Valid",5.7423809523809526,"","",1.94,2.542380952380952,3.26,5.7423809523809526,3.26,5.7423809523809526,1.94,2.542380952380952]
[2023,6,6,2,45083.083333333037,1.92,"Valid",2.4461904761904756,3.39,"Valid",5.628571428571429,"","",1.92,2.4461904761904756,3.39,5.628571428571429,3.39,5.628571428571429,1.92,2.4461904761904756]
[2023,6,6,3,45083.124999999702,4.05,"Valid",2.542380952380952,5.16,"Valid",5.6923809523809528,"","",4.05,2.542380952380952,5.16,5.6923809523809528,5.16,5.6923809523809528,4.05,2.542380952380952]
[2023,6,6,4,45083.166666666366,1.79,"Valid",2.5081818181818178,2.82,"Valid",5.5618181818181816,"","",1.79,2.5081818181818178,2.82,5.5618181818181816,2.82,5.5618181818181816,1.79,2.5081818181818178]
[2023,6,6,5,45083.20833333303,2.78,"Valid",2.5199999999999996,4.66,"Valid",5.522608695652174,"","",2.78,2.5199999999999996,4.66,5.522608695652174,4.66,5.522608695652174,2.78,2.5199999999999996]
[2023,6,6,6,45083.249999999694,5.2,"Valid",2.6316666666666664,8.82,"Valid",5.66,"","",5.2,2.6316666666666664,8.82,5.66,8.82,5.66,5.2,2.6316666666666664]
[2023,6,6,7,45083.291666666359,-0.68,"Valid",2.5091666666666668,2.6,"Valid",5.6012499999999994,"","",-0.68,2.5091666666666668,2.6,5.6012499999999994,2.6,5.6012499999999994,-0.68,2.5091666666666668]
[2023,6,6,8,45083.333333333023,4.28,"Valid",2.4508333333333332,7.9,"Valid",5.5870833333333332,"","",{"$f":"IF(G130=\"Valid\", F130, NA())","v":4.28},{"$f":"IF(G130=\"Valid\", H130, NA())","v":2.4508333333333332},{"$f":"IF(J130=\"Valid\", I130, NA())","v":7.9},{"$f":"IF(J130=\"Valid\", K130, NA())","v":5.5870833333333332},7.9,5.5870833333333332,4.28,2.4508333333333332]
[2023,6,6,9,45083.374999999687,4.91,"Valid",2.5537499999999995,8.58,"Valid",5.6091666666666669,"","",4.91,2.5537499999999995,8.58,5.6091666666666669,8.58,5.6091666666666669,4.91,2.5537499999999995]
[{"$f":"A131","v":2023},6,6,{"$f":"IF(D131=23,0,D131+1)","v":10},{"$f":"E131+0.0416666666666666","v":45083.416666666351},4.26,"Valid",2.6354166666666665,9.98,"Valid",5.8445833333333335,"","",4.26,2.6354166666666665,9.98,5.8445833333333335,9.98,5.8445833333333335,4.26,2.6354166666666665]
[2023,6,6,11,45083.458333333016,-0.46,"Valid",2.6083333333333329,4.76,"Valid",5.8762499999999998,"","",-0.46,2.6083333333333329,4.76,5.8762499999999998,4.76,5.8762499999999998,-0.46,2.6083333333333329]
[2023,6,6,12,45083.49999999968,2.5499999999999998,"Valid",2.6529166666666666,5.63,"Valid",5.9654166666666661,"","",2.5499999999999998,2.6529166666666666,5.63,5.9654166666666661,5.63,5.9654166666666661,2.5499999999999998,2.6529166666666666]
[2023,6,6,13,45083.541666666344,0.72,"Valid",2.5941666666666667,2.11,"Valid",5.8745833333333337,"","",0.72,2.5941666666666667,2.11,5.8745833333333337,2.11,5.8745833333333337,0.72,2.5941666666666667]
[2023,6,6,14,45083.583333333008,6.28,"Valid",2.750833333333333,9.92,"Valid",6.1087499999999997,"","",6.28,2.750833333333333,9.92,6.1087499999999997,9.92,6.1087499999999997,6.28,2.750833333333333]
[2023,6,6,15,45083.624999999673,4.93,"Valid",2.8074999999999997,11.59,"Valid",6.3512500000000003,"","",4.93,2.8074999999999997,11.59,6.3512500000000003,11.59,6.3512500000000003,4.93,2.8074999999999997]
[2023,6,6,16,45083.666666666337,6.55,"Valid",2.9866666666666664,14.5,"Valid",6.6874999999999991,"","",6.55,2.9866666666666664,14.5,6.6874999999999991,14.5,6.6874999999999991,6.55,2.9866666666666664]
[2023,6,6,17,45083.708333333001,2.38,"Valid",3.0079166666666666,7.95,"Valid",6.6287499999999993,"","",2.38,3.0079166666666666,7.95,6.6287499999999993,7.95,6.6287499999999993,2.38,3.0079166666666666]
[2023,6,6,18,45083.749999999665,3.21,"Valid",3.0533333333333328,10.039999999999999,"Valid",6.46,"","",3.21,3.0533333333333328,10.039999999999999,6.46,10.039999999999999,6.46,3.21,3.0533333333333328]
[2023,6,6,19,45083.79166666633,2.76,"Valid",3.0891666666666668,6.64,"Valid",6.5095833333333326,"","",2.76,3.0891666666666668,6.64,6.5095833333333326,6.64,6.5095833333333326,2.76,3.0891666666666668]
[2023,6,6,20,45083.833333332994,1.1000000000000001,"Valid",3.0691666666666659,7.28,"Valid",6.6337499999999991,"","",1.1000000000000001,3.0691666666666659,7.28,6.6337499999999991,7.28,6.6337499999999991,1.1000000000000001,3.0691666666666659]
[2023,6,6,21,45083.874999999658,4.8600000000000003,"Valid",3.2279166666666659,9.84,"Valid",6.8724999999999996,"","",4.8600000000000003,3.2279166666666659,9.84,6.8724999999999996,9.84,6.8724999999999996,4.8600000000000003,3.2279166666666659]
[2023,6,6,22,45083.916666666322,3.2,"Valid",3.3008333333333328,6.98,"Valid",7.0358333333333327,"","",3.2,3.3008333333333328,6.98,7.0358333333333327,6.98,7.0358333333333327,3.2,3.3008333333333328]
[2023,6,6,23,45083.958333332987,2.11,"Valid",3.1462499999999998,5.54,"Valid",6.9258333333333324,"","",2.11,3.1462499999999998,5.54,6.9258333333333324,5.54,6.9258333333333324,2.11,3.1462499999999998]
[2023,6,7,0,45083.999999999651,2.97,"Valid",3.0670833333333332,6.21,"Valid",6.9233333333333329,"","",2.97,3.0670833333333332,6.21,6.9233333333333329,6.21,6.9233333333333329,2.97,3.0670833333333332]
[2023,6,7,1,45084.041666666315,-0.33,"Valid",2.9724999999999997,3.04,"Valid",6.9141666666666657,"","",-0.33,2.9724999999999997,3.04,6.9141666666666657,3.04,6.9141666666666657,-0.33,2.9724999999999997]
[2023,6,7,2,45084.083333332979,0.15,"Valid",2.8987500000000002,2.19,"Valid",6.8641666666666659,"","",0.15,2.8987500000000002,2.19,6.8641666666666659,2.19,6.8641666666666659,0.15,2.8987500000000002]
[2023,6,7,3,45084.124999999643,2.35,"Valid",2.8279166666666669,3.98,"Valid",6.8149999999999986,"","",2.35,2.8279166666666669,3.98,6.8149999999999986,3.98,6.8149999999999986,2.35,2.8279166666666669]
[2023,6,7,4,45084.166666666308,0.23,"Valid",2.7629166666666669,1.49,"Valid",6.7595833333333326,"","",0.23,2.7629166666666669,1.49,6.7595833333333326,1.49,6.7595833333333326,0.23,2.7629166666666669]
[2023,6,7,5,45084.208333332972,-1.28,"Valid",2.59375,0.56000000000000005,"Valid",6.5887499999999983,"","",-1.28,2.59375,0.56000000000000005,6.5887499999999983,0.56000000000000005,6.5887499999999983,-1.28,2.59375]
[2023,6,7,6,45084.249999999636,3.32,"Valid",2.5154166666666664,5.1100000000000003,"Valid",6.434166666666667,"","",3.32,2.5154166666666664,5.1100000000000003,6.434166666666667,5.1100000000000003,6.434166666666667,3.32,2.5154166666666664]
[2023,6,7,7,45084.2916666663,1.86,"Valid",2.6212499999999999,2.76,"Valid",6.4408333333333339,"","",1.86,2.6212499999999999,2.76,6.4408333333333339,2.76,6.4408333333333339,1.86,2.6212499999999999]
[2023,6,7,8,45084.333333332965,3.16,"Valid",2.574583333333333,4.34,"Valid",6.2925000000000004,"","",3.16,2.574583333333333,4.34,6.2925000000000004,4.34,6.2925000000000004,3.16,2.574583333333333]
[2023,6,{"$f":"C131+1","v":7},9,45084.374999999629,2.56,"Valid",2.4766666666666666,4.1100000000000003,"Valid",6.106250000000002,"","",2.56,2.4766666666666666,4.1100000000000003,6.106250000000002,4.1100000000000003,6.106250000000002,2.56,2.4766666666666666]
[2023,6,7,10,45084.416666666293,3.08,"Valid",2.4275000000000002,7.51,"Valid",6.0033333333333339,"","",3.08,2.4275000000000002,7.51,6.0033333333333339,7.51,6.0033333333333339,3.08,2.4275000000000002]
[2023,6,7,11,45084.458333332957,5.38,"Valid",2.6708333333333329,8.2100000000000009,"Valid",6.1470833333333346,"","",5.38,2.6708333333333329,8.2100000000000009,6.1470833333333346,8.2100000000000009,6.1470833333333346,5.38,2.6708333333333329]
[2023,6,7,12,45084.499999999622,6.76,"Valid",2.8462499999999999,10.039999999999999,"Valid",6.3308333333333344,"","",6.76,2.8462499999999999,10.039999999999999,6.3308333333333344,10.039999999999999,6.3308333333333344,6.76,2.8462499999999999]
[2023,6,7,13,45084.541666666286,3.65,"Valid",2.9683333333333337,5.78,"Valid",6.4837500000000006,"","",3.65,2.9683333333333337,5.78,6.4837500000000006,5.78,6.4837500000000006,3.65,2.9683333333333337]
[2023,6,7,14,45084.58333333295,5.47,"Valid",2.9345833333333338,7.74,"Valid",6.3929166666666681,"","",5.47,2.9345833333333338,7.74,6.3929166666666681,7.74,6.3929166666666681,5.47,2.9345833333333338]
[2023,6,7,15,45084.624999999614,6.04,"Valid",2.9808333333333334,8.85,"Valid",6.2787500000000014,"","",6.04,2.9808333333333334,8.85,6.2787500000000014,8.85,6.2787500000000014,6.04,2.9808333333333334]
[2023,6,7,16,45084.666666666279,1.4,"Valid",2.7662499999999999,4.2300000000000004,"Valid",5.850833333333334,"","",1.4,2.7662499999999999,4.2300000000000004,5.850833333333334,4.2300000000000004,5.850833333333334,1.4,2.7662499999999999]
[2023,6,7,17,45084.708333332943,4.82,"Valid",2.867916666666666,7.31,"Valid",5.8241666666666667,"","",4.82,2.867916666666666,7.31,5.8241666666666667,7.31,5.8241666666666667,4.82,2.867916666666666]
[2023,6,7,18,45084.749999999607,3.32,"Valid",2.8725000000000001,6.18,"Valid",5.6633333333333331,"","",3.32,2.8725000000000001,6.18,5.6633333333333331,6.18,5.6633333333333331,3.32,2.8725000000000001]
[2023,6,7,19,45084.791666666271,0.56000000000000005,"Valid",2.7808333333333333,2.63,"Valid",5.4962499999999999,"","",0.56000000000000005,2.7808333333333333,2.63,5.4962499999999999,2.63,5.4962499999999999,0.56000000000000005,2.7808333333333333]
[2023,6,7,20,45084.833333332936,6.21,"Valid",2.9937499999999999,7.23,"Valid",5.4941666666666658,"","",6.21,2.9937499999999999,7.23,5.4941666666666658,7.23,5.4941666666666658,6.21,2.9937499999999999]
[2023,6,7,21,45084.8749999996,0.73,"Valid",2.8216666666666668,2.67,"Valid",5.1954166666666666,"","",0.73,2.8216666666666668,2.67,5.1954166666666666,2.67,5.1954166666666666,0.73,2.8216666666666668]
[2023,6,7,22,45084.916666666264,2.4300000000000002,"Valid",2.7895833333333333,4.17,"Valid",5.078333333333334,"","",2.4300000000000002,2.7895833333333333,4.17,5.078333333333334,4.17,5.078333333333334,2.4300000000000002,2.7895833333333333]
[2023,6,7,23,45084.958333332928,2.0299999999999998,"Valid",2.7862500000000003,3.65,"Valid",4.9995833333333328,"","",2.0299999999999998,2.7862500000000003,3.65,4.9995833333333328,3.65,4.9995833333333328,2.0299999999999998,2.7862500000000003]
[2023,6,8,0,45084.999999999593,2.5299999999999998,"Valid",2.7679166666666664,4.26,"Valid",4.9183333333333339,"","",2.5299999999999998,2.7679166666666664,4.26,4.9183333333333339,4.26,4.9183333333333339,2.5299999999999998,2.7679166666666664]
[2023,6,8,1,45085.041666666257,2.85,"Valid",2.9004166666666662,5.05,"Valid",5.0020833333333341,"","",2.85,2.9004166666666662,5.05,5.0020833333333341,5.05,5.0020833333333341,2.85,2.9004166666666662]
[2023,6,8,2,45085.083333332921,2.4500000000000002,"Valid",2.9962499999999999,4.03,"Valid",5.0787500000000012,"","",2.4500000000000002,2.9962499999999999,4.03,5.0787500000000012,4.03,5.0787500000000012,2.4500000000000002,2.9962499999999999]
[2023,6,8,3,45085.124999999585,0.79,"Valid",2.9312499999999999,2.2000000000000002,"Valid",5.0045833333333336,"","",0.79,2.9312499999999999,2.2000000000000002,5.0045833333333336,2.2000000000000002,5.0045833333333336,0.79,2.9312499999999999]
[2023,6,8,4,45085.16666666625,2.23,"Valid",3.0145833333333338,3.11,"Valid",5.0720833333333344,"","",2.23,3.0145833333333338,3.11,5.0720833333333344,3.11,5.0720833333333344,2.23,3.0145833333333338]
[2023,6,8,5,45085.208333332914,1.79,"Valid",3.1425000000000001,3.41,"Valid",5.1908333333333347,"","",1.79,3.1425000000000001,3.41,5.1908333333333347,3.41,5.1908333333333347,1.79,3.1425000000000001]
[2023,6,8,6,45085.249999999578,-1.86,"Valid",2.9266666666666672,-0.84,"Valid",4.9429166666666671,"","",-1.86,2.9266666666666672,-0.84,4.9429166666666671,-0.84,4.9429166666666671,-1.86,2.9266666666666672]
[2023,6,8,7,45085.291666666242,0.8,"Valid",2.8825000000000003,1.86,"Valid",4.9054166666666674,"","",0.8,2.8825000000000003,1.86,4.9054166666666674,1.86,4.9054166666666674,0.8,2.8825000000000003]
[2023,6,8,8,45085.333333332906,-0.5,"Valid",2.7300000000000004,0.9,"Valid",4.7620833333333339,"","",-0.5,2.7300000000000004,0.9,4.7620833333333339,0.9,4.7620833333333339,-0.5,2.7300000000000004]
[2023,6,8,9,45085.374999999571,1.4,"Valid",2.6816666666666666,4.59,"Valid",4.7820833333333335,"","",1.4,2.6816666666666666,4.59,4.7820833333333335,4.59,4.7820833333333335,1.4,2.6816666666666666]
[2023,6,8,10,45085.416666666235,1.1200000000000001,"Valid",2.5999999999999996,3.58,"Valid",4.618333333333335,"","",1.1200000000000001,2.5999999999999996,3.58,4.618333333333335,3.58,4.618333333333335,1.1200000000000001,2.5999999999999996]
[2023,6,8,11,45085.458333332899,5.59,"Valid",2.6087499999999992,11.29,"Valid",4.746666666666667,"","",5.59,2.6087499999999992,11.29,4.746666666666667,11.29,4.746666666666667,5.59,2.6087499999999992]
[2023,6,8,12,45085.499999999563,2.99,"Valid",2.4516666666666667,7.28,"Valid",4.6316666666666668,"","",2.99,2.4516666666666667,7.28,4.6316666666666668,7.28,4.6316666666666668,2.99,2.4516666666666667]
[2023,6,8,13,45085.541666666228,4.17,"Valid",2.4733333333333332,8.31,"Valid",4.7370833333333335,"","",4.17,2.4733333333333332,8.31,4.7370833333333335,8.31,4.7370833333333335,4.17,2.4733333333333332]
[2023,6,8,14,45085.583333332892,1.78,"Valid",2.3195833333333331,3.57,"Valid",4.5633333333333335,"","",1.78,2.3195833333333331,3.57,4.5633333333333335,3.57,4.5633333333333335,1.78,2.3195833333333331]
[2023,6,8,15,45085.624999999556,3.72,"Valid",2.2229166666666669,5.58,"Valid",4.427083333333333,"","",3.72,2.2229166666666669,5.58,4.427083333333333,5.58,4.427083333333333,3.72,2.2229166666666669]
[2023,6,8,16,45085.66666666622,-6.2,"Valid",1.9062500000000002,-5.03,"Valid",4.0412499999999989,"","",-6.2,1.9062500000000002,-5.03,4.0412499999999989,-5.03,4.0412499999999989,-6.2,1.9062500000000002]
[2023,6,8,17,45085.708333332885,2.4300000000000002,"Valid",1.8066666666666666,4.55,"Valid",3.9262499999999996,"","",2.4300000000000002,1.8066666666666666,4.55,3.9262499999999996,4.55,3.9262499999999996,2.4300000000000002,1.8066666666666666]
[2023,6,8,18,45085.749999999549,3.69,"Valid",1.8220833333333333,5.9,"Valid",3.9145833333333324,"","",3.69,1.8220833333333333,5.9,3.9145833333333324,5.9,3.9145833333333324,3.69,1.8220833333333333]
[2023,6,8,19,45085.791666666213,0.22,"Valid",1.8079166666666664,2.87,"Valid",3.9245833333333326,"","",0.22,1.8079166666666664,2.87,3.9245833333333326,2.87,3.9245833333333326,0.22,1.8079166666666664]
[2023,6,8,20,45085.833333332877,3.58,"Valid",1.6983333333333333,4.58,"Valid",3.8141666666666665,"","",3.58,1.6983333333333333,4.58,3.8141666666666665,4.58,3.8141666666666665,3.58,1.6983333333333333]
[2023,6,8,21,45085.874999999542,3.61,"Valid",1.8183333333333334,5.81,"Valid",3.9449999999999998,"","",3.61,1.8183333333333334,5.81,3.9449999999999998,5.81,3.9449999999999998,3.61,1.8183333333333334]
[2023,6,8,22,45085.916666666206,0.75,"Valid",1.7483333333333333,2.36,"Valid",3.8695833333333334,"","",0.75,1.7483333333333333,2.36,3.8695833333333334,2.36,3.8695833333333334,0.75,1.7483333333333333]
[2023,6,8,23,45085.95833333287,2.4300000000000002,"Valid",1.7649999999999999,4.71,"Valid",3.9137500000000003,"","",2.4300000000000002,1.7649999999999999,4.71,3.9137500000000003,4.71,3.9137500000000003,2.4300000000000002,1.7649999999999999]
[2023,6,9,0,45085.999999999534,3.11,"Valid",1.7891666666666666,5.98,"Valid",3.9854166666666671,"","",{"$f":"IF(G194=\"Valid\", F194, NA())","v":3.11},{"$f":"IF(G194=\"Valid\", H194, NA())","v":1.7891666666666666},{"$f":"IF(J194=\"Valid\", I194, NA())","v":5.98},{"$f":"IF(J194=\"Valid\", K194, NA())","v":3.9854166666666671},5.98,3.9854166666666671,3.11,1.7891666666666666]
[2023,6,9,1,45086.041666666199,1.55,"Valid",1.7349999999999997,3.85,"Valid",3.9354166666666663,"","",1.55,1.7349999999999997,3.85,3.9354166666666663,3.85,3.9354166666666663,1.55,1.7349999999999997]
[{"$f":"A195","v":2023},6,9,{"$f":"IF(D195=23,0,D195+1)","v":2},{"$f":"E195+0.0416666666666666","v":45086.083333332863},4.78,"Valid",1.8320833333333333,7.28,"Valid",4.0708333333333329,"","",4.78,1.8320833333333333,7.28,4.0708333333333329,7.28,4.0708333333333329,4.78,1.8320833333333333]
[2023,6,9,3,45086.124999999527,4.3600000000000003,"Valid",1.980833333333333,6.6,"Valid",4.2541666666666655,"","",4.3600000000000003,1.980833333333333,6.6,4.2541666666666655,6.6,4.2541666666666655,4.3600000000000003,1.980833333333333]
[2023,6,9,4,45086.166666666191,3,"Valid",2.0129166666666665,4.2699999999999996,"Valid",4.3024999999999993,"","",3,2.0129166666666665,4.2699999999999996,4.3024999999999993,4.2699999999999996,4.3024999999999993,3,2.0129166666666665]
[2023,6,9,5,45086.208333332856,3.19,"Valid",2.0712499999999996,5.34,"Valid",4.3829166666666657,"","",3.19,2.0712499999999996,5.34,4.3829166666666657,5.34,4.3829166666666657,3.19,2.0712499999999996]
[2023,6,9,6,45086.24999999952,1.67,"Valid",2.2183333333333333,3.78,"Valid",4.5754166666666656,"","",1.67,2.2183333333333333,3.78,4.5754166666666656,3.78,4.5754166666666656,1.67,2.2183333333333333]
[2023,6,9,7,45086.291666666184,-0.11,"Valid",2.1804166666666664,2.02,"Valid",4.5820833333333324,"","",-0.11,2.1804166666666664,2.02,4.5820833333333324,2.02,4.5820833333333324,-0.11,2.1804166666666664]
[2023,6,9,8,45086.333333332848,0.34,"Valid",2.2154166666666666,1.22,"Valid",4.595416666666666,"","",0.34,2.2154166666666666,1.22,4.595416666666666,1.22,4.595416666666666,0.34,2.2154166666666666]
[2023,6,9,9,45086.374999999513,2.87,"Valid",2.2766666666666664,4.41,"Valid",4.5879166666666658,"","",2.87,2.2766666666666664,4.41,4.5879166666666658,4.41,4.5879166666666658,2.87,2.2766666666666664]
[2023,6,9,10,45086.416666666177,6.02,"Valid",2.480833333333333,8.2100000000000009,"Valid",4.7808333333333328,"","",6.02,2.480833333333333,8.2100000000000009,4.7808333333333328,8.2100000000000009,4.7808333333333328,6.02,2.480833333333333]
[2023,6,9,11,45086.458333332841,4.7300000000000004,"Valid",2.4450000000000003,6.91,"Valid",4.5983333333333327,"","",4.7300000000000004,2.4450000000000003,6.91,4.5983333333333327,6.91,4.5983333333333327,4.7300000000000004,2.4450000000000003]
[2023,6,9,12,45086.499999999505,3.35,"Valid",2.4600000000000004,5.69,"Valid",4.5320833333333335,"","",3.35,2.4600000000000004,5.69,4.5320833333333335,5.69,4.5320833333333335,3.35,2.4600000000000004]
[2023,6,9,13,45086.541666666169,3.53,"Valid",2.433333333333334,5.08,"Valid",4.3974999999999991,"","",3.53,2.433333333333334,5.08,4.3974999999999991,5.08,4.3974999999999991,3.53,2.433333333333334]
[2023,6,9,14,45086.583333332834,2.5,"Valid",2.4633333333333338,4.41,"Valid",4.4324999999999992,"","",2.5,2.4633333333333338,4.41,4.4324999999999992,4.41,4.4324999999999992,2.5,2.4633333333333338]
[2023,6,9,15,45086.624999999498,2.59,"Valid",2.4162500000000002,4.2,"Valid",4.375,"","",2.59,2.4162500000000002,4.2,4.375,4.2,4.375,2.59,2.4162500000000002]
[2023,6,9,16,45086.666666666162,-0.74,"Valid",2.6437500000000003,0.66,"Valid",4.6120833333333335,"","",-0.74,2.6437500000000003,0.66,4.6120833333333335,0.66,4.6120833333333335,-0.74,2.6437500000000003]
[2023,6,9,17,45086.708333332826,0.37,"Valid",2.5579166666666668,1.76,"Valid",4.4958333333333327,"","",0.37,2.5579166666666668,1.76,4.4958333333333327,1.76,4.4958333333333327,0.37,2.5579166666666668]
[2023,6,9,18,45086.749999999491,3.66,"Valid",2.5566666666666666,5.26,"Valid",4.4691666666666672,"","",3.66,2.5566666666666666,5.26,4.4691666666666672,5.26,4.4691666666666672,3.66,2.5566666666666666]
[2023,6,9,19,45086.791666666155,1.41,"Valid",2.6062499999999997,2.95,"Valid",4.472500000000001,"","",1.41,2.6062499999999997,2.95,4.472500000000001,2.95,4.472500000000001,1.41,2.6062499999999997]
[2023,6,9,20,45086.833333332819,0.83,"Valid",2.4916666666666667,2.0299999999999998,"Valid",4.36625,"","",0.83,2.4916666666666667,2.0299999999999998,4.36625,2.0299999999999998,4.36625,0.83,2.4916666666666667]
[2023,6,9,21,45086.874999999483,2.15,"Valid",2.4308333333333332,3.31,"Valid",4.2620833333333339,"","",2.15,2.4308333333333332,3.31,4.2620833333333339,3.31,4.2620833333333339,2.15,2.4308333333333332]
[2023,6,9,22,45086.916666666148,4.88,"Valid",2.6029166666666668,6.95,"Valid",4.453333333333334,"","",4.88,2.6029166666666668,6.95,4.453333333333334,6.95,4.453333333333334,4.88,2.6029166666666668]
[2023,6,9,23,45086.958333332812,-0.12,"Valid",2.4966666666666666,1.81,"Valid",4.3325000000000005,"","",-0.12,2.4966666666666666,1.81,4.3325000000000005,1.81,4.3325000000000005,-0.12,2.4966666666666666]
[2023,6,10,0,45086.999999999476,-0.68,"Valid",2.3387499999999997,0.34,"Valid",4.097500000000001,"","",-0.68,2.3387499999999997,0.34,4.097500000000001,0.34,4.097500000000001,-0.68,2.3387499999999997]
[2023,6,{"$f":"C195+1","v":10},1,45087.04166666614,2.04,"Valid",2.3591666666666664,2.83,"Valid",4.0550000000000006,"","",2.04,2.3591666666666664,2.83,4.0550000000000006,2.83,4.0550000000000006,2.04,2.3591666666666664]
[2023,6,10,2,45087.083333332805,3.44,"Valid",2.3033333333333332,4.75,"Valid",3.9495833333333343,"","",3.44,2.3033333333333332,4.75,3.9495833333333343,4.75,3.9495833333333343,3.44,2.3033333333333332]
[2023,6,10,3,45087.124999999469,1.07,"Valid",2.1662499999999998,2.0699999999999998,"Valid",3.7608333333333328,"","",1.07,2.1662499999999998,2.0699999999999998,3.7608333333333328,2.0699999999999998,3.7608333333333328,1.07,2.1662499999999998]
[2023,6,10,4,45087.166666666133,1.63,"Valid",2.1091666666666669,2.7,"Valid",3.6954166666666666,"","",1.63,2.1091666666666669,2.7,3.6954166666666666,2.7,3.6954166666666666,1.63,2.1091666666666669]
[2023,6,10,5,45087.208333332797,0.74,"Valid",2.0070833333333336,1.88,"Valid",3.55125,"","",0.74,2.0070833333333336,1.88,3.55125,1.88,3.55125,0.74,2.0070833333333336]
[2023,6,10,6,45087.249999999462,1.38,"Valid",1.9950000000000003,2.04,"Valid",3.4787500000000002,"","",1.38,1.9950000000000003,2.04,3.4787500000000002,2.04,3.4787500000000002,1.38,1.9950000000000003]
[2023,6,10,7,45087.291666666126,1.17,"Valid",2.0483333333333342,1.58,"Valid",3.4604166666666671,"","",1.17,2.0483333333333342,1.58,3.4604166666666671,1.58,3.4604166666666671,1.17,2.0483333333333342]
[2023,6,10,8,45087.33333333279,3.44,"Valid",2.1775000000000007,4.1100000000000003,"Valid",3.580833333333334,"","",3.44,2.1775000000000007,4.1100000000000003,3.580833333333334,4.1100000000000003,3.580833333333334,3.44,2.1775000000000007]
[2023,6,10,9,45087.374999999454,1.4,"Valid",2.1162500000000004,1.84,"Valid",3.4737500000000003,"","",1.4,2.1162500000000004,1.84,3.4737500000000003,1.84,3.4737500000000003,1.4,2.1162500000000004]
[2023,6,10,10,45087.416666666119,0.78,"Valid",1.8979166666666665,1.63,"Valid",3.1995833333333343,"","",0.78,1.8979166666666665,1.63,3.1995833333333343,1.63,3.1995833333333343,0.78,1.8979166666666665]
[2023,6,10,11,45087.458333332783,1.62,"Valid",1.7683333333333329,3.1,"Valid",3.0408333333333335,"","",1.62,1.7683333333333329,3.1,3.0408333333333335,3.1,3.0408333333333335,1.62,1.7683333333333329]
[2023,6,10,12,45087.499999999447,2.99,"Valid",1.753333333333333,5.03,"Valid",3.0133333333333336,"","",2.99,1.753333333333333,5.03,3.0133333333333336,5.03,3.0133333333333336,2.99,1.753333333333333]
[2023,6,10,13,45087.541666666111,2.39,"Valid",1.7058333333333333,4.75,"Valid",2.9995833333333337,"","",2.39,1.7058333333333333,4.75,2.9995833333333337,4.75,2.9995833333333337,2.39,1.7058333333333333]
[2023,6,10,14,45087.583333332776,1.85,"Valid",1.6787500000000002,3.88,"Valid",2.9775000000000005,"","",1.85,1.6787500000000002,3.88,2.9775000000000005,3.88,2.9775000000000005,1.85,1.6787500000000002]
[2023,6,10,15,45087.62499999944,3.26,"Valid",1.7066666666666668,5.29,"Valid",3.0229166666666671,"","",3.26,1.7066666666666668,5.29,3.0229166666666671,5.29,3.0229166666666671,3.26,1.7066666666666668]
[2023,6,10,16,45087.666666666104,1.56,"Valid",1.8025000000000002,3.85,"Valid",3.1558333333333337,"","",1.56,1.8025000000000002,3.85,3.1558333333333337,3.85,3.1558333333333337,1.56,1.8025000000000002]
[2023,6,10,17,45087.708333332768,2.89,"Valid",1.9075000000000004,10.49,"Valid",3.5195833333333333,"","",2.89,1.9075000000000004,10.49,3.5195833333333333,10.49,3.5195833333333333,2.89,1.9075000000000004]
[2023,6,10,18,45087.749999999432,3.78,"Valid",1.9125000000000003,11.13,"Valid",3.7641666666666662,"","",3.78,1.9125000000000003,11.13,3.7641666666666662,11.13,3.7641666666666662,3.78,1.9125000000000003]
[2023,6,10,19,45087.791666666097,-0.24,"Valid",1.8437500000000002,2.04,"Valid",3.7262500000000003,"","",-0.24,1.8437500000000002,2.04,3.7262500000000003,2.04,3.7262500000000003,-0.24,1.8437500000000002]
[2023,6,10,20,45087.833333332761,-1.05,"Valid",1.7654166666666671,0.7,"Valid",3.6708333333333338,"","",-1.05,1.7654166666666671,0.7,3.6708333333333338,0.7,3.6708333333333338,-1.05,1.7654166666666671]
[2023,6,10,21,45087.874999999425,0.48,"Valid",1.6958333333333335,2.56,"Valid",3.6395833333333338,"","",0.48,1.6958333333333335,2.56,3.6395833333333338,2.56,3.6395833333333338,0.48,1.6958333333333335]
[2023,6,10,22,45087.916666666089,0.89,"Valid",1.5295833333333331,3.13,"Valid",3.4804166666666672,"","",0.89,1.5295833333333331,3.13,3.4804166666666672,3.13,3.4804166666666672,0.89,1.5295833333333331]
[2023,6,10,23,45087.958333332754,1.54,"Valid",1.5987499999999999,3.6,"Valid",3.5550000000000002,"","",1.54,1.5987499999999999,3.6,3.5550000000000002,3.6,3.5550000000000002,1.54,1.5987499999999999]
[2023,6,11,0,45087.999999999418,0.8,"Valid",1.6604166666666664,1.76,"Valid",3.6141666666666672,"","",0.8,1.6604166666666664,1.76,3.6141666666666672,1.76,3.6141666666666672,0.8,1.6604166666666664]
[2023,6,11,1,45088.041666666082,0.18,"Valid",1.5829166666666661,1.82,"Valid",3.5720833333333335,"","",0.18,1.5829166666666661,1.82,3.5720833333333335,1.82,3.5720833333333335,0.18,1.5829166666666661]
[2023,6,11,2,45088.083333332746,1.52,"Valid",1.5029166666666667,2.5099999999999998,"Valid",3.4787500000000002,"","",1.52,1.5029166666666667,2.5099999999999998,3.4787500000000002,2.5099999999999998,3.4787500000000002,1.52,1.5029166666666667]
[2023,6,11,3,45088.124999999411,1.91,"Valid",1.5379166666666666,3.05,"Valid",3.5195833333333333,"","",1.91,1.5379166666666666,3.05,3.5195833333333333,3.05,3.5195833333333333,1.91,1.5379166666666666]
[2023,6,11,4,45088.166666666075,1.97,"Valid",1.5520833333333333,3.28,"Valid",3.5437499999999997,"","",1.97,1.5520833333333333,3.28,3.5437499999999997,3.28,3.5437499999999997,1.97,1.5520833333333333]
[2023,6,11,5,45088.208333332739,2.2000000000000002,"Valid",1.6129166666666668,2.17,"Valid",3.5558333333333336,"","",2.2000000000000002,1.6129166666666668,2.17,3.5558333333333336,2.17,3.5558333333333336,2.2000000000000002,1.6129166666666668]
[2023,6,11,6,45088.249999999403,2.58,"Valid",1.6629166666666666,3.04,"Valid",3.5975000000000001,"","",2.58,1.6629166666666666,3.04,3.5975000000000001,3.04,3.5975000000000001,2.58,1.6629166666666666]
[2023,6,11,7,45088.291666666068,3.11,"Valid",1.7437500000000001,3.56,"Valid",3.680000000000001,"","",3.11,1.7437500000000001,3.56,3.680000000000001,3.56,3.680000000000001,3.11,1.7437500000000001]
[2023,6,11,8,45088.333333332732,1.55,"Valid",1.6649999999999998,2.25,"Valid",3.6025000000000009,"","",1.55,1.6649999999999998,2.25,3.6025000000000009,2.25,3.6025000000000009,1.55,1.6649999999999998]
[2023,6,11,9,45088.374999999396,1.23,"Valid",1.6579166666666663,1.96,"Valid",3.6075000000000004,"","",1.23,1.6579166666666663,1.96,3.6075000000000004,1.96,3.6075000000000004,1.23,1.6579166666666663]
[2023,6,11,10,45088.41666666606,1.7,"Valid",1.6962499999999998,4.34,"Valid",3.7204166666666674,"","",1.7,1.6962499999999998,4.34,3.7204166666666674,4.34,3.7204166666666674,1.7,1.6962499999999998]
[2023,6,11,11,45088.458333332725,4.47,"Valid",1.8149999999999997,8.89,"Valid",3.9616666666666673,"","",4.47,1.8149999999999997,8.89,3.9616666666666673,8.89,3.9616666666666673,4.47,1.8149999999999997]
[2023,6,11,12,45088.499999999389,6.57,"Valid",1.9641666666666664,8.33,"Valid",4.0991666666666671,"","",6.57,1.9641666666666664,8.33,4.0991666666666671,8.33,4.0991666666666671,6.57,1.9641666666666664]
[2023,6,11,13,45088.541666666053,4.63,"Valid",2.0575000000000001,6.02,"Valid",4.1520833333333336,"","",4.63,2.0575000000000001,6.02,4.1520833333333336,6.02,4.1520833333333336,4.63,2.0575000000000001]
[2023,6,11,14,45088.583333332717,3.79,"Valid",2.1383333333333332,5.21,"Valid",4.2075000000000005,"","",3.79,2.1383333333333332,5.21,4.2075000000000005,5.21,4.2075000000000005,3.79,2.1383333333333332]
[2023,6,11,15,45088.624999999382,2.72,"Valid",2.1158333333333332,4.34,"Valid",4.1679166666666658,"","",2.72,2.1158333333333332,4.34,4.1679166666666658,4.34,4.1679166666666658,2.72,2.1158333333333332]
[2023,6,11,16,45088.666666666046,4.88,"Valid",2.2541666666666669,6,"Valid",4.2574999999999994,"","",{"$f":"IF(G258=\"Valid\", F258, NA())","v":4.88},{"$f":"IF(G258=\"Valid\", H258, NA())","v":2.2541666666666669},{"$f":"IF(J258=\"Valid\", I258, NA())","v":6},{"$f":"IF(J258=\"Valid\", K258, NA())","v":4.2574999999999994},6,4.2574999999999994,4.88,2.2541666666666669]
[2023,6,11,17,45088.70833333271,5.01,"Valid",2.3424999999999998,12.1,"Valid",4.324583333333333,"","",5.01,2.3424999999999998,12.1,4.324583333333333,12.1,4.324583333333333,5.01,2.3424999999999998]
[{"$f":"A259","v":2023},6,11,{"$f":"IF(D259=23,0,D259+1)","v":18},{"$f":"E259+0.0416666666666666","v":45088.749999999374},6.44,"Valid",2.4533333333333331,15.11,"Valid",4.4904166666666656,"","",6.44,2.4533333333333331,15.11,4.4904166666666656,15.11,4.4904166666666656,6.44,2.4533333333333331]
[2023,6,11,19,45088.791666666039,6.38,"Valid",2.7291666666666665,8.86,"Valid",4.7745833333333323,"","",6.38,2.7291666666666665,8.86,4.7745833333333323,8.86,4.7745833333333323,6.38,2.7291666666666665]
[2023,6,11,20,45088.833333332703,4.6500000000000004,"Valid",2.9666666666666668,6.51,"Valid",5.0166666666666666,"","",4.6500000000000004,2.9666666666666668,6.51,5.0166666666666666,6.51,5.0166666666666666,4.6500000000000004,2.9666666666666668]
[2023,6,11,21,45088.874999999367,18.72,"Valid",3.7266666666666666,20.86,"Valid",5.7791666666666659,"","",18.72,3.7266666666666666,20.86,5.7791666666666659,20.86,5.7791666666666659,18.72,3.7266666666666666]
[2023,6,11,22,45088.916666666031,11.99,"Valid",4.189166666666666,14.22,"Valid",6.24125,"","",11.99,4.189166666666666,14.22,6.24125,14.22,6.24125,11.99,4.189166666666666]
[2023,6,11,23,45088.958333332695,5.65,"Valid",4.3604166666666666,6.83,"Valid",6.3758333333333326,"","",5.65,4.3604166666666666,6.83,6.3758333333333326,6.83,6.3758333333333326,5.65,4.3604166666666666]
[2023,6,12,0,45088.99999999936,8.66,"Valid",4.6879166666666663,9.8699999999999992,"Valid",6.7137500000000001,"","",8.66,4.6879166666666663,9.8699999999999992,6.7137500000000001,9.8699999999999992,6.7137500000000001,8.66,4.6879166666666663]
[2023,6,12,1,45089.041666666024,3.9,"Valid",4.8429166666666665,5.55,"Valid",6.8691666666666675,"","",3.9,4.8429166666666665,5.55,6.8691666666666675,5.55,6.8691666666666675,3.9,4.8429166666666665]
[2023,6,12,2,45089.083333332688,5.62,"Valid",5.0137500000000008,6.39,"Valid",7.0308333333333337,"","",5.62,5.0137500000000008,6.39,7.0308333333333337,6.39,7.0308333333333337,5.62,5.0137500000000008]
[2023,6,12,3,45089.124999999352,3.38,"Valid",5.0750000000000002,4.49,"Valid",7.0908333333333351,"","",3.38,5.0750000000000002,4.49,7.0908333333333351,4.49,7.0908333333333351,3.38,5.0750000000000002]
[2023,6,12,4,45089.166666666017,2.3199999999999998,"Valid",5.0895833333333327,3.3,"Valid",7.0916666666666686,"","",2.3199999999999998,5.0895833333333327,3.3,7.0916666666666686,3.3,7.0916666666666686,2.3199999999999998,5.0895833333333327]
[2023,6,12,5,45089.208333332681,6.22,"Valid",5.2570833333333331,8.65,"Valid",7.3616666666666681,"","",6.22,5.2570833333333331,8.65,7.3616666666666681,8.65,7.3616666666666681,6.22,5.2570833333333331]
[2023,6,12,6,45089.249999999345,4.7,"Valid",5.345416666666666,6.77,"Valid",7.5170833333333356,"","",4.7,5.345416666666666,6.77,7.5170833333333356,6.77,7.5170833333333356,4.7,5.345416666666666]
[2023,6,12,7,45089.291666666009,6.51,"Valid",5.4870833333333335,8.19,"Valid",7.7100000000000017,"","",6.51,5.4870833333333335,8.19,7.7100000000000017,8.19,7.7100000000000017,6.51,5.4870833333333335]
[2023,6,12,8,45089.333333332674,7.24,"Valid",5.7241666666666662,9.08,"Valid",7.9945833333333356,"","",7.24,5.7241666666666662,9.08,7.9945833333333356,9.08,7.9945833333333356,7.24,5.7241666666666662]
[2023,6,12,9,45089.374999999338,6.71,"Valid",5.9525000000000006,8.61,"Valid",8.2716666666666683,"","",6.71,5.9525000000000006,8.61,8.2716666666666683,8.61,8.2716666666666683,6.71,5.9525000000000006]
[2023,6,12,10,45089.416666666002,5.04,"Valid",6.0916666666666659,8.6999999999999993,"Valid",8.4533333333333349,"","",5.04,6.0916666666666659,8.6999999999999993,8.4533333333333349,8.6999999999999993,8.4533333333333349,5.04,6.0916666666666659]
[2023,6,12,11,45089.458333332666,10.76,"Valid",6.3537499999999989,19.02,"Valid",8.8754166666666681,"","",10.76,6.3537499999999989,19.02,8.8754166666666681,19.02,8.8754166666666681,10.76,6.3537499999999989]
[2023,6,12,12,45089.499999999331,7.13,"Valid",6.3770833333333323,12.92,"Valid",9.0666666666666682,"","",7.13,6.3770833333333323,12.92,9.0666666666666682,12.92,9.0666666666666682,7.13,6.3770833333333323]
[2023,6,12,13,45089.541666665995,3.48,"Valid",6.3291666666666657,6.64,"Valid",9.0924999999999994,"","",3.48,6.3291666666666657,6.64,9.0924999999999994,6.64,9.0924999999999994,3.48,6.3291666666666657]
[2023,6,12,14,45089.583333332659,0.33,"Valid",6.1849999999999996,4.04,"Valid",9.0437499999999993,"","",0.33,6.1849999999999996,4.04,9.0437499999999993,4.04,9.0437499999999993,0.33,6.1849999999999996]
[2023,6,12,15,45089.624999999323,6.05,"Valid",6.3237500000000004,11.67,"Valid",9.3491666666666635,"","",6.05,6.3237500000000004,11.67,9.3491666666666635,11.67,9.3491666666666635,6.05,6.3237500000000004]
[2023,6,12,16,45089.666666665988,6.6,"Valid",6.3954166666666667,12.88,"Valid",9.6358333333333306,"","",6.6,6.3954166666666667,12.88,9.6358333333333306,12.88,9.6358333333333306,6.6,6.3954166666666667]
[2023,6,{"$f":"C259+1","v":12},17,45089.708333332652,7.41,"Valid",6.4954166666666673,12.01,"Valid",9.6320833333333322,"","",7.41,6.4954166666666673,12.01,9.6320833333333322,12.01,9.6320833333333322,7.41,6.4954166666666673]
[2023,6,12,18,45089.749999999316,7.51,"Valid",6.5399999999999991,13.45,"Valid",9.5629166666666627,"","",7.51,6.5399999999999991,13.45,9.5629166666666627,13.45,9.5629166666666627,7.51,6.5399999999999991]
[2023,6,12,19,45089.79166666598,5.3,"Valid",6.4950000000000001,13.25,"Valid",9.74583333333333,"","",5.3,6.4950000000000001,13.25,9.74583333333333,13.25,9.74583333333333,5.3,6.4950000000000001]
[2023,6,12,20,45089.833333332645,3.76,"Valid",6.4579166666666659,7.22,"Valid",9.7754166666666631,"","",3.76,6.4579166666666659,7.22,9.7754166666666631,7.22,9.7754166666666631,3.76,6.4579166666666659]
[2023,6,12,21,45089.874999999309,2.23,"Valid",5.7708333333333321,4.6500000000000004,"Valid",9.0999999999999961,"","",2.23,5.7708333333333321,4.6500000000000004,9.0999999999999961,4.6500000000000004,9.0999999999999961,2.23,5.7708333333333321]
[2023,6,12,22,45089.916666665973,2.2000000000000002,"Valid",5.362916666666667,4.4400000000000004,"Valid",8.6924999999999972,"","",2.2000000000000002,5.362916666666667,4.4400000000000004,8.6924999999999972,4.4400000000000004,8.6924999999999972,2.2000000000000002,5.362916666666667]
[2023,6,12,23,45089.958333332637,2.62,"Valid",5.2366666666666672,4.97,"Valid",8.6149999999999984,"","",2.62,5.2366666666666672,4.97,8.6149999999999984,4.97,8.6149999999999984,2.62,5.2366666666666672]
[2023,6,13,0,45089.999999999302,7.68,"Valid",5.1958333333333337,9.26,"Valid",8.5895833333333318,"","",7.68,5.1958333333333337,9.26,8.5895833333333318,9.26,8.5895833333333318,7.68,5.1958333333333337]
[2023,6,13,1,45090.041666665966,2.85,"Valid",5.1520833333333336,4.57,"Valid",8.5487499999999983,"","",2.85,5.1520833333333336,4.57,8.5487499999999983,4.57,8.5487499999999983,2.85,5.1520833333333336]
[2023,6,13,2,45090.08333333263,4.99,"Valid",5.1258333333333335,5.95,"Valid",8.5304166666666656,"","",4.99,5.1258333333333335,5.95,8.5304166666666656,5.95,8.5304166666666656,4.99,5.1258333333333335]
[2023,6,13,3,45090.124999999294,2.57,"Valid",5.0920833333333331,3.92,"Valid",8.5066666666666642,"","",2.57,5.0920833333333331,3.92,8.5066666666666642,3.92,8.5066666666666642,2.57,5.0920833333333331]
[2023,6,13,4,45090.166666665958,5.5,"Valid",5.2245833333333334,6.96,"Valid",8.6591666666666658,"","",5.5,5.2245833333333334,6.96,8.6591666666666658,6.96,8.6591666666666658,5.5,5.2245833333333334]
[2023,6,13,5,45090.208333332623,9.06,"Valid",5.3429166666666665,10.48,"Valid",8.7354166666666639,"","",9.06,5.3429166666666665,10.48,8.7354166666666639,10.48,8.7354166666666639,9.06,5.3429166666666665]
[2023,6,13,6,45090.249999999287,-2.59,"Valid",5.0391666666666657,-1.29,"Valid",8.3995833333333323,"","",-2.59,5.0391666666666657,-1.29,8.3995833333333323,-1.29,8.3995833333333323,-2.59,5.0391666666666657]
[2023,6,13,7,45090.291666665951,4.24,"Valid",4.9445833333333331,5.66,"Valid",8.2941666666666656,"","",4.24,4.9445833333333331,5.66,8.2941666666666656,5.66,8.2941666666666656,4.24,4.9445833333333331]
[2023,6,13,8,45090.333333332615,3.14,"Valid",4.7737499999999988,5.95,"Valid",8.1637499999999985,"","",3.14,4.7737499999999988,5.95,8.1637499999999985,5.95,8.1637499999999985,3.14,4.7737499999999988]
[2023,6,13,9,45090.37499999928,3.41,"Valid",4.6362499999999986,5.07,"Valid",8.0162499999999977,"","",3.41,4.6362499999999986,5.07,8.0162499999999977,5.07,8.0162499999999977,3.41,4.6362499999999986]
[2023,6,13,10,45090.416666665944,4.9400000000000004,"Valid",4.6320833333333322,5.37,"Valid",7.8774999999999986,"","",4.9400000000000004,4.6320833333333322,5.37,7.8774999999999986,5.37,7.8774999999999986,4.9400000000000004,4.6320833333333322]
[2023,6,13,11,45090.458333332608,5.27,"Valid",4.4033333333333315,6.44,"Valid",7.3533333333333326,"","",5.27,4.4033333333333315,6.44,7.3533333333333326,6.44,7.3533333333333326,5.27,4.4033333333333315]
[2023,6,13,12,45090.499999999272,1.43,"Valid",4.1658333333333326,2.89,"Valid",6.9354166666666659,"","",1.43,4.1658333333333326,2.89,6.9354166666666659,2.89,6.9354166666666659,1.43,4.1658333333333326]
[2023,6,13,13,45090.541666665937,3.58,"Valid",4.169999999999999,6.08,"Valid",6.9120833333333325,"","",3.58,4.169999999999999,6.08,6.9120833333333325,6.08,6.9120833333333325,3.58,4.169999999999999]
[2023,6,13,14,45090.583333332601,3.43,"Valid",4.2991666666666664,6.45,"Valid",7.0124999999999993,"","",3.43,4.2991666666666664,6.45,7.0124999999999993,6.45,7.0124999999999993,3.43,4.2991666666666664]
[2023,6,13,15,45090.624999999265,1.69,"Valid",4.1174999999999997,3.87,"Valid",6.6875,"","",1.69,4.1174999999999997,3.87,6.6875,3.87,6.6875,1.69,4.1174999999999997]
[2023,6,13,16,45090.666666665929,4.12,"Valid",4.0141666666666671,6.15,"Valid",6.4070833333333326,"","",4.12,4.0141666666666671,6.15,6.4070833333333326,6.15,6.4070833333333326,4.12,4.0141666666666671]
[2023,6,13,17,45090.708333332594,4.1900000000000004,"Valid",3.8800000000000008,6.39,"Valid",6.1729166666666657,"","",4.1900000000000004,3.8800000000000008,6.39,6.1729166666666657,6.39,6.1729166666666657,4.1900000000000004,3.8800000000000008]
[2023,6,13,18,45090.749999999258,3.74,"Valid",3.7229166666666669,5.92,"Valid",5.859166666666666,"","",3.74,3.7229166666666669,5.92,5.859166666666666,5.92,5.859166666666666,3.74,3.7229166666666669]
[2023,6,13,19,45090.791666665922,5.33,"Valid",3.7241666666666671,8.39,"Valid",5.6566666666666672,"","",5.33,3.7241666666666671,8.39,5.6566666666666672,8.39,5.6566666666666672,5.33,3.7241666666666671]
[2023,6,13,20,45090.833333332586,1.98,"Valid",3.65,4.18,"Valid",5.5300000000000011,"","",1.98,3.65,4.18,5.5300000000000011,4.18,5.5300000000000011,1.98,3.65]
[2023,6,13,21,45090.874999999251,0.84,"Valid",3.5920833333333331,2.76,"Valid",5.4512500000000008,"","",0.84,3.5920833333333331,2.76,5.4512500000000008,2.76,5.4512500000000008,0.84,3.5920833333333331]
[2023,6,13,22,45090.916666665915,3.74,"Valid",3.65625,6.39,"Valid",5.5325000000000015,"","",3.74,3.65625,6.39,5.5325000000000015,6.39,5.5325000000000015,3.74,3.65625]
[2023,6,13,23,45090.958333332579,4.99,"Valid",3.754999999999999,7.35,"Valid",5.6316666666666677,"","",4.99,3.754999999999999,7.35,5.6316666666666677,7.35,5.6316666666666677,4.99,3.754999999999999]
[2023,6,14,0,45090.999999999243,1.27,"Valid",3.4879166666666657,3.41,"Valid",5.3879166666666665,"","",1.27,3.4879166666666657,3.41,5.3879166666666665,3.41,5.3879166666666665,1.27,3.4879166666666657]
[2023,6,14,1,45091.041666665908,-3.09,"Valid",3.2404166666666661,-0.55000000000000004,"Valid",5.1745833333333335,"","",-3.09,3.2404166666666661,-0.55000000000000004,5.1745833333333335,-0.55000000000000004,5.1745833333333335,-3.09,3.2404166666666661]
[2023,6,14,2,45091.083333332572,0.73,"Valid",3.0629166666666663,2.3199999999999998,"Valid",5.0233333333333325,"","",0.73,3.0629166666666663,2.3199999999999998,5.0233333333333325,2.3199999999999998,5.0233333333333325,0.73,3.0629166666666663]
[2023,6,14,3,45091.124999999236,6.23,"Valid",3.2154166666666661,9.23,"Valid",5.2445833333333338,"","",6.23,3.2154166666666661,9.23,5.2445833333333338,9.23,5.2445833333333338,6.23,3.2154166666666661]
[2023,6,14,4,45091.1666666659,5.77,"Valid",3.2266666666666666,7.18,"Valid",5.2537500000000001,"","",5.77,3.2266666666666666,7.18,5.2537500000000001,7.18,5.2537500000000001,5.77,3.2266666666666666]
[2023,6,14,5,45091.208333332565,6.18,"Valid",3.1066666666666669,7.99,"Valid",5.15,"","",6.18,3.1066666666666669,7.99,5.15,7.99,5.15,6.18,3.1066666666666669]
[2023,6,14,6,45091.249999999229,1.84,"Valid",3.2912500000000002,3.04,"Valid",5.3304166666666672,"","",1.84,3.2912500000000002,3.04,5.3304166666666672,3.04,5.3304166666666672,1.84,3.2912500000000002]
[2023,6,14,7,45091.291666665893,3.13,"Valid",3.2449999999999997,5.61,"Valid",5.328333333333334,"","",3.13,3.2449999999999997,5.61,5.328333333333334,5.61,5.328333333333334,3.13,3.2449999999999997]
[2023,6,14,8,45091.333333332557,1.1499999999999999,"Valid",3.1620833333333338,3.75,"Valid",5.2366666666666664,"","",{"$f":"IF(G322=\"Valid\", F322, NA())","v":1.1499999999999999},{"$f":"IF(G322=\"Valid\", H322, NA())","v":3.1620833333333338},{"$f":"IF(J322=\"Valid\", I322, NA())","v":3.75},{"$f":"IF(J322=\"Valid\", K322, NA())","v":5.2366666666666664},3.75,5.2366666666666664,1.1499999999999999,3.1620833333333338]
[2023,6,14,9,45091.374999999221,1.19,"Valid",3.069583333333334,2.54,"Valid",5.1312500000000005,"","",1.19,3.069583333333334,2.54,5.1312500000000005,2.54,5.1312500000000005,1.19,3.069583333333334]
[{"$f":"A323","v":2023},6,14,{"$f":"IF(D323=23,0,D323+1)","v":10},{"$f":"E323+0.0416666666666666","v":45091.416666665886},-2.31,"Valid",2.7675000000000001,-0.67,"Valid",4.8795833333333336,"","",-2.31,2.7675000000000001,-0.67,4.8795833333333336,-0.67,4.8795833333333336,-2.31,2.7675000000000001]
[2023,6,14,11,45091.45833333255,1.47,"Valid",2.6091666666666664,3.62,"Valid",4.7620833333333339,"","",1.47,2.6091666666666664,3.62,4.7620833333333339,3.62,4.7620833333333339,1.47,2.6091666666666664]
[2023,6,14,12,45091.499999999214,4.8899999999999997,"Valid",2.7533333333333325,7.63,"Valid",4.9595833333333337,"","",4.8899999999999997,2.7533333333333325,7.63,4.9595833333333337,7.63,4.9595833333333337,4.8899999999999997,2.7533333333333325]
[2023,6,14,13,45091.541666665878,1.02,"Valid",2.6466666666666665,3.21,"Valid",4.84,"","",1.02,2.6466666666666665,3.21,4.84,3.21,4.84,1.02,2.6466666666666665]
[2023,6,14,14,45091.583333332543,3.39,"Valid",2.645,5.81,"Valid",4.8133333333333335,"","",3.39,2.645,5.81,4.8133333333333335,5.81,4.8133333333333335,3.39,2.645]
[2023,6,14,15,45091.624999999207,3.69,"Valid",2.7283333333333335,6.07,"Valid",4.9050000000000002,"","",3.69,2.7283333333333335,6.07,4.9050000000000002,6.07,4.9050000000000002,3.69,2.7283333333333335]
[2023,6,14,16,45091.666666665871,3.16,"Valid",2.688333333333333,5.81,"Valid",4.890833333333334,"","",3.16,2.688333333333333,5.81,4.890833333333334,5.81,4.890833333333334,3.16,2.688333333333333]
[2023,6,14,17,45091.708333332535,1.58,"Valid",2.5795833333333333,3.76,"Valid",4.7812500000000009,"","",1.58,2.5795833333333333,3.76,4.7812500000000009,3.76,4.7812500000000009,1.58,2.5795833333333333]
[2023,6,14,18,45091.7499999992,2.97,"Valid",2.5474999999999999,4.9400000000000004,"Valid",4.7404166666666674,"","",2.97,2.5474999999999999,4.9400000000000004,4.7404166666666674,4.9400000000000004,4.7404166666666674,2.97,2.5474999999999999]
[2023,6,14,19,45091.791666665864,-0.32,"Valid",2.3120833333333328,1.39,"Valid",4.4487500000000004,"","",-0.32,2.3120833333333328,1.39,4.4487500000000004,1.39,4.4487500000000004,-0.32,2.3120833333333328]
[2023,6,14,20,45091.833333332528,4.92,"Valid",2.4345833333333333,7.03,"Valid",4.5674999999999999,"","",4.92,2.4345833333333333,7.03,4.5674999999999999,7.03,4.5674999999999999,4.92,2.4345833333333333]
[2023,6,14,21,45091.874999999192,2.85,"Valid",2.5183333333333331,5.51,"Valid",4.6820833333333329,"","",2.85,2.5183333333333331,5.51,4.6820833333333329,5.51,4.6820833333333329,2.85,2.5183333333333331]
[2023,6,14,22,45091.916666665857,2.4300000000000002,"Valid",2.4637500000000001,4.1900000000000004,"Valid",4.590416666666667,"","",2.4300000000000002,2.4637500000000001,4.1900000000000004,4.590416666666667,4.1900000000000004,4.590416666666667,2.4300000000000002,2.4637500000000001]
[2023,6,14,23,45091.958333332521,-2.93,"Valid",2.1337499999999996,-1.18,"Valid",4.2350000000000003,"","",-2.93,2.1337499999999996,-1.18,4.2350000000000003,-1.18,4.2350000000000003,-2.93,2.1337499999999996]
[2023,6,15,0,45091.999999999185,-1.35,"Valid",2.0245833333333332,-0.11,"Valid",4.0883333333333338,"","",-1.35,2.0245833333333332,-0.11,4.0883333333333338,-0.11,4.0883333333333338,-1.35,2.0245833333333332]
[2023,6,15,1,45092.041666665849,-1.02,"Valid",2.1108333333333333,0.74,"Valid",4.1420833333333329,"","",-1.02,2.1108333333333333,0.74,4.1420833333333329,0.74,4.1420833333333329,-1.02,2.1108333333333333]
[2023,6,15,2,45092.083333332514,-1.18,"Valid",2.0312499999999996,0.73,"Valid",4.0758333333333328,"","",-1.18,2.0312499999999996,0.73,4.0758333333333328,0.73,4.0758333333333328,-1.18,2.0312499999999996]
[2023,6,15,3,45092.124999999178,0.38,"Valid",1.7874999999999999,1.71,"Valid",3.7624999999999997,"","",0.38,1.7874999999999999,1.71,3.7624999999999997,1.71,3.7624999999999997,0.38,1.7874999999999999]
[2023,6,15,4,45092.166666665842,0.77,"Valid",1.5791666666666668,2.34,"Valid",3.5608333333333331,"","",0.77,1.5791666666666668,2.34,3.5608333333333331,2.34,3.5608333333333331,0.77,1.5791666666666668]
[2023,6,15,5,45092.208333332506,-0.24,"Valid",1.3116666666666665,0.94,"Valid",3.2670833333333325,"","",-0.24,1.3116666666666665,0.94,3.2670833333333325,0.94,3.2670833333333325,-0.24,1.3116666666666665]
[2023,6,15,6,45092.249999999171,-1.1100000000000001,"Valid",1.18875,-0.15,"Valid",3.1341666666666654,"","",-1.1100000000000001,1.18875,-0.15,3.1341666666666654,-0.15,3.1341666666666654,-1.1100000000000001,1.18875]
[2023,6,15,7,45092.291666665835,2.0099999999999998,"Valid",1.1420833333333331,3.15,"Valid",3.0316666666666667,"","",2.0099999999999998,1.1420833333333331,3.15,3.0316666666666667,3.15,3.0316666666666667,2.0099999999999998,1.1420833333333331]
[2023,6,15,8,45092.333333332499,2.34,"Valid",1.1916666666666667,2.93,"Valid",2.9975000000000001,"","",2.34,1.1916666666666667,2.93,2.9975000000000001,2.93,2.9975000000000001,2.34,1.1916666666666667]
[2023,6,{"$f":"C323+1","v":15},9,45092.374999999163,-1.63,"Valid",1.0741666666666667,0.04,"Valid",2.8933333333333331,"","",-1.63,1.0741666666666667,0.04,2.8933333333333331,0.04,2.8933333333333331,-1.63,1.0741666666666667]
[2023,6,15,10,45092.416666665828,3.33,"Valid",1.3091666666666664,4.93,"Valid",3.1266666666666665,"","",3.33,1.3091666666666664,4.93,3.1266666666666665,4.93,3.1266666666666665,3.33,1.3091666666666664]
[2023,6,15,11,45092.458333332492,1.85,"Valid",1.325,6.28,"Valid",3.2375000000000007,"","",1.85,1.325,6.28,3.2375000000000007,6.28,3.2375000000000007,1.85,1.325]
[2023,6,15,12,45092.499999999156,5.07,"Valid",1.3325000000000002,11.41,"Valid",3.3949999999999991,"","",5.07,1.3325000000000002,11.41,3.3949999999999991,11.41,3.3949999999999991,5.07,1.3325000000000002]
[2023,6,15,13,45092.54166666582,1.37,"Valid",1.3470833333333332,6.27,"Valid",3.5224999999999991,"","",1.37,1.3470833333333332,6.27,3.5224999999999991,6.27,3.5224999999999991,1.37,1.3470833333333332]
[2023,6,15,14,45092.583333332484,3.75,"Valid",1.3620833333333333,7.13,"Valid",3.5774999999999992,"","",3.75,1.3620833333333333,7.13,3.5774999999999992,7.13,3.5774999999999992,3.75,1.3620833333333333]
[2023,6,15,15,45092.624999999149,4.54,"Valid",1.3975000000000002,6.38,"Valid",3.5904166666666661,"","",4.54,1.3975000000000002,6.38,3.5904166666666661,6.38,3.5904166666666661,4.54,1.3975000000000002]
[2023,6,15,16,45092.666666665813,2.1,"Valid",1.3533333333333335,4.28,"Valid",3.5266666666666668,"","",2.1,1.3533333333333335,4.28,3.5266666666666668,4.28,3.5266666666666668,2.1,1.3533333333333335]
[2023,6,15,17,45092.708333332477,4.0599999999999996,"Valid",1.4566666666666668,8.67,"Valid",3.7312499999999997,"","",4.0599999999999996,1.4566666666666668,8.67,3.7312499999999997,8.67,3.7312499999999997,4.0599999999999996,1.4566666666666668]
[2023,6,15,18,45092.749999999141,3.56,"Valid",1.4812500000000002,8.57,"Valid",3.882499999999999,"","",3.56,1.4812500000000002,8.57,3.882499999999999,8.57,3.882499999999999,3.56,1.4812500000000002]
[2023,6,15,19,45092.791666665806,1,"Valid",1.5362500000000001,3.5,"Valid",3.9704166666666665,"","",1,1.5362500000000001,3.5,3.9704166666666665,3.5,3.9704166666666665,1,1.5362500000000001]
[2023,6,15,20,45092.83333333247,1.63,"Valid",1.3991666666666667,3.46,"Valid",3.8216666666666659,"","",1.63,1.3991666666666667,3.46,3.8216666666666659,3.46,3.8216666666666659,1.63,1.3991666666666667]
[2023,6,15,21,45092.874999999134,3.31,"Valid",1.4183333333333332,4.79,"Valid",3.7916666666666665,"","",3.31,1.4183333333333332,4.79,3.7916666666666665,4.79,3.7916666666666665,3.31,1.4183333333333332]
[2023,6,15,22,45092.916666665798,-0.52,"Valid",1.2954166666666664,1.91,"Valid",3.6966666666666668,"","",-0.52,1.2954166666666664,1.91,3.6966666666666668,1.91,3.6966666666666668,-0.52,1.2954166666666664]
[2023,6,15,23,45092.958333332463,2.52,"Valid",1.5225,4.21,"Valid",3.9212500000000001,"","",2.52,1.5225,4.21,3.9212500000000001,4.21,3.9212500000000001,2.52,1.5225]
[2023,6,16,0,45092.999999999127,1.21,"Valid",1.6291666666666667,2.58,"Valid",4.0333333333333323,"","",1.21,1.6291666666666667,2.58,4.0333333333333323,2.58,4.0333333333333323,1.21,1.6291666666666667]
[2023,6,16,1,45093.041666665791,-4.6500000000000004,"Valid",1.477916666666667,-2.41,"Valid",3.9020833333333336,"","",-4.6500000000000004,1.477916666666667,-2.41,3.9020833333333336,-2.41,3.9020833333333336,-4.6500000000000004,1.477916666666667]
[2023,6,16,2,45093.083333332455,-0.1,"Valid",1.5229166666666669,1.86,"Valid",3.9491666666666663,"","",-0.1,1.5229166666666669,1.86,3.9491666666666663,1.86,3.9491666666666663,-0.1,1.5229166666666669]
[2023,6,16,3,45093.12499999912,-0.56999999999999995,"Valid",1.4833333333333334,1.23,"Valid",3.9291666666666671,"","",-0.56999999999999995,1.4833333333333334,1.23,3.9291666666666671,1.23,3.9291666666666671,-0.56999999999999995,1.4833333333333334]
[2023,6,16,4,45093.166666665784,0.14000000000000001,"Valid",1.4570833333333333,1.63,"Valid",3.8995833333333336,"","",0.14000000000000001,1.4570833333333333,1.63,3.8995833333333336,1.63,3.8995833333333336,0.14000000000000001,1.4570833333333333]
[2023,6,16,5,45093.208333332448,2.46,"Valid",1.5695833333333333,3.53,"Valid",4.0075000000000003,"","",2.46,1.5695833333333333,3.53,4.0075000000000003,3.53,4.0075000000000003,2.46,1.5695833333333333]
[2023,6,16,6,45093.249999999112,2.2799999999999998,"Valid",1.7108333333333337,3.46,"Valid",4.1579166666666669,"","",2.2799999999999998,1.7108333333333337,3.46,4.1579166666666669,3.46,4.1579166666666669,2.2799999999999998,1.7108333333333337]
[2023,6,16,7,45093.291666665777,1.89,"Valid",1.7058333333333335,2.99,"Valid",4.1512500000000001,"","",1.89,1.7058333333333335,2.99,4.1512500000000001,2.99,4.1512500000000001,1.89,1.7058333333333335]
[2023,6,16,8,45093.333333332441,-0.62,"Valid",1.5825000000000002,0.41,"Valid",4.0462499999999997,"","",-0.62,1.5825000000000002,0.41,4.0462499999999997,0.41,4.0462499999999997,-0.62,1.5825000000000002]
[2023,6,16,9,45093.374999999105,5.41,"Valid",1.8758333333333337,5.18,"Valid",4.260416666666667,"","",5.41,1.8758333333333337,5.18,4.260416666666667,5.18,4.260416666666667,5.41,1.8758333333333337]
[2023,6,16,10,45093.416666665769,-1,"Valid",1.6954166666666666,0.56000000000000005,"Valid",4.0783333333333331,"","",-1,1.6954166666666666,0.56000000000000005,4.0783333333333331,0.56000000000000005,4.0783333333333331,-1,1.6954166666666666]
[2023,6,16,11,45093.458333332434,6.48,"Valid",1.8883333333333336,8.4600000000000009,"Valid",4.1691666666666665,"","",6.48,1.8883333333333336,8.4600000000000009,4.1691666666666665,8.4600000000000009,4.1691666666666665,6.48,1.8883333333333336]
[2023,6,16,12,45093.499999999098,2.77,"Valid",1.7925000000000002,3.98,"Valid",3.8595833333333327,"","",2.77,1.7925000000000002,3.98,3.8595833333333327,3.98,3.8595833333333327,2.77,1.7925000000000002]
[2023,6,16,13,45093.541666665762,4.3899999999999997,"Valid",1.9183333333333332,11.55,"Valid",4.0795833333333329,"","",4.3899999999999997,1.9183333333333332,11.55,4.0795833333333329,11.55,4.0795833333333329,4.3899999999999997,1.9183333333333332]
[2023,6,16,14,45093.583333332426,3.26,"Valid",1.8979166666666665,12.39,"Valid",4.2987500000000001,"","",3.26,1.8979166666666665,12.39,4.2987500000000001,12.39,4.2987500000000001,3.26,1.8979166666666665]
[2023,6,16,15,45093.624999999091,3.75,"Valid",1.8650000000000002,15.75,"Valid",4.6891666666666669,"","",3.75,1.8650000000000002,15.75,4.6891666666666669,15.75,4.6891666666666669,3.75,1.8650000000000002]
[2023,6,16,16,45093.666666665755,4.84,"Valid",1.9791666666666667,16.190000000000001,"Valid",5.1854166666666668,"","",4.84,1.9791666666666667,16.190000000000001,5.1854166666666668,16.190000000000001,5.1854166666666668,4.84,1.9791666666666667]
[2023,6,16,17,45093.708333332419,-0.03,"Valid",1.8087499999999999,9.9700000000000006,"Valid",5.239583333333333,"","",-0.03,1.8087499999999999,9.9700000000000006,5.239583333333333,9.9700000000000006,5.239583333333333,-0.03,1.8087499999999999]
[2023,6,16,18,45093.749999999083,5.35,"Valid",1.8833333333333331,15.31,"Valid",5.5204166666666659,"","",5.35,1.8833333333333331,15.31,5.5204166666666659,15.31,5.5204166666666659,5.35,1.8833333333333331]
[2023,6,16,19,45093.791666665747,0.39,"Valid",1.8579166666666664,4.91,"Valid",5.5791666666666657,"","",0.39,1.8579166666666664,4.91,5.5791666666666657,4.91,5.5791666666666657,0.39,1.8579166666666664]
[2023,6,16,20,45093.833333332412,1.7,"Valid",1.8608333333333336,3.39,"Valid",5.576249999999999,"","",1.7,1.8608333333333336,3.39,5.576249999999999,3.39,5.576249999999999,1.7,1.8608333333333336]
[2023,6,16,21,45093.874999999076,3.66,"Valid",1.875416666666667,5.94,"Valid",5.6241666666666665,"","",3.66,1.875416666666667,5.94,5.6241666666666665,5.94,5.6241666666666665,3.66,1.875416666666667]
[2023,6,16,22,45093.91666666574,3.78,"Valid",2.0545833333333334,5.39,"Valid",5.7691666666666661,"","",3.78,2.0545833333333334,5.39,5.7691666666666661,5.39,5.7691666666666661,3.78,2.0545833333333334]
[2023,6,16,23,45093.958333332404,-0.3,"Valid",1.9370833333333337,1.57,"Valid",5.6591666666666667,"","",-0.3,1.9370833333333337,1.57,5.6591666666666667,1.57,5.6591666666666667,-0.3,1.9370833333333337]
[2023,6,17,0,45093.999999999069,7.45,"Valid",2.1970833333333335,8.43,"Valid",5.9029166666666661,"","",{"$f":"IF(G386=\"Valid\", F386, NA())","v":7.45},{"$f":"IF(G386=\"Valid\", H386, NA())","v":2.1970833333333335},{"$f":"IF(J386=\"Valid\", I386, NA())","v":8.43},{"$f":"IF(J386=\"Valid\", K386, NA())","v":5.9029166666666661},8.43,5.9029166666666661,7.45,2.1970833333333335]
[2023,6,17,1,45094.041666665733,-0.03,"Valid",2.3895833333333338,0.78,"Valid",6.0358333333333327,"","",-0.03,2.3895833333333338,0.78,6.0358333333333327,0.78,6.0358333333333327,-0.03,2.3895833333333338]
[{"$f":"A387","v":2023},6,17,{"$f":"IF(D387=23,0,D387+1)","v":2},{"$f":"E387+0.0416666666666666","v":45094.083333332397},-0.33,"Valid",2.3800000000000008,0.59,"Valid",5.9829166666666671,"","",-0.33,2.3800000000000008,0.59,5.9829166666666671,0.59,5.9829166666666671,-0.33,2.3800000000000008]
[2023,6,17,3,45094.124999999061,0.43,"Valid",2.4216666666666673,0.85,"Valid",5.9670833333333322,"","",0.43,2.4216666666666673,0.85,5.9670833333333322,0.85,5.9670833333333322,0.43,2.4216666666666673]
[2023,6,17,4,45094.166666665726,0.88,"Valid",2.4525000000000006,1.91,"Valid",5.9787499999999989,"","",0.88,2.4525000000000006,1.91,5.9787499999999989,1.91,5.9787499999999989,0.88,2.4525000000000006]
[2023,6,17,5,45094.20833333239,0.66,"Valid",2.3775000000000008,1.34,"Valid",5.8874999999999993,"","",0.66,2.3775000000000008,1.34,5.8874999999999993,1.34,5.8874999999999993,0.66,2.3775000000000008]
[2023,6,17,6,45094.249999999054,-1.61,"Valid",2.2154166666666666,-1.08,"Valid",5.6983333333333333,"","",-1.61,2.2154166666666666,-1.08,5.6983333333333333,-1.08,5.6983333333333333,-1.61,2.2154166666666666]
[2023,6,17,7,45094.291666665718,1.36,"Valid",2.1933333333333334,2.2599999999999998,"Valid",5.6679166666666658,"","",1.36,2.1933333333333334,2.2599999999999998,5.6679166666666658,2.2599999999999998,5.6679166666666658,1.36,2.1933333333333334]
[2023,6,17,8,45094.333333332383,8.31,"Valid",2.5654166666666671,8.34,"Valid",5.9983333333333322,"","",8.31,2.5654166666666671,8.34,5.9983333333333322,8.34,5.9983333333333322,8.31,2.5654166666666671]
[2023,6,17,9,45094.374999999047,5.55,"Valid",2.57125,5.93,"Valid",6.0295833333333322,"","",5.55,2.57125,5.93,6.0295833333333322,5.93,6.0295833333333322,5.55,2.57125]
[2023,6,17,10,45094.416666665711,4.0999999999999996,"Valid",2.7837499999999999,4.3099999999999996,"Valid",6.185833333333334,"","",4.0999999999999996,2.7837499999999999,4.3099999999999996,6.185833333333334,4.3099999999999996,6.185833333333334,4.0999999999999996,2.7837499999999999]
[2023,6,17,11,45094.458333332375,2.69,"Valid",2.6258333333333335,3.8,"Valid",5.9916666666666671,"","",2.69,2.6258333333333335,3.8,5.9916666666666671,3.8,5.9916666666666671,2.69,2.6258333333333335]
[2023,6,17,12,45094.49999999904,2.36,"Valid",2.6087499999999997,3.68,"Valid",5.9791666666666679,"","",2.36,2.6087499999999997,3.68,5.9791666666666679,3.68,5.9791666666666679,2.36,2.6087499999999997]
[2023,6,17,13,45094.541666665704,2.0099999999999998,"Valid",2.5095833333333331,4.24,"Valid",5.6745833333333344,"","",2.0099999999999998,2.5095833333333331,4.24,5.6745833333333344,4.24,5.6745833333333344,2.0099999999999998,2.5095833333333331]
[2023,6,17,14,45094.583333332368,5.94,"Valid",2.6212499999999994,8.58,"Valid",5.515833333333334,"","",5.94,2.6212499999999994,8.58,5.515833333333334,8.58,5.515833333333334,5.94,2.6212499999999994]
[2023,6,17,15,45094.624999999032,3.38,"Valid",2.605833333333333,5.63,"Valid",5.0941666666666672,"","",3.38,2.605833333333333,5.63,5.0941666666666672,5.63,5.0941666666666672,3.38,2.605833333333333]
[2023,6,17,16,45094.666666665697,4.9800000000000004,"Valid",2.6116666666666664,7.45,"Valid",4.7300000000000004,"","",4.9800000000000004,2.6116666666666664,7.45,4.7300000000000004,7.45,4.7300000000000004,4.9800000000000004,2.6116666666666664]
[2023,6,17,17,45094.708333332361,3.98,"Valid",2.7787500000000001,7.1,"Valid",4.6104166666666666,"","",3.98,2.7787500000000001,7.1,4.6104166666666666,7.1,4.6104166666666666,3.98,2.7787500000000001]
[2023,6,17,18,45094.749999999025,6.75,"Valid",2.8370833333333336,9.06,"Valid",4.3499999999999996,"","",6.75,2.8370833333333336,9.06,4.3499999999999996,9.06,4.3499999999999996,6.75,2.8370833333333336]
[2023,6,17,19,45094.791666665689,4.3899999999999997,"Valid",3.0037499999999997,7.19,"Valid",4.4449999999999994,"","",4.3899999999999997,3.0037499999999997,7.19,4.4449999999999994,7.19,4.4449999999999994,4.3899999999999997,3.0037499999999997]
[2023,6,17,20,45094.833333332354,7.44,"Valid",3.2429166666666664,10.199999999999999,"Valid",4.7287499999999998,"","",7.44,3.2429166666666664,10.199999999999999,4.7287499999999998,10.199999999999999,4.7287499999999998,7.44,3.2429166666666664]
[2023,6,17,21,45094.874999999018,6.07,"Valid",3.3433333333333324,8.2100000000000009,"Valid",4.8233333333333333,"","",6.07,3.3433333333333324,8.2100000000000009,4.8233333333333333,8.2100000000000009,4.8233333333333333,6.07,3.3433333333333324]
[2023,6,17,22,45094.916666665682,6.42,"Valid",3.4533333333333336,8.16,"Valid",4.9387499999999998,"","",6.42,3.4533333333333336,8.16,4.9387499999999998,8.16,4.9387499999999998,6.42,3.4533333333333336]
[2023,6,17,23,45094.958333332346,0.67,"Valid",3.4937500000000008,1.89,"Valid",4.9520833333333325,"","",0.67,3.4937500000000008,1.89,4.9520833333333325,1.89,4.9520833333333325,0.67,3.4937500000000008]
[2023,6,18,0,45094.99999999901,0.57999999999999996,"Valid",3.2075,2.14,"Valid",4.6900000000000004,"","",0.57999999999999996,3.2075,2.14,4.6900000000000004,2.14,4.6900000000000004,0.57999999999999996,3.2075]
[2023,6,{"$f":"C387+1","v":18},1,45095.041666665675,1.58,"Valid",3.2745833333333336,2.84,"Valid",4.7758333333333338,"","",1.58,3.2745833333333336,2.84,4.7758333333333338,2.84,4.7758333333333338,1.58,3.2745833333333336]
[2023,6,18,2,45095.083333332339,4.5199999999999996,"Valid",3.4766666666666666,5.65,"Valid",4.9866666666666672,"","",4.5199999999999996,3.4766666666666666,5.65,4.9866666666666672,5.65,4.9866666666666672,4.5199999999999996,3.4766666666666666]
[2023,6,18,3,45095.124999999003,1.23,"Valid",3.51,2,"Valid",5.0345833333333339,"","",1.23,3.51,2,5.0345833333333339,2,5.0345833333333339,1.23,3.51]
[2023,6,18,4,45095.166666665667,1.39,"Valid",3.53125,2.12,"Valid",5.0433333333333339,"","",1.39,3.53125,2.12,5.0433333333333339,2.12,5.0433333333333339,1.39,3.53125]
[2023,6,18,5,45095.208333332332,0.27,"Valid",3.5150000000000001,1.29,"Valid",5.0412500000000007,"","",0.27,3.5150000000000001,1.29,5.0412500000000007,1.29,5.0412500000000007,0.27,3.5150000000000001]
[2023,6,18,6,45095.249999998996,2.2400000000000002,"Valid",3.6754166666666666,3.13,"Valid",5.2166666666666677,"","",2.2400000000000002,3.6754166666666666,3.13,5.2166666666666677,3.13,5.2166666666666677,2.2400000000000002,3.6754166666666666]
[2023,6,18,7,45095.29166666566,5.55,"Valid",3.8499999999999996,6.44,"Valid",5.390833333333334,"","",5.55,3.8499999999999996,6.44,5.390833333333334,6.44,5.390833333333334,5.55,3.8499999999999996]
[2023,6,18,8,45095.333333332324,6.04,"Valid",3.7554166666666657,6.53,"Valid",5.3154166666666685,"","",6.04,3.7554166666666657,6.53,5.3154166666666685,6.53,5.3154166666666685,6.04,3.7554166666666657]
[2023,6,18,9,45095.374999998989,5.12,"Valid",3.7375000000000003,6.88,"Valid",5.3550000000000004,"","",5.12,3.7375000000000003,6.88,5.3550000000000004,6.88,5.3550000000000004,5.12,3.7375000000000003]
[2023,6,18,10,45095.416666665653,10.050000000000001,"Valid",3.9854166666666671,11.53,"Valid",5.6558333333333337,"","",10.050000000000001,{"$f":"IF(G420=\"Valid\", H420, NA())","v":3.9854166666666671},11.53,5.6558333333333337,11.53,5.6558333333333337,10.050000000000001,3.9854166666666671]
[2023,6,18,11,45095.458333332317,8.59,"Valid",4.2312500000000002,12.89,"Valid",6.034583333333333,"","",8.59,4.2312500000000002,12.89,6.034583333333333,12.89,6.034583333333333,8.59,4.2312500000000002]
[2023,6,18,12,45095.499999998981,7.72,"Valid",4.4545833333333347,12.18,"Valid",6.388749999999999,"","",7.72,4.4545833333333347,12.18,6.388749999999999,12.18,6.388749999999999,7.72,4.4545833333333347]
[2023,6,18,13,45095.541666665646,4.83,"Valid",4.5720833333333344,10.27,"Valid",6.6400000000000015,"","",4.83,4.5720833333333344,10.27,6.6400000000000015,10.27,6.6400000000000015,4.83,4.5720833333333344]
[2023,6,18,14,45095.58333333231,4.9000000000000004,"Valid",4.5287500000000005,8.99,"Valid",6.6570833333333352,"","",4.9000000000000004,4.5287500000000005,8.99,6.6570833333333352,8.99,6.6570833333333352,4.9000000000000004,4.5287500000000005]
[2023,6,18,15,45095.624999998974,7.55,"Valid",4.7024999999999997,10.41,"Valid",6.856250000000002,"","",7.55,4.7024999999999997,10.41,6.856250000000002,10.41,6.856250000000002,7.55,4.7024999999999997]
[2023,6,18,16,45095.666666665638,6.82,"Valid",4.7791666666666677,9.77,"Valid",6.9529166666666677,"","",6.82,4.7791666666666677,9.77,6.9529166666666677,9.77,6.9529166666666677,6.82,4.7791666666666677]
[2023,6,18,17,45095.708333332303,5.8,"Valid",4.8549999999999995,8.5399999999999991,"Valid",7.0129166666666665,"","",5.8,4.8549999999999995,8.5399999999999991,7.0129166666666665,8.5399999999999991,7.0129166666666665,5.8,4.8549999999999995]
[2023,6,18,18,45095.749999998967,8.58,"Valid",4.9312499999999995,11.46,"Valid",7.112916666666667,"","",8.58,4.9312499999999995,11.46,7.112916666666667,11.46,7.112916666666667,8.58,4.9312499999999995]
[2023,6,18,19,45095.791666665631,5.79,"Valid",4.989583333333333,9.68,"Valid",7.2166666666666659,"","",5.79,4.989583333333333,9.68,7.2166666666666659,9.68,7.2166666666666659,5.79,4.989583333333333]
[2023,6,18,20,45095.833333332295,5.28,"Valid",4.8995833333333341,7.19,"Valid",7.0912499999999996,"","",5.28,4.8995833333333341,7.19,7.0912499999999996,7.19,7.0912499999999996,5.28,4.8995833333333341]
[2023,6,18,21,45095.87499999896,3.99,"Valid",4.8129166666666663,5.0999999999999996,"Valid",6.9616666666666669,"","",3.99,4.8129166666666663,5.0999999999999996,6.9616666666666669,5.0999999999999996,6.9616666666666669,3.99,4.8129166666666663]
[2023,6,18,22,45095.916666665624,7.05,"Valid",4.8391666666666664,8.8800000000000008,"Valid",6.9916666666666671,"","",7.05,4.8391666666666664,8.8800000000000008,6.9916666666666671,8.8800000000000008,6.9916666666666671,7.05,4.8391666666666664]
[2023,6,18,23,45095.958333332288,8.42,"Valid",5.1620833333333325,10.050000000000001,"Valid",7.331666666666667,"","",8.42,5.1620833333333325,10.050000000000001,7.331666666666667,10.050000000000001,7.331666666666667,8.42,5.1620833333333325]
[2023,6,19,0,45095.999999998952,5.45,"Valid",5.3649999999999993,6.8,"Valid",7.5258333333333338,"","",5.45,5.3649999999999993,6.8,7.5258333333333338,6.8,7.5258333333333338,5.45,5.3649999999999993]
[2023,6,19,1,45096.041666665617,4.3,"Valid",5.4783333333333326,4.91,"Valid",7.6120833333333335,"","",4.3,5.4783333333333326,4.91,7.6120833333333335,4.91,7.6120833333333335,4.3,5.4783333333333326]
[2023,6,19,2,45096.083333332281,1.86,"Valid",5.3675000000000006,3.25,"Valid",7.5120833333333339,"","",1.86,5.3675000000000006,{"$f":"IF(J436=\"Valid\", I439, NA())","v":3.51},7.5120833333333339,3.51,7.5120833333333339,1.86,5.3675000000000006]
[2023,6,19,3,45096.124999998945,3.09,"Valid",5.4449999999999994,3.69,"Valid",7.5825000000000005,"","",3.09,5.4449999999999994,3.69,7.5825000000000005,3.69,7.5825000000000005,3.09,5.4449999999999994]
[2023,6,19,4,45096.166666665609,15.7,"Valid",6.0412499999999989,16,"Valid",8.1608333333333345,"","",15.7,6.0412499999999989,16,8.1608333333333345,16,8.1608333333333345,15.7,6.0412499999999989]
[2023,6,19,5,45096.208333332273,2.4700000000000002,"Valid",6.1329166666666657,3.51,"Valid",8.2533333333333321,"","",2.4700000000000002,6.1329166666666657,3.51,8.2533333333333321,3.51,8.2533333333333321,2.4700000000000002,6.1329166666666657]
[2023,6,19,6,45096.249999998938,-1,"Valid",5.9979166666666659,-0.34,"Valid",8.1087499999999988,"","",-1,5.9979166666666659,-0.34,8.1087499999999988,-0.34,8.1087499999999988,-1,5.9979166666666659]
[2023,6,19,7,45096.291666665602,0.65,"Valid",5.7937500000000002,1.51,"Valid",7.9033333333333324,"","",0.65,5.7937500000000002,1.51,7.9033333333333324,1.51,7.9033333333333324,0.65,5.7937500000000002]
[2023,6,19,8,45096.333333332266,-3.4,"Valid",5.4004166666666658,-1.98,"Valid",7.548750000000001,"","",-3.4,5.4004166666666658,-1.98,7.548750000000001,-1.98,7.548750000000001,-3.4,5.4004166666666658]
[2023,6,19,9,45096.37499999893,3.39,"Valid",5.328333333333334,4.68,"Valid",7.4570833333333342,"","",3.39,5.328333333333334,4.68,7.4570833333333342,4.68,7.4570833333333342,3.39,5.328333333333334]
[2023,6,19,10,45096.416666665595,3.24,"Valid",5.0445833333333328,42.19,"Valid",8.7345833333333331,"","",3.24,5.0445833333333328,42.19,8.7345833333333331,42.19,8.7345833333333331,3.24,5.0445833333333328]
[2023,6,19,11,45096.458333332259,25.5,"Valid",5.7491666666666674,23.66,"Valid",9.1833333333333318,"","",25.5,5.7491666666666674,23.66,9.1833333333333318,23.66,9.1833333333333318,25.5,5.7491666666666674]
[2023,6,19,12,45096.499999998923,16.88,"Valid",6.1308333333333325,17.84,"Valid",9.4191666666666656,"","",16.88,6.1308333333333325,17.84,9.4191666666666656,17.84,9.4191666666666656,16.88,6.1308333333333325]
[2023,6,19,13,45096.541666665587,20.399999999999999,"Valid",6.779583333333334,21.52,"Valid",9.8879166666666638,"","",20.399999999999999,6.779583333333334,21.52,9.8879166666666638,21.52,9.8879166666666638,20.399999999999999,6.779583333333334]
[2023,6,19,14,45096.583333332252,10.54,"Valid",7.0145833333333334,10.44,"Valid",9.9483333333333324,"","",10.54,7.0145833333333334,10.44,9.9483333333333324,10.44,9.9483333333333324,10.54,7.0145833333333334]
[2023,6,19,15,45096.624999998916,13.82,"Valid",7.2758333333333338,16.22,"Valid",10.190416666666666,"","",13.82,7.2758333333333338,16.22,10.190416666666666,16.22,10.190416666666666,13.82,7.2758333333333338]
[2023,6,19,16,45096.66666666558,9.1199999999999992,"Valid",7.3716666666666661,10.96,"Valid",10.24,"","",{"$f":"IF(G450=\"Valid\", F450, NA())","v":9.1199999999999992},{"$f":"IF(G450=\"Valid\", H450, NA())","v":7.3716666666666661},{"$f":"IF(J450=\"Valid\", I450, NA())","v":10.96},{"$f":"IF(J450=\"Valid\", K450, NA())","v":10.24},10.96,10.24,9.1199999999999992,7.3716666666666661]
[2023,6,19,17,45096.708333332244,7.21,"Valid",7.430416666666666,8.5,"Valid",10.238333333333333,"","",7.21,7.430416666666666,8.5,10.238333333333333,8.5,10.238333333333333,7.21,7.430416666666666]
[{"$f":"A451","v":2023},6,19,{"$f":"IF(D451=23,0,D451+1)","v":18},{"$f":"E451+0.0416666666666666","v":45096.749999998909},10.46,"Valid",7.50875,12.38,"Valid",10.276666666666667,"","",10.46,7.50875,12.38,10.276666666666667,12.38,10.276666666666667,10.46,7.50875]
[2023,6,19,19,45096.791666665573,3.46,"Valid",7.411666666666668,4.97,"Valid",10.080416666666666,"","",3.46,7.411666666666668,4.97,10.080416666666666,4.97,10.080416666666666,3.46,7.411666666666668]
[2023,6,19,20,45096.833333332237,1.05,"Valid",7.2354166666666684,3.31,"Valid",9.9187500000000011,"","",1.05,7.2354166666666684,3.31,9.9187500000000011,3.31,9.9187500000000011,1.05,7.2354166666666684]
[2023,6,19,21,45096.874999998901,6.8,"Valid",7.3525000000000018,9.3800000000000008,"Valid",10.097083333333332,"","",6.8,7.3525000000000018,9.3800000000000008,10.097083333333332,9.3800000000000008,10.097083333333332,6.8,7.3525000000000018]
[2023,6,19,22,45096.916666665566,4.04,"Valid",7.2270833333333337,6.67,"Valid",10.004999999999999,"","",4.04,7.2270833333333337,6.67,10.004999999999999,6.67,10.004999999999999,4.04,7.2270833333333337]
[2023,6,19,23,45096.95833333223,2.09,"Valid",6.9633333333333347,3.04,"Valid",9.7129166666666666,"","",{"$f":"IF(G457=\"Valid\", F457, NA())","v":2.09},6.9633333333333347,3.04,9.7129166666666666,3.04,9.7129166666666666,2.09,6.9633333333333347]
[2023,6,20,0,45096.999999998894,5.01,"Valid",6.9450000000000003,5.3,"Valid",9.6504166666666666,"","",5.01,6.9450000000000003,5.3,9.6504166666666666,5.3,9.6504166666666666,5.01,6.9450000000000003]
[2023,6,20,1,45097.041666665558,2.66,"Valid",6.8766666666666678,3.27,"Valid",9.5820833333333333,"","",2.66,6.8766666666666678,3.27,9.5820833333333333,3.27,9.5820833333333333,2.66,6.8766666666666678]
[2023,6,20,2,45097.083333332223,-0.99,"Valid",6.7579166666666657,-0.27,"Valid",9.4354166666666668,"","",-0.99,6.7579166666666657,-0.27,9.4354166666666668,-0.27,9.4354166666666668,-0.99,6.7579166666666657]
[2023,6,20,3,45097.124999998887,2.8,"Valid",6.7458333333333327,3.67,"Valid",9.4345833333333324,"","",2.8,6.7458333333333327,3.67,9.4345833333333324,3.67,9.4345833333333324,2.8,6.7458333333333327]
[2023,6,20,4,45097.166666665551,1.71,"Valid",6.162916666666665,1.86,"Valid",8.8454166666666669,"","",1.71,6.162916666666665,1.86,8.8454166666666669,1.86,8.8454166666666669,1.71,6.162916666666665]
[2023,6,20,5,45097.208333332215,0.89,"Valid",6.0970833333333312,1.68,"Valid",8.769166666666667,"","",0.89,6.0970833333333312,1.68,8.769166666666667,1.68,8.769166666666667,0.89,6.0970833333333312]
[2023,6,20,6,45097.24999999888,-0.65,"Valid",6.1116666666666646,-0.54,"Valid",8.7608333333333324,"","",-0.65,6.1116666666666646,-0.54,8.7608333333333324,-0.54,8.7608333333333324,-0.65,6.1116666666666646]
[2023,6,20,7,45097.291666665544,-4.55,"Valid",5.8949999999999969,-2.4300000000000002,"Valid",8.5966666666666658,"","",-4.55,5.8949999999999969,-2.4300000000000002,8.5966666666666658,-2.4300000000000002,8.5966666666666658,-4.55,5.8949999999999969]
[2023,6,20,8,45097.333333332208,-0.28000000000000003,"Valid",6.0249999999999977,0.97,"Valid",8.7195833333333344,"","",-0.28000000000000003,6.0249999999999977,0.97,8.7195833333333344,0.97,8.7195833333333344,-0.28000000000000003,6.0249999999999977]
[2023,6,20,9,45097.374999998872,1.96,"Valid",5.9654166666666653,3.85,"Valid",8.6850000000000005,"","",1.96,5.9654166666666653,3.85,8.6850000000000005,3.85,8.6850000000000005,1.96,5.9654166666666653]
[2023,6,20,10,45097.416666665536,18.899999999999999,"Valid",6.6179166666666651,21.28,"Valid",7.8137499999999989,"","",18.899999999999999,6.6179166666666651,21.28,7.8137499999999989,21.28,7.8137499999999989,18.899999999999999,6.6179166666666651]
[2023,6,20,11,45097.458333332201,23.34,"Valid",6.5279166666666661,26.99,"Valid",7.9525000000000006,"","",23.34,6.5279166666666661,26.99,7.9525000000000006,26.99,7.9525000000000006,23.34,6.5279166666666661]
[2023,6,20,12,45097.499999998865,16.79,"Valid",6.524166666666666,21.84,"Valid",8.1191666666666666,"","",16.79,6.524166666666666,21.84,8.1191666666666666,21.84,8.1191666666666666,16.79,6.524166666666666]
[2023,6,20,13,45097.541666665529,16.55,"Valid",6.3637499999999996,21.94,"Valid",8.1366666666666667,"","",16.55,6.3637499999999996,21.94,8.1366666666666667,21.94,8.1366666666666667,16.55,6.3637499999999996]
[2023,6,20,14,45097.583333332193,10.37,"Valid",6.3566666666666665,15.44,"Valid",8.3450000000000006,"","",10.37,6.3566666666666665,15.44,8.3450000000000006,15.44,8.3450000000000006,10.37,6.3566666666666665]
[2023,6,20,15,45097.624999998858,10.89,"Valid",6.2345833333333331,17.11,"Valid",8.3820833333333322,"","",10.89,6.2345833333333331,17.11,8.3820833333333322,17.11,8.3820833333333322,10.89,6.2345833333333331]
[2023,6,20,16,45097.666666665522,9.84,"Valid",6.2645833333333334,13.96,"Valid",8.5070833333333322,"","",9.84,6.2645833333333334,13.96,8.5070833333333322,13.96,8.5070833333333322,9.84,6.2645833333333334]
[2023,6,{"$f":"C451+1","v":20},17,45097.708333332186,11.97,"Valid",6.4629166666666675,19.829999999999998,"Valid",8.9791666666666661,"","",11.97,6.4629166666666675,19.829999999999998,8.9791666666666661,19.829999999999998,8.9791666666666661,11.97,6.4629166666666675]
[2023,6,20,18,45097.74999999885,11.42,"Valid",6.5029166666666667,31.7,"Valid",9.7841666666666658,"","",11.42,6.5029166666666667,31.7,9.7841666666666658,31.7,9.7841666666666658,11.42,6.5029166666666667]
[2023,6,20,19,45097.791666665515,5.96,"Valid",6.6070833333333328,20.87,"Valid",10.446666666666667,"","",5.96,6.6070833333333328,20.87,10.446666666666667,20.87,10.446666666666667,5.96,6.6070833333333328]
[2023,6,20,20,45097.833333332179,8.57,"Valid",6.9204166666666671,16.25,"Valid",10.985833333333334,"","",8.57,6.9204166666666671,16.25,10.985833333333334,16.25,10.985833333333334,8.57,6.9204166666666671]
[2023,6,20,21,45097.874999998843,8.76,"Valid",7.0020833333333323,13.02,"Valid",11.137500000000001,"","",8.76,7.0020833333333323,13.02,11.137500000000001,13.02,11.137500000000001,8.76,7.0020833333333323]
[2023,6,20,22,45097.916666665507,20.65,"Valid",7.6941666666666668,22.72,"Valid",11.80625,"","",20.65,7.6941666666666668,22.72,11.80625,22.72,11.80625,20.65,7.6941666666666668]
[2023,6,20,23,45097.958333332172,16.850000000000001,"Valid",8.3091666666666661,17.8,"Valid",12.421249999999999,"","",16.850000000000001,8.3091666666666661,17.8,12.421249999999999,17.8,12.421249999999999,16.850000000000001,8.3091666666666661]
[2023,6,21,0,45097.999999998836,-2.67,"Valid",7.9891666666666667,-1.08,"Valid",12.155416666666667,"","",-2.67,7.9891666666666667,-1.08,12.155416666666667,-1.08,12.155416666666667,-2.67,7.9891666666666667]
[2023,6,21,1,45098.0416666655,7.95,"Valid",8.2095833333333328,8.2799999999999994,"Valid",12.364166666666668,"","",7.95,8.2095833333333328,8.2799999999999994,12.364166666666668,8.2799999999999994,12.364166666666668,7.95,8.2095833333333328]
[2023,6,21,2,45098.083333332164,4.9000000000000004,"Valid",8.4550000000000001,5.77,"Valid",12.615833333333333,"","",4.9000000000000004,8.4550000000000001,5.77,12.615833333333333,5.77,12.615833333333333,4.9000000000000004,8.4550000000000001]
[2023,6,21,3,45098.124999998829,-0.39,"Valid",8.3220833333333335,1.1100000000000001,"Valid",12.509166666666667,"","",-0.39,8.3220833333333335,1.1100000000000001,12.509166666666667,1.1100000000000001,12.509166666666667,-0.39,8.3220833333333335]
[2023,6,21,4,45098.166666665493,0.45,"Valid",8.2695833333333333,1.2,"Valid",12.481666666666667,"","",0.45,8.2695833333333333,1.2,12.481666666666667,1.2,12.481666666666667,0.45,8.2695833333333333]
[2023,6,21,5,45098.208333332157,1.28,"Valid",8.2858333333333345,2.2200000000000002,"Valid",12.504166666666668,"","",1.28,8.2858333333333345,2.2200000000000002,12.504166666666668,2.2200000000000002,12.504166666666668,1.28,8.2858333333333345]
[2023,6,21,6,45098.249999998821,2.66,"Valid",8.4237500000000001,3.95,"Valid",12.691249999999998,"","",2.66,8.4237500000000001,3.95,12.691249999999998,3.95,12.691249999999998,2.66,8.4237500000000001]
[2023,6,21,7,45098.291666665486,-1.36,"Valid",8.5566666666666666,0.99,"Valid",12.833750000000002,"","",-1.36,8.5566666666666666,0.99,12.833750000000002,0.99,12.833750000000002,-1.36,8.5566666666666666]
[2023,6,21,8,45098.33333333215,2.62,"Valid",8.6775000000000002,7.6,"Valid",13.110000000000001,"","",2.62,8.6775000000000002,7.6,13.110000000000001,7.6,13.110000000000001,2.62,8.6775000000000002]
[2023,6,21,9,45098.374999998814,4.58,"Valid",8.7866666666666671,6.19,"Valid",13.207500000000001,"","",4.58,8.7866666666666671,6.19,13.207500000000001,6.19,13.207500000000001,4.58,8.7866666666666671]
[2023,6,21,10,45098.416666665478,5.03,"Valid",8.2087500000000002,9.61,"Valid",12.721250000000003,"","",5.03,8.2087500000000002,9.61,12.721250000000003,9.61,12.721250000000003,5.03,8.2087500000000002]
[2023,6,21,11,45098.458333332143,22.12,"Valid",8.1579166666666669,23.32,"Valid",12.568333333333335,"","",22.12,8.1579166666666669,23.32,12.568333333333335,23.32,12.568333333333335,22.12,8.1579166666666669]
[2023,6,21,12,45098.499999998807,17.88,"Valid",8.2033333333333331,24.73,"Valid",12.688750000000001,"","",17.88,8.2033333333333331,24.73,12.688750000000001,24.73,12.688750000000001,17.88,8.2033333333333331]
[2023,6,21,13,45098.541666665471,20.51,"Valid",8.3683333333333341,27.24,"Valid",12.909583333333336,"","",20.51,8.3683333333333341,27.24,12.909583333333336,27.24,12.909583333333336,20.51,8.3683333333333341]
[2023,6,21,14,45098.583333332135,16.760000000000002,"Valid",8.6345833333333335,24.1,"Valid",13.270416666666669,"","",16.760000000000002,8.6345833333333335,24.1,13.270416666666669,24.1,13.270416666666669,16.760000000000002,8.6345833333333335]
[2023,6,21,15,45098.624999998799,15.56,"Valid",8.8291666666666675,21.5,"Valid",13.453333333333333,"","",15.56,8.8291666666666675,21.5,13.453333333333333,21.5,13.453333333333333,15.56,8.8291666666666675]
[2023,6,21,16,45098.666666665464,12.13,"Valid",8.9245833333333326,15.14,"Valid",13.502499999999998,"","",12.13,8.9245833333333326,15.14,13.502499999999998,15.14,13.502499999999998,12.13,8.9245833333333326]
[2023,6,21,17,45098.708333332128,11.42,"Valid",8.9016666666666655,32.49,"Valid",14.03,"","",11.42,8.9016666666666655,32.49,14.03,32.49,14.03,11.42,8.9016666666666655]
[2023,6,21,18,45098.749999998792,13.58,"Valid",8.9916666666666654,36.94,"Valid",14.248333333333333,"","",13.58,8.9916666666666654,36.94,14.248333333333333,36.94,14.248333333333333,13.58,8.9916666666666654]
[2023,6,21,19,45098.791666665456,11.74,"Valid",9.2324999999999999,28.02,"Valid",14.546249999999999,"","",11.74,9.2324999999999999,28.02,14.546249999999999,28.02,14.546249999999999,11.74,9.2324999999999999]
[2023,6,21,20,45098.833333332121,10.11,"Valid",9.2966666666666669,25.82,"Valid",14.944999999999999,"","",10.11,9.2966666666666669,25.82,14.944999999999999,25.82,14.944999999999999,10.11,9.2966666666666669]
[2023,6,21,21,45098.874999998785,14.02,"Valid",9.5158333333333349,20.37,"Valid",15.251249999999999,"","",14.02,9.5158333333333349,20.37,15.251249999999999,20.37,15.251249999999999,14.02,9.5158333333333349]
[2023,6,21,22,45098.916666665449,14.82,"Valid",9.2729166666666654,19.899999999999999,"Valid",15.133749999999999,"","",14.82,9.2729166666666654,19.899999999999999,15.133749999999999,19.899999999999999,15.133749999999999,14.82,9.2729166666666654]
[2023,6,21,23,45098.958333332113,16.809999999999999,"Valid",9.2712500000000002,23.27,"Valid",15.361666666666665,"","",16.809999999999999,9.2712500000000002,23.27,15.361666666666665,23.27,15.361666666666665,16.809999999999999,9.2712500000000002]
[2023,6,22,0,45098.999999998778,14.67,"Valid",9.9937500000000004,22.38,"Valid",16.339166666666664,"","",14.67,9.9937500000000004,22.38,16.339166666666664,22.38,16.339166666666664,14.67,9.9937500000000004]
[2023,6,22,1,45099.041666665442,10.89,"Valid",10.116250000000001,15.03,"Valid",16.620416666666664,"","",10.89,10.116250000000001,15.03,16.620416666666664,15.03,16.620416666666664,10.89,10.116250000000001]
[2023,6,22,2,45099.083333332106,14.98,"Valid",10.536249999999999,15.84,"Valid",17.039999999999996,"","",14.98,10.536249999999999,15.84,17.039999999999996,15.84,17.039999999999996,14.98,10.536249999999999]
[2023,6,22,3,45099.12499999877,11.14,"Valid",11.016666666666667,11.17,"Valid",17.459166666666665,"","",11.14,11.016666666666667,11.17,17.459166666666665,11.17,17.459166666666665,11.14,11.016666666666667]
[2023,6,22,4,45099.166666665435,15.16,"Valid",11.629583333333334,15.45,"Valid",18.052916666666661,"","",15.16,11.629583333333334,15.45,18.052916666666661,15.45,18.052916666666661,15.16,11.629583333333334]
[2023,6,22,5,45099.208333332099,14.1,"Valid",12.163750000000002,13.9,"Valid",18.539583333333329,"","",14.1,12.163750000000002,13.9,18.539583333333329,13.9,18.539583333333329,14.1,12.163750000000002]
[2023,6,22,6,45099.249999998763,-6.72,"Valid",11.772916666666667,-4.78,"Valid",18.17583333333333,"","",-6.72,11.772916666666667,-4.78,18.17583333333333,-4.78,18.17583333333333,-6.72,11.772916666666667]
[2023,6,22,7,45099.291666665427,5.69,"Valid",12.066666666666668,7,"Valid",18.426249999999996,"","",5.69,12.066666666666668,7,18.426249999999996,7,18.426249999999996,5.69,12.066666666666668]
[2023,6,22,8,45099.333333332092,5.12,"Valid",12.170833333333334,7.65,"Valid",18.428333333333331,"","",{"$f":"IF(G514=\"Valid\", F514, NA())","v":5.12},{"$f":"IF(G514=\"Valid\", H514, NA())","v":12.170833333333334},{"$f":"IF(J514=\"Valid\", I514, NA())","v":7.65},{"$f":"IF(J514=\"Valid\", K514, NA())","v":18.428333333333331},7.65,18.428333333333331,5.12,12.170833333333334]
[2023,6,22,9,45099.374999998756,8.0299999999999994,"Valid",12.314583333333333,18.03,"Valid",18.921666666666663,"","",8.0299999999999994,12.314583333333333,18.03,18.921666666666663,18.03,18.921666666666663,8.0299999999999994,12.314583333333333]
[{"$f":"A515","v":2023},6,22,{"$f":"IF(D515=23,0,D515+1)","v":10},{"$f":"E515+0.0416666666666666","v":45099.41666666542},24.78,"Valid",13.137499999999998,32.47,"Valid",19.874166666666664,"","",24.78,13.137499999999998,32.47,19.874166666666664,32.47,19.874166666666664,24.78,13.137499999999998]
[2023,6,22,11,45099.458333332084,22.02,"Valid",13.133333333333331,30.32,"Valid",20.165833333333328,"","",22.02,13.133333333333331,30.32,20.165833333333328,30.32,20.165833333333328,22.02,13.133333333333331]
[2023,6,22,12,45099.499999998749,24.81,"Valid",13.422083333333331,43.47,"Valid",20.946666666666662,"","",24.81,13.422083333333331,43.47,20.946666666666662,43.47,20.946666666666662,24.81,13.422083333333331]
[2023,6,22,13,45099.541666665413,15.3,"Valid",13.205,26.96,"Valid",20.934999999999999,"","",15.3,13.205,26.96,20.934999999999999,26.96,20.934999999999999,15.3,13.205]
[2023,6,22,14,45099.583333332077,17.510000000000002,"Valid",13.23625,23.49,"Valid",20.909583333333334,"","",17.510000000000002,13.23625,23.49,20.909583333333334,23.49,20.909583333333334,17.510000000000002,13.23625]
[2023,6,22,15,45099.624999998741,12.64,"Valid",13.114583333333334,15.89,"Valid",20.675833333333333,"","",12.64,13.114583333333334,15.89,20.675833333333333,15.89,20.675833333333333,12.64,13.114583333333334]
[2023,6,22,16,45099.666666665406,16.96,"Valid",13.315833333333332,19.29,"Valid",20.848749999999999,"","",16.96,13.315833333333332,19.29,20.848749999999999,19.29,20.848749999999999,16.96,13.315833333333332]
[2023,6,22,17,45099.70833333207,19.13,"Valid",13.637083333333331,21.07,"Valid",20.372916666666665,"","",19.13,13.637083333333331,21.07,20.372916666666665,21.07,20.372916666666665,19.13,13.637083333333331]
[2023,6,22,18,45099.749999998734,14.47,"Valid",13.674166666666666,16.59,"Valid",19.524999999999995,"","",14.47,13.674166666666666,16.59,19.524999999999995,16.59,19.524999999999995,14.47,13.674166666666666]
[2023,6,22,19,45099.791666665398,14.25,"Valid",13.778750000000002,15.46,"Valid",19.001666666666662,"","",14.25,13.778750000000002,15.46,19.001666666666662,15.46,19.001666666666662,14.25,13.778750000000002]
[2023,6,22,20,45099.833333332062,14.64,"Valid",13.967500000000001,16.02,"Valid",18.59333333333333,"","",14.64,13.967500000000001,16.02,18.59333333333333,16.02,18.59333333333333,14.64,13.967500000000001]
[2023,6,22,21,45099.874999998727,15.61,"Valid",14.03375,16.11,"Valid",18.415833333333332,"","",15.61,14.03375,16.11,18.415833333333332,16.11,18.415833333333332,15.61,14.03375]
[2023,6,22,22,45099.916666665391,17.54,"Valid",14.147083333333336,17.43,"Valid",18.312916666666663,"","",17.54,14.147083333333336,17.43,18.312916666666663,17.43,18.312916666666663,17.54,14.147083333333336]
[2023,6,22,23,45099.958333332055,19.89,"Valid",14.275416666666667,20.94,"Valid",18.215833333333332,"","",19.89,14.275416666666667,20.94,18.215833333333332,20.94,18.215833333333332,19.89,14.275416666666667]
[2023,6,23,0,45099.999999998719,16.350000000000001,"Valid",14.345416666666667,17.68,"Valid",18.02,"","",16.350000000000001,14.345416666666667,17.68,18.02,17.68,18.02,16.350000000000001,14.345416666666667]
[2023,6,23,1,45100.041666665384,12.4,"Valid",14.408333333333333,12.93,"Valid",17.932500000000001,"","",12.4,14.408333333333333,12.93,17.932500000000001,12.93,17.932500000000001,12.4,14.408333333333333]
[2023,6,23,2,45100.083333332048,5.37,"Valid",14.007916666666667,4.3899999999999997,"Valid",17.455416666666665,"","",5.37,14.007916666666667,4.3899999999999997,17.455416666666665,4.3899999999999997,17.455416666666665,5.37,14.007916666666667]
[2023,6,23,3,45100.124999998712,10.59,"Valid",13.984999999999999,11,"Valid",17.448333333333334,"","",10.59,13.984999999999999,11,17.448333333333334,11,17.448333333333334,10.59,13.984999999999999]
[2023,6,23,4,45100.166666665376,9.08,"Valid",13.731666666666664,8.11,"Valid",17.142500000000002,"","",9.08,13.731666666666664,8.11,17.142500000000002,8.11,17.142500000000002,9.08,13.731666666666664]
[2023,6,23,5,45100.208333332041,12.99,"Valid",13.685416666666667,13.39,"Valid",17.12125,"","",12.99,13.685416666666667,13.39,17.12125,13.39,17.12125,12.99,13.685416666666667]
[2023,6,23,6,45100.249999998705,16.420000000000002,"Valid",14.649583333333334,18.18,"Valid",18.077916666666667,"","",16.420000000000002,14.649583333333334,18.18,18.077916666666667,18.18,18.077916666666667,16.420000000000002,14.649583333333334]
[2023,6,23,7,45100.291666665369,14.74,"Valid",15.026666666666669,17.190000000000001,"Valid",18.502500000000001,"","",14.74,15.026666666666669,17.190000000000001,18.502500000000001,17.190000000000001,18.502500000000001,14.74,15.026666666666669]
[2023,6,23,8,45100.333333332033,15.07,"Valid",15.441250000000002,16.14,"Valid",18.856249999999999,"","",15.07,15.441250000000002,16.14,18.856249999999999,16.14,18.856249999999999,15.07,15.441250000000002]
[2023,6,{"$f":"C515+1","v":23},9,45100.374999998698,17.739999999999998,"Valid",15.845833333333333,19.53,"Valid",18.918750000000003,"","",17.739999999999998,15.845833333333333,19.53,18.918750000000003,19.53,18.918750000000003,17.739999999999998,15.845833333333333]
[2023,6,23,10,45100.416666665362,16.329999999999998,"Valid",15.49375,17.309999999999999,"Valid",18.287083333333335,"","",16.329999999999998,15.49375,17.309999999999999,18.287083333333335,17.309999999999999,18.287083333333335,16.329999999999998,15.49375]
[2023,6,23,11,45100.458333332026,13.9,"Valid",15.155416666666667,14.55,"Valid",17.63,"","",13.9,15.155416666666667,14.55,17.63,14.55,17.63,13.9,15.155416666666667]
[2023,6,23,12,45100.49999999869,9.66,"Valid",14.524166666666668,11.7,"Valid",16.306249999999999,"","",9.66,14.524166666666668,11.7,16.306249999999999,11.7,16.306249999999999,9.66,14.524166666666668]
[2023,6,23,13,45100.541666665355,7.08,"Valid",14.181666666666667,3.48,"Valid",15.327916666666665,"","",7.08,14.181666666666667,3.48,15.327916666666665,3.48,15.327916666666665,7.08,14.181666666666667]
[2023,6,23,14,45100.583333332019,11.53,"Valid",13.932499999999999,14.79,"Valid",14.96541666666667,"","",11.53,13.932499999999999,14.79,14.96541666666667,14.79,14.96541666666667,11.53,13.932499999999999]
[2023,6,23,15,45100.624999998683,10.51,"Valid",13.84375,12.86,"Valid",14.839166666666666,"","",10.51,13.84375,12.86,14.839166666666666,12.86,14.839166666666666,10.51,13.84375]
[2023,6,23,16,45100.666666665347,10.74,"Valid",13.584583333333333,10.92,"Valid",14.490416666666668,"","",10.74,13.584583333333333,10.92,14.490416666666668,10.92,14.490416666666668,10.74,13.584583333333333]
[2023,6,23,17,45100.708333332012,11.13,"Valid",13.251249999999999,11.64,"Valid",14.097499999999998,"","",11.13,13.251249999999999,11.64,14.097499999999998,11.64,14.097499999999998,11.13,13.251249999999999]
[2023,6,23,18,45100.749999998676,4.62,"Valid",12.840833333333334,5.76,"Valid",13.646250000000002,"","",4.62,12.840833333333334,5.76,13.646250000000002,5.76,13.646250000000002,4.62,12.840833333333334]
[2023,6,23,19,45100.79166666534,6.13,"Valid",12.5025,6.44,"Valid",13.270416666666668,"","",6.13,12.5025,6.44,13.270416666666668,6.44,13.270416666666668,6.13,12.5025]
[2023,6,23,20,45100.833333332004,4.72,"Valid",12.089166666666669,5.7,"Valid",12.840416666666664,"","",4.72,12.089166666666669,5.7,12.840416666666664,5.7,12.840416666666664,4.72,12.089166666666669]
[2023,6,23,21,45100.874999998668,5.18,"Valid",11.654583333333335,5.53,"Valid",12.399583333333331,"","",5.18,11.654583333333335,5.53,12.399583333333331,5.53,12.399583333333331,5.18,11.654583333333335]
[2023,6,23,22,45100.916666665333,10.199999999999999,"Valid",11.348750000000001,10.050000000000001,"Valid",12.09208333333333,"","",10.199999999999999,11.348750000000001,10.050000000000001,12.09208333333333,10.050000000000001,12.09208333333333,10.199999999999999,11.348750000000001]
[2023,6,23,23,45100.958333331997,11.21,"Valid",10.987083333333333,10,"Valid",11.636249999999999,"","",11.21,10.987083333333333,10,11.636249999999999,10,11.636249999999999,11.21,10.987083333333333]
[2023,6,24,0,45100.999999998661,7.97,"Valid",10.637916666666667,5.9,"Valid",11.145416666666662,"","",7.97,10.637916666666667,5.9,11.145416666666662,5.9,11.145416666666662,7.97,10.637916666666667]
[2023,6,24,1,45101.041666665325,4.63,"Valid",10.314166666666667,4.37,"Valid",10.78875,"","",4.63,10.314166666666667,4.37,10.78875,4.37,10.78875,4.63,10.314166666666667]
[2023,6,24,2,45101.08333333199,-2.2599999999999998,"Valid",9.9962500000000016,-1.21,"Valid",10.555416666666664,"","",-2.2599999999999998,9.9962500000000016,-1.21,10.555416666666664,-1.21,10.555416666666664,-2.2599999999999998,9.9962500000000016]
[2023,6,24,3,45101.124999998654,7.91,"Valid",9.8845833333333335,8.36,"Valid",10.445416666666665,"","",7.91,9.8845833333333335,8.36,10.445416666666665,8.36,10.445416666666665,7.91,9.8845833333333335]
[2023,6,24,4,45101.166666665318,3.86,"Valid",9.6670833333333341,4.33,"Valid",10.287916666666666,"","",3.86,9.6670833333333341,4.33,10.287916666666666,4.33,10.287916666666666,3.86,9.6670833333333341]
[2023,6,24,5,45101.208333331982,-3.58,"Valid",8.9766666666666666,-3.41,"Valid",9.5879166666666666,"","",-3.58,8.9766666666666666,-3.41,9.5879166666666666,-3.41,9.5879166666666666,-3.58,8.9766666666666666]
[2023,6,24,6,45101.249999998647,1.45,"Valid",8.3529166666666672,1.55,"Valid",8.8950000000000014,"","",1.45,8.3529166666666672,1.55,8.8950000000000014,1.55,8.8950000000000014,1.45,8.3529166666666672]
[2023,6,24,7,45101.291666665311,1.89,"Valid",7.817499999999999,2.4900000000000002,"Valid",8.2825000000000006,"","",1.89,7.817499999999999,2.4900000000000002,8.2825000000000006,2.4900000000000002,8.2825000000000006,1.89,7.817499999999999]
[2023,6,24,8,45101.333333331975,3.32,"Valid",7.3279166666666642,3.61,"Valid",7.7604166666666687,"","",3.32,7.3279166666666642,3.61,7.7604166666666687,3.61,7.7604166666666687,3.32,7.3279166666666642]
[2023,6,24,9,45101.374999998639,0.01,"Valid",6.5891666666666646,0.4,"Valid",6.9633333333333374,"","",0.01,6.5891666666666646,0.4,6.9633333333333374,0.4,6.9633333333333374,0.01,6.5891666666666646]
[2023,6,24,10,45101.416666665304,5.39,"Valid",6.1333333333333302,3.71,"Valid",6.3966666666666683,"","",5.39,6.1333333333333302,3.71,6.3966666666666683,3.71,6.3966666666666683,5.39,6.1333333333333302]
[2023,6,24,11,45101.458333331968,22.19,"Valid",6.4787499999999989,20.170000000000002,"Valid",6.6308333333333378,"","",22.19,6.4787499999999989,20.170000000000002,6.6308333333333378,20.170000000000002,6.6308333333333378,22.19,6.4787499999999989]
[2023,6,24,12,45101.499999998632,12.76,"Valid",6.6079166666666671,11.39,"Valid",6.617916666666666,"","",12.76,6.6079166666666671,11.39,6.617916666666666,11.39,6.617916666666666,12.76,6.6079166666666671]
[2023,6,24,13,45101.541666665296,15.2,"Valid",6.9462499999999991,14.79,"Valid",7.0891666666666673,"","",15.2,6.9462499999999991,14.79,7.0891666666666673,14.79,7.0891666666666673,15.2,6.9462499999999991]
[2023,6,24,14,45101.583333331961,10.44,"Valid",6.900833333333332,11.66,"Valid",6.9587499999999993,"","",10.44,6.900833333333332,11.66,6.9587499999999993,11.66,6.9587499999999993,10.44,6.900833333333332]
[2023,6,24,15,45101.624999998625,6.86,"Valid",6.7487500000000002,5.78,"Valid",6.6637500000000003,"","",6.86,6.7487500000000002,5.78,6.6637500000000003,5.78,6.6637500000000003,6.86,6.7487500000000002]
[2023,6,24,16,45101.666666665289,9.6999999999999993,"Valid",6.7054166666666672,9.19,"Valid",6.5916666666666659,"","",9.6999999999999993,6.7054166666666672,9.19,6.5916666666666659,9.19,6.5916666666666659,9.6999999999999993,6.7054166666666672]
[2023,6,24,17,45101.708333331953,5.48,"Valid",6.47,5.34,"Valid",6.3291666666666666,"","",5.48,6.47,5.34,6.3291666666666666,5.34,6.3291666666666666,5.48,6.47]
[2023,6,24,18,45101.749999998618,7.77,"Valid",6.6012500000000003,8.2200000000000006,"Valid",6.4316666666666658,"","",7.77,6.6012500000000003,8.2200000000000006,6.4316666666666658,8.2200000000000006,6.4316666666666658,7.77,6.6012500000000003]
[2023,6,24,19,45101.791666665282,9.51,"Valid",6.7420833333333334,10.55,"Valid",6.6029166666666663,"","",9.51,6.7420833333333334,10.55,6.6029166666666663,10.55,6.6029166666666663,9.51,6.7420833333333334]
[2023,6,24,20,45101.833333331946,6.49,"Valid",6.8158333333333339,6.92,"Valid",6.6537499999999996,"","",6.49,6.8158333333333339,6.92,6.6537499999999996,6.92,6.6537499999999996,6.49,6.8158333333333339]
[2023,6,24,21,45101.87499999861,5.7,"Valid",6.8374999999999995,6.8,"Valid",6.706666666666667,"","",5.7,6.8374999999999995,6.8,6.706666666666667,6.8,6.706666666666667,5.7,6.8374999999999995]
[2023,6,24,22,45101.916666665275,5.71,"Valid",6.6504166666666675,5.68,"Valid",6.5245833333333332,"","",5.71,6.6504166666666675,5.68,6.5245833333333332,5.68,6.5245833333333332,5.71,6.6504166666666675]
[2023,6,24,23,45101.958333331939,10.32,"Valid",6.6133333333333333,10.1,"Valid",6.5287499999999996,"","",10.32,6.6133333333333333,10.1,6.5287499999999996,10.1,6.5287499999999996,10.32,6.6133333333333333]
[2023,6,25,0,45101.999999998603,-8.2200000000000006,"Valid",5.9387499999999998,-6.52,"Valid",6.0112500000000004,"","",{"$f":"IF(G578=\"Valid\", F578, NA())","v":-8.2200000000000006},{"$f":"IF(G578=\"Valid\", H578, NA())","v":5.9387499999999998},{"$f":"IF(J578=\"Valid\", I578, NA())","v":-6.52},{"$f":"IF(J578=\"Valid\", K578, NA())","v":6.0112500000000004},-6.52,6.0112500000000004,-8.2200000000000006,5.9387499999999998]
[2023,6,25,1,45102.041666665267,0.62,"Valid",5.7716666666666674,0.77,"Valid",5.861250000000001,"","",0.62,5.7716666666666674,0.77,5.861250000000001,0.77,5.861250000000001,0.62,5.7716666666666674]
[{"$f":"A579","v":2023},6,25,{"$f":"IF(D579=23,0,D579+1)","v":2},{"$f":"E579+0.0416666666666666","v":45102.083333331931},-1.43,"Valid",5.8062499999999995,-0.76,"Valid",5.88,"","",-1.43,5.8062499999999995,-0.76,5.88,-0.76,5.88,-1.43,5.8062499999999995]
[2023,6,25,3,45102.124999998596,1.03,"Valid",5.5195833333333333,1.52,"Valid",5.5949999999999998,"","",1.03,5.5195833333333333,1.52,5.5949999999999998,1.52,5.5949999999999998,1.03,5.5195833333333333]
[2023,6,25,4,45102.16666666526,-0.82,"Valid",5.324583333333333,-0.71,"Valid",5.3850000000000007,"","",-0.82,5.324583333333333,-0.71,5.3850000000000007,-0.71,5.3850000000000007,-0.82,5.324583333333333]
[2023,6,25,5,45102.208333331924,-0.56999999999999995,"Valid",5.45,-7.0000000000000007E-2,"Valid",5.5241666666666669,"","",-0.56999999999999995,5.45,-7.0000000000000007E-2,5.5241666666666669,-7.0000000000000007E-2,5.5241666666666669,-0.56999999999999995,5.45]
[2023,6,25,6,45102.249999998588,-1.89,"Valid",5.3108333333333331,-1.19,"Valid",5.41,"","",-1.89,5.3108333333333331,-1.19,5.41,-1.19,5.41,-1.89,5.3108333333333331]
[2023,6,25,7,45102.291666665253,0.51,"Valid",5.2533333333333339,1.02,"Valid",5.3487499999999999,"","",0.51,5.2533333333333339,1.02,5.3487499999999999,1.02,5.3487499999999999,0.51,5.2533333333333339]
[2023,6,25,8,45102.333333331917,-0.63,"Valid",5.088750000000001,-0.18,"Valid",5.190833333333333,"","",-0.63,5.088750000000001,-0.18,5.190833333333333,-0.18,5.190833333333333,-0.63,5.088750000000001]
[2023,6,25,9,45102.374999998581,2.02,"Valid",5.1725000000000012,1.72,"Valid",5.2458333333333327,"","",2.02,5.1725000000000012,1.72,5.2458333333333327,1.72,5.2458333333333327,2.02,5.1725000000000012]
[2023,6,25,10,45102.416666665245,23.08,"Valid",5.9095833333333339,23.08,"Valid",6.0529166666666656,"","",23.08,5.9095833333333339,23.08,6.0529166666666656,23.08,6.0529166666666656,23.08,5.9095833333333339]
[2023,6,25,11,45102.45833333191,20.83,"Valid",5.8529166666666681,24.09,"Valid",6.2162499999999987,"","",20.83,5.8529166666666681,24.09,6.2162499999999987,24.09,6.2162499999999987,20.83,5.8529166666666681]
[2023,6,25,12,45102.499999998574,18.399999999999999,"Valid",6.0879166666666675,19.43,"Valid",6.5512499999999987,"","",18.399999999999999,6.0879166666666675,19.43,6.5512499999999987,19.43,6.5512499999999987,18.399999999999999,6.0879166666666675]
[2023,6,25,13,45102.541666665238,19.940000000000001,"Valid",6.2854166666666664,24,"Valid",6.9349999999999996,"","",19.940000000000001,6.2854166666666664,24,6.9349999999999996,24,6.9349999999999996,19.940000000000001,6.2854166666666664]
[2023,6,25,14,45102.583333331902,13.16,"Valid",6.3987499999999997,15.4,"Valid",7.0908333333333351,"","",13.16,6.3987499999999997,15.4,7.0908333333333351,15.4,7.0908333333333351,13.16,6.3987499999999997]
[2023,6,25,15,45102.624999998567,8.66,"Valid",6.473749999999999,9.14,"Valid",7.2308333333333339,"","",8.66,6.473749999999999,9.14,7.2308333333333339,9.14,7.2308333333333339,8.66,6.473749999999999]
[2023,6,25,16,45102.666666665231,11.31,"Valid",6.5408333333333326,13.15,"Valid",7.3958333333333348,"","",11.31,6.5408333333333326,13.15,7.3958333333333348,13.15,7.3958333333333348,11.31,6.5408333333333326]
[2023,6,25,17,45102.708333331895,6.48,"Valid",6.5824999999999996,6.9,"Valid",7.4608333333333361,"","",6.48,6.5824999999999996,6.9,7.4608333333333361,6.9,7.4608333333333361,6.48,6.5824999999999996]
[2023,6,25,18,45102.749999998559,6.5,"Valid",6.5295833333333322,8.26,"Valid",7.4625000000000012,"","",6.5,6.5295833333333322,8.26,7.4625000000000012,8.26,7.4625000000000012,6.5,6.5295833333333322]
[2023,6,25,19,45102.791666665224,5.14,"Valid",6.3474999999999993,6.29,"Valid",7.2850000000000001,"","",5.14,6.3474999999999993,6.29,7.2850000000000001,6.29,7.2850000000000001,5.14,6.3474999999999993]
[2023,6,25,20,45102.833333331888,4.29,"Valid",6.2558333333333316,5.09,"Valid",7.2087499999999993,"","",4.29,6.2558333333333316,5.09,7.2087499999999993,5.09,7.2087499999999993,4.29,6.2558333333333316]
[2023,6,25,21,45102.874999998552,7.8,"Valid",6.3433333333333328,8.02,"Valid",7.2595833333333326,"","",7.8,6.3433333333333328,8.02,7.2595833333333326,8.02,7.2595833333333326,7.8,6.3433333333333328]
[2023,6,25,22,45102.916666665216,12.85,"Valid",6.6408333333333331,13.82,"Valid",7.5987499999999999,"","",12.85,6.6408333333333331,13.82,7.5987499999999999,13.82,7.5987499999999999,12.85,6.6408333333333331]
[2023,6,25,23,45102.958333331881,7.88,"Valid",6.5391666666666666,7.86,"Valid",7.5054166666666662,"","",7.88,6.5391666666666666,7.86,7.5054166666666662,7.86,7.5054166666666662,7.88,6.5391666666666666]
[2023,6,26,0,45102.999999998545,6.78,"Valid",7.1641666666666666,7.89,"Valid",8.105833333333333,"","",6.78,7.1641666666666666,7.89,8.105833333333333,7.89,8.105833333333333,6.78,7.1641666666666666]
[2023,6,{"$f":"C579+1","v":26},1,45103.041666665209,6.13,"Valid",7.3937499999999998,6.9,"Valid",8.3612500000000001,"","",6.13,7.3937499999999998,6.9,8.3612500000000001,6.9,8.3612500000000001,6.13,7.3937499999999998]
[2023,6,26,2,45103.083333331873,6.48,"Valid",7.7233333333333318,7.5,"Valid",8.7054166666666664,"","",6.48,7.7233333333333318,7.5,8.7054166666666664,7.5,8.7054166666666664,6.48,7.7233333333333318]
[2023,6,26,3,45103.124999998538,3.07,"Valid",7.8083333333333327,2.57,"Valid",8.7491666666666656,"","",3.07,7.8083333333333327,2.57,8.7491666666666656,2.57,8.7491666666666656,3.07,7.8083333333333327]
[2023,6,26,4,45103.166666665202,0.1,"Valid",7.8466666666666649,0.72,"Valid",8.8087499999999999,"","",0.1,7.8466666666666649,0.72,8.8087499999999999,0.72,8.8087499999999999,0.1,7.8466666666666649]
[2023,6,26,5,45103.208333331866,1.54,"Valid",7.9345833333333315,2.62,"Valid",8.9208333333333325,"","",1.54,7.9345833333333315,2.62,8.9208333333333325,2.62,8.9208333333333325,1.54,7.9345833333333315]
[2023,6,26,6,45103.24999999853,1.6,"Valid",8.0799999999999965,2.5,"Valid",9.074583333333333,"","",1.6,8.0799999999999965,2.5,9.074583333333333,2.5,9.074583333333333,1.6,8.0799999999999965]
[2023,6,26,7,45103.291666665194,1.9,"Valid",8.1379166666666638,3.1,"Valid",9.161249999999999,"","",1.9,8.1379166666666638,3.1,9.161249999999999,3.1,9.161249999999999,1.9,8.1379166666666638]
[2023,6,26,8,45103.333333331859,-7.0000000000000007E-2,"Valid",8.1612499999999972,-0.7,"Valid",9.1395833333333325,"","",-7.0000000000000007E-2,8.1612499999999972,-0.7,9.1395833333333325,-0.7,9.1395833333333325,-7.0000000000000007E-2,8.1612499999999972]
[2023,6,26,9,45103.374999998523,6.53,"Valid",8.3491666666666653,6.97,"Valid",9.3583333333333325,"","",6.53,8.3491666666666653,6.97,9.3583333333333325,6.97,9.3583333333333325,6.53,8.3491666666666653]
[2023,6,26,10,45103.416666665187,12.65,"Valid",7.9145833333333329,12.79,"Valid",8.9295833333333352,"","",12.65,7.9145833333333329,12.79,8.9295833333333352,12.79,8.9295833333333352,12.65,7.9145833333333329]
[2023,6,26,11,45103.458333331851,20.57,"Valid",7.9037499999999987,17.45,"Valid",8.6529166666666679,"","",20.57,7.9037499999999987,17.45,8.6529166666666679,17.45,8.6529166666666679,20.57,7.9037499999999987]
[2023,6,26,12,45103.499999998516,13.52,"Valid",7.7004166666666665,12.13,"Valid",8.3487500000000008,"","",13.52,7.7004166666666665,12.13,8.3487500000000008,12.13,8.3487500000000008,13.52,7.7004166666666665]
[2023,6,26,13,45103.54166666518,13.88,"Valid",7.447916666666667,13.71,"Valid",7.919999999999999,"","",13.88,7.447916666666667,13.71,7.919999999999999,13.71,7.919999999999999,13.88,7.447916666666667]
[2023,6,26,14,45103.583333331844,8.7100000000000009,"Valid",7.2625000000000002,10.27,"Valid",7.7062499999999998,"","",8.7100000000000009,7.2625000000000002,10.27,7.7062499999999998,10.27,7.7062499999999998,8.7100000000000009,7.2625000000000002]
[2023,6,26,15,45103.624999998508,8.06,"Valid",7.2375000000000007,6.68,"Valid",7.6037500000000007,"","",8.06,7.2375000000000007,6.68,7.6037500000000007,6.68,7.6037500000000007,8.06,7.2375000000000007]
[2023,6,26,16,45103.666666665173,10.17,"Valid",7.1900000000000013,11.63,"Valid",7.5404166666666681,"","",10.17,7.1900000000000013,11.63,7.5404166666666681,11.63,7.5404166666666681,10.17,7.1900000000000013]
[2023,6,26,17,45103.708333331837,9.43,"Valid",7.3129166666666672,10.99,"Valid",7.7108333333333343,"","",9.43,7.3129166666666672,10.99,7.7108333333333343,10.99,7.7108333333333343,9.43,7.3129166666666672]
[2023,6,26,18,45103.749999998501,7.7,"Valid",7.3629166666666679,10.94,"Valid",7.8225000000000007,"","",7.7,7.3629166666666679,10.94,7.8225000000000007,10.94,7.8225000000000007,7.7,7.3629166666666679]
[2023,6,26,19,45103.791666665165,6.96,"Valid",7.4387499999999998,10.3,"Valid",7.989583333333333,"","",6.96,7.4387499999999998,10.3,7.989583333333333,10.3,7.989583333333333,6.96,7.4387499999999998]
[2023,6,26,20,45103.83333333183,6.46,"Valid",7.5291666666666659,8.77,"Valid",8.1429166666666681,"","",6.46,7.5291666666666659,8.77,8.1429166666666681,8.77,8.1429166666666681,6.46,7.5291666666666659]
[2023,6,26,21,45103.874999998494,4.37,"Valid",7.3862500000000004,4.9400000000000004,"Valid",8.0145833333333343,"","",4.37,7.3862500000000004,4.9400000000000004,8.0145833333333343,4.9400000000000004,8.0145833333333343,4.37,7.3862500000000004]
[2023,6,26,22,45103.916666665158,3.95,"Valid",7.015416666666666,4.6900000000000004,"Valid",7.6341666666666663,"","",3.95,7.015416666666666,4.6900000000000004,7.6341666666666663,4.6900000000000004,7.6341666666666663,3.95,7.015416666666666]
[2023,6,26,23,45103.958333331822,5.32,"Valid",6.9087499999999986,5.4,"Valid",7.5316666666666663,"","",5.32,6.9087499999999986,5.4,7.5316666666666663,5.4,7.5316666666666663,5.32,6.9087499999999986]
[2023,6,27,0,45103.999999998487,6.81,"Valid",6.9099999999999993,6.54,"Valid",7.4754166666666668,"","",6.81,6.9099999999999993,6.54,7.4754166666666668,6.54,7.4754166666666668,6.81,6.9099999999999993]
[2023,6,27,1,45104.041666665151,9.2100000000000009,"Valid",7.0383333333333331,9.7899999999999991,"Valid",7.5958333333333323,"","",9.2100000000000009,7.0383333333333331,9.7899999999999991,7.5958333333333323,9.7899999999999991,7.5958333333333323,9.2100000000000009,7.0383333333333331]
[2023,6,27,2,45104.083333331815,-1.1100000000000001,"Valid",6.722083333333333,-0.19,"Valid",7.2754166666666658,"","",-1.1100000000000001,6.722083333333333,-0.19,7.2754166666666658,-0.19,7.2754166666666658,-1.1100000000000001,6.722083333333333]
[2023,6,27,3,45104.124999998479,1.9,"Valid",6.6733333333333329,2.93,"Valid",7.2904166666666663,"","",1.9,6.6733333333333329,2.93,7.2904166666666663,2.93,7.2904166666666663,1.9,6.6733333333333329]
[2023,6,27,4,45104.166666665144,4.47,"Valid",6.8554166666666658,5.47,"Valid",7.4883333333333333,"","",4.47,6.8554166666666658,5.47,7.4883333333333333,5.47,7.4883333333333333,4.47,6.8554166666666658]
[2023,6,27,5,45104.208333331808,1.1599999999999999,"Valid",6.8395833333333327,2.0099999999999998,"Valid",7.4629166666666658,"","",1.1599999999999999,6.8395833333333327,2.0099999999999998,7.4629166666666658,2.0099999999999998,7.4629166666666658,1.1599999999999999,6.8395833333333327]
[2023,6,27,6,45104.249999998472,2.23,"Valid",6.865833333333331,3.7,"Valid",7.5129166666666656,"","",2.23,6.865833333333331,3.7,7.5129166666666656,3.7,7.5129166666666656,2.23,6.865833333333331]
[2023,6,27,7,45104.291666665136,0.53,"Valid",6.8087499999999972,1.59,"Valid",7.4499999999999993,"","",0.53,6.8087499999999972,1.59,7.4499999999999993,1.59,7.4499999999999993,0.53,6.8087499999999972]
[2023,6,27,8,45104.333333331801,2.4900000000000002,"Valid",6.9154166666666645,4.3,"Valid",7.6583333333333323,"","",2.4900000000000002,6.9154166666666645,4.3,7.6583333333333323,4.3,7.6583333333333323,2.4900000000000002,6.9154166666666645]
[2023,6,27,9,45104.374999998465,"","Invalid",6.9321739130434779,"","Invalid",7.6882608695652168,"Power Failure","Power outage - system reset",{"$error":"#N/A"},{"$error":"#N/A"},{"$error":"#N/A"},{"$error":"#N/A"}]
[2023,6,27,10,45104.416666665129,"","Invalid",6.6722727272727269,"","Invalid",7.4563636363636361,"Power Failure","Power outage - system reset",{"$error":"#N/A"},{"$error":"#N/A"},{"$error":"#N/A"},{"$error":"#N/A"}]
[2023,6,27,11,45104.458333331793,23.67,"Valid",6.8131818181818184,21.75,"Valid",7.6518181818181823,"","",23.67,6.8131818181818184,21.75,7.6518181818181823,21.75,7.6518181818181823,23.67,6.8131818181818184]
[2023,6,27,12,45104.499999998457,16.93,"Valid",6.9681818181818196,15.69,"Valid",7.8136363636363653,"","",16.93,6.9681818181818196,15.69,7.8136363636363653,15.69,7.8136363636363653,16.93,6.9681818181818196]
[2023,6,27,13,45104.541666665122,13.13,"Valid",6.9340909090909095,11.55,"Valid",7.7154545454545458,"","",13.13,6.9340909090909095,11.55,7.7154545454545458,11.55,7.7154545454545458,13.13,6.9340909090909095]
[2023,6,27,14,45104.583333331786,14.36,"Valid",7.1909090909090905,13.05,"Valid",7.8418181818181836,"","",14.36,7.1909090909090905,13.05,7.8418181818181836,13.05,7.8418181818181836,14.36,7.1909090909090905]
[2023,6,27,15,45104.62499999845,20.82,"Valid",7.7709090909090897,18.149999999999999,"Valid",8.3631818181818218,"","",20.82,7.7709090909090897,18.149999999999999,8.3631818181818218,18.149999999999999,8.3631818181818218,20.82,7.7709090909090897]
[2023,6,27,16,45104.666666665114,17.12,"Valid",8.0868181818181828,15.99,"Valid",8.5613636363636392,"","",{"$f":"IF(G642=\"Valid\", F642, NA())","v":17.12},{"$f":"IF(G642=\"Valid\", H642, NA())","v":8.0868181818181828},{"$f":"IF(J642=\"Valid\", I642, NA())","v":15.99},{"$f":"IF(J642=\"Valid\", K642, NA())","v":8.5613636363636392},15.99,8.5613636363636392,17.12,8.0868181818181828]
[2023,6,27,17,45104.708333331779,21.44,"Valid",8.6327272727272728,20.2,"Valid",8.9800000000000022,"","",21.44,8.6327272727272728,20.2,8.9800000000000022,20.2,8.9800000000000022,21.44,8.6327272727272728]
[{"$f":"A643","v":2023},6,27,{"$f":"IF(D643=23,0,D643+1)","v":18},{"$f":"E643+0.0416666666666666","v":45104.749999998443},14.46,"Valid",8.94,12.75,"Valid",9.0622727272727275,"","",14.46,8.94,12.75,9.0622727272727275,12.75,9.0622727272727275,14.46,8.94]
[2023,6,27,19,45104.791666665107,13.43,"Valid",9.2340909090909111,12.22,"Valid",9.1495454545454535,"","",13.43,9.2340909090909111,12.22,9.1495454545454535,12.22,9.1495454545454535,13.43,9.2340909090909111]
[2023,6,27,20,45104.833333331771,3.86,"Valid",9.1159090909090921,2.5499999999999998,"Valid",8.8668181818181822,"","",3.86,9.1159090909090921,2.5499999999999998,8.8668181818181822,2.5499999999999998,8.8668181818181822,3.86,9.1159090909090921]
[2023,6,27,21,45104.874999998436,4.55,"Valid",9.1240909090909117,2.77,"Valid",8.7681818181818176,"","",4.55,9.1240909090909117,2.77,8.7681818181818176,2.77,8.7681818181818176,4.55,9.1240909090909117]
[2023,6,27,22,45104.9166666651,9.01,"Valid",9.3540909090909103,7.58,"Valid",8.8995454545454553,"","",9.01,9.3540909090909103,7.58,8.8995454545454553,7.58,8.8995454545454553,9.01,9.3540909090909103]
[2023,6,27,23,45104.958333331764,5.91,"Valid",9.3809090909090926,4.66,"Valid",8.8659090909090921,"","",5.91,9.3809090909090926,4.66,8.8659090909090921,4.66,8.8659090909090921,5.91,9.3809090909090926]
[2023,6,28,0,45104.999999998428,13.99,"Valid",9.7072727272727288,12.9,"Valid",9.1550000000000011,"","",13.99,9.7072727272727288,12.9,9.1550000000000011,12.9,9.1550000000000011,13.99,9.7072727272727288]
[2023,6,28,1,45105.041666665093,14.16,"Valid",9.9322727272727303,12.67,"Valid",9.285909090909092,"","",14.16,9.9322727272727303,12.67,9.285909090909092,12.67,9.285909090909092,14.16,9.9322727272727303]
[2023,6,28,2,45105.083333331757,16.23,"Valid",10.720454545454546,15.26,"Valid",9.9881818181818183,"","",16.23,10.720454545454546,15.26,9.9881818181818183,15.26,9.9881818181818183,16.23,10.720454545454546]
[2023,6,28,3,45105.124999998421,14,"Valid",11.270454545454546,12.84,"Valid",10.438636363636364,"","",14,11.270454545454546,12.84,10.438636363636364,12.84,10.438636363636364,14,11.270454545454546]
[2023,6,28,4,45105.166666665085,6.59,"Valid",11.366818181818182,4.5,"Valid",10.394545454545455,"","",6.59,11.366818181818182,4.5,10.394545454545455,4.5,10.394545454545455,6.59,11.366818181818182]
[2023,6,28,5,45105.20833333175,13.73,"Valid",11.938181818181819,12.54,"Valid",10.873181818181818,"","",13.73,11.938181818181819,12.54,10.873181818181818,12.54,10.873181818181818,13.73,11.938181818181819]
[2023,6,28,6,45105.249999998414,9.76,"Valid",12.280454545454546,8.39,"Valid",11.086363636363636,"","",9.76,12.280454545454546,8.39,11.086363636363636,8.39,11.086363636363636,9.76,12.280454545454546]
[2023,6,28,7,45105.291666665078,9.6999999999999993,"Valid",12.697272727272729,8.23,"Valid",11.388181818181819,"","",9.6999999999999993,12.697272727272729,8.23,11.388181818181819,8.23,11.388181818181819,9.6999999999999993,12.697272727272729]
[2023,6,28,8,45105.333333331742,13.87,"Valid",13.214545454545457,12.87,"Valid",11.777727272727271,"","",13.87,13.214545454545457,12.87,11.777727272727271,12.87,11.777727272727271,13.87,13.214545454545457]
[2023,6,28,9,45105.374999998407,8.6300000000000008,"Valid",13.015217391304349,7.05,"Valid",11.572173913043477,"","",8.6300000000000008,13.015217391304349,7.05,11.572173913043477,7.05,11.572173913043477,8.6300000000000008,13.015217391304349]
[2023,6,28,10,45105.416666665071,16.8,"Valid",13.172916666666667,16.02,"Valid",11.757499999999999,"","",16.8,13.172916666666667,16.02,11.757499999999999,16.02,11.757499999999999,16.8,13.172916666666667]
[2023,6,28,11,45105.458333331735,13.23,"Valid",12.737916666666669,12.36,"Valid",11.366250000000001,"","",13.23,12.737916666666669,12.36,11.366250000000001,12.36,11.366250000000001,13.23,12.737916666666669]
[2023,6,28,12,45105.499999998399,16.66,"Valid",12.726666666666668,15.75,"Valid",11.368749999999999,"","",16.66,12.726666666666668,15.75,11.368749999999999,15.75,11.368749999999999,16.66,12.726666666666668]
[2023,6,28,13,45105.541666665064,17.21,"Valid",12.896666666666667,15.47,"Valid",11.532083333333334,"","",17.21,12.896666666666667,15.47,11.532083333333334,15.47,11.532083333333334,17.21,12.896666666666667]
[2023,6,28,14,45105.583333331728,11.1,"Valid",12.760833333333332,9.15,"Valid",11.369583333333333,"","",11.1,12.760833333333332,9.15,11.369583333333333,9.15,11.369583333333333,11.1,12.760833333333332]
[2023,6,28,15,45105.624999998392,8.32,"Valid",12.24,6.45,"Valid",10.882083333333334,"","",8.32,12.24,6.45,10.882083333333334,6.45,10.882083333333334,8.32,12.24]
[2023,6,28,16,45105.666666665056,10.35,"Valid",11.957916666666668,8.8800000000000008,"Valid",10.585833333333335,"","",10.35,11.957916666666668,8.8800000000000008,10.585833333333335,8.8800000000000008,10.585833333333335,10.35,11.957916666666668]
[2023,6,{"$f":"C643+1","v":28},17,45105.70833333172,13.75,"Valid",11.637499999999998,12.64,"Valid",10.270833333333334,"","",13.75,11.637499999999998,12.64,10.270833333333334,12.64,10.270833333333334,13.75,11.637499999999998]
[2023,6,28,18,45105.749999998385,14.29,"Valid",11.630416666666669,13.58,"Valid",10.305416666666668,"","",14.29,11.630416666666669,13.58,10.305416666666668,13.58,10.305416666666668,14.29,11.630416666666669]
[2023,6,28,19,45105.791666665049,9.11,"Valid",11.450416666666667,7.44,"Valid",10.106249999999999,"","",9.11,11.450416666666667,7.44,10.106249999999999,7.44,10.106249999999999,9.11,11.450416666666667]
[2023,6,28,20,45105.833333331713,13.2,"Valid",11.839583333333335,12.1,"Valid",10.504166666666665,"","",13.2,11.839583333333335,12.1,10.504166666666665,12.1,10.504166666666665,13.2,11.839583333333335]
[2023,6,28,21,45105.874999998377,11.55,"Valid",12.131250000000001,10.45,"Valid",10.824166666666665,"","",11.55,12.131250000000001,10.45,10.824166666666665,10.45,10.824166666666665,11.55,12.131250000000001]
[2023,6,28,22,45105.916666665042,13.68,"Valid",12.325833333333334,12.86,"Valid",11.044166666666667,"","",13.68,12.325833333333334,12.86,11.044166666666667,12.86,11.044166666666667,13.68,12.325833333333334]
[2023,6,28,23,45105.958333331706,12.22,"Valid",12.588749999999999,11.18,"Valid",11.315833333333332,"","",{"$f":"IF(G673=\"Valid\", F673, NA())","v":12.22},{"$f":"IF(G673=\"Valid\", H673, NA())","v":12.588749999999999},11.18,11.315833333333332,11.18,11.315833333333332,12.22,12.588749999999999]
[2023,6,29,0,45105.99999999837,9.4,"Valid",12.397500000000001,7.99,"Valid",11.11125,"","",{"$f":"IF(G674=\"Valid\", F674, NA())","v":9.4},{"$f":"IF(G674=\"Valid\", H674, NA())","v":12.397500000000001},{"$f":"IF(J674=\"Valid\", I674, NA())","v":7.99},{"$f":"IF(J674=\"Valid\", K674, NA())","v":11.11125},7.99,11.11125,9.4,12.397500000000001]
[2023,6,29,1,45106.041666665034,6.53,"Valid",12.079583333333332,5.0199999999999996,"Valid",10.792499999999999,"","",6.53,12.079583333333332,5.0199999999999996,10.792499999999999,5.0199999999999996,10.792499999999999,6.53,12.079583333333332]
[2023,6,29,2,45106.083333331699,11.87,"Valid",11.897916666666665,10.26,"Valid",10.584166666666667,"","",11.87,11.897916666666665,10.26,10.584166666666667,10.26,10.584166666666667,11.87,11.897916666666665]
[2023,6,29,3,45106.124999998363,13.94,"Valid",11.895416666666664,13.18,"Valid",10.598333333333334,"","",13.94,11.895416666666664,13.18,10.598333333333334,13.18,10.598333333333334,13.94,11.895416666666664]
[2023,6,29,4,45106.166666665027,4.32,"Valid",11.800833333333332,2.74,"Valid",10.525000000000002,"","",4.32,11.800833333333332,2.74,10.525000000000002,2.74,10.525000000000002,4.32,11.800833333333332]
[2023,6,29,5,45106.208333331691,8.91,"Valid",11.600000000000001,8.2200000000000006,"Valid",10.345000000000001,"","",8.91,11.600000000000001,8.2200000000000006,10.345000000000001,8.2200000000000006,10.345000000000001,8.91,11.600000000000001]
[2023,6,29,6,45106.249999998356,9.83,"Valid",11.602916666666667,8.5,"Valid",10.349583333333335,"","",9.83,11.602916666666667,8.5,10.349583333333335,8.5,10.349583333333335,9.83,11.602916666666667]
[2023,6,29,7,45106.29166666502,13.87,"Valid",11.776666666666666,12.74,"Valid",10.537500000000001,"","",13.87,11.776666666666666,12.74,10.537500000000001,12.74,10.537500000000001,13.87,11.776666666666666]
[2023,6,29,8,45106.333333331684,11.4,"Valid",11.673749999999998,9.73,"Valid",10.406666666666668,"","",11.4,11.673749999999998,9.73,10.406666666666668,9.73,10.406666666666668,11.4,11.673749999999998]
[2023,6,29,9,45106.374999998348,11.75,"Valid",11.803749999999999,9.9600000000000009,"Valid",10.527916666666668,"","",11.75,11.803749999999999,9.9600000000000009,10.527916666666668,9.9600000000000009,10.527916666666668,11.75,11.803749999999999]
[2023,6,29,10,45106.416666665013,10.47,"Valid",11.540000000000001,9.15,"Valid",10.241666666666669,"","",10.47,11.540000000000001,9.15,10.241666666666669,9.15,10.241666666666669,10.47,11.540000000000001]
[2023,6,29,11,45106.458333331677,9.7799999999999994,"Valid",11.39625,8.19,"Valid",10.067916666666667,"","",9.7799999999999994,11.39625,8.19,10.067916666666667,8.19,10.067916666666667,9.7799999999999994,11.39625]
[2023,6,29,12,45106.499999998341,11.73,"Valid",11.190833333333336,10.92,"Valid",9.8666666666666671,"","",11.73,11.190833333333336,10.92,9.8666666666666671,10.92,9.8666666666666671,11.73,11.190833333333336]
[2023,6,29,13,45106.541666665005,12.91,"Valid",11.011666666666668,12.02,"Valid",9.7229166666666664,"","",12.91,11.011666666666668,12.02,9.7229166666666664,12.02,9.7229166666666664,12.91,11.011666666666668]
[2023,6,29,14,45106.58333333167,13.87,"Valid",11.127083333333333,12.8,"Valid",9.8750000000000018,"","",13.87,11.127083333333333,12.8,9.8750000000000018,12.8,9.8750000000000018,13.87,11.127083333333333]
[2023,6,29,15,45106.624999998334,14.06,"Valid",11.366250000000001,12.8,"Valid",10.139583333333334,"","",14.06,11.366250000000001,12.8,10.139583333333334,12.8,10.139583333333334,14.06,11.366250000000001]
[2023,6,29,16,45106.666666664998,11.76,"Valid",11.424999999999999,10.48,"Valid",10.206249999999999,"","",11.76,11.424999999999999,10.48,10.206249999999999,10.48,10.206249999999999,11.76,11.424999999999999]
[2023,6,29,17,45106.708333331662,10.66,"Valid",11.296250000000002,9.24,"Valid",10.064583333333333,"","",10.66,11.296250000000002,9.24,10.064583333333333,9.24,10.064583333333333,10.66,11.296250000000002]
[2023,6,29,18,45106.749999998327,10.79,"Valid",11.150416666666667,8.9700000000000006,"Valid",9.8725000000000005,"","",10.79,11.150416666666667,8.9700000000000006,9.8725000000000005,8.9700000000000006,9.8725000000000005,10.79,11.150416666666667]
[2023,6,29,19,45106.791666664991,41.6,"Valid",12.504166666666668,61.71,"Valid",12.133749999999999,"","",41.6,12.504166666666668,61.71,12.133749999999999,61.71,12.133749999999999,41.6,12.504166666666668]
[2023,6,29,20,45106.833333331655,7.18,"Valid",12.253333333333332,10.31,"Valid",12.059166666666668,"","",7.18,12.253333333333332,10.31,12.059166666666668,10.31,12.059166666666668,7.18,12.253333333333332]
[2023,6,29,21,45106.874999998319,10.96,"Valid",12.22875,25.34,"Valid",12.679583333333333,"","",10.96,12.22875,25.34,12.679583333333333,25.34,12.679583333333333,10.96,12.22875]
[2023,6,29,22,45106.916666664983,16.47,"Valid",12.344999999999999,32.81,"Valid",13.510833333333332,"","",16.47,12.344999999999999,32.81,13.510833333333332,32.81,13.510833333333332,16.47,12.344999999999999]
[2023,6,29,23,45106.958333331648,16.29,"Valid",12.514583333333333,35.94,"Valid",14.542500000000002,"","",16.29,12.514583333333333,35.94,14.542500000000002,35.94,14.542500000000002,16.29,12.514583333333333]
[2023,6,30,0,45106.999999998312,15.56,"Valid",12.77125,32.97,"Valid",15.583333333333334,"","",15.56,12.77125,32.97,15.583333333333334,32.97,15.583333333333334,15.56,12.77125]
[2023,6,30,1,45107.041666664976,18.149999999999999,"Valid",13.255416666666667,29.09,"Valid",16.58625,"","",18.149999999999999,13.255416666666667,29.09,16.58625,29.09,16.58625,18.149999999999999,13.255416666666667]
[2023,6,30,2,45107.08333333164,17.16,"Valid",13.475833333333334,16.66,"Valid",16.852916666666669,"","",17.16,13.475833333333334,16.66,16.852916666666669,16.66,16.852916666666669,17.16,13.475833333333334]
[2023,6,30,3,45107.124999998305,16.02,"Valid",13.5625,14.33,"Valid",16.900833333333331,"","",16.02,13.5625,14.33,16.900833333333331,14.33,16.900833333333331,16.02,13.5625]
[2023,6,30,4,45107.166666664969,11.53,"Valid",13.862916666666663,10.08,"Valid",17.206666666666663,"","",11.53,13.862916666666663,10.08,17.206666666666663,10.08,17.206666666666663,11.53,13.862916666666663]
[2023,6,30,5,45107.208333331633,3.69,"Valid",13.645416666666664,5.07,"Valid",17.075416666666666,"","",3.69,13.645416666666664,5.07,17.075416666666666,5.07,17.075416666666666,3.69,13.645416666666664]
[2023,6,30,6,45107.249999998297,-0.98,"Valid",13.194999999999999,-0.46,"Valid",16.702083333333331,"","",-0.98,13.194999999999999,-0.46,16.702083333333331,-0.46,16.702083333333331,-0.98,13.194999999999999]
[2023,6,30,7,45107.291666664962,1.1499999999999999,"Valid",12.664999999999997,2.67,"Valid",16.282500000000002,"","",1.1499999999999999,12.664999999999997,2.67,16.282500000000002,2.67,16.282500000000002,1.1499999999999999,12.664999999999997]
[2023,6,30,8,45107.333333331626,"","Invalid",12.719999999999997,"","Invalid",16.567391304347826,"Calibration Error","High negatives removed",{"$error":"#N/A"},{"$error":"#N/A"},{"$error":"#N/A"},{"$error":"#N/A"},{"$error":"#N/A"},{"$error":"#N/A"},{"$error":"#N/A"},{"$error":"#N/A"}]
[2023,6,30,9,45107.37499999829,-4.9400000000000004,"Valid",11.994347826086955,-0.6,"Valid",16.108260869565214,"","",-4.9400000000000004,11.994347826086955,-0.6,16.108260869565214,-0.6,16.108260869565214,-4.9400000000000004,11.994347826086955]
[{"$f":"A707","v":2023},6,30,{"$f":"IF(D707=23,0,D707+1)","v":10},{"$f":"E707+0.0416666666666666","v":45107.416666664954},13.93,"Valid",12.144782608695651,22.65,"Valid",16.695217391304347,"","",13.93,12.144782608695651,22.65,16.695217391304347,22.65,16.695217391304347,13.93,12.144782608695651]
[2023,6,30,11,45107.458333331619,20.440000000000001,"Valid",12.608260869565216,56.71,"Valid",18.80478260869565,"","",20.440000000000001,12.608260869565216,56.71,18.80478260869565,56.71,18.80478260869565,20.440000000000001,12.608260869565216]
[2023,6,30,12,45107.499999998283,18.29,"Valid",12.893478260869568,16.25,"Valid",19.036521739130432,"","",18.29,12.893478260869568,16.25,19.036521739130432,16.25,19.036521739130432,18.29,12.893478260869568]
[2023,6,30,13,45107.541666664947,12.04,"Valid",12.855652173913047,10.63,"Valid",18.976086956521737,"","",12.04,12.855652173913047,10.63,18.976086956521737,10.63,18.976086956521737,12.04,12.855652173913047]
[2023,6,30,14,45107.583333331611,14.53,"Valid",12.884347826086957,13.39,"Valid",19.001739130434778,"","",14.53,12.884347826086957,13.39,19.001739130434778,13.39,19.001739130434778,14.53,12.884347826086957]
[2023,6,30,15,45107.624999998276,13.36,"Valid",12.853913043478263,11.86,"Valid",18.96086956521739,"","",13.36,12.853913043478263,11.86,18.96086956521739,11.86,18.96086956521739,13.36,12.853913043478263]
[2023,6,30,16,45107.66666666494,13.93,"Valid",12.948260869565217,12.39,"Valid",19.043913043478259,"","",13.93,12.948260869565217,12.39,19.043913043478259,12.39,19.043913043478259,13.93,12.948260869565217]
[2023,6,30,17,45107.708333331604,12.05,"Valid",13.008695652173914,11.57,"Valid",19.145217391304346,"","",12.05,13.008695652173914,11.57,19.145217391304346,11.57,19.145217391304346,12.05,13.008695652173914]
[2023,6,30,18,45107.749999998268,10.96,"Valid",13.01608695652174,9.3699999999999992,"Valid",19.162608695652171,"","",10.96,13.01608695652174,9.3699999999999992,19.162608695652171,9.3699999999999992,19.162608695652171,10.96,13.01608695652174]
[2023,6,30,19,45107.791666664933,"","Invalid",11.716818181818182,"","Invalid",17.228636363636362,"Calibration Error","High negatives removed",{"$error":"#N/A"},{"$error":"#N/A"},{"$error":"#N/A"},{"$error":"#N/A"},{"$error":"#N/A"},{"$error":"#N/A"},{"$error":"#N/A"},{"$error":"#N/A"}]
[2023,6,30,20,45107.833333331597,3.45,"Valid",11.547272727272727,11.24,"Valid",17.27090909090909,"","",3.45,11.547272727272727,11.24,17.27090909090909,11.24,17.27090909090909,3.45,11.547272727272727]
[2023,6,30,21,45107.874999998261,13.05,"Valid",11.642272727272728,26.33,"Valid",17.315909090909091,"","",13.05,11.642272727272728,26.33,17.315909090909091,26.33,17.315909090909091,13.05,11.642272727272728]
[2023,6,30,22,45107.916666664925,18,"Valid",11.711818181818181,30.33,"Valid",17.203181818181818,"","",18,11.711818181818181,30.33,17.203181818181818,30.33,17.203181818181818,18,11.711818181818181]
[2023,6,30,23,45107.95833333159,15.17,"Valid",11.660909090909092,25.12,"Valid",16.711363636363636,"","",15.17,11.660909090909092,25.12,16.711363636363636,25.12,16.711363636363636,15.17,11.660909090909092]

{"sheet":"Raw data_format","index":4,"n_rows":8,"n_cols":6,"rows_kept":8,"cut":false,"hidden":false,"merged":[]}
["Parameter","Format","Comment","Units of measure","Minimum","Maximum"]
["Year","yyyy","4 integer format","Not applicable",2015,"Until reporting ceases"]
["Month","mm","2 integer format","Not applicable",1,12]
["Day","dd","2 integer format","Not applicable",1,31]
["Hour","hh","2 integer format","Not applicable",0,23]
["PM10",0,"1 decimal place resolution","µg/m3","Negative","Instrument specific"]
["PM2.5",0,"2 decimal place resolution","µg/m3","Negative","Instrument specific"]
["Status","Text","7 character format","Not applicable","Valid","Invalid"]

{"sheet":"Sheet1","index":7,"n_rows":0,"n_cols":0,"rows_kept":0,"cut":false,"hidden":false,"merged":[]}