{"text_format":"1","workbook":"xlsx","n_sheets":8,"sheets":["Instructions","Meta data_sheet","Meta data_lookup","Raw data_sheet","Raw data_format","24hr_PM10_chart","24hr_PM2.5_chart","Sheet1"],"not_rendered":{"charts":4,"images":0,"macros":1,"external_links":0,"defined_names":10,"comments":0,"pivot_tables":0},"unopened":[{"sheet":"24hr_PM10_chart","index":5,"reason":"not_a_worksheet"},{"sheet":"24hr_PM2.5_chart","index":6,"reason":"not_a_worksheet"}],"bounds":{"document_bytes":16777216,"sheet_cells":100000,"rows_first":2000,"rows_last":500,"rows_between":2000,"halvings":0,"cell_chars":16384,"cell_head_chars":4096},"cells_cut":0,"cells_raw":0,"read":"whole","date_system":"1900"}

{"sheet":"Instructions","index":0,"n_rows":0,"n_cols":0,"rows_kept":0,"cut":false,"hidden":false,"merged":[]}

{"sheet":"Meta data_sheet","index":1,"n_rows":17,"n_cols":5,"rows_kept":17,"cut":false,"hidden":false,"merged":[[18,0,18,1],[16,0,16,1]]}
["Ambient Monitoring Station","Details",null,"Ambient Monitoring Results","Details"]
["Location","Maules Creek",null,"PM2.5 monitoring start (dd/mm/yyyy hh:mm)","2020-01-01"]
["Easting",{"$f":"VLOOKUP($B$2,'Meta data_lookup'!$A$2:$D$5,2,FALSE)","v":225302},null,"PM2.5 monitoring end","2020-02-01"]
["Northing",{"$f":"VLOOKUP($B$2,'Meta data_lookup'!$A$2:$D$5,3,FALSE)","v":6623037},null,"PM2.5 monitoring period (h)",{"$f":"(E3-E2)*24","v":744}]
["Site elevation (m)",{"$f":"VLOOKUP($B$2,'Meta data_lookup'!$A$2:$D$5,4,FALSE)","v":"ND"},null,"Number of valid PM2.5 results",{"$f":"COUNTIF('Raw data_sheet'!G2:G745,\"Valid\")","v":709}]
["Description of surrounding land use","Agriculture/Mining",null,"Proportion of valid PM2.5 results (%)",{"$f":"E5/E4","v":0.95295698924731187}]
["Typical sources impacting on the site","Agriculture/Mining/Unsealed Roads",null,"PM10 monitoring start (dd/mm/yyyy hh:mm)","2020-01-01"]
["Site compliance with AS/NZS 3580.1.1:2007","Yes",null,"PM10 monitoring end","2020-02-01"]
["PM2.5 method compliance with AS/NZS 3580.9.13:2013\n","Yes",null,"PM10 monitoring period (h)",{"$f":"(E8-E7)*24","v":744}]
["PM2.5 instrument make","Thermo Scientific",null,"Number of valid PM10 results",{"$f":"COUNTIF('Raw data_sheet'!J2:J745,\"Valid\")","v":709}]
["PM2.5 instrument model","1405DF",null,"Proportion of valid PM10 results (%)",{"$f":"E10/E9","v":0.95295698924731187}]
["PM2.5 instrument intake height (m)",3.5]
["PM10 method compliance with AS 3580.9.8-2008\n","No*"]
["PM10 instrument make","Thermo Scientific"]
["PM10 instrument model","1405DF"]
["PM10 instrument intake height (m)",3.5]
["*The 1405DF TEOM used at this site measures PM10 indirectly rather than directly. The unit does however meet the intent of AS 3580.9.8-2008, and this method has been accredited by the USEPA. It is considered scientifically robust and is used extensively throughout NSW with EPA's knowledge and informal acceptance."]

{"sheet":"Meta data_lookup","index":2,"n_rows":5,"n_cols":4,"rows_kept":5,"cut":false,"hidden":false,"merged":[]}
["Location","Easting","Northing","Site elevation (m)"]
["Maules Creek",225302,6623037,"ND"]
["Breeza",237993,6542606,"ND"]
["Will-gai",231804,6596392,"ND"]
["Werris Creek",276783,6528734,"ND"]

{"sheet":"Raw data_sheet","index":3,"n_rows":745,"n_cols":21,"rows_kept":745,"cut":false,"hidden":false,"merged":[]}
["Year","Month","Day","Hour","Date and time","PM2.5_hourly","PM2.5_Data_Status","PM2.5_24hr_rolling_average","PM10_hourly","PM10_Data_Status","PM10_24hr_rolling_average","Cause of data invalidity, if applicable","Detailed comments","PM2.5_hourly_valid_plot","PM2.5_24hr_rolling_ave_valid_plot","PM10_hourly_valid_plot","PM10_24hr_rolling_ave_valid_plot","PM10_hourly_valid_plot_series","PM10_24hr_rolling_average_valid_plot_series","PM2.5_hourly_valid_plot_series","PM2.5_24hr_rolling_average_valid_plot_series"]
[2020,1,1,0,{"$f":"DATE(A2,B2,C2)+TIME(D2,0,0)","v":43831},13.39,"Valid",9.7899999999999991,25.42,"Valid",22.16,null,null,{"$f":"IF(G2=\"Valid\", F2, NA())","v":13.39},{"$f":"IF(G2=\"Valid\", H2, NA())","v":9.7899999999999991},{"$f":"IF(J2=\"Valid\", I2, NA())","v":25.42},{"$f":"IF(J2=\"Valid\", K2, NA())","v":22.16},25.42,22.16,13.39,9.7899999999999991]
[{"$f":"A2","v":2020},{"$f":"B2","v":1},{"$f":"C2","v":1},{"$f":"IF(D2=23,0,D2+1)","v":1},{"$f":"E2+0.0416666666666666","v":43831.041666666664},17.13,"Valid",10.24,26.41,"Valid",22.33,null,null,17.13,10.24,26.41,22.33,26.41,22.33,17.13,10.24]
[{"$f":"A3","v":2020},{"$f":"B3","v":1},1,{"$f":"IF(D3=23,0,D3+1)","v":2},{"$f":"E3+0.0416666666666666","v":43831.083333333328},14.22,"Valid",10.52,24.21,"Valid",22.48,null,null,14.22,10.52,24.21,22.48,24.21,22.48,14.22,10.52]
[2020,1,1,3,43831.124999999993,11.36,"Valid",10.66,20.22,"Valid",22.63,null,null,11.36,10.66,20.22,22.63,20.22,22.63,11.36,10.66]
[2020,1,1,4,43831.166666666657,5.82,"Valid",10.68,14.58,"Valid",22.59,null,null,5.82,10.68,14.58,22.59,14.58,22.59,5.82,10.68]
[2020,1,1,5,43831.208333333321,4.62,"Valid",10.66,11.78,"Valid",22.53,null,null,4.62,10.66,11.78,22.53,11.78,22.53,4.62,10.66]
[2020,1,1,6,43831.249999999985,8.74,"Valid",10.88,14.64,"Valid",22.67,null,null,8.74,10.88,14.64,22.67,14.64,22.67,8.74,10.88]
[2020,1,1,7,43831.29166666665,6.41,"Valid",10.92,19.22,"Valid",22.83,null,null,6.41,10.92,19.22,22.83,19.22,22.83,6.41,10.92]
[2020,1,1,8,43831.333333333314,6.13,"Valid",11.04,17.86,"Valid",22.91,null,null,6.13,11.04,17.86,22.91,17.86,22.91,6.13,11.04]
[2020,1,1,9,43831.374999999978,7.9,"Valid",11.01,18.71,"Valid",22.96,null,null,7.9,11.01,18.71,22.96,18.71,22.96,7.9,11.01]
[2020,1,1,10,43831.416666666642,9.49,"Valid",11.15,30.7,"Valid",23.58,null,null,9.49,11.15,30.7,23.58,30.7,23.58,9.49,11.15]
[2020,1,1,11,43831.458333333307,10.89,"Valid",11.12,19.63,"Valid",22.99,null,null,10.89,11.12,19.63,22.99,19.63,22.99,10.89,11.12]
[2020,1,1,12,43831.499999999971,11.97,"Valid",11.24,29.1,"Valid",23.31,null,null,11.97,11.24,29.1,23.31,29.1,23.31,11.97,11.24]
[2020,1,1,13,43831.541666666635,10.57,"Valid",11.3,26.05,"Valid",23.14,null,null,10.57,11.3,26.05,23.14,26.05,23.14,10.57,11.3]
[2020,1,1,14,43831.583333333299,10.74,"Valid",11.23,20.85,"Valid",22.67,null,null,10.74,11.23,20.85,22.67,20.85,22.67,10.74,11.23]
[2020,1,1,15,43831.624999999964,12.88,"Valid",11.44,22.04,"Valid",22.32,null,null,12.88,11.44,22.04,22.32,22.04,22.32,12.88,11.44]
[2020,1,1,16,43831.666666666628,21.25,"Valid",11.81,29.96,"Valid",22.15,null,null,21.25,11.81,29.96,22.15,29.96,22.15,21.25,11.81]
[2020,1,1,17,43831.708333333292,13.09,"Valid",11.92,23.06,"Valid",22.23,null,null,13.09,11.92,23.06,22.23,23.06,22.23,13.09,11.92]
[2020,1,1,18,43831.749999999956,22.63,"Valid",12.37,31.27,"Valid",22.7,null,null,22.63,12.37,31.27,22.7,31.27,22.7,22.63,12.37]
[2020,1,1,19,43831.791666666621,20.65,"Valid",12.35,29.16,"Valid",22.74,null,null,20.65,12.35,29.16,22.74,29.16,22.74,20.65,12.35]
[2020,1,1,20,43831.833333333285,15.59,"Valid",12.36,24.51,"Valid",22.79,null,null,15.59,12.36,24.51,22.79,24.51,22.79,15.59,12.36]
[2020,1,1,21,43831.874999999949,16.38,"Valid",12.52,24.41,"Valid",22.98,null,null,16.38,12.52,24.41,22.98,24.41,22.98,16.38,12.52]
[2020,1,1,22,43831.916666666613,16.510000000000002,"Valid",12.61,25.16,"Valid",23.07,null,null,16.510000000000002,12.61,25.16,23.07,25.16,23.07,16.510000000000002,12.61]
[2020,{"$f":"B24","v":1},{"$f":"C24","v":1},23,43831.958333333278,15.06,"Valid",12.64,23.61,"Valid",23.02,null,null,15.06,12.64,23.61,23.02,23.61,23.02,15.06,12.64]
[2020,{"$f":"B25","v":1},{"$f":"C2+1","v":2},0,43831.999999999942,15.94,"Valid",12.75,28.39,"Valid",23.15,null,null,15.94,12.75,28.39,23.15,28.39,23.15,15.94,12.75]
[2020,{"$f":"B26","v":1},{"$f":"C3+1","v":2},1,43832.041666666606,19.12,"Valid",12.83,39.04,"Valid",23.67,null,null,19.12,12.83,39.04,23.67,39.04,23.67,19.12,12.83]
[2020,1,2,2,43832.08333333327,18.190000000000001,"Valid",13,35.79,"Valid",24.16,null,null,18.190000000000001,13,35.79,24.16,35.79,24.16,18.190000000000001,13]
[2020,1,2,3,43832.124999999935,21.39,"Valid",13.42,30,"Valid",24.56,null,null,21.39,13.42,30,24.56,30,24.56,21.39,13.42]
[2020,1,2,4,43832.166666666599,18.43,"Valid",13.94,27.67,"Valid",25.11,null,null,18.43,13.94,27.67,25.11,27.67,25.11,18.43,13.94]
[2020,1,2,5,43832.208333333263,18.170000000000002,"Valid",14.51,28.35,"Valid",25.8,null,null,18.170000000000002,14.51,28.35,25.8,28.35,25.8,18.170000000000002,14.51]
[2020,1,2,6,43832.249999999927,16.54,"Valid",14.83,26.13,"Valid",26.28,null,null,16.54,14.83,26.13,26.28,26.13,26.28,16.54,14.83]
[2020,1,2,7,43832.291666666591,16.52,"Valid",15.25,36.549999999999997,"Valid",27,null,null,16.52,15.25,36.549999999999997,27,36.549999999999997,27,16.52,15.25]
[2020,1,2,8,43832.333333333256,22.81,"Valid",15.95,44.78,"Valid",28.12,null,null,22.81,15.95,44.78,28.12,44.78,28.12,22.81,15.95]
[2020,1,2,9,43832.37499999992,26.83,"Valid",16.739999999999998,47.53,"Valid",29.32,null,null,26.83,16.739999999999998,47.53,29.32,47.53,29.32,26.83,16.739999999999998]
[2020,1,2,10,43832.416666666584,20.8,"Valid",17.21,39.56,"Valid",29.69,null,null,20.8,17.21,39.56,29.69,39.56,29.69,20.8,17.21]
[2020,1,2,11,43832.458333333248,23.91,"Valid",17.75,36.36,"Valid",30.39,null,null,23.91,17.75,36.36,30.39,36.36,30.39,23.91,17.75]
[2020,1,2,12,43832.499999999913,18.25,"Valid",18.010000000000002,29.49,"Valid",30.41,null,null,18.25,18.010000000000002,29.49,30.41,29.49,30.41,18.25,18.010000000000002]
[2020,1,2,13,43832.541666666577,15.84,"Valid",18.23,25.31,"Valid",30.37,null,null,15.84,18.23,25.31,30.37,25.31,30.37,15.84,18.23]
[2020,1,2,14,43832.583333333241,15.91,"Valid",18.45,25.39,"Valid",30.56,null,null,15.91,18.45,25.39,30.56,25.39,30.56,15.91,18.45]
[2020,1,2,15,43832.624999999905,20.170000000000002,"Valid",18.75,31.86,"Valid",30.97,null,null,20.170000000000002,18.75,31.86,30.97,31.86,30.97,20.170000000000002,18.75]
[2020,1,2,16,43832.66666666657,12.56,"Valid",18.39,30.53,"Valid",31,null,null,12.56,18.39,30.53,31,30.53,31,12.56,18.39]
[2020,1,2,17,43832.708333333234,17.75,"Valid",18.579999999999998,35.229999999999997,"Valid",31.5,null,null,17.75,18.579999999999998,35.229999999999997,31.5,35.229999999999997,31.5,17.75,18.579999999999998]
[2020,1,2,18,43832.749999999898,17.79,"Valid",18.38,34.31,"Valid",31.63,null,null,17.79,18.38,34.31,31.63,34.31,31.63,17.79,18.38]
[2020,1,2,19,43832.791666666562,23.85,"Valid",18.510000000000002,103.87,"Valid",34.74,null,null,23.85,18.510000000000002,103.87,34.74,103.87,34.74,23.85,18.510000000000002]
[2020,1,2,20,43832.833333333227,{"$f":"NA()","v":{"$error":"#N/A"}},"Invalid",{"$f":"NA()","v":{"$error":"#N/A"}},{"$f":"NA()","v":{"$error":"#N/A"}},"Invalid",{"$f":"NA()","v":{"$error":"#N/A"}},"Power Failure","Power outage",{"$error":"#N/A"},{"$f":"IF(G46=\"Valid\", H46, NA())","v":{"$error":"#N/A"}},{"$f":"IF(J46=\"Valid\", I46, NA())","v":{"$error":"#N/A"}},{"$error":"#N/A"}]
[2020,1,2,21,43832.874999999891,{"$f":"NA()","v":{"$error":"#N/A"}},"Invalid",{"$f":"NA()","v":{"$error":"#N/A"}},{"$f":"NA()","v":{"$error":"#N/A"}},"Invalid",{"$f":"NA()","v":{"$error":"#N/A"}},"Power Failure","Power outage/system reset",{"$error":"#N/A"},{"$error":"#N/A"},{"$error":"#N/A"},{"$error":"#N/A"}]
[2020,1,2,22,43832.916666666555,{"$f":"NA()","v":{"$error":"#N/A"}},"Invalid",{"$f":"NA()","v":{"$error":"#N/A"}},{"$f":"NA()","v":{"$error":"#N/A"}},"Invalid",{"$f":"NA()","v":{"$error":"#N/A"}},"Power Failure","Power outage/system reset",{"$error":"#N/A"},{"$error":"#N/A"},{"$error":"#N/A"},{"$error":"#N/A"}]
[2020,1,2,23,43832.958333333219,{"$f":"NA()","v":{"$error":"#N/A"}},"Invalid",{"$f":"NA()","v":{"$error":"#N/A"}},{"$f":"NA()","v":{"$error":"#N/A"}},"Invalid",{"$f":"NA()","v":{"$error":"#N/A"}},"Power Failure","Power outage/system reset",{"$error":"#N/A"},{"$error":"#N/A"},{"$error":"#N/A"},{"$error":"#N/A"}]
[2020,1,3,0,43832.999999999884,{"$f":"NA()","v":{"$error":"#N/A"}},"Invalid",{"$f":"NA()","v":{"$error":"#N/A"}},{"$f":"NA()","v":{"$error":"#N/A"}},"Invalid",{"$f":"NA()","v":{"$error":"#N/A"}},"Power Failure","Power outage/system reset",{"$error":"#N/A"},{"$error":"#N/A"},{"$error":"#N/A"},{"$error":"#N/A"}]
[2020,1,3,1,43833.041666666548,4.49,"Valid",18.43,9.64,"Valid",35.700000000000003,null,null,4.49,18.43,9.64,35.700000000000003,9.64,35.700000000000003,4.49,18.43]
[2020,1,3,2,43833.083333333212,9.59,"Valid",17.98,29.14,"Valid",35.35,null,null,9.59,17.98,29.14,35.35,29.14,35.35,9.59,17.98]
[2020,1,3,3,43833.124999999876,12.32,"Valid",17.5,40.17,"Valid",35.89,null,null,12.32,17.5,40.17,35.89,40.17,35.89,12.32,17.5]
[2020,1,3,4,43833.166666666541,8.93,"Valid",17,38.19,"Valid",36.44,null,null,8.93,17,38.19,36.44,38.19,36.44,8.93,17]
[2020,1,3,5,43833.208333333205,9.18,"Valid",16.53,41.67,"Valid",37.14,null,null,9.18,16.53,41.67,37.14,41.67,37.14,9.18,16.53]
[2020,1,3,6,43833.249999999869,9.09,"Valid",16.14,33.6,"Valid",37.54,null,null,9.09,16.14,33.6,37.54,33.6,37.54,9.09,16.14]
[2020,1,3,7,43833.291666666533,8.16,"Valid",15.7,38.130000000000003,"Valid",37.619999999999997,null,null,8.16,15.7,38.130000000000003,37.619999999999997,38.130000000000003,37.619999999999997,8.16,15.7]
[2020,1,3,8,43833.333333333198,10.14,"Valid",15.03,36.07,"Valid",37.159999999999997,null,null,10.14,15.03,36.07,37.159999999999997,36.07,37.159999999999997,10.14,15.03]
[2020,1,3,9,43833.374999999862,9.61,"Valid",14.12,36.590000000000003,"Valid",36.58,null,null,9.61,14.12,36.590000000000003,36.58,36.590000000000003,36.58,9.61,14.12]
[2020,1,3,10,43833.416666666526,11.28,"Valid",13.62,27.89,"Valid",35.97,null,null,11.28,13.62,27.89,35.97,27.89,35.97,11.28,13.62]
[2020,1,3,11,43833.45833333319,12.92,"Valid",13.04,33.97,"Valid",35.840000000000003,null,null,12.92,13.04,33.97,35.840000000000003,33.97,35.840000000000003,12.92,13.04]
[2020,1,3,12,43833.499999999854,15.1,"Valid",12.88,34.03,"Valid",36.08,null,null,15.1,12.88,34.03,36.08,34.03,36.08,15.1,12.88]
[2020,1,3,13,43833.541666666519,10.29,"Valid",12.59,21.86,"Valid",35.9,null,null,10.29,12.59,21.86,35.9,21.86,35.9,10.29,12.59]
[2020,1,3,14,43833.583333333183,13.06,"Valid",12.44,20.84,"Valid",35.659999999999997,null,null,13.06,12.44,20.84,35.659999999999997,20.84,35.659999999999997,13.06,12.44]
[2020,1,3,15,43833.624999999847,10.59,"Valid",11.93,17.72,"Valid",34.92,null,null,10.59,11.93,17.72,34.92,17.72,34.92,10.59,11.93]
[2020,1,3,16,43833.666666666511,17.32,"Valid",12.18,23.52,"Valid",34.549999999999997,null,null,{"$f":"IF(G66=\"Valid\", F66, NA())","v":17.32},{"$f":"IF(G66=\"Valid\", H66, NA())","v":12.18},{"$f":"IF(J66=\"Valid\", I66, NA())","v":23.52},{"$f":"IF(J66=\"Valid\", K66, NA())","v":34.549999999999997},23.52,34.549999999999997,17.32,12.18]
[2020,1,3,17,43833.708333333176,13.41,"Valid",11.95,20.059999999999999,"Valid",33.75,null,null,13.41,11.95,20.059999999999999,33.75,20.059999999999999,33.75,13.41,11.95]
[{"$f":"A67","v":2020},1,3,{"$f":"IF(D67=23,0,D67+1)","v":18},{"$f":"E67+0.0416666666666666","v":43833.74999999984},10.17,"Valid",11.55,17.489999999999998,"Valid",32.869999999999997,null,null,10.17,11.55,17.489999999999998,32.869999999999997,17.489999999999998,32.869999999999997,10.17,11.55]
[2020,1,3,19,43833.791666666504,14.14,"Valid",11.04,21.75,"Valid",28.54,null,null,14.14,11.04,21.75,28.54,21.75,28.54,14.14,11.04]
[2020,1,3,20,43833.833333333168,11.56,"Valid",11.07,19.350000000000001,"Valid",28.08,null,null,11.56,11.07,19.350000000000001,28.08,19.350000000000001,28.08,11.56,11.07]
[2020,1,3,21,43833.874999999833,9.85,"Valid",11.01,18,"Valid",27.6,null,null,9.85,11.01,18,27.6,18,27.6,9.85,11.01]
[2020,1,3,22,43833.916666666497,8.1999999999999993,"Valid",10.88,14.03,"Valid",26.99,null,null,8.1999999999999993,10.88,14.03,26.99,14.03,26.99,8.1999999999999993,10.88]
[2020,1,3,23,43833.958333333161,12.3,"Valid",10.94,16.84,"Valid",26.55,null,null,12.3,10.94,16.84,26.55,16.84,26.55,12.3,10.94]
[2020,1,4,0,43833.999999999825,11.13,"Valid",10.95,17.41,"Valid",26.17,null,null,11.13,10.95,17.41,26.17,17.41,26.17,11.13,10.95]
[2020,1,4,1,43834.04166666649,9.52,"Valid",11.16,17.239999999999998,"Valid",26.48,null,null,9.52,11.16,17.239999999999998,26.48,17.239999999999998,26.48,9.52,11.16]
[2020,1,4,2,43834.083333333154,9.86,"Valid",11.17,18.25,"Valid",26.03,null,null,9.86,11.17,18.25,26.03,18.25,26.03,9.86,11.17]
[2020,1,4,3,43834.124999999818,18.72,"Valid",11.44,25.49,"Valid",25.42,null,null,18.72,11.44,25.49,25.42,25.49,25.42,18.72,11.44]
[2020,1,4,4,43834.166666666482,16.079999999999998,"Valid",11.74,24.42,"Valid",24.84,null,null,16.079999999999998,11.74,24.42,24.84,24.42,24.84,16.079999999999998,11.74]
[2020,1,4,5,43834.208333333147,17.55,"Valid",12.09,26.12,"Valid",24.19,null,null,17.55,12.09,26.12,24.19,26.12,24.19,17.55,12.09]
[2020,1,4,6,43834.249999999811,12.15,"Valid",12.21,19.75,"Valid",23.62,null,null,12.15,12.21,19.75,23.62,19.75,23.62,12.15,12.21]
[2020,1,4,7,43834.291666666475,10.32,"Valid",12.3,19.98,"Valid",22.86,null,null,10.32,12.3,19.98,22.86,19.98,22.86,10.32,12.3]
[2020,1,4,8,43834.333333333139,10.3,"Valid",12.31,21.81,"Valid",22.27,null,null,10.3,12.31,21.81,22.27,21.81,22.27,10.3,12.31]
[2020,1,4,9,43834.374999999804,11.55,"Valid",12.39,19.03,"Valid",21.54,null,null,11.55,12.39,19.03,21.54,19.03,21.54,11.55,12.39]
[2020,1,4,10,43834.416666666468,11.54,"Valid",12.4,26.09,"Valid",21.46,null,null,11.54,12.4,26.09,21.46,26.09,21.46,11.54,12.4]
[2020,1,4,11,43834.458333333132,11.58,"Valid",12.35,23.59,"Valid",21.03,null,null,11.58,12.35,23.59,21.03,23.59,21.03,11.58,12.35]
[2020,1,4,12,43834.499999999796,10.69,"Valid",12.16,19.46,"Valid",20.420000000000002,null,null,10.69,12.16,19.46,20.420000000000002,19.46,20.420000000000002,10.69,12.16]
[2020,1,4,13,43834.541666666461,15.36,"Valid",12.37,27.64,"Valid",20.66,null,null,15.36,12.37,27.64,20.66,27.64,20.66,15.36,12.37]
[2020,1,4,14,43834.583333333125,27,"Valid",12.95,38.53,"Valid",21.4,null,null,27,12.95,38.53,21.4,38.53,21.4,27,12.95]
[2020,1,4,15,43834.624999999789,14.25,"Valid",13.11,24.62,"Valid",21.69,null,null,14.25,13.11,24.62,21.69,24.62,21.69,14.25,13.11]
[2020,1,4,16,43834.666666666453,11.6,"Valid",12.87,21.44,"Valid",21.6,null,null,11.6,12.87,21.44,21.6,21.44,21.6,11.6,12.87]
[2020,{"$f":"B90","v":1},{"$f":"C67+1","v":4},17,43834.708333333117,15.44,"Valid",12.95,24.78,"Valid",21.8,null,null,15.44,12.95,24.78,21.8,24.78,21.8,15.44,12.95]
[2020,1,4,18,43834.749999999782,16.93,"Valid",13.23,25.23,"Valid",22.12,null,null,16.93,13.23,25.23,22.12,25.23,22.12,16.93,13.23]
[2020,1,4,19,43834.791666666446,10.34,"Valid",13.08,18.43,"Valid",21.98,null,null,10.34,13.08,18.43,21.98,18.43,21.98,10.34,13.08]
[2020,1,4,20,43834.83333333311,17.260000000000002,"Valid",13.31,26.21,"Valid",22.27,null,null,17.260000000000002,13.31,26.21,22.27,26.21,22.27,17.260000000000002,13.31]
[2020,1,4,21,43834.874999999774,16.02,"Valid",13.57,28.55,"Valid",22.71,null,null,16.02,13.57,28.55,22.71,28.55,22.71,16.02,13.57]
[2020,1,4,22,43834.916666666439,13.35,"Valid",13.79,28.85,"Valid",23.32,null,null,13.35,13.79,28.85,23.32,28.85,23.32,13.35,13.79]
[2020,1,4,23,43834.958333333103,11.62,"Valid",13.76,21.24,"Valid",23.51,null,null,11.62,13.76,21.24,23.51,21.24,23.51,11.62,13.76]
[2020,1,5,0,43834.999999999767,12.59,"Valid",13.82,21.1,"Valid",23.66,null,null,12.59,13.82,21.1,23.66,21.1,23.66,12.59,13.82]
[2020,1,5,1,43835.041666666431,11.76,"Valid",13.91,21.38,"Valid",23.83,null,null,11.76,13.91,21.38,23.83,21.38,23.83,11.76,13.91]
[2020,1,5,2,43835.083333333096,13.67,"Valid",14.07,21.46,"Valid",23.97,null,null,13.67,14.07,21.46,23.97,21.46,23.97,13.67,14.07]
[2020,1,5,3,43835.12499999976,10.18,"Valid",13.71,17.32,"Valid",23.63,null,null,10.18,13.71,17.32,23.63,17.32,23.63,10.18,13.71]
[2020,1,5,4,43835.166666666424,13.13,"Valid",13.59,19.829999999999998,"Valid",23.44,null,null,13.13,13.59,19.829999999999998,23.44,19.829999999999998,23.44,13.13,13.59]
[2020,1,5,5,43835.208333333088,13.07,"Valid",13.4,20.23,"Valid",23.19,null,null,13.07,13.4,20.23,23.19,20.23,23.19,13.07,13.4]
[2020,1,5,6,43835.249999999753,13.52,"Valid",13.46,20.58,"Valid",23.22,null,null,13.52,13.46,20.58,23.22,20.58,23.22,13.52,13.46]
[2020,1,5,7,43835.291666666417,11.53,"Valid",13.51,17.88,"Valid",23.14,null,null,11.53,13.51,17.88,23.14,17.88,23.14,11.53,13.51]
[2020,1,5,8,43835.333333333081,13.09,"Valid",13.63,21.86,"Valid",23.14,null,null,13.09,13.63,21.86,23.14,21.86,23.14,13.09,13.63]
[2020,1,5,9,43835.374999999745,15.54,"Valid",13.79,23.71,"Valid",23.33,null,null,15.54,13.79,23.71,23.33,23.71,23.33,15.54,13.79]
[2020,1,5,10,43835.41666666641,16.2,"Valid",13.99,23.96,"Valid",23.25,null,null,16.2,13.99,23.96,23.25,23.96,23.25,16.2,13.99]
[2020,1,5,11,43835.458333333074,13.66,"Valid",14.08,20.75,"Valid",23.13,null,null,13.66,14.08,20.75,23.13,20.75,23.13,13.66,14.08]
[2020,1,5,12,43835.499999999738,13.22,"Valid",14.18,21.7,"Valid",23.22,null,null,13.22,14.18,21.7,23.22,21.7,23.22,13.22,14.18]
[2020,1,5,13,43835.541666666402,16.72,"Valid",14.24,23.98,"Valid",23.07,null,null,16.72,14.24,23.98,23.07,23.98,23.07,16.72,14.24]
[2020,1,5,14,43835.583333333067,12.36,"Valid",13.63,20.18,"Valid",22.3,null,null,12.36,13.63,20.18,22.3,20.18,22.3,12.36,13.63]
[2020,1,5,15,43835.624999999731,16.62,"Valid",13.73,23.69,"Valid",22.26,null,null,16.62,13.73,23.69,22.26,23.69,22.26,16.62,13.73]
[2020,1,5,16,43835.666666666395,20.2,"Valid",14.08,29.21,"Valid",22.59,null,null,20.2,14.08,29.21,22.59,29.21,22.59,20.2,14.08]
[2020,1,5,17,43835.708333333059,23.33,"Valid",14.41,31.81,"Valid",22.88,null,null,23.33,14.41,31.81,22.88,31.81,22.88,23.33,14.41]
[2020,1,5,18,43835.749999999724,17.98,"Valid",14.46,26.15,"Valid",22.92,null,null,17.98,14.46,26.15,22.92,26.15,22.92,17.98,14.46]
[2020,1,5,19,43835.791666666388,23.9,"Valid",15.02,31.42,"Valid",23.46,null,null,23.9,15.02,31.42,23.46,31.42,23.46,23.9,15.02]
[2020,1,5,20,43835.833333333052,18.41,"Valid",15.07,27.66,"Valid",23.52,null,null,18.41,15.07,27.66,23.52,27.66,23.52,18.41,15.07]
[2020,1,5,21,43835.874999999716,36.130000000000003,"Valid",15.91,109.2,"Valid",26.88,null,null,36.130000000000003,15.91,109.2,26.88,109.2,26.88,36.130000000000003,15.91]
[2020,1,5,22,43835.91666666638,65.069999999999993,"Valid",18.059999999999999,132.15,"Valid",31.19,null,null,65.069999999999993,18.059999999999999,132.15,31.19,132.15,31.19,65.069999999999993,18.059999999999999]
[2020,1,5,23,43835.958333333045,48.92,"Valid",19.62,59.1,"Valid",32.76,null,null,48.92,19.62,59.1,32.76,59.1,32.76,48.92,19.62]
[2020,1,6,0,43835.999999999709,74.22,"Valid",22.18,224.55,"Valid",41.24,null,null,74.22,22.18,224.55,41.24,224.55,41.24,74.22,22.18]
[2020,1,6,1,43836.041666666373,84.63,"Valid",25.22,209.68,"Valid",49.09,null,null,84.63,25.22,209.68,49.09,209.68,49.09,84.63,25.22]
[2020,1,6,2,43836.083333333037,92.47,"Valid",28.5,157.27000000000001,"Valid",54.74,null,null,92.47,28.5,157.27000000000001,54.74,157.27000000000001,54.74,92.47,28.5]
[2020,1,6,3,43836.124999999702,103.98,"Valid",32.409999999999997,116.5,"Valid",58.88,null,null,103.98,32.409999999999997,116.5,58.88,116.5,58.88,103.98,32.409999999999997]
[2020,1,6,4,43836.166666666366,102.05,"Valid",36.119999999999997,110.69,"Valid",62.66,null,null,102.05,36.119999999999997,110.69,62.66,110.69,62.66,102.05,36.119999999999997]
[2020,1,6,5,43836.20833333303,76.41,"Valid",38.76,82.47,"Valid",65.260000000000005,null,null,76.41,38.76,82.47,65.260000000000005,82.47,65.260000000000005,76.41,38.76]
[2020,1,6,6,43836.249999999694,58.08,"Valid",40.61,63.28,"Valid",67.040000000000006,null,null,58.08,40.61,63.28,67.040000000000006,63.28,67.040000000000006,58.08,40.61]
[2020,1,6,7,43836.291666666359,45.5,"Valid",42.03,50,"Valid",68.37,null,null,45.5,42.03,50,68.37,50,68.37,45.5,42.03]
[2020,1,6,8,43836.333333333023,42.66,"Valid",43.26,47.12,"Valid",69.430000000000007,null,null,{"$f":"IF(G130=\"Valid\", F130, NA())","v":42.66},{"$f":"IF(G130=\"Valid\", H130, NA())","v":43.26},{"$f":"IF(J130=\"Valid\", I130, NA())","v":47.12},{"$f":"IF(J130=\"Valid\", K130, NA())","v":69.430000000000007},47.12,69.430000000000007,42.66,43.26]
[2020,1,6,9,43836.374999999687,39.909999999999997,"Valid",44.28,44.76,"Valid",70.3,null,null,39.909999999999997,44.28,44.76,70.3,44.76,70.3,39.909999999999997,44.28]
[{"$f":"A131","v":2020},1,6,{"$f":"IF(D131=23,0,D131+1)","v":10},{"$f":"E131+0.0416666666666666","v":43836.416666666351},51.82,"Valid",45.76,58.37,"Valid",71.739999999999995,null,null,51.82,45.76,58.37,71.739999999999995,58.37,71.739999999999995,51.82,45.76]
[2020,1,6,11,43836.458333333016,50.76,"Valid",47.31,57.87,"Valid",73.28,null,null,50.76,47.31,57.87,73.28,57.87,73.28,50.76,47.31]
[2020,1,6,12,43836.49999999968,54.23,"Valid",49.02,61.12,"Valid",74.930000000000007,null,null,54.23,49.02,61.12,74.930000000000007,61.12,74.930000000000007,54.23,49.02]
[2020,1,6,13,43836.541666666344,45.65,"Valid",50.22,56.59,"Valid",76.290000000000006,null,null,45.65,50.22,56.59,76.290000000000006,56.59,76.290000000000006,45.65,50.22]
[2020,1,6,14,43836.583333333008,49.83,"Valid",51.78,56.89,"Valid",77.81,null,null,49.83,51.78,56.89,77.81,56.89,77.81,49.83,51.78]
[2020,1,6,15,43836.624999999673,48.29,"Valid",53.1,56.13,"Valid",79.17,null,null,48.29,53.1,56.13,79.17,56.13,79.17,48.29,53.1]
[2020,1,6,16,43836.666666666337,52.93,"Valid",54.47,62.39,"Valid",80.55,null,null,52.93,54.47,62.39,80.55,62.39,80.55,52.93,54.47]
[2020,1,6,17,43836.708333333001,52.45,"Valid",55.68,62.63,"Valid",81.83,null,null,52.45,55.68,62.63,81.83,62.63,81.83,52.45,55.68]
[2020,1,6,18,43836.749999999665,50.04,"Valid",57.01,58.02,"Valid",83.16,null,null,50.04,57.01,58.02,83.16,58.02,83.16,50.04,57.01]
[2020,1,6,19,43836.79166666633,45.07,"Valid",57.9,62.58,"Valid",84.46,null,null,45.07,57.9,62.58,84.46,62.58,84.46,45.07,57.9]
[2020,1,6,20,43836.833333332994,35.869999999999997,"Valid",58.62,44.8,"Valid",85.17,null,null,35.869999999999997,58.62,44.8,85.17,44.8,85.17,35.869999999999997,58.62]
[2020,1,6,21,43836.874999999658,34.14,"Valid",58.54,42.49,"Valid",82.39,null,null,34.14,58.54,42.49,82.39,42.49,82.39,34.14,58.54]
[2020,1,6,22,43836.916666666322,32.15,"Valid",57.17,41.73,"Valid",78.63,null,null,32.15,57.17,41.73,78.63,41.73,78.63,32.15,57.17]
[2020,1,6,23,43836.958333332987,32.54,"Valid",56.49,51.51,"Valid",78.31,null,null,32.54,56.49,51.51,78.31,51.51,78.31,32.54,56.49]
[2020,1,7,0,43836.999999999651,30.82,"Valid",54.68,60.58,"Valid",71.48,null,null,30.82,54.68,60.58,71.48,60.58,71.48,30.82,54.68]
[2020,1,7,1,43837.041666666315,40.65,"Valid",52.85,56.19,"Valid",65.08,null,null,40.65,52.85,56.19,65.08,56.19,65.08,40.65,52.85]
[2020,1,7,2,43837.083333332979,37.21,"Valid",50.54,54.37,"Valid",60.8,null,null,37.21,50.54,54.37,60.8,54.37,60.8,37.21,50.54]
[2020,1,7,3,43837.124999999643,31.4,"Valid",47.52,52.42,"Valid",58.13,null,null,31.4,47.52,52.42,58.13,52.42,58.13,31.4,47.52]
[2020,1,7,4,43837.166666666308,23.6,"Valid",44.25,43.46,"Valid",55.32,null,null,23.6,44.25,43.46,55.32,43.46,55.32,23.6,44.25]
[2020,1,7,5,43837.208333332972,24.05,"Valid",42.07,45.73,"Valid",53.79,null,null,24.05,42.07,45.73,53.79,45.73,53.79,24.05,42.07]
[2020,1,7,6,43837.249999999636,17.34,"Valid",40.369999999999997,23.41,"Valid",52.13,null,null,17.34,40.369999999999997,23.41,52.13,23.41,52.13,17.34,40.369999999999997]
[2020,1,7,7,43837.2916666663,21.98,"Valid",39.39,29.52,"Valid",51.28,null,null,21.98,39.39,29.52,51.28,29.52,51.28,21.98,39.39]
[2020,1,7,8,43837.333333332965,20.39,"Valid",38.46,27.01,"Valid",50.44,null,null,20.39,38.46,27.01,50.44,27.01,50.44,20.39,38.46]
[2020,{"$f":"B154","v":1},{"$f":"C131+1","v":7},9,43837.374999999629,20.32,"Valid",37.65,31.86,"Valid",49.9,null,null,20.32,37.65,31.86,49.9,31.86,49.9,20.32,37.65]
[2020,1,7,10,43837.416666666293,26.1,"Valid",36.58,34.840000000000003,"Valid",48.92,null,null,26.1,36.58,34.840000000000003,48.92,34.840000000000003,48.92,26.1,36.58]
[2020,1,7,11,43837.458333332957,22.27,"Valid",35.39,28.47,"Valid",47.7,null,null,22.27,35.39,28.47,47.7,28.47,47.7,22.27,35.39]
[2020,1,7,12,43837.499999999622,21.44,"Valid",34.020000000000003,31.51,"Valid",46.46,null,null,21.44,34.020000000000003,31.51,46.46,31.51,46.46,21.44,34.020000000000003]
[2020,1,7,13,43837.541666666286,20.149999999999999,"Valid",32.96,29.91,"Valid",45.35,null,null,20.149999999999999,32.96,29.91,45.35,29.91,45.35,20.149999999999999,32.96]
[2020,1,7,14,43837.58333333295,16.59,"Valid",31.57,130.97999999999999,"Valid",48.44,null,null,16.59,31.57,130.97999999999999,48.44,130.97999999999999,48.44,16.59,31.57]
[2020,1,7,15,43837.624999999614,{"$f":"NA()","v":{"$error":"#N/A"}},"Invalid",{"$f":"NA()","v":{"$error":"#N/A"}},{"$f":"NA()","v":{"$error":"#N/A"}},"Invalid",{"$f":"NA()","v":{"$error":"#N/A"}},"Calibration Error","Annuall calibration and filter change including 12-hour zero test.",{"$error":"#N/A"},{"$error":"#N/A"},{"$error":"#N/A"},{"$error":"#N/A"}]
[2020,1,7,16,43837.666666666279,{"$f":"NA()","v":{"$error":"#N/A"}},"Invalid",{"$f":"NA()","v":{"$error":"#N/A"}},{"$f":"NA()","v":{"$error":"#N/A"}},"Invalid",{"$f":"NA()","v":{"$error":"#N/A"}},"Calibration Error","Annuall calibration and filter change including 12-hour zero test.",{"$error":"#N/A"},{"$error":"#N/A"},{"$error":"#N/A"},{"$error":"#N/A"}]
[2020,1,7,17,43837.708333332943,{"$f":"NA()","v":{"$error":"#N/A"}},"Invalid",{"$f":"NA()","v":{"$error":"#N/A"}},{"$f":"NA()","v":{"$error":"#N/A"}},"Invalid",{"$f":"NA()","v":{"$error":"#N/A"}},"Calibration Error","Annuall calibration and filter change including 12-hour zero test.",{"$error":"#N/A"},{"$error":"#N/A"},{"$error":"#N/A"},{"$error":"#N/A"}]
[2020,1,7,18,43837.749999999607,{"$f":"NA()","v":{"$error":"#N/A"}},"Invalid",{"$f":"NA()","v":{"$error":"#N/A"}},{"$f":"NA()","v":{"$error":"#N/A"}},"Invalid",{"$f":"NA()","v":{"$error":"#N/A"}},"Calibration Error","Annuall calibration and filter change including 12-hour zero test.",{"$error":"#N/A"},{"$error":"#N/A"},{"$error":"#N/A"},{"$error":"#N/A"}]
[2020,1,7,19,43837.791666666271,{"$f":"NA()","v":{"$error":"#N/A"}},"Invalid",{"$f":"NA()","v":{"$error":"#N/A"}},{"$f":"NA()","v":{"$error":"#N/A"}},"Invalid",{"$f":"NA()","v":{"$error":"#N/A"}},"Calibration Error","Annuall calibration and filter change including 12-hour zero test.",{"$error":"#N/A"},{"$error":"#N/A"},{"$error":"#N/A"},{"$error":"#N/A"}]
[2020,1,7,20,43837.833333332936,{"$f":"NA()","v":{"$error":"#N/A"}},"Invalid",{"$f":"NA()","v":{"$error":"#N/A"}},{"$f":"NA()","v":{"$error":"#N/A"}},"Invalid",{"$f":"NA()","v":{"$error":"#N/A"}},"Calibration Error","Annuall calibration and filter change including 12-hour zero test.",{"$error":"#N/A"},{"$error":"#N/A"},{"$error":"#N/A"},{"$error":"#N/A"}]
[2020,1,7,21,43837.8749999996,{"$f":"NA()","v":{"$error":"#N/A"}},"Invalid",{"$f":"NA()","v":{"$error":"#N/A"}},{"$f":"NA()","v":{"$error":"#N/A"}},"Invalid",{"$f":"NA()","v":{"$error":"#N/A"}},"Calibration Error","Annual calibration and filter change including 12-hour zero test. 24Hr average lost due to data interruption.",{"$error":"#N/A"},{"$error":"#N/A"},{"$error":"#N/A"},{"$error":"#N/A"}]
[2020,1,7,22,43837.916666666264,{"$f":"NA()","v":{"$error":"#N/A"}},"Invalid",{"$f":"NA()","v":{"$error":"#N/A"}},{"$f":"NA()","v":{"$error":"#N/A"}},"Invalid",{"$f":"NA()","v":{"$error":"#N/A"}},"Calibration Error","Annual calibration and filter change including 12-hour zero test. 24Hr average lost due to data interruption.",{"$error":"#N/A"},{"$error":"#N/A"},{"$error":"#N/A"},{"$error":"#N/A"}]
[2020,1,7,23,43837.958333332928,{"$f":"NA()","v":{"$error":"#N/A"}},"Invalid",{"$f":"NA()","v":{"$error":"#N/A"}},{"$f":"NA()","v":{"$error":"#N/A"}},"Invalid",{"$f":"NA()","v":{"$error":"#N/A"}},"Calibration Error","Annual calibration and filter change including 12-hour zero test. 24Hr average lost due to data interruption.",{"$error":"#N/A"},{"$error":"#N/A"},{"$error":"#N/A"},{"$error":"#N/A"}]
[2020,1,8,0,43837.999999999593,{"$f":"NA()","v":{"$error":"#N/A"}},"Invalid",{"$f":"NA()","v":{"$error":"#N/A"}},{"$f":"NA()","v":{"$error":"#N/A"}},"Invalid",{"$f":"NA()","v":{"$error":"#N/A"}},"Calibration Error","Annual calibration and filter change including 12-hour zero test. 24Hr average lost due to data interruption.",{"$error":"#N/A"},{"$error":"#N/A"},{"$error":"#N/A"},{"$error":"#N/A"}]
[2020,1,8,1,43838.041666666257,{"$f":"NA()","v":{"$error":"#N/A"}},"Invalid",{"$f":"NA()","v":{"$error":"#N/A"}},{"$f":"NA()","v":{"$error":"#N/A"}},"Invalid",{"$f":"NA()","v":{"$error":"#N/A"}},"Calibration Error","Annual calibration and filter change including 12-hour zero test. 24Hr average lost due to data interruption.",{"$error":"#N/A"},{"$error":"#N/A"},{"$error":"#N/A"},{"$error":"#N/A"}]
[2020,1,8,2,43838.083333332921,{"$f":"NA()","v":{"$error":"#N/A"}},"Invalid",{"$f":"NA()","v":{"$error":"#N/A"}},{"$f":"NA()","v":{"$error":"#N/A"}},"Invalid",{"$f":"NA()","v":{"$error":"#N/A"}},"Calibration Error","Annual calibration and filter change including 12-hour zero test. 24Hr average lost due to data interruption.",{"$error":"#N/A"},{"$error":"#N/A"},{"$error":"#N/A"},{"$error":"#N/A"}]
[2020,1,8,3,43838.124999999585,{"$f":"NA()","v":{"$error":"#N/A"}},"Invalid",{"$f":"NA()","v":{"$error":"#N/A"}},{"$f":"NA()","v":{"$error":"#N/A"}},"Invalid",{"$f":"NA()","v":{"$error":"#N/A"}},"Calibration Error","Annual calibration and filter change including 12-hour zero test. 24Hr average lost due to data interruption.",{"$error":"#N/A"},{"$error":"#N/A"},{"$error":"#N/A"},{"$error":"#N/A"}]
[2020,1,8,4,43838.16666666625,{"$f":"NA()","v":{"$error":"#N/A"}},"Invalid",{"$f":"NA()","v":{"$error":"#N/A"}},{"$f":"NA()","v":{"$error":"#N/A"}},"Invalid",{"$f":"NA()","v":{"$error":"#N/A"}},"Calibration Error","Annual calibration and filter change including 12-hour zero test. 24Hr average lost due to data interruption.",{"$error":"#N/A"},{"$error":"#N/A"},{"$error":"#N/A"},{"$error":"#N/A"}]
[2020,1,8,5,43838.208333332914,{"$f":"NA()","v":{"$error":"#N/A"}},"Invalid",{"$f":"NA()","v":{"$error":"#N/A"}},{"$f":"NA()","v":{"$error":"#N/A"}},"Invalid",{"$f":"NA()","v":{"$error":"#N/A"}},"Calibration Error","Annual calibration and filter change including 12-hour zero test. 24Hr average lost due to data interruption.",{"$error":"#N/A"},{"$error":"#N/A"},{"$error":"#N/A"},{"$error":"#N/A"}]
[2020,1,8,6,43838.249999999578,{"$f":"NA()","v":{"$error":"#N/A"}},"Invalid",{"$f":"NA()","v":{"$error":"#N/A"}},{"$f":"NA()","v":{"$error":"#N/A"}},"Invalid",{"$f":"NA()","v":{"$error":"#N/A"}},"Calibration Error","Annual calibration and filter change including 12-hour zero test. 24Hr average lost due to data interruption.",{"$error":"#N/A"},{"$error":"#N/A"},{"$error":"#N/A"},{"$error":"#N/A"}]
[2020,1,8,7,43838.291666666242,{"$f":"NA()","v":{"$error":"#N/A"}},"Invalid",{"$f":"NA()","v":{"$error":"#N/A"}},{"$f":"NA()","v":{"$error":"#N/A"}},"Invalid",{"$f":"NA()","v":{"$error":"#N/A"}},"Calibration Error","Annual calibration and filter change including 12-hour zero test. 24Hr average lost due to data interruption.",{"$error":"#N/A"},{"$error":"#N/A"},{"$error":"#N/A"},{"$error":"#N/A"}]
[2020,1,8,8,43838.333333332906,{"$f":"NA()","v":{"$error":"#N/A"}},"Invalid",{"$f":"NA()","v":{"$error":"#N/A"}},{"$f":"NA()","v":{"$error":"#N/A"}},"Invalid",{"$f":"NA()","v":{"$error":"#N/A"}},"Calibration Error","Annual calibration and filter change including 12-hour zero test. 24Hr average lost due to data interruption.",{"$error":"#N/A"},{"$error":"#N/A"},{"$error":"#N/A"},{"$error":"#N/A"}]
[2020,1,8,9,43838.374999999571,{"$f":"NA()","v":{"$error":"#N/A"}},"Invalid",{"$f":"NA()","v":{"$error":"#N/A"}},{"$f":"NA()","v":{"$error":"#N/A"}},"Invalid",{"$f":"NA()","v":{"$error":"#N/A"}},"Calibration Error","Annual calibration and filter change including 12-hour zero test. 24Hr average lost due to data interruption.",{"$error":"#N/A"},{"$error":"#N/A"},{"$error":"#N/A"},{"$error":"#N/A"}]
[2020,1,8,10,43838.416666666235,{"$f":"NA()","v":{"$error":"#N/A"}},"Invalid",{"$f":"NA()","v":{"$error":"#N/A"}},{"$f":"NA()","v":{"$error":"#N/A"}},"Invalid",{"$f":"NA()","v":{"$error":"#N/A"}},"Calibration Error","Annual calibration and filter change including 12-hour zero test. 24Hr average lost due to data interruption.",{"$error":"#N/A"},{"$error":"#N/A"},{"$error":"#N/A"},{"$error":"#N/A"}]
[2020,1,8,11,43838.458333332899,{"$f":"NA()","v":{"$error":"#N/A"}},"Invalid",{"$f":"NA()","v":{"$error":"#N/A"}},{"$f":"NA()","v":{"$error":"#N/A"}},"Invalid",{"$f":"NA()","v":{"$error":"#N/A"}},"Calibration Error","Annual calibration and filter change including 12-hour zero test. 24Hr average lost due to data interruption.",{"$error":"#N/A"},{"$error":"#N/A"},{"$error":"#N/A"},{"$error":"#N/A"}]
[2020,1,8,12,43838.499999999563,21.48,"Valid",{"$f":"NA()","v":{"$error":"#N/A"}},28.96,"Valid",{"$f":"NA()","v":{"$error":"#N/A"}},null,"24Hr average lost due to data interruption",21.48,{"$error":"#N/A"},28.96,{"$error":"#N/A"},28.96,null,21.48]
[2020,1,8,13,43838.541666666228,17.91,"Valid",{"$f":"NA()","v":{"$error":"#N/A"}},27.46,"Valid",{"$f":"NA()","v":{"$error":"#N/A"}},null,"24Hr average lost due to data interruption",17.91,{"$error":"#N/A"},27.46,{"$error":"#N/A"},27.46,null,17.91]
[2020,1,8,14,43838.583333332892,16.02,"Valid",{"$f":"NA()","v":{"$error":"#N/A"}},25.5,"Valid",{"$f":"NA()","v":{"$error":"#N/A"}},null,"24Hr average lost due to data interruption",16.02,{"$error":"#N/A"},25.5,{"$error":"#N/A"},25.5,null,16.02]
[2020,1,8,15,43838.624999999556,17.36,"Valid",{"$f":"NA()","v":{"$error":"#N/A"}},36.409999999999997,"Valid",{"$f":"NA()","v":{"$error":"#N/A"}},null,"24Hr average lost due to data interruption",17.36,{"$error":"#N/A"},36.409999999999997,{"$error":"#N/A"},36.409999999999997,null,17.36]
[2020,1,8,16,43838.66666666622,17.71,"Valid",{"$f":"NA()","v":{"$error":"#N/A"}},50.77,"Valid",{"$f":"NA()","v":{"$error":"#N/A"}},null,"24Hr average lost due to data interruption",17.71,{"$error":"#N/A"},50.77,{"$error":"#N/A"},50.77,null,17.71]
[2020,1,8,17,43838.708333332885,17.07,"Valid",{"$f":"NA()","v":{"$error":"#N/A"}},51.77,"Valid",{"$f":"NA()","v":{"$error":"#N/A"}},null,"24Hr average lost due to data interruption",17.07,{"$error":"#N/A"},51.77,{"$error":"#N/A"},51.77,null,17.07]
[2020,1,8,18,43838.749999999549,15.81,"Valid",{"$f":"NA()","v":{"$error":"#N/A"}},43.42,"Valid",{"$f":"NA()","v":{"$error":"#N/A"}},null,"24Hr average lost due to data interruption",15.81,{"$error":"#N/A"},43.42,{"$error":"#N/A"},43.42,null,15.81]
[2020,1,8,19,43838.791666666213,16.41,"Valid",{"$f":"NA()","v":{"$error":"#N/A"}},44.65,"Valid",{"$f":"NA()","v":{"$error":"#N/A"}},null,"24Hr average lost due to data interruption",16.41,{"$error":"#N/A"},44.65,{"$error":"#N/A"},44.65,null,16.41]
[2020,1,8,20,43838.833333332877,17.809999999999999,"Valid",{"$f":"NA()","v":{"$error":"#N/A"}},47.41,"Valid",{"$f":"NA()","v":{"$error":"#N/A"}},null,"24Hr average lost due to data interruption",17.809999999999999,{"$error":"#N/A"},47.41,{"$error":"#N/A"},47.41,null,17.809999999999999]
[2020,1,8,21,43838.874999999542,15.26,"Valid",{"$f":"NA()","v":{"$error":"#N/A"}},39.65,"Valid",{"$f":"NA()","v":{"$error":"#N/A"}},null,"24Hr average lost due to data interruption",15.26,{"$error":"#N/A"},39.65,{"$error":"#N/A"},39.65,null,15.26]
[2020,1,8,22,43838.916666666206,19.29,"Valid",{"$f":"NA()","v":{"$error":"#N/A"}},47.84,"Valid",{"$f":"NA()","v":{"$error":"#N/A"}},null,"24Hr average lost due to data interruption",19.29,{"$error":"#N/A"},47.84,{"$error":"#N/A"},47.84,null,19.29]
[2020,1,8,23,43838.95833333287,32.35,"Valid",{"$f":"NA()","v":{"$error":"#N/A"}},132.15,"Valid",{"$f":"NA()","v":{"$error":"#N/A"}},null,"24Hr average lost due to data interruption",32.35,{"$error":"#N/A"},132.15,{"$error":"#N/A"},132.15,null,32.35]
[2020,1,9,0,43838.999999999534,32.53,"Valid",{"$f":"NA()","v":{"$error":"#N/A"}},61.08,"Valid",{"$f":"NA()","v":{"$error":"#N/A"}},null,"24Hr average lost due to data interruption",{"$f":"IF(G194=\"Valid\", F194, NA())","v":32.53},{"$f":"IF(G194=\"Valid\", H194, NA())","v":{"$error":"#N/A"}},{"$f":"IF(J194=\"Valid\", I194, NA())","v":61.08},{"$f":"IF(J194=\"Valid\", K194, NA())","v":{"$error":"#N/A"}},61.08,null,32.53]
[2020,1,9,1,43839.041666666199,22.02,"Valid",{"$f":"NA()","v":{"$error":"#N/A"}},26.63,"Valid",{"$f":"NA()","v":{"$error":"#N/A"}},null,"24Hr average lost due to data interruption",22.02,{"$error":"#N/A"},26.63,{"$error":"#N/A"},26.63,null,22.02]
[{"$f":"A195","v":2020},1,9,{"$f":"IF(D195=23,0,D195+1)","v":2},{"$f":"E195+0.0416666666666666","v":43839.083333332863},21.99,"Valid",{"$f":"NA()","v":{"$error":"#N/A"}},28.15,"Valid",{"$f":"NA()","v":{"$error":"#N/A"}},null,"24Hr average lost due to data interruption",21.99,{"$error":"#N/A"},28.15,{"$error":"#N/A"},28.15,null,21.99]
[2020,1,9,3,43839.124999999527,34.380000000000003,"Valid",{"$f":"NA()","v":{"$error":"#N/A"}},42.7,"Valid",{"$f":"NA()","v":{"$error":"#N/A"}},null,"24Hr average lost due to data interruption",34.380000000000003,{"$error":"#N/A"},42.7,{"$error":"#N/A"},42.7,null,34.380000000000003]
[2020,1,9,4,43839.166666666191,35.17,"Valid",{"$f":"NA()","v":{"$error":"#N/A"}},57.7,"Valid",{"$f":"NA()","v":{"$error":"#N/A"}},null,"24Hr average lost due to data interruption",35.17,{"$error":"#N/A"},57.7,{"$error":"#N/A"},57.7,null,35.17]
[2020,1,9,5,43839.208333332856,37.82,"Valid",22.69,50.52,"Valid",46.82,null,null,37.82,22.69,50.52,46.82,50.52,46.82,37.82,22.69]
[2020,1,9,6,43839.24999999952,39.479999999999997,"Valid",23.57,59.14,"Valid",47.47,null,null,39.479999999999997,23.57,59.14,47.47,59.14,47.47,39.479999999999997,23.57]
[2020,1,9,7,43839.291666666184,45.6,"Valid",24.67,57.19,"Valid",47.96,null,null,45.6,24.67,57.19,47.96,57.19,47.96,45.6,24.67]
[2020,1,9,8,43839.333333332848,49.27,"Valid",25.84,62.18,"Valid",48.63,null,null,49.27,25.84,62.18,48.63,62.18,48.63,49.27,25.84]
[2020,1,9,9,43839.374999999513,44.63,"Valid",26.7,57.54,"Valid",49.04,null,null,44.63,26.7,57.54,49.04,57.54,49.04,44.63,26.7]
[2020,1,9,10,43839.416666666177,37.21,"Valid",27.16,52.86,"Valid",49.2,null,null,37.21,27.16,52.86,49.2,52.86,49.2,37.21,27.16]
[2020,1,9,11,43839.458333332841,32.4,"Valid",27.37,46.93,"Valid",49.11,null,null,32.4,27.37,46.93,49.11,46.93,49.11,32.4,27.37]
[2020,1,9,12,43839.499999999505,29.05,"Valid",27.69,40.14,"Valid",49.57,null,null,29.05,27.69,40.14,49.57,40.14,49.57,29.05,27.69]
[2020,1,9,13,43839.541666666169,22.04,"Valid",27.86,35.57,"Valid",49.91,null,null,22.04,27.86,35.57,49.91,35.57,49.91,22.04,27.86]
[2020,1,9,14,43839.583333332834,19.41,"Valid",28,40.81,"Valid",50.55,null,null,19.41,28,40.81,50.55,40.81,50.55,19.41,28]
[2020,1,9,15,43839.624999999498,14.42,"Valid",27.88,30.11,"Valid",50.29,null,null,14.42,27.88,30.11,50.29,30.11,50.29,14.42,27.88]
[2020,1,9,16,43839.666666666162,15.74,"Valid",27.8,32.36,"Valid",49.52,null,null,15.74,27.8,32.36,49.52,32.36,49.52,15.74,27.8]
[2020,1,9,17,43839.708333332826,18.63,"Valid",27.86,34.75,"Valid",48.81,null,null,18.63,27.86,34.75,48.81,34.75,48.81,18.63,27.86]
[2020,1,9,18,43839.749999999491,17.53,"Valid",27.94,33.42,"Valid",48.4,null,null,17.53,27.94,33.42,48.4,33.42,48.4,17.53,27.94]
[2020,1,9,19,43839.791666666155,14.97,"Valid",27.88,42.7,"Valid",48.31,null,null,14.97,27.88,42.7,48.31,42.7,48.31,14.97,27.88]
[2020,1,9,20,43839.833333332819,90.88,"Valid",30.92,1396.03,"Valid",104.51,null,null,90.88,30.92,1396.03,104.51,1396.03,104.51,90.88,30.92]
[2020,1,9,21,43839.874999999483,49.61,"Valid",32.35,620.41999999999996,"Valid",128.71,null,null,49.61,32.35,620.41999999999996,128.71,620.41999999999996,128.71,49.61,32.35]
[2020,1,9,22,43839.916666666148,19.8,"Valid",32.369999999999997,65.94,"Valid",129.46,null,null,19.8,32.369999999999997,65.94,129.46,65.94,129.46,19.8,32.369999999999997]
[2020,1,9,23,43839.958333332812,11.28,"Valid",31.49,41.73,"Valid",125.69,null,null,11.28,31.49,41.73,125.69,41.73,125.69,11.28,31.49]
[2020,1,10,0,43839.999999999476,12.81,"Valid",30.67,18.329999999999998,"Valid",123.91,null,null,12.81,30.67,18.329999999999998,123.91,18.329999999999998,123.91,12.81,30.67]
[2020,{"$f":"B218","v":1},{"$f":"C195+1","v":10},1,43840.04166666614,10.15,"Valid",30.18,12.86,"Valid",123.34,null,null,10.15,30.18,12.86,123.34,12.86,123.34,10.15,30.18]
[2020,1,10,2,43840.083333332805,11.19,"Valid",29.73,13.59,"Valid",122.73,null,null,11.19,29.73,13.59,122.73,13.59,122.73,11.19,29.73]
[2020,1,10,3,43840.124999999469,13.78,"Valid",28.87,17.399999999999999,"Valid",121.68,null,null,13.78,28.87,17.399999999999999,121.68,17.399999999999999,121.68,13.78,28.87]
[2020,1,10,4,43840.166666666133,20.41,"Valid",28.25,25.39,"Valid",120.33,null,null,20.41,28.25,25.39,120.33,25.39,120.33,20.41,28.25]
[2020,1,10,5,43840.208333332797,13.44,"Valid",27.24,18.43,"Valid",118.99,null,null,13.44,27.24,18.43,118.99,18.43,118.99,13.44,27.24]
[2020,1,10,6,43840.249999999462,14.67,"Valid",26.21,19.2,"Valid",117.33,null,null,14.67,26.21,19.2,117.33,19.2,117.33,14.67,26.21]
[2020,1,10,7,43840.291666666126,15.13,"Valid",24.94,21.85,"Valid",115.86,null,null,15.13,24.94,21.85,115.86,21.85,115.86,15.13,24.94]
[2020,1,10,8,43840.33333333279,11.4,"Valid",23.36,18.73,"Valid",114.05,null,null,11.4,23.36,18.73,114.05,18.73,114.05,11.4,23.36]
[2020,1,10,9,43840.374999999454,14.66,"Valid",22.11,23.04,"Valid",112.61,null,null,14.66,22.11,23.04,112.61,23.04,112.61,14.66,22.11]
[2020,1,10,10,43840.416666666119,15.11,"Valid",21.19,43.88,"Valid",112.23,null,null,15.11,21.19,43.88,112.23,43.88,112.23,15.11,21.19]
[2020,1,10,11,43840.458333332783,14.7,"Valid",20.45,36.520000000000003,"Valid",111.8,null,null,14.7,20.45,36.520000000000003,111.8,36.520000000000003,111.8,14.7,20.45]
[2020,1,10,12,43840.499999999447,17.73,"Valid",19.98,33.840000000000003,"Valid",111.54,null,null,17.73,19.98,33.840000000000003,111.54,33.840000000000003,111.54,17.73,19.98]
[2020,1,10,13,43840.541666666111,24.23,"Valid",20.07,38.81,"Valid",111.67,null,null,24.23,20.07,38.81,111.67,38.81,111.67,24.23,20.07]
[2020,1,10,14,43840.583333332776,27.97,"Valid",20.43,43.23,"Valid",111.77,null,null,27.97,20.43,43.23,111.77,43.23,111.77,27.97,20.43]
[2020,1,10,15,43840.62499999944,22.18,"Valid",20.75,46.8,"Valid",112.47,null,null,22.18,20.75,46.8,112.47,46.8,112.47,22.18,20.75]
[2020,1,10,16,43840.666666666104,22.26,"Valid",21.02,38.39,"Valid",112.72,null,null,22.26,21.02,38.39,112.72,38.39,112.72,22.26,21.02]
[2020,1,10,17,43840.708333332768,18.09,"Valid",21,36.200000000000003,"Valid",112.78,null,null,18.09,21,36.200000000000003,112.78,36.200000000000003,112.78,18.09,21]
[2020,1,10,18,43840.749999999432,21.1,"Valid",21.15,44.28,"Valid",113.23,null,null,21.1,21.15,44.28,113.23,44.28,113.23,21.1,21.15]
[2020,1,10,19,43840.791666666097,21.55,"Valid",21.42,46.7,"Valid",113.4,null,null,21.55,21.42,46.7,113.4,46.7,113.4,21.55,21.42]
[2020,1,10,20,43840.833333332761,20.79,"Valid",18.5,45.66,"Valid",57.13,null,null,20.79,18.5,45.66,57.13,45.66,57.13,20.79,18.5]
[2020,1,10,21,43840.874999999425,24.25,"Valid",17.45,47.2,"Valid",33.25,null,null,24.25,17.45,47.2,33.25,47.2,33.25,24.25,17.45]
[2020,1,10,22,43840.916666666089,28.32,"Valid",17.8,47.64,"Valid",32.49,null,null,28.32,17.8,47.64,32.49,47.64,32.49,28.32,17.8]
[2020,1,10,23,43840.958333332754,20.69,"Valid",18.190000000000001,37.979999999999997,"Valid",32.33,null,null,20.69,18.190000000000001,37.979999999999997,32.33,37.979999999999997,32.33,20.69,18.190000000000001]
[2020,1,11,0,43840.999999999418,16.760000000000002,"Valid",18.36,33.450000000000003,"Valid",32.96,null,null,16.760000000000002,18.36,33.450000000000003,32.96,33.450000000000003,32.96,16.760000000000002,18.36]
[2020,1,11,1,43841.041666666082,15.94,"Valid",18.600000000000001,32.380000000000003,"Valid",33.770000000000003,null,null,15.94,18.600000000000001,32.380000000000003,33.770000000000003,32.380000000000003,33.770000000000003,15.94,18.600000000000001]
[2020,1,11,2,43841.083333332746,15.92,"Valid",18.8,32.479999999999997,"Valid",34.56,null,null,15.92,18.8,32.479999999999997,34.56,32.479999999999997,34.56,15.92,18.8]
[2020,1,11,3,43841.124999999411,15.29,"Valid",18.86,29.84,"Valid",35.08,null,null,15.29,18.86,29.84,35.08,29.84,35.08,15.29,18.86]
[2020,1,11,4,43841.166666666075,14.49,"Valid",18.61,29.79,"Valid",35.26,null,null,14.49,18.61,29.79,35.26,29.79,35.26,14.49,18.61]
[2020,1,11,5,43841.208333332739,22.47,"Valid",18.989999999999998,47.23,"Valid",36.46,null,null,22.47,18.989999999999998,47.23,36.46,47.23,36.46,22.47,18.989999999999998]
[2020,1,11,6,43841.249999999403,25.15,"Valid",19.420000000000002,44.83,"Valid",37.53,null,null,25.15,19.420000000000002,44.83,37.53,44.83,37.53,25.15,19.420000000000002]
[2020,1,11,7,43841.291666666068,19.940000000000001,"Valid",19.62,37.950000000000003,"Valid",38.200000000000003,null,null,19.940000000000001,19.62,37.950000000000003,38.200000000000003,37.950000000000003,38.200000000000003,19.940000000000001,19.62]
[2020,1,11,8,43841.333333332732,15.77,"Valid",19.809999999999999,32.25,"Valid",38.770000000000003,null,null,15.77,19.809999999999999,32.25,38.770000000000003,32.25,38.770000000000003,15.77,19.809999999999999]
[2020,1,11,9,43841.374999999396,20.18,"Valid",20.04,41.58,"Valid",39.54,null,null,20.18,20.04,41.58,39.54,41.58,39.54,20.18,20.04]
[2020,1,11,10,43841.41666666606,24.54,"Valid",20.43,50.95,"Valid",39.83,null,null,24.54,20.43,50.95,39.83,50.95,39.83,24.54,20.43]
[2020,1,11,11,43841.458333332725,21.23,"Valid",20.7,68.16,"Valid",41.15,null,null,21.23,20.7,68.16,41.15,68.16,41.15,21.23,20.7]
[2020,1,11,12,43841.499999999389,24.48,"Valid",20.98,117.07,"Valid",44.62,null,null,24.48,20.98,117.07,44.62,117.07,44.62,24.48,20.98]
[2020,1,11,13,43841.541666666053,34.69,"Valid",21.42,192.99,"Valid",51.04,null,null,34.69,21.42,192.99,51.04,192.99,51.04,34.69,21.42]
[2020,1,11,14,43841.583333332717,28.78,"Valid",21.45,155.99,"Valid",55.74,null,null,28.78,21.45,155.99,55.74,155.99,55.74,28.78,21.45]
[2020,1,11,15,43841.624999999382,31.97,"Valid",21.86,146.28,"Valid",59.89,null,null,31.97,21.86,146.28,59.89,146.28,59.89,31.97,21.86]
[2020,1,11,16,43841.666666666046,33.21,"Valid",22.32,209.16,"Valid",67,null,null,{"$f":"IF(G258=\"Valid\", F258, NA())","v":33.21},{"$f":"IF(G258=\"Valid\", H258, NA())","v":22.32},{"$f":"IF(J258=\"Valid\", I258, NA())","v":209.16},{"$f":"IF(J258=\"Valid\", K258, NA())","v":67},209.16,67,33.21,22.32]
[2020,1,11,17,43841.70833333271,27.75,"Valid",22.72,194.61,"Valid",73.599999999999994,null,null,27.75,22.72,194.61,73.599999999999994,194.61,73.599999999999994,27.75,22.72]
[{"$f":"A259","v":2020},1,11,{"$f":"IF(D259=23,0,D259+1)","v":18},{"$f":"E259+0.0416666666666666","v":43841.749999999374},21.29,"Valid",22.73,144.91,"Valid",77.8,null,null,21.29,22.73,144.91,77.8,144.91,77.8,21.29,22.73]
[2020,1,11,19,43841.791666666039,17.02,"Valid",22.54,100.39,"Valid",80.03,null,null,17.02,22.54,100.39,80.03,100.39,80.03,17.02,22.54]
[2020,1,11,20,43841.833333332703,13.63,"Valid",22.24,66.760000000000005,"Valid",80.91,null,null,13.63,22.24,66.760000000000005,80.91,66.760000000000005,80.91,13.63,22.24]
[2020,1,11,21,43841.874999999367,14.69,"Valid",21.84,65.849999999999994,"Valid",81.69,null,null,14.69,21.84,65.849999999999994,81.69,65.849999999999994,81.69,14.69,21.84]
[2020,1,11,22,43841.916666666031,11.21,"Valid",21.13,86.05,"Valid",83.29,null,null,11.21,21.13,86.05,83.29,86.05,83.29,11.21,21.13]
[2020,1,11,23,43841.958333332695,18.8,"Valid",21.05,90.04,"Valid",85.46,null,null,18.8,21.05,90.04,85.46,90.04,85.46,18.8,21.05]
[2020,1,12,0,43841.99999999936,21.16,"Valid",21.23,63,"Valid",86.69,null,null,21.16,21.23,63,86.69,63,86.69,21.16,21.23]
[2020,1,12,1,43842.041666666024,22.42,"Valid",21.5,55.73,"Valid",87.66,null,null,22.42,21.5,55.73,87.66,55.73,87.66,22.42,21.5]
[2020,1,12,2,43842.083333332688,21.9,"Valid",21.75,51.51,"Valid",88.46,null,null,21.9,21.75,51.51,88.46,51.51,88.46,21.9,21.75]
[2020,1,12,3,43842.124999999352,17.97,"Valid",21.86,38.79,"Valid",88.83,null,null,17.97,21.86,38.79,88.83,38.79,88.83,17.97,21.86]
[2020,1,12,4,43842.166666666017,14.29,"Valid",21.86,33.450000000000003,"Valid",88.98,null,null,14.29,21.86,33.450000000000003,88.98,33.450000000000003,88.98,14.29,21.86]
[2020,1,12,5,43842.208333332681,10.91,"Valid",21.37,27.24,"Valid",88.15,null,null,10.91,21.37,27.24,88.15,27.24,88.15,10.91,21.37]
[2020,1,12,6,43842.249999999345,10.16,"Valid",20.75,18.48,"Valid",87.05,null,null,10.16,20.75,18.48,87.05,18.48,87.05,10.16,20.75]
[2020,1,12,7,43842.291666666009,6.56,"Valid",20.190000000000001,12.25,"Valid",85.98,null,null,6.56,20.190000000000001,12.25,85.98,12.25,85.98,6.56,20.190000000000001]
[2020,1,12,8,43842.333333332674,2.52,"Valid",19.64,7.52,"Valid",84.95,null,null,2.52,19.64,7.52,84.95,7.52,84.95,2.52,19.64]
[2020,1,12,9,43842.374999999338,7.31,"Valid",19.100000000000001,16.97,"Valid",83.92,null,null,7.31,19.100000000000001,16.97,83.92,16.97,83.92,7.31,19.100000000000001]
[2020,1,12,10,43842.416666666002,6.51,"Valid",18.350000000000001,36.61,"Valid",83.33,null,null,6.51,18.350000000000001,36.61,83.33,36.61,83.33,6.51,18.350000000000001]
[2020,1,12,11,43842.458333332666,3.57,"Valid",17.62,25.02,"Valid",81.53,null,null,3.57,17.62,25.02,81.53,25.02,81.53,3.57,17.62]
[2020,1,12,12,43842.499999999331,5.03,"Valid",16.809999999999999,16.88,"Valid",77.349999999999994,null,null,5.03,16.809999999999999,16.88,77.349999999999994,16.88,77.349999999999994,5.03,16.809999999999999]
[2020,1,12,13,43842.541666665995,8.4499999999999993,"Valid",15.71,23.7,"Valid",70.3,null,null,8.4499999999999993,15.71,23.7,70.3,23.7,70.3,8.4499999999999993,15.71]
[2020,1,12,14,43842.583333332659,13.32,"Valid",15.07,37.619999999999997,"Valid",65.37,null,null,13.32,15.07,37.619999999999997,65.37,37.619999999999997,65.37,13.32,15.07]
[2020,1,12,15,43842.624999999323,9.17,"Valid",14.12,42.06,"Valid",61.03,null,null,9.17,14.12,42.06,61.03,42.06,61.03,9.17,14.12]
[2020,1,12,16,43842.666666665988,9.2799999999999994,"Valid",13.12,34.1,"Valid",53.73,null,null,9.2799999999999994,13.12,34.1,53.73,34.1,53.73,9.2799999999999994,13.12]
[2020,{"$f":"B282","v":1},{"$f":"C259+1","v":12},17,43842.708333332652,17.64,"Valid",12.7,65.5,"Valid",48.35,null,null,17.64,12.7,65.5,48.35,65.5,48.35,17.64,12.7]
[2020,1,12,18,43842.749999999316,15.92,"Valid",12.48,37.409999999999997,"Valid",43.87,null,null,15.92,12.48,37.409999999999997,43.87,37.409999999999997,43.87,15.92,12.48]
[2020,1,12,19,43842.79166666598,17.399999999999999,"Valid",12.49,35.700000000000003,"Valid",41.18,null,null,17.399999999999999,12.49,35.700000000000003,41.18,35.700000000000003,41.18,17.399999999999999,12.49]
[2020,1,12,20,43842.833333332645,38.090000000000003,"Valid",13.51,103.1,"Valid",42.69,null,null,38.090000000000003,13.51,103.1,42.69,103.1,42.69,38.090000000000003,13.51]
[2020,1,12,21,43842.874999999309,49.66,"Valid",14.97,69.67,"Valid",42.85,null,null,49.66,14.97,69.67,42.85,69.67,42.85,49.66,14.97]
[2020,1,12,22,43842.916666665973,42.8,"Valid",16.29,62.91,"Valid",41.89,null,null,42.8,16.29,62.91,41.89,62.91,41.89,42.8,16.29]
[2020,1,12,23,43842.958333332637,35.43,"Valid",16.98,56.98,"Valid",40.51,null,null,35.43,16.98,56.98,40.51,56.98,40.51,35.43,16.98]
[2020,1,13,0,43842.999999999302,20.63,"Valid",16.96,39.82,"Valid",39.54,null,null,20.63,16.96,39.82,39.54,39.82,39.54,20.63,16.96]
[2020,1,13,1,43843.041666665966,16.149999999999999,"Valid",16.690000000000001,29.19,"Valid",38.44,null,null,16.149999999999999,16.690000000000001,29.19,38.44,29.19,38.44,16.149999999999999,16.690000000000001]
[2020,1,13,2,43843.08333333263,7.12,"Valid",16.079999999999998,14.71,"Valid",36.9,null,null,7.12,16.079999999999998,14.71,36.9,14.71,36.9,7.12,16.079999999999998]
[2020,1,13,3,43843.124999999294,5.39,"Valid",15.55,10.61,"Valid",35.729999999999997,null,null,5.39,15.55,10.61,35.729999999999997,10.61,35.729999999999997,5.39,15.55]
[2020,1,13,4,43843.166666665958,5.2,"Valid",15.18,12.93,"Valid",34.869999999999997,null,null,5.2,15.18,12.93,34.869999999999997,12.93,34.869999999999997,5.2,15.18]
[2020,1,13,5,43843.208333332623,9.92,"Valid",15.13,18.68,"Valid",34.520000000000003,null,null,9.92,15.13,18.68,34.520000000000003,18.68,34.520000000000003,9.92,15.13]
[2020,1,13,6,43843.249999999287,14.78,"Valid",15.33,25.35,"Valid",34.799999999999997,null,null,14.78,15.33,25.35,34.799999999999997,25.35,34.799999999999997,14.78,15.33]
[2020,1,13,7,43843.291666665951,13.79,"Valid",15.63,26.31,"Valid",35.39,null,null,13.79,15.63,26.31,35.39,26.31,35.39,13.79,15.63]
[2020,1,13,8,43843.333333332615,16.98,"Valid",16.23,27.84,"Valid",36.24,null,null,16.98,16.23,27.84,36.24,27.84,36.24,16.98,16.23]
[2020,1,13,9,43843.37499999928,14.95,"Valid",16.55,27.26,"Valid",36.67,null,null,14.95,16.55,27.26,36.67,27.26,36.67,14.95,16.55]
[2020,1,13,10,43843.416666665944,15.73,"Valid",16.93,44.11,"Valid",36.979999999999997,null,null,15.73,16.93,44.11,36.979999999999997,44.11,36.979999999999997,15.73,16.93]
[2020,1,13,11,43843.458333332608,11.77,"Valid",17.28,29.45,"Valid",37.159999999999997,null,null,11.77,17.28,29.45,37.159999999999997,29.45,37.159999999999997,11.77,17.28]
[2020,1,13,12,43843.499999999272,11.94,"Valid",17.559999999999999,25.83,"Valid",37.54,null,null,11.94,17.559999999999999,25.83,37.54,25.83,37.54,11.94,17.559999999999999]
[2020,1,13,13,43843.541666665937,11.81,"Valid",17.7,32.909999999999997,"Valid",37.92,null,null,11.81,17.7,32.909999999999997,37.92,32.909999999999997,37.92,11.81,17.7]
[2020,1,13,14,43843.583333332601,10.55,"Valid",17.59,42.76,"Valid",38.130000000000003,null,null,10.55,17.59,42.76,38.130000000000003,42.76,38.130000000000003,10.55,17.59]
[2020,1,13,15,43843.624999999265,14.7,"Valid",17.82,45.55,"Valid",38.28,null,null,14.7,17.82,45.55,38.28,45.55,38.28,14.7,17.82]
[2020,1,13,16,43843.666666665929,13.97,"Valid",18.010000000000002,38.81,"Valid",38.47,null,null,13.97,18.010000000000002,38.81,38.47,38.81,38.47,13.97,18.010000000000002]
[2020,1,13,17,43843.708333332594,15.74,"Valid",17.93,45.89,"Valid",37.659999999999997,null,null,15.74,17.93,45.89,37.659999999999997,45.89,37.659999999999997,15.74,17.93]
[2020,1,13,18,43843.749999999258,19.87,"Valid",18.100000000000001,56.35,"Valid",38.450000000000003,null,null,19.87,18.100000000000001,56.35,38.450000000000003,56.35,38.450000000000003,19.87,18.100000000000001]
[2020,1,13,19,43843.791666665922,19.41,"Valid",18.18,47.39,"Valid",38.93,null,null,19.41,18.18,47.39,38.93,47.39,38.93,19.41,18.18]
[2020,1,13,20,43843.833333332586,16.309999999999999,"Valid",17.28,42.03,"Valid",36.39,null,null,16.309999999999999,17.28,42.03,36.39,42.03,36.39,16.309999999999999,17.28]
[2020,1,13,21,43843.874999999251,16.75,"Valid",15.9,39.01,"Valid",35.11,null,null,16.75,15.9,39.01,35.11,39.01,35.11,16.75,15.9]
[2020,1,13,22,43843.916666665915,19.12,"Valid",14.92,47.35,"Valid",34.46,null,null,19.12,14.92,47.35,34.46,47.35,34.46,19.12,14.92]
[2020,1,13,23,43843.958333332579,24.88,"Valid",14.48,47.62,"Valid",34.07,null,null,24.88,14.48,47.62,34.07,47.62,34.07,24.88,14.48]
[2020,1,14,0,43843.999999999243,27.36,"Valid",14.76,40.78,"Valid",34.11,null,null,27.36,14.76,40.78,34.11,40.78,34.11,27.36,14.76]
[2020,1,14,1,43844.041666665908,20.51,"Valid",14.94,33.22,"Valid",34.28,null,null,20.51,14.94,33.22,34.28,33.22,34.28,20.51,14.94]
[2020,1,14,2,43844.083333332572,12.95,"Valid",15.18,23.54,"Valid",34.65,null,null,12.95,15.18,23.54,34.65,23.54,34.65,12.95,15.18]
[2020,1,14,3,43844.124999999236,12.33,"Valid",15.47,21.26,"Valid",35.090000000000003,null,null,12.33,15.47,21.26,35.090000000000003,21.26,35.090000000000003,12.33,15.47]
[2020,1,14,4,43844.1666666659,11.18,"Valid",15.72,19.03,"Valid",35.35,null,null,11.18,15.72,19.03,35.35,19.03,35.35,11.18,15.72]
[2020,1,14,5,43844.208333332565,10.01,"Valid",15.72,17.579999999999998,"Valid",35.299999999999997,null,null,10.01,15.72,17.579999999999998,35.299999999999997,17.579999999999998,35.299999999999997,10.01,15.72]
[2020,1,14,6,43844.249999999229,11.56,"Valid",15.59,18.59,"Valid",35.020000000000003,null,null,11.56,15.59,18.59,35.020000000000003,18.59,35.020000000000003,11.56,15.59]
[2020,1,14,7,43844.291666665893,11.1,"Valid",15.48,23.78,"Valid",34.909999999999997,null,null,11.1,15.48,23.78,34.909999999999997,23.78,34.909999999999997,11.1,15.48]
[2020,1,14,8,43844.333333332557,12.75,"Valid",15.3,25.77,"Valid",34.83,null,null,{"$f":"IF(G322=\"Valid\", F322, NA())","v":12.75},{"$f":"IF(G322=\"Valid\", H322, NA())","v":15.3},{"$f":"IF(J322=\"Valid\", I322, NA())","v":25.77},{"$f":"IF(J322=\"Valid\", K322, NA())","v":34.83},25.77,34.83,12.75,15.3]
[2020,1,14,9,43844.374999999221,12.23,"Valid",15.19,22.65,"Valid",34.64,null,null,12.23,15.19,22.65,34.64,22.65,34.64,12.23,15.19]
[{"$f":"A323","v":2020},1,14,{"$f":"IF(D323=23,0,D323+1)","v":10},{"$f":"E323+0.0416666666666666","v":43844.416666665886},14.52,"Valid",15.14,21.94,"Valid",33.71,null,null,14.52,15.14,21.94,33.71,21.94,33.71,14.52,15.14]
[2020,1,14,11,43844.45833333255,24.21,"Valid",15.66,65.28,"Valid",35.21,null,null,24.21,15.66,65.28,35.21,65.28,35.21,24.21,15.66]
[2020,1,14,12,43844.499999999214,20.29,"Valid",16,44.52,"Valid",35.979999999999997,null,null,20.29,16,44.52,35.979999999999997,44.52,35.979999999999997,20.29,16]
[2020,1,14,13,43844.541666665878,25.85,"Valid",16.59,40.39,"Valid",36.299999999999997,null,null,25.85,16.59,40.39,36.299999999999997,40.39,36.299999999999997,25.85,16.59]
[2020,1,14,14,43844.583333332543,25.82,"Valid",17.23,40.33,"Valid",36.19,null,null,25.82,17.23,40.33,36.19,40.33,36.19,25.82,17.23]
[2020,1,14,15,43844.624999999207,23.13,"Valid",17.579999999999998,59.42,"Valid",36.770000000000003,null,null,23.13,17.579999999999998,59.42,36.770000000000003,59.42,36.770000000000003,23.13,17.579999999999998]
[2020,1,14,16,43844.666666665871,24.07,"Valid",18,49.16,"Valid",37.200000000000003,null,null,24.07,18,49.16,37.200000000000003,49.16,37.200000000000003,24.07,18]
[2020,1,14,17,43844.708333332535,16.559999999999999,"Valid",18.03,44.04,"Valid",37.130000000000003,null,null,16.559999999999999,18.03,44.04,37.130000000000003,44.04,37.130000000000003,16.559999999999999,18.03]
[2020,1,14,18,43844.7499999992,20.54,"Valid",18.059999999999999,55.74,"Valid",37.1,null,null,20.54,18.059999999999999,55.74,37.1,55.74,37.1,20.54,18.059999999999999]
[2020,1,14,19,43844.791666665864,20.170000000000002,"Valid",18.09,48.91,"Valid",37.159999999999997,null,null,20.170000000000002,18.09,48.91,37.159999999999997,48.91,37.159999999999997,20.170000000000002,18.09]
[2020,1,14,20,43844.833333332528,18.13,"Valid",18.170000000000002,46.54,"Valid",37.35,null,null,18.13,18.170000000000002,46.54,37.35,46.54,37.35,18.13,18.170000000000002]
[2020,1,14,21,43844.874999999192,24.53,"Valid",18.489999999999998,91.41,"Valid",39.54,null,null,24.53,18.489999999999998,91.41,39.54,91.41,39.54,24.53,18.489999999999998]
[2020,1,14,22,43844.916666665857,13.66,"Valid",18.260000000000002,70.709999999999994,"Valid",40.51,null,null,13.66,18.260000000000002,70.709999999999994,40.51,70.709999999999994,40.51,13.66,18.260000000000002]
[2020,1,14,23,43844.958333332521,7.06,"Valid",17.52,13.49,"Valid",39.090000000000003,null,null,7.06,17.52,13.49,39.090000000000003,13.49,39.090000000000003,7.06,17.52]
[2020,1,15,0,43844.999999999185,8,"Valid",16.72,14.58,"Valid",38,null,null,8,16.72,14.58,38,14.58,38,8,16.72]
[2020,1,15,1,43845.041666665849,8.34,"Valid",16.21,15.52,"Valid",37.26,null,null,8.34,16.21,15.52,37.26,15.52,37.26,8.34,16.21]
[2020,1,15,2,43845.083333332514,3.52,"Valid",15.82,12,"Valid",36.78,null,null,3.52,15.82,12,36.78,12,36.78,3.52,15.82]
[2020,1,15,3,43845.124999999178,7.73,"Valid",15.62,14.86,"Valid",36.51,null,null,7.73,15.62,14.86,36.51,14.86,36.51,7.73,15.62]
[2020,1,15,4,43845.166666665842,8.1,"Valid",15.5,13.99,"Valid",36.299999999999997,null,null,8.1,15.5,13.99,36.299999999999997,13.99,36.299999999999997,8.1,15.5]
[2020,1,15,5,43845.208333332506,7,"Valid",15.37,14.4,"Valid",36.17,null,null,7,15.37,14.4,36.17,14.4,36.17,7,15.37]
[2020,1,15,6,43845.249999999171,6.9,"Valid",15.18,13.51,"Valid",35.96,null,null,6.9,15.18,13.51,35.96,13.51,35.96,6.9,15.18]
[2020,1,15,7,43845.291666665835,8.8000000000000007,"Valid",15.08,17.88,"Valid",35.71,null,null,8.8000000000000007,15.08,17.88,35.71,17.88,35.71,8.8000000000000007,15.08]
[2020,1,15,8,43845.333333332499,10.45,"Valid",14.98,21.42,"Valid",35.53,null,null,10.45,14.98,21.42,35.53,21.42,35.53,10.45,14.98]
[2020,{"$f":"B346","v":1},{"$f":"C323+1","v":15},9,43845.374999999163,9.91,"Valid",14.89,21.64,"Valid",35.49,null,null,9.91,14.89,21.64,35.49,21.64,35.49,9.91,14.89]
[2020,1,15,10,43845.416666665828,10.98,"Valid",14.74,24.25,"Valid",35.58,null,null,10.98,14.74,24.25,35.58,24.25,35.58,10.98,14.74]
[2020,1,15,11,43845.458333332492,12.25,"Valid",14.24,34.4,"Valid",34.299999999999997,null,null,12.25,14.24,34.4,34.299999999999997,34.4,34.299999999999997,12.25,14.24]
[2020,1,15,12,43845.499999999156,10.7,"Valid",13.84,20.77,"Valid",33.31,null,null,10.7,13.84,20.77,33.31,20.77,33.31,10.7,13.84]
[2020,1,15,13,43845.54166666582,10.91,"Valid",13.22,20.14,"Valid",32.46,null,null,10.91,13.22,20.14,32.46,20.14,32.46,10.91,13.22]
[2020,1,15,14,43845.583333332484,12.95,"Valid",12.68,23.19,"Valid",31.75,null,null,12.95,12.68,23.19,31.75,23.19,31.75,12.95,12.68]
[2020,1,15,15,43845.624999999149,16.399999999999999,"Valid",12.4,26.21,"Valid",30.37,null,null,16.399999999999999,12.4,26.21,30.37,26.21,30.37,16.399999999999999,12.4]
[2020,1,15,16,43845.666666665813,20.7,"Valid",12.26,33.97,"Valid",29.73,null,null,20.7,12.26,33.97,29.73,33.97,29.73,20.7,12.26]
[2020,1,15,17,43845.708333332477,18.02,"Valid",12.32,30.63,"Valid",29.17,null,null,18.02,12.32,30.63,29.17,30.63,29.17,18.02,12.32]
[2020,1,15,18,43845.749999999141,17.59,"Valid",12.2,30.99,"Valid",28.14,null,null,17.59,12.2,30.99,28.14,30.99,28.14,17.59,12.2]
[2020,1,15,19,43845.791666665806,16.05,"Valid",12.03,33.32,"Valid",27.49,null,null,16.05,12.03,33.32,27.49,33.32,27.49,16.05,12.03]
[2020,1,15,20,43845.83333333247,15.26,"Valid",11.91,43.04,"Valid",27.35,null,null,15.26,11.91,43.04,27.35,43.04,27.35,15.26,11.91]
[2020,1,15,21,43845.874999999134,4.9000000000000004,"Valid",11.09,54.22,"Valid",25.8,null,null,4.9000000000000004,11.09,54.22,25.8,54.22,25.8,4.9000000000000004,11.09]
[2020,1,15,22,43845.916666665798,4.5199999999999996,"Valid",10.71,27.2,"Valid",23.98,null,null,4.5199999999999996,10.71,27.2,23.98,27.2,23.98,4.5199999999999996,10.71]
[2020,1,15,23,43845.958333332463,3.33,"Valid",10.55,26.38,"Valid",24.52,null,null,3.33,10.55,26.38,24.52,26.38,24.52,3.33,10.55]
[2020,1,16,0,43845.999999999127,5.28,"Valid",10.44,11.94,"Valid",24.41,null,null,5.28,10.44,11.94,24.41,11.94,24.41,5.28,10.44]
[2020,1,16,1,43846.041666665791,0.81,"Valid",10.130000000000001,10.52,"Valid",24.2,null,null,0.81,10.130000000000001,10.52,24.2,10.52,24.2,0.81,10.130000000000001]
[2020,1,16,2,43846.083333332455,0.28000000000000003,"Valid",9.99,5.0199999999999996,"Valid",23.91,null,null,0.28000000000000003,9.99,5.0199999999999996,23.91,5.0199999999999996,23.91,0.28000000000000003,9.99]
[2020,1,16,3,43846.12499999912,1.53,"Valid",9.73,4.45,"Valid",23.48,null,null,1.53,9.73,4.45,23.48,4.45,23.48,1.53,9.73]
[2020,1,16,4,43846.166666665784,1.59,"Valid",9.4600000000000009,16.12,"Valid",23.57,null,null,1.59,9.4600000000000009,16.12,23.57,16.12,23.57,1.59,9.4600000000000009]
[2020,1,16,5,43846.208333332448,1.43,"Valid",9.23,5.05,"Valid",23.18,null,null,1.43,9.23,5.05,23.18,5.05,23.18,1.43,9.23]
[2020,1,16,6,43846.249999999112,1.68,"Valid",9.01,7.83,"Valid",22.94,null,null,1.68,9.01,7.83,22.94,7.83,22.94,1.68,9.01]
[2020,1,16,7,43846.291666665777,2.89,"Valid",8.77,13.39,"Valid",22.75,null,null,2.89,8.77,13.39,22.75,13.39,22.75,2.89,8.77]
[2020,1,16,8,43846.333333332441,4.76,"Valid",8.5299999999999994,34.89,"Valid",23.32,null,null,4.76,8.5299999999999994,34.89,23.32,34.89,23.32,4.76,8.5299999999999994]
[2020,1,16,9,43846.374999999105,8.23,"Valid",8.4600000000000009,23.68,"Valid",23.4,null,null,8.23,8.4600000000000009,23.68,23.4,23.68,23.4,8.23,8.4600000000000009]
[2020,1,16,10,43846.416666665769,4.59,"Valid",8.19,12.42,"Valid",22.91,null,null,4.59,8.19,12.42,22.91,12.42,22.91,4.59,8.19]
[2020,1,16,11,43846.458333332434,5.19,"Valid",7.9,14.01,"Valid",22.06,null,null,5.19,7.9,14.01,22.06,14.01,22.06,5.19,7.9]
[2020,1,16,12,43846.499999999098,9.43,"Valid",7.85,23.62,"Valid",22.18,null,null,9.43,7.85,23.62,22.18,23.62,22.18,9.43,7.85]
[2020,1,16,13,43846.541666665762,{"$f":"NA()","v":{"$error":"#N/A"}},"Invalid",{"$f":"NA()","v":{"$error":"#N/A"}},{"$f":"NA()","v":{"$error":"#N/A"}},"Invalid",{"$f":"NA()","v":{"$error":"#N/A"}},"Power Failure","Power outage",{"$error":"#N/A"},{"$error":"#N/A"},{"$error":"#N/A"},{"$error":"#N/A"}]
[2020,1,16,14,43846.583333332426,{"$f":"NA()","v":{"$error":"#N/A"}},"Invalid",{"$f":"NA()","v":{"$error":"#N/A"}},{"$f":"NA()","v":{"$error":"#N/A"}},"Invalid",{"$f":"NA()","v":{"$error":"#N/A"}},"Power Failure","Power outage",{"$error":"#N/A"},{"$error":"#N/A"},{"$error":"#N/A"},{"$error":"#N/A"}]
[2020,1,16,15,43846.624999999091,{"$f":"NA()","v":{"$error":"#N/A"}},"Invalid",{"$f":"NA()","v":{"$error":"#N/A"}},{"$f":"NA()","v":{"$error":"#N/A"}},"Invalid",{"$f":"NA()","v":{"$error":"#N/A"}},"Power Failure","Power outage",{"$error":"#N/A"},{"$error":"#N/A"},{"$error":"#N/A"},{"$error":"#N/A"}]
[2020,1,16,16,43846.666666665755,{"$f":"NA()","v":{"$error":"#N/A"}},"Invalid",{"$f":"NA()","v":{"$error":"#N/A"}},{"$f":"NA()","v":{"$error":"#N/A"}},"Invalid",{"$f":"NA()","v":{"$error":"#N/A"}},"Power Failure","Power outage",{"$error":"#N/A"},{"$error":"#N/A"},{"$error":"#N/A"},{"$error":"#N/A"}]
[2020,1,16,17,43846.708333332419,10.11,"Valid",5.97,13.44,"Valid",20.58,null,null,10.11,5.97,13.44,20.58,13.44,20.58,10.11,5.97]
[2020,1,16,18,43846.749999999083,4.3099999999999996,"Valid",5.31,6.44,"Valid",19.350000000000001,null,null,4.3099999999999996,5.31,6.44,19.350000000000001,6.44,19.350000000000001,4.3099999999999996,5.31]
[2020,1,16,19,43846.791666665747,4.51,"Valid",4.7300000000000004,6,"Valid",17.98,null,null,4.51,4.7300000000000004,6,17.98,6,17.98,4.51,4.7300000000000004]
[2020,1,16,20,43846.833333332412,4.09,"Valid",4.17,5.23,"Valid",16.09,null,null,4.09,4.17,5.23,16.09,5.23,16.09,4.09,4.17]
[2020,1,16,21,43846.874999999076,3.4,"Valid",4.0999999999999996,4.2699999999999996,"Valid",13.6,null,null,3.4,4.0999999999999996,4.2699999999999996,13.6,4.2699999999999996,13.6,3.4,4.0999999999999996]
[2020,1,16,22,43846.91666666574,0.83,"Valid",3.91,2,"Valid",12.34,null,null,0.83,3.91,2,12.34,2,12.34,0.83,3.91]
[2020,1,16,23,43846.958333332404,3.15,"Valid",3.9,5.2,"Valid",11.28,null,null,3.15,3.9,5.2,11.28,5.2,11.28,3.15,3.9]
[2020,1,17,0,43846.999999999069,2.67,"Valid",3.77,4.59,"Valid",10.91,null,null,{"$f":"IF(G386=\"Valid\", F386, NA())","v":2.67},{"$f":"IF(G386=\"Valid\", H386, NA())","v":3.77},{"$f":"IF(J386=\"Valid\", I386, NA())","v":4.59},{"$f":"IF(J386=\"Valid\", K386, NA())","v":10.91},4.59,10.91,2.67,3.77]
[2020,1,17,1,43847.041666665733,5.1100000000000003,"Valid",3.99,6.6,"Valid",10.71,null,null,5.1100000000000003,3.99,6.6,10.71,6.6,10.71,5.1100000000000003,3.99]
[{"$f":"A387","v":2020},1,17,{"$f":"IF(D387=23,0,D387+1)","v":2},{"$f":"E387+0.0416666666666666","v":43847.083333332397},4.68,"Valid",4.21,6.53,"Valid",10.79,null,null,4.68,4.21,6.53,10.79,6.53,10.79,4.68,4.21]
[2020,1,17,3,43847.124999999061,2.96,"Valid",4.28,4.96,"Valid",10.81,null,null,2.96,4.28,4.96,10.81,4.96,10.81,2.96,4.28]
[2020,1,17,4,43847.166666665726,3.93,"Valid",4.4000000000000004,6.16,"Valid",10.32,null,null,3.93,4.4000000000000004,6.16,10.32,6.16,10.32,3.93,4.4000000000000004]
[2020,1,17,5,43847.20833333239,2.82,"Valid",4.47,5.13,"Valid",10.32,null,null,2.82,4.47,5.13,10.32,5.13,10.32,2.82,4.47]
[2020,1,17,6,43847.249999999054,6.94,"Valid",4.7300000000000004,8.85,"Valid",10.37,null,null,6.94,4.7300000000000004,8.85,10.37,8.85,10.37,6.94,4.7300000000000004]
[2020,1,17,7,43847.291666665718,1.53,"Valid",4.66,3.46,"Valid",9.8699999999999992,null,null,1.53,4.66,3.46,9.8699999999999992,3.46,9.8699999999999992,1.53,4.66]
[2020,1,17,8,43847.333333332383,6.01,"Valid",4.72,8.49,"Valid",8.5500000000000007,null,null,6.01,4.72,8.49,8.5500000000000007,8.49,8.5500000000000007,6.01,4.72]
[2020,1,17,9,43847.374999999047,4.9800000000000004,"Valid",4.5599999999999996,7.9,"Valid",7.77,null,null,4.9800000000000004,4.5599999999999996,7.9,7.77,7.9,7.77,4.9800000000000004,4.5599999999999996]
[2020,1,17,10,43847.416666665711,6.42,"Valid",4.6500000000000004,9.3800000000000008,"Valid",7.61,null,null,6.42,4.6500000000000004,9.3800000000000008,7.61,9.3800000000000008,7.61,6.42,4.6500000000000004]
[2020,1,17,11,43847.458333332375,5.9,"Valid",4.6900000000000004,8.4,"Valid",7.33,null,null,5.9,4.6900000000000004,8.4,7.33,8.4,7.33,5.9,4.6900000000000004]
[2020,1,17,12,43847.49999999904,6.71,"Valid",4.55,9.19,"Valid",6.61,null,null,6.71,4.55,9.19,6.61,9.19,6.61,6.71,4.55]
[2020,1,17,13,43847.541666665704,6.49,"Valid",4.6500000000000004,11.42,"Valid",6.84,null,null,6.49,4.6500000000000004,11.42,6.84,11.42,6.84,6.49,4.6500000000000004]
[2020,1,17,14,43847.583333332368,11.48,"Valid",4.96,19.350000000000001,"Valid",7.41,null,null,11.48,4.96,19.350000000000001,7.41,19.350000000000001,7.41,11.48,4.96]
[2020,1,17,15,43847.624999999032,8.67,"Valid",5.12,18.809999999999999,"Valid",7.9,null,null,8.67,5.12,18.809999999999999,7.9,18.809999999999999,7.9,8.67,5.12]
[2020,1,17,16,43847.666666665697,8.68,"Valid",5.27,28.95,"Valid",8.7799999999999994,null,null,8.68,5.27,28.95,8.7799999999999994,28.95,8.7799999999999994,8.68,5.27]
[2020,1,17,17,43847.708333332361,8.31,"Valid",5.19,16.079999999999998,"Valid",8.89,null,null,8.31,5.19,16.079999999999998,8.89,16.079999999999998,8.89,8.31,5.19]
[2020,1,17,18,43847.749999999025,8.67,"Valid",5.37,11.52,"Valid",9.1,null,null,8.67,5.37,11.52,9.1,11.52,9.1,8.67,5.37]
[2020,1,17,19,43847.791666665689,16.46,"Valid",5.87,27.35,"Valid",9.99,null,null,16.46,5.87,27.35,9.99,27.35,9.99,16.46,5.87]
[2020,1,17,20,43847.833333332354,20.6,"Valid",6.56,30.88,"Valid",11.06,null,null,20.6,6.56,30.88,11.06,30.88,11.06,20.6,6.56]
[2020,1,17,21,43847.874999999018,13.6,"Valid",6.98,28.52,"Valid",12.07,null,null,13.6,6.98,28.52,12.07,28.52,12.07,13.6,6.98]
[2020,1,17,22,43847.916666665682,10.32,"Valid",7.38,14.77,"Valid",12.6,null,null,10.32,7.38,14.77,12.6,14.77,12.6,10.32,7.38]
[2020,1,17,23,43847.958333332346,4.3600000000000003,"Valid",7.43,7.46,"Valid",12.7,null,null,4.3600000000000003,7.43,7.46,12.7,7.46,12.7,4.3600000000000003,7.43]
[2020,1,18,0,43847.99999999901,5.6,"Valid",7.55,7.57,"Valid",12.82,null,null,5.6,7.55,7.57,12.82,7.57,12.82,5.6,7.55]
[2020,{"$f":"B410","v":1},{"$f":"C387+1","v":18},1,43848.041666665675,4.0599999999999996,"Valid",7.51,6.88,"Valid",12.83,null,null,4.0599999999999996,7.51,6.88,12.83,6.88,12.83,4.0599999999999996,7.51]
[2020,1,18,2,43848.083333332339,3.62,"Valid",7.46,5.65,"Valid",12.8,null,null,3.62,7.46,5.65,12.8,5.65,12.8,3.62,7.46]
[2020,1,18,3,43848.124999999003,3.42,"Valid",7.48,4.79,"Valid",12.79,null,null,3.42,7.48,4.79,12.79,4.79,12.79,3.42,7.48]
[2020,1,18,4,43848.166666665667,1.02,"Valid",7.36,2.2999999999999998,"Valid",12.63,null,null,1.02,7.36,2.2999999999999998,12.63,2.2999999999999998,12.63,1.02,7.36]
[2020,1,18,5,43848.208333332332,4.5599999999999996,"Valid",7.43,5.55,"Valid",12.65,null,null,4.5599999999999996,7.43,5.55,12.65,5.55,12.65,4.5599999999999996,7.43]
[2020,1,18,6,43848.249999998996,4.3499999999999996,"Valid",7.33,5.54,"Valid",12.51,null,null,4.3499999999999996,7.33,5.54,12.51,5.54,12.51,4.3499999999999996,7.33]
[2020,1,18,7,43848.29166666566,5.03,"Valid",7.47,6.19,"Valid",12.62,null,null,5.03,7.47,6.19,12.62,6.19,12.62,5.03,7.47]
[2020,1,18,8,43848.333333332324,2.5,"Valid",7.33,2.99,"Valid",12.39,null,null,2.5,7.33,2.99,12.39,2.99,12.39,2.5,7.33]
[2020,1,18,9,43848.374999998989,4.97,"Valid",7.33,5.65,"Valid",12.3,null,null,4.97,7.33,5.65,12.3,5.65,12.3,4.97,7.33]
[2020,1,18,10,43848.416666665653,3.1,"Valid",7.19,4.63,"Valid",12.1,null,null,3.1,7.19,4.63,12.1,4.63,12.1,3.1,7.19]
[2020,1,18,11,43848.458333332317,1.38,"Valid",7,2.8,"Valid",11.87,null,null,1.38,7,2.8,11.87,2.8,11.87,1.38,7]
[2020,1,18,12,43848.499999998981,4.26,"Valid",6.9,5.37,"Valid",11.71,null,null,4.26,6.9,5.37,11.71,5.37,11.71,4.26,6.9]
[2020,1,18,13,43848.541666665646,6.35,"Valid",6.89,7.36,"Valid",11.54,null,null,6.35,6.89,7.36,11.54,7.36,11.54,6.35,6.89]
[2020,1,18,14,43848.58333333231,5.5,"Valid",6.64,6.68,"Valid",11.01,null,null,5.5,6.64,6.68,11.01,6.68,11.01,5.5,6.64]
[2020,1,18,15,43848.624999998974,3.11,"Valid",6.41,5.13,"Valid",10.44,null,null,3.11,6.41,5.13,10.44,5.13,10.44,3.11,6.41]
[2020,1,18,16,43848.666666665638,6.69,"Valid",6.33,7.65,"Valid",9.5500000000000007,null,null,6.69,6.33,7.65,9.5500000000000007,7.65,9.5500000000000007,6.69,6.33]
[2020,1,18,17,43848.708333332303,4.99,"Valid",6.19,6.71,"Valid",9.16,null,null,4.99,6.19,6.71,9.16,6.71,9.16,4.99,6.19]
[2020,1,18,18,43848.749999998967,5.44,"Valid",6.05,7.93,"Valid",9.01,null,null,5.44,6.05,7.93,9.01,7.93,9.01,5.44,6.05]
[2020,1,18,19,43848.791666665631,2.7,"Valid",5.48,8.31,"Valid",8.2200000000000006,null,null,2.7,5.48,8.31,8.2200000000000006,8.31,8.2200000000000006,2.7,5.48]
[2020,1,18,20,43848.833333332295,1.46,"Valid",4.68,5.94,"Valid",7.18,null,null,1.46,4.68,5.94,7.18,5.94,7.18,1.46,4.68]
[2020,1,18,21,43848.87499999896,2.39,"Valid",4.22,4.17,"Valid",6.17,null,null,2.39,4.22,4.17,6.17,4.17,6.17,2.39,4.22]
[2020,1,18,22,43848.916666665624,3.35,"Valid",3.93,4.03,"Valid",5.72,null,null,3.35,3.93,4.03,5.72,4.03,5.72,3.35,3.93]
[2020,1,18,23,43848.958333332288,2.13,"Valid",3.83,3.55,"Valid",5.56,null,null,2.13,3.83,3.55,5.56,3.55,5.56,2.13,3.83]
[2020,1,19,0,43848.999999998952,3.27,"Valid",3.74,4.67,"Valid",5.44,null,null,3.27,3.74,4.67,5.44,4.67,5.44,3.27,3.74]
[2020,1,19,1,43849.041666665617,2.21,"Valid",3.66,3.99,"Valid",5.32,null,null,2.21,3.66,3.99,5.32,3.99,5.32,2.21,3.66]
[2020,1,19,2,43849.083333332281,2.74,"Valid",3.62,3.85,"Valid",5.24,null,null,2.74,3.62,3.85,5.24,3.85,5.24,2.74,3.62]
[2020,1,19,3,43849.124999998945,3.71,"Valid",3.63,4.8499999999999996,"Valid",5.24,null,null,3.71,3.63,4.8499999999999996,5.24,4.8499999999999996,5.24,3.71,3.63]
[2020,1,19,4,43849.166666665609,1.1000000000000001,"Valid",3.64,2.0699999999999998,"Valid",5.23,null,null,1.1000000000000001,3.64,2.0699999999999998,5.23,2.0699999999999998,5.23,1.1000000000000001,3.64]
[2020,1,19,5,43849.208333332273,0.04,"Valid",3.45,1.32,"Valid",5.0599999999999996,null,null,0.04,3.45,1.32,5.0599999999999996,1.32,5.0599999999999996,0.04,3.45]
[2020,1,19,6,43849.249999998938,0.49,"Valid",3.29,3.17,"Valid",4.96,null,null,0.49,3.29,3.17,4.96,3.17,4.96,0.49,3.29]
[2020,1,19,7,43849.291666665602,4.25,"Valid",3.26,7.65,"Valid",5.0199999999999996,null,null,4.25,3.26,7.65,5.0199999999999996,7.65,5.0199999999999996,4.25,3.26]
[2020,1,19,8,43849.333333332266,1.78,"Valid",3.23,3.65,"Valid",5.05,null,null,1.78,3.23,3.65,5.05,3.65,5.05,1.78,3.23]
[2020,1,19,9,43849.37499999893,1.58,"Valid",3.08,3.39,"Valid",4.95,null,null,1.58,3.08,3.39,4.95,3.39,4.95,1.58,3.08]
[2020,1,19,10,43849.416666665595,3.18,"Valid",3.09,8.1199999999999992,"Valid",5.0999999999999996,null,null,3.18,3.09,8.1199999999999992,5.0999999999999996,8.1199999999999992,5.0999999999999996,3.18,3.09]
[2020,1,19,11,43849.458333332259,4.78,"Valid",3.23,9.09,"Valid",5.36,null,null,4.78,3.23,9.09,5.36,9.09,5.36,4.78,3.23]
[2020,1,19,12,43849.499999998923,1.0900000000000001,"Valid",3.1,2.46,"Valid",5.24,null,null,1.0900000000000001,3.1,2.46,5.24,2.46,5.24,1.0900000000000001,3.1]
[2020,1,19,13,43849.541666665587,4.3099999999999996,"Valid",3.01,6.97,"Valid",5.22,null,null,4.3099999999999996,3.01,6.97,5.22,6.97,5.22,4.3099999999999996,3.01]
[2020,1,19,14,43849.583333332252,3.1,"Valid",2.91,4.8899999999999997,"Valid",5.15,null,null,3.1,2.91,4.8899999999999997,5.15,4.8899999999999997,5.15,3.1,2.91]
[2020,1,19,15,43849.624999998916,1.87,"Valid",2.86,3.7,"Valid",5.09,null,null,1.87,2.86,3.7,5.09,3.7,5.09,1.87,2.86]
[2020,1,19,16,43849.66666666558,4.74,"Valid",2.78,5.78,"Valid",5.01,null,null,{"$f":"IF(G450=\"Valid\", F450, NA())","v":4.74},{"$f":"IF(G450=\"Valid\", H450, NA())","v":2.78},{"$f":"IF(J450=\"Valid\", I450, NA())","v":5.78},{"$f":"IF(J450=\"Valid\", K450, NA())","v":5.01},5.78,5.01,4.74,2.78]
[2020,1,19,17,43849.708333332244,6.98,"Valid",2.86,7.62,"Valid",5.05,null,null,6.98,2.86,7.62,5.05,7.62,5.05,6.98,2.86]
[{"$f":"A451","v":2020},1,19,{"$f":"IF(D451=23,0,D451+1)","v":18},{"$f":"E451+0.0416666666666666","v":43849.749999998909},5.54,"Valid",2.87,6.3,"Valid",4.9800000000000004,null,null,5.54,2.87,6.3,4.9800000000000004,6.3,4.9800000000000004,5.54,2.87]
[2020,1,19,19,43849.791666665573,3.98,"Valid",2.92,3.96,"Valid",4.8,null,null,3.98,2.92,3.96,4.8,3.96,4.8,3.98,2.92]
[2020,1,19,20,43849.833333332237,3.97,"Valid",3.02,5.17,"Valid",4.7699999999999996,null,null,3.97,3.02,5.17,4.7699999999999996,5.17,4.7699999999999996,3.97,3.02]
[2020,1,19,21,43849.874999998901,4.34,"Valid",3.11,5.97,"Valid",4.84,null,null,4.34,3.11,5.97,4.84,5.97,4.84,4.34,3.11]
[2020,1,19,22,43849.916666665566,2.95,"Valid",3.09,4.92,"Valid",4.88,null,null,2.95,3.09,4.92,4.88,4.92,4.88,2.95,3.09]
[2020,1,19,23,43849.95833333223,3.53,"Valid",3.15,5.69,"Valid",4.97,null,null,3.53,3.15,5.69,4.97,5.69,4.97,3.53,3.15]
[2020,1,20,0,43849.999999998894,2.2799999999999998,"Valid",3.11,6.89,"Valid",5.0599999999999996,null,null,2.2799999999999998,3.11,6.89,5.0599999999999996,6.89,5.0599999999999996,2.2799999999999998,3.11]
[2020,1,20,1,43850.041666665558,9.1,"Valid",3.39,18.47,"Valid",5.66,null,null,9.1,3.39,18.47,5.66,18.47,5.66,9.1,3.39]
[2020,1,20,2,43850.083333332223,2.84,"Valid",3.4,8.08,"Valid",5.84,null,null,2.84,3.4,8.08,5.84,8.08,5.84,2.84,3.4]
[2020,1,20,3,43850.124999998887,6.22,"Valid",3.5,32.29,"Valid",6.98,null,null,6.22,3.5,32.29,6.98,32.29,6.98,6.22,3.5]
[2020,1,20,4,43850.166666665551,12.49,"Valid",3.98,49.41,"Valid",8.9600000000000009,null,null,12.49,3.98,49.41,8.9600000000000009,49.41,8.9600000000000009,12.49,3.98]
[2020,1,20,5,43850.208333332215,9.43,"Valid",4.37,33.32,"Valid",10.29,null,null,9.43,4.37,33.32,10.29,33.32,10.29,9.43,4.37]
[2020,1,20,6,43850.24999999888,6.62,"Valid",4.62,16.57,"Valid",10.85,null,null,6.62,4.62,16.57,10.85,16.57,10.85,6.62,4.62]
[2020,1,20,7,43850.291666665544,5.38,"Valid",4.67,11.42,"Valid",11.01,null,null,5.38,4.67,11.42,11.01,11.42,11.01,5.38,4.67]
[2020,1,20,8,43850.333333332208,5.42,"Valid",4.82,9.39,"Valid",11.24,null,null,5.42,4.82,9.39,11.24,9.39,11.24,5.42,4.82]
[2020,1,20,9,43850.374999998872,4.6100000000000003,"Valid",4.95,19.260000000000002,"Valid",11.91,null,null,4.6100000000000003,4.95,19.260000000000002,11.91,19.260000000000002,11.91,4.6100000000000003,4.95]
[2020,1,20,10,43850.416666665536,8.7899999999999991,"Valid",5.18,23.63,"Valid",12.55,null,null,8.7899999999999991,5.18,23.63,12.55,23.63,12.55,8.7899999999999991,5.18]
[2020,1,20,11,43850.458333332201,9.9700000000000006,"Valid",5.4,31.15,"Valid",13.47,null,null,9.9700000000000006,5.4,31.15,13.47,31.15,13.47,9.9700000000000006,5.4]
[2020,1,20,12,43850.499999998865,7.62,"Valid",5.67,23.78,"Valid",14.36,null,null,7.62,5.67,23.78,14.36,23.78,14.36,7.62,5.67]
[2020,1,20,13,43850.541666665529,9.8000000000000007,"Valid",5.9,35.43,"Valid",15.55,null,null,9.8000000000000007,5.9,35.43,15.55,35.43,15.55,9.8000000000000007,5.9]
[2020,1,20,14,43850.583333332193,8.84,"Valid",6.14,40.57,"Valid",17.03,null,null,8.84,6.14,40.57,17.03,40.57,17.03,8.84,6.14]
[2020,1,20,15,43850.624999998858,5.51,"Valid",6.29,47.99,"Valid",18.88,null,null,5.51,6.29,47.99,18.88,47.99,18.88,5.51,6.29]
[2020,1,20,16,43850.666666665522,27.21,"Valid",7.23,530.58000000000004,"Valid",40.74,null,null,27.21,7.23,530.58000000000004,40.74,530.58000000000004,40.74,27.21,7.23]
[2020,{"$f":"B474","v":1},{"$f":"C451+1","v":20},17,43850.708333332186,51.04,"Valid",9.06,549.99,"Valid",63.34,null,null,51.04,9.06,549.99,63.34,549.99,63.34,51.04,9.06]
[2020,1,20,18,43850.74999999885,71.900000000000006,"Valid",11.83,652.94000000000005,"Valid",90.29,null,null,71.900000000000006,11.83,652.94000000000005,90.29,652.94000000000005,90.29,71.900000000000006,11.83]
[2020,1,20,19,43850.791666665515,71.28,"Valid",14.63,572.33000000000004,"Valid",113.97,null,null,71.28,14.63,572.33000000000004,113.97,572.33000000000004,113.97,71.28,14.63]
[2020,1,20,20,43850.833333332179,52.36,"Valid",16.649999999999999,386.26,"Valid",129.85,null,null,52.36,16.649999999999999,386.26,129.85,386.26,129.85,52.36,16.649999999999999]
[2020,1,20,21,43850.874999998843,40.770000000000003,"Valid",18.170000000000002,256.97000000000003,"Valid",140.31,null,null,40.770000000000003,18.170000000000002,256.97000000000003,140.31,256.97000000000003,140.31,40.770000000000003,18.170000000000002]
[2020,1,20,22,43850.916666665507,34.17,"Valid",19.47,198.6,"Valid",148.38,null,null,34.17,19.47,198.6,148.38,198.6,148.38,34.17,19.47]
[2020,1,20,23,43850.958333332172,38.86,"Valid",20.94,208.53,"Valid",156.83000000000001,null,null,38.86,20.94,208.53,156.83000000000001,208.53,156.83000000000001,38.86,20.94]
[2020,1,21,0,43850.999999998836,40.93,"Valid",22.55,209.81,"Valid",165.28,null,null,40.93,22.55,209.81,165.28,209.81,165.28,40.93,22.55]
[2020,1,21,1,43851.0416666655,33.549999999999997,"Valid",23.57,159.27000000000001,"Valid",171.15,null,null,33.549999999999997,23.57,159.27000000000001,171.15,159.27000000000001,171.15,33.549999999999997,23.57]
[2020,1,21,2,43851.083333332164,23.78,"Valid",24.44,101.19,"Valid",175.03,null,null,23.78,24.44,101.19,175.03,101.19,175.03,23.78,24.44]
[2020,1,21,3,43851.124999998829,18.66,"Valid",24.96,86.66,"Valid",177.29,null,null,18.66,24.96,86.66,177.29,86.66,177.29,18.66,24.96]
[2020,1,21,4,43851.166666665493,16.61,"Valid",25.13,64.239999999999995,"Valid",177.91,null,null,16.61,25.13,64.239999999999995,177.91,64.239999999999995,177.91,16.61,25.13]
[2020,1,21,5,43851.208333332157,11.04,"Valid",25.2,48.86,"Valid",178.56,null,null,11.04,25.2,48.86,178.56,48.86,178.56,11.04,25.2]
[2020,1,21,6,43851.249999998821,12.13,"Valid",25.43,53.16,"Valid",180.08,null,null,12.13,25.43,53.16,180.08,53.16,180.08,12.13,25.43]
[2020,1,21,7,43851.291666665486,13.48,"Valid",25.76,52.73,"Valid",181.81,null,null,13.48,25.76,52.73,181.81,52.73,181.81,13.48,25.76]
[2020,1,21,8,43851.33333333215,9.4700000000000006,"Valid",25.93,35.47,"Valid",182.89,null,null,9.4700000000000006,25.93,35.47,182.89,35.47,182.89,9.4700000000000006,25.93]
[2020,1,21,9,43851.374999998814,8.92,"Valid",26.11,39.69,"Valid",183.74,null,null,8.92,26.11,39.69,183.74,39.69,183.74,8.92,26.11]
[2020,1,21,10,43851.416666665478,10.71,"Valid",26.19,53.26,"Valid",184.98,null,null,10.71,26.19,53.26,184.98,53.26,184.98,10.71,26.19]
[2020,1,21,11,43851.458333332143,11.97,"Valid",26.28,48.22,"Valid",185.69,null,null,11.97,26.28,48.22,185.69,48.22,185.69,11.97,26.28]
[2020,1,21,12,43851.499999998807,13.34,"Valid",26.51,57.41,"Valid",187.09,null,null,13.34,26.51,57.41,187.09,57.41,187.09,13.34,26.51]
[2020,1,21,13,43851.541666665471,4.3899999999999997,"Valid",26.29,39.46,"Valid",187.26,null,null,4.3899999999999997,26.29,39.46,187.26,39.46,187.26,4.3899999999999997,26.29]
[2020,1,21,14,43851.583333332135,5.2,"Valid",26.14,26.91,"Valid",186.69,null,null,5.2,26.14,26.91,186.69,26.91,186.69,5.2,26.14]
[2020,1,21,15,43851.624999998799,7.41,"Valid",26.22,32.549999999999997,"Valid",186.05,null,null,7.41,26.22,32.549999999999997,186.05,32.549999999999997,186.05,7.41,26.22]
[2020,1,21,16,43851.666666665464,8.0299999999999994,"Valid",25.42,25.07,"Valid",164.98,null,null,8.0299999999999994,25.42,25.07,164.98,25.07,164.98,8.0299999999999994,25.42]
[2020,1,21,17,43851.708333332128,6.3,"Valid",23.55,23.38,"Valid",143.04,null,null,6.3,23.55,23.38,143.04,23.38,143.04,6.3,23.55]
[2020,1,21,18,43851.749999998792,4.0599999999999996,"Valid",20.73,18.579999999999998,"Valid",116.61,null,null,4.0599999999999996,20.73,18.579999999999998,116.61,18.579999999999998,116.61,4.0599999999999996,20.73]
[2020,1,21,19,43851.791666665456,7.32,"Valid",18.059999999999999,20.62,"Valid",93.62,null,null,7.32,18.059999999999999,20.62,93.62,20.62,93.62,7.32,18.059999999999999]
[2020,1,21,20,43851.833333332121,5.62,"Valid",16.11,18.739999999999998,"Valid",78.31,null,null,5.62,16.11,18.739999999999998,78.31,18.739999999999998,78.31,5.62,16.11]
[2020,1,21,21,43851.874999998785,6.64,"Valid",14.69,20.84,"Valid",68.47,null,null,6.64,14.69,20.84,68.47,20.84,68.47,6.64,14.69]
[2020,1,21,22,43851.916666665449,5.3,"Valid",13.49,23.62,"Valid",61.18,null,null,5.3,13.49,23.62,61.18,23.62,61.18,5.3,13.49]
[2020,1,21,23,43851.958333332113,3.22,"Valid",12,17.079999999999998,"Valid",53.2,null,null,3.22,12,17.079999999999998,53.2,17.079999999999998,53.2,3.22,12]
[2020,1,22,0,43851.999999998778,3.83,"Valid",10.46,15.43,"Valid",45.1,null,null,3.83,10.46,15.43,45.1,15.43,45.1,3.83,10.46]
[2020,1,22,1,43852.041666665442,8.48,"Valid",9.41,21.7,"Valid",39.369999999999997,null,null,8.48,9.41,21.7,39.369999999999997,21.7,39.369999999999997,8.48,9.41]
[2020,1,22,2,43852.083333332106,2.94,"Valid",8.5399999999999991,15.45,"Valid",35.799999999999997,null,null,2.94,8.5399999999999991,15.45,35.799999999999997,15.45,35.799999999999997,2.94,8.5399999999999991]
[2020,1,22,3,43852.12499999877,6.28,"Valid",8.0299999999999994,17.97,"Valid",32.94,null,null,6.28,8.0299999999999994,17.97,32.94,17.97,32.94,6.28,8.0299999999999994]
[2020,1,22,4,43852.166666665435,6.84,"Valid",7.62,19.86,"Valid",31.09,null,null,6.84,7.62,19.86,31.09,19.86,31.09,6.84,7.62]
[2020,1,22,5,43852.208333332099,6.85,"Valid",7.45,21.1,"Valid",29.93,null,null,6.85,7.45,21.1,29.93,21.1,29.93,6.85,7.45]
[2020,1,22,6,43852.249999998763,5.08,"Valid",7.15,19.34,"Valid",28.52,null,null,5.08,7.15,19.34,28.52,19.34,28.52,5.08,7.15]
[2020,1,22,7,43852.291666665427,6.66,"Valid",6.87,22.55,"Valid",27.26,null,null,6.66,6.87,22.55,27.26,22.55,27.26,6.66,6.87]
[2020,1,22,8,43852.333333332092,7.18,"Valid",6.77,23.2,"Valid",26.75,null,null,{"$f":"IF(G514=\"Valid\", F514, NA())","v":7.18},{"$f":"IF(G514=\"Valid\", H514, NA())","v":6.77},{"$f":"IF(J514=\"Valid\", I514, NA())","v":23.2},{"$f":"IF(J514=\"Valid\", K514, NA())","v":26.75},23.2,26.75,7.18,6.77]
[2020,1,22,9,43852.374999998756,6.31,"Valid",6.67,21.92,"Valid",26.01,null,null,6.31,6.67,21.92,26.01,21.92,26.01,6.31,6.67]
[{"$f":"A515","v":2020},1,22,{"$f":"IF(D515=23,0,D515+1)","v":10},{"$f":"E515+0.0416666666666666","v":43852.41666666542},8.08,"Valid",6.56,35.869999999999997,"Valid",25.29,null,null,8.08,6.56,35.869999999999997,25.29,35.869999999999997,25.29,8.08,6.56]
[2020,1,22,11,43852.458333332084,5.52,"Valid",6.29,33.36,"Valid",24.67,null,null,5.52,6.29,33.36,24.67,33.36,24.67,5.52,6.29]
[2020,1,22,12,43852.499999998749,9.5399999999999991,"Valid",6.13,35.49,"Valid",23.75,null,null,9.5399999999999991,6.13,35.49,23.75,35.49,23.75,9.5399999999999991,6.13]
[2020,1,22,13,43852.541666665413,8.65,"Valid",6.31,35.840000000000003,"Valid",23.6,null,null,8.65,6.31,35.840000000000003,23.6,35.840000000000003,23.6,8.65,6.31]
[2020,1,22,14,43852.583333332077,8.65,"Valid",6.45,35.06,"Valid",23.94,null,null,8.65,6.45,35.06,23.94,35.06,23.94,8.65,6.45]
[2020,1,22,15,43852.624999998741,11.84,"Valid",6.63,37.200000000000003,"Valid",24.14,null,null,11.84,6.63,37.200000000000003,24.14,37.200000000000003,24.14,11.84,6.63]
[2020,1,22,16,43852.666666665406,6.18,"Valid",6.56,30.15,"Valid",24.35,null,null,6.18,6.56,30.15,24.35,30.15,24.35,6.18,6.56]
[2020,1,22,17,43852.70833333207,4.4800000000000004,"Valid",6.48,27.68,"Valid",24.53,null,null,4.4800000000000004,6.48,27.68,24.53,27.68,24.53,4.4800000000000004,6.48]
[2020,1,22,18,43852.749999998734,8.1199999999999992,"Valid",6.65,31,"Valid",25.04,null,null,8.1199999999999992,6.65,31,25.04,31,25.04,8.1199999999999992,6.65]
[2020,1,22,19,43852.791666665398,7.71,"Valid",6.67,31.85,"Valid",25.51,null,null,7.71,6.67,31.85,25.51,31.85,25.51,7.71,6.67]
[2020,1,22,20,43852.833333332062,9.68,"Valid",6.84,30.79,"Valid",26.01,null,null,9.68,6.84,30.79,26.01,30.79,26.01,9.68,6.84]
[2020,1,22,21,43852.874999998727,7.29,"Valid",6.86,27.37,"Valid",26.29,null,null,7.29,6.86,27.37,26.29,27.37,26.29,7.29,6.86]
[2020,1,22,22,43852.916666665391,2.88,"Valid",6.76,22.28,"Valid",26.23,null,null,2.88,6.76,22.28,26.23,22.28,26.23,2.88,6.76]
[2020,1,22,23,43852.958333332055,12.37,"Valid",7.14,46.28,"Valid",27.45,null,null,12.37,7.14,46.28,27.45,46.28,27.45,12.37,7.14]
[2020,1,23,0,43852.999999998719,17.03,"Valid",7.69,167.07,"Valid",33.770000000000003,null,null,17.03,7.69,167.07,33.770000000000003,167.07,33.770000000000003,17.03,7.69]
[2020,1,23,1,43853.041666665384,10.52,"Valid",7.78,115.21,"Valid",37.659999999999997,null,null,10.52,7.78,115.21,37.659999999999997,115.21,37.659999999999997,10.52,7.78]
[2020,1,23,2,43853.083333332048,8.18,"Valid",8,33.18,"Valid",38.4,null,null,8.18,8,33.18,38.4,33.18,38.4,8.18,8]
[2020,1,23,3,43853.124999998712,8.99,"Valid",8.11,25.38,"Valid",38.71,null,null,8.99,8.11,25.38,38.71,25.38,38.71,8.99,8.11]
[2020,1,23,4,43853.166666665376,10.039999999999999,"Valid",8.24,27.21,"Valid",39.020000000000003,null,null,10.039999999999999,8.24,27.21,39.020000000000003,27.21,39.020000000000003,10.039999999999999,8.24]
[2020,1,23,5,43853.208333332041,5.53,"Valid",8.19,16.05,"Valid",38.81,null,null,5.53,8.19,16.05,38.81,16.05,38.81,5.53,8.19]
[2020,1,23,6,43853.249999998705,6.79,"Valid",8.26,14.48,"Valid",38.6,null,null,6.79,8.26,14.48,38.6,14.48,38.6,6.79,8.26]
[2020,1,23,7,43853.291666665369,8.31,"Valid",8.33,15.79,"Valid",38.32,null,null,8.31,8.33,15.79,38.32,15.79,38.32,8.31,8.33]
[2020,1,23,8,43853.333333332033,6.35,"Valid",8.2899999999999991,18.010000000000002,"Valid",38.11,null,null,6.35,8.2899999999999991,18.010000000000002,38.11,18.010000000000002,38.11,6.35,8.2899999999999991]
[2020,{"$f":"B538","v":1},{"$f":"C515+1","v":23},9,43853.374999998698,10.43,"Valid",8.4700000000000006,39,"Valid",38.82,null,null,10.43,8.4700000000000006,39,38.82,39,38.82,10.43,8.4700000000000006]
[2020,1,23,10,43853.416666665362,6.56,"Valid",8.4,25.31,"Valid",38.380000000000003,null,null,6.56,8.4,25.31,38.380000000000003,25.31,38.380000000000003,6.56,8.4]
[2020,1,23,11,43853.458333332026,9.19,"Valid",8.5500000000000007,22.77,"Valid",37.94,null,null,9.19,8.5500000000000007,22.77,37.94,22.77,37.94,9.19,8.5500000000000007]
[2020,1,23,12,43853.49999999869,11.34,"Valid",8.6300000000000008,38.76,"Valid",38.07,null,null,11.34,8.6300000000000008,38.76,38.07,38.76,38.07,11.34,8.6300000000000008]
[2020,1,23,13,43853.541666665355,16.8,"Valid",8.9700000000000006,68.239999999999995,"Valid",39.42,null,null,16.8,8.9700000000000006,68.239999999999995,39.42,68.239999999999995,39.42,16.8,8.9700000000000006]
[2020,1,23,14,43853.583333332019,11.03,"Valid",9.07,44.41,"Valid",39.81,null,null,11.03,9.07,44.41,39.81,44.41,39.81,11.03,9.07]
[2020,1,23,15,43853.624999998683,18.45,"Valid",9.34,123.65,"Valid",43.41,null,null,18.45,9.34,123.65,43.41,123.65,43.41,18.45,9.34]
[2020,1,23,16,43853.666666665347,5.68,"Valid",9.32,29.73,"Valid",43.4,null,null,5.68,9.32,29.73,43.4,29.73,43.4,5.68,9.32]
[2020,1,23,17,43853.708333332012,8.44,"Valid",9.49,34.049999999999997,"Valid",43.66,null,null,8.44,9.49,34.049999999999997,43.66,34.049999999999997,43.66,8.44,9.49]
[2020,1,23,18,43853.749999998676,18.350000000000001,"Valid",9.91,160.44,"Valid",49.05,null,null,18.350000000000001,9.91,160.44,49.05,160.44,49.05,18.350000000000001,9.91]
[2020,1,23,19,43853.79166666534,5.89,"Valid",9.84,166.05,"Valid",54.65,null,null,5.89,9.84,166.05,54.65,166.05,54.65,5.89,9.84]
[2020,1,23,20,43853.833333332004,9.93,"Valid",9.85,43.07,"Valid",55.16,null,null,9.93,9.85,43.07,55.16,43.07,55.16,9.93,9.85]
[2020,1,23,21,43853.874999998668,3.67,"Valid",9.6999999999999993,10.47,"Valid",54.45,null,null,3.67,9.6999999999999993,10.47,54.45,10.47,54.45,3.67,9.6999999999999993]
[2020,1,23,22,43853.916666665333,7.29,"Valid",9.8800000000000008,14.78,"Valid",54.14,null,null,7.29,9.8800000000000008,14.78,54.14,14.78,54.14,7.29,9.8800000000000008]
[2020,1,23,23,43853.958333331997,11.91,"Valid",9.86,32.58,"Valid",53.57,null,null,11.91,9.86,32.58,53.57,32.58,53.57,11.91,9.86]
[2020,1,24,0,43853.999999998661,4.32,"Valid",9.33,8.8800000000000008,"Valid",46.98,null,null,4.32,9.33,8.8800000000000008,46.98,8.8800000000000008,46.98,4.32,9.33]
[2020,1,24,1,43854.041666665325,5.89,"Valid",9.14,8.0399999999999991,"Valid",42.51,null,null,5.89,9.14,8.0399999999999991,42.51,8.0399999999999991,42.51,5.89,9.14]
[2020,1,24,2,43854.08333333199,8.35,"Valid",9.15,17.45,"Valid",41.86,null,null,8.35,9.15,17.45,41.86,17.45,41.86,8.35,9.15]
[2020,1,24,3,43854.124999998654,6.9,"Valid",9.06,14.62,"Valid",41.41,null,null,6.9,9.06,14.62,41.41,14.62,41.41,6.9,9.06]
[2020,1,24,4,43854.166666665318,10.01,"Valid",9.06,21.26,"Valid",41.16,null,null,10.01,9.06,21.26,41.16,21.26,41.16,10.01,9.06]
[2020,1,24,5,43854.208333331982,8.32,"Valid",9.18,15.07,"Valid",41.12,null,null,8.32,9.18,15.07,41.12,15.07,41.12,8.32,9.18]
[2020,1,24,6,43854.249999998647,3.33,"Valid",9.0299999999999994,9.77,"Valid",40.93,null,null,3.33,9.0299999999999994,9.77,40.93,9.77,40.93,3.33,9.0299999999999994]
[2020,1,24,7,43854.291666665311,5.87,"Valid",8.93,11.32,"Valid",40.74,null,null,5.87,8.93,11.32,40.74,11.32,40.74,5.87,8.93]
[2020,1,24,8,43854.333333331975,5.54,"Valid",8.9,10.97,"Valid",40.450000000000003,null,null,5.54,8.9,10.97,40.450000000000003,10.97,40.450000000000003,5.54,8.9]
[2020,1,24,9,43854.374999998639,5.64,"Valid",8.6999999999999993,10.99,"Valid",39.28,null,null,5.64,8.6999999999999993,10.99,39.28,10.99,39.28,5.64,8.6999999999999993]
[2020,1,24,10,43854.416666665304,5.59,"Valid",8.66,8.49,"Valid",38.58,null,null,5.59,8.66,8.49,38.58,8.49,38.58,5.59,8.66]
[2020,1,24,11,43854.458333331968,4.8499999999999996,"Valid",8.4700000000000006,7.58,"Valid",37.94,null,null,4.8499999999999996,8.4700000000000006,7.58,37.94,7.58,37.94,4.8499999999999996,8.4700000000000006]
[2020,1,24,12,43854.499999998632,5.0999999999999996,"Valid",8.2100000000000009,8.51,"Valid",36.68,null,null,5.0999999999999996,8.2100000000000009,8.51,36.68,8.51,36.68,5.0999999999999996,8.2100000000000009]
[2020,1,24,13,43854.541666665296,7.27,"Valid",7.82,10.07,"Valid",34.26,null,null,7.27,7.82,10.07,34.26,10.07,34.26,7.27,7.82]
[2020,1,24,14,43854.583333331961,6.86,"Valid",7.64,15.35,"Valid",33.049999999999997,null,null,6.86,7.64,15.35,33.049999999999997,15.35,33.049999999999997,6.86,7.64]
[2020,1,24,15,43854.624999998625,4.87,"Valid",7.08,13.39,"Valid",28.46,null,null,4.87,7.08,13.39,28.46,13.39,28.46,4.87,7.08]
[2020,1,24,16,43854.666666665289,5.25,"Valid",7.06,11.44,"Valid",27.69,null,null,5.25,7.06,11.44,27.69,11.44,27.69,5.25,7.06]
[2020,1,24,17,43854.708333331953,4.46,"Valid",6.89,8.9700000000000006,"Valid",26.65,null,null,4.46,6.89,8.9700000000000006,26.65,8.9700000000000006,26.65,4.46,6.89]
[2020,1,24,18,43854.749999998618,4.42,"Valid",6.31,6.9,"Valid",20.25,null,null,4.42,6.31,6.9,20.25,6.9,20.25,4.42,6.31]
[2020,1,24,19,43854.791666665282,0.53,"Valid",6.09,3.61,"Valid",13.48,null,null,0.53,6.09,3.61,13.48,3.61,13.48,0.53,6.09]
[2020,1,24,20,43854.833333331946,3.71,"Valid",5.83,6.49,"Valid",11.96,null,null,3.71,5.83,6.49,11.96,6.49,11.96,3.71,5.83]
[2020,1,24,21,43854.87499999861,4.72,"Valid",5.88,8.66,"Valid",11.88,null,null,4.72,5.88,8.66,11.88,8.66,11.88,4.72,5.88]
[2020,1,24,22,43854.916666665275,5.27,"Valid",5.79,7.5,"Valid",11.58,null,null,5.27,5.79,7.5,11.58,7.5,11.58,5.27,5.79]
[2020,1,24,23,43854.958333331939,{"$f":"NA()","v":{"$error":"#N/A"}},"Invalid",{"$f":"NA()","v":{"$error":"#N/A"}},{"$f":"NA()","v":{"$error":"#N/A"}},"Invalid",{"$f":"NA()","v":{"$error":"#N/A"}},"Power Failure","Power outage.",{"$error":"#N/A"},{"$error":"#N/A"},{"$error":"#N/A"},{"$error":"#N/A"}]
[2020,1,25,0,43854.999999998603,{"$f":"NA()","v":{"$error":"#N/A"}},"Invalid",{"$f":"NA()","v":{"$error":"#N/A"}},{"$f":"NA()","v":{"$error":"#N/A"}},"Invalid",{"$f":"NA()","v":{"$error":"#N/A"}},"Power Failure","Power outage.",{"$f":"IF(G578=\"Valid\", F578, NA())","v":{"$error":"#N/A"}},{"$f":"IF(G578=\"Valid\", H578, NA())","v":{"$error":"#N/A"}},{"$f":"IF(J578=\"Valid\", I578, NA())","v":{"$error":"#N/A"}},{"$f":"IF(J578=\"Valid\", K578, NA())","v":{"$error":"#N/A"}}]
[2020,1,25,1,43855.041666665267,{"$f":"NA()","v":{"$error":"#N/A"}},"Invalid",{"$f":"NA()","v":{"$error":"#N/A"}},{"$f":"NA()","v":{"$error":"#N/A"}},"Invalid",{"$f":"NA()","v":{"$error":"#N/A"}},"Power Failure","Power outage.",{"$error":"#N/A"},{"$error":"#N/A"},{"$error":"#N/A"},{"$error":"#N/A"}]
[{"$f":"A579","v":2020},1,25,{"$f":"IF(D579=23,0,D579+1)","v":2},{"$f":"E579+0.0416666666666666","v":43855.083333331931},4.46,"Valid",5.38,6.44,"Valid",10.35,null,null,4.46,5.38,6.44,10.35,6.44,10.35,4.46,5.38]
[2020,1,25,3,43855.124999998596,2.31,"Valid",5.16,4.5,"Valid",9.8699999999999992,null,null,2.31,5.16,4.5,9.8699999999999992,4.5,9.8699999999999992,2.31,5.16]
[2020,1,25,4,43855.16666666526,5.18,"Valid",4.93,8.17,"Valid",9.25,null,null,5.18,4.93,8.17,9.25,8.17,9.25,5.18,4.93]
[2020,1,25,5,43855.208333331924,2.33,"Valid",4.6500000000000004,5.66,"Valid",8.8000000000000007,null,null,2.33,4.6500000000000004,5.66,8.8000000000000007,5.66,8.8000000000000007,2.33,4.6500000000000004]
[2020,1,25,6,43855.249999998588,7.44,"Valid",4.84,11.08,"Valid",8.86,null,null,7.44,4.84,11.08,8.86,11.08,8.86,7.44,4.84]
[2020,1,25,7,43855.291666665253,3.86,"Valid",4.75,8.32,"Valid",8.7200000000000006,null,null,3.86,4.75,8.32,8.7200000000000006,8.32,8.7200000000000006,3.86,4.75]
[2020,1,25,8,43855.333333331917,4.01,"Valid",4.67,8.67,"Valid",8.61,null,null,4.01,4.67,8.67,8.61,8.67,8.61,4.01,4.67]
[2020,1,25,9,43855.374999998581,3.8,"Valid",4.59,8.33,"Valid",8.48,null,null,3.8,4.59,8.33,8.48,8.33,8.48,3.8,4.59]
[2020,1,25,10,43855.416666665245,5.67,"Valid",4.59,10.11,"Valid",8.56,null,null,5.67,4.59,10.11,8.56,10.11,8.56,5.67,4.59]
[2020,1,25,11,43855.45833333191,6.59,"Valid",4.67,17.100000000000001,"Valid",9.01,null,null,6.59,4.67,17.100000000000001,9.01,17.100000000000001,9.01,6.59,4.67]
[2020,1,25,12,43855.499999998574,8.6,"Valid",4.84,19.59,"Valid",9.5399999999999991,null,null,8.6,4.84,19.59,9.5399999999999991,19.59,9.5399999999999991,8.6,4.84]
[2020,1,25,13,43855.541666665238,9.7899999999999991,"Valid",4.96,24.76,"Valid",10.24,null,null,9.7899999999999991,4.96,24.76,10.24,24.76,10.24,9.7899999999999991,4.96]
[2020,1,25,14,43855.583333331902,10.01,"Valid",5.1100000000000003,27.85,"Valid",10.84,null,null,10.01,5.1100000000000003,27.85,10.84,27.85,10.84,10.01,5.1100000000000003]
[2020,1,25,15,43855.624999998567,1.83,"Valid",4.96,17.510000000000002,"Valid",11.03,null,null,1.83,4.96,17.510000000000002,11.03,17.510000000000002,11.03,1.83,4.96]
[2020,1,25,16,43855.666666665231,4.9400000000000004,"Valid",4.95,7.8,"Valid",10.86,null,null,4.9400000000000004,4.95,7.8,10.86,7.8,10.86,4.9400000000000004,4.95]
[2020,1,25,17,43855.708333331895,10.9,"Valid",5.26,13.95,"Valid",11.1,null,null,10.9,5.26,13.95,11.1,13.95,11.1,10.9,5.26]
[2020,1,25,18,43855.749999998559,13.32,"Valid",5.68,146.61000000000001,"Valid",17.75,null,null,13.32,5.68,146.61000000000001,17.75,146.61000000000001,17.75,13.32,5.68]
[2020,1,25,19,43855.791666665224,26.95,"Valid",6.94,263.16000000000003,"Valid",30.11,null,null,26.95,6.94,263.16000000000003,30.11,263.16000000000003,30.11,26.95,6.94]
[2020,1,25,20,43855.833333331888,4.2,"Valid",6.96,53.87,"Valid",32.36,null,null,4.2,6.96,53.87,32.36,53.87,32.36,4.2,6.96]
[2020,1,25,21,43855.874999998552,10.66,"Valid",7.24,116.78,"Valid",37.51,null,null,10.66,7.24,116.78,37.51,116.78,37.51,10.66,7.24]
[2020,1,25,22,43855.916666665216,3.16,"Valid",7.14,12.53,"Valid",37.75,null,null,3.16,7.14,12.53,37.75,12.53,37.75,3.16,7.14]
[2020,1,25,23,43855.958333331881,3.29,"Valid",6.97,0.69,"Valid",36.07,null,null,3.29,6.97,0.69,36.07,0.69,36.07,3.29,6.97]
[2020,1,26,0,43855.999999998545,5.23,"Valid",6.89,8.01,"Valid",34.85,null,null,5.23,6.89,8.01,34.85,8.01,34.85,5.23,6.89]
[2020,{"$f":"B602","v":1},{"$f":"C579+1","v":26},1,43856.041666665209,4.6399999999999997,"Valid",6.8,16.8,"Valid",34.1,null,null,4.6399999999999997,6.8,16.8,34.1,16.8,34.1,4.6399999999999997,6.8]
[2020,1,26,2,43856.083333331873,4.5199999999999996,"Valid",6.8,8.81,"Valid",34.19,null,null,4.5199999999999996,6.8,8.81,34.19,8.81,34.19,4.5199999999999996,6.8]
[2020,1,26,3,43856.124999998538,5.25,"Valid",6.92,34.21,"Valid",35.43,null,null,5.25,6.92,34.21,35.43,34.21,35.43,5.25,6.92]
[2020,1,26,4,43856.166666665202,5.26,"Valid",6.93,19.82,"Valid",35.92,null,null,5.26,6.93,19.82,35.92,19.82,35.92,5.26,6.93]
[2020,1,26,5,43856.208333331866,7.05,"Valid",7.12,30.91,"Valid",36.97,null,null,7.05,7.12,30.91,36.97,30.91,36.97,7.05,7.12]
[2020,1,26,6,43856.24999999853,6.17,"Valid",7.07,21.55,"Valid",37.409999999999997,null,null,6.17,7.07,21.55,37.409999999999997,21.55,37.409999999999997,6.17,7.07]
[2020,1,26,7,43856.291666665194,3.17,"Valid",7.04,11.47,"Valid",37.54,null,null,3.17,7.04,11.47,37.54,11.47,37.54,3.17,7.04]
[2020,1,26,8,43856.333333331859,5.42,"Valid",7.1,11.35,"Valid",37.65,null,null,5.42,7.1,11.35,37.65,11.35,37.65,5.42,7.1]
[2020,1,26,9,43856.374999998523,7.88,"Valid",7.27,33.24,"Valid",38.69,null,null,7.88,7.27,33.24,38.69,33.24,38.69,7.88,7.27]
[2020,1,26,10,43856.416666665187,5.26,"Valid",7.25,17.91,"Valid",39.01,null,null,5.26,7.25,17.91,39.01,17.91,39.01,5.26,7.25]
[2020,1,26,11,43856.458333331851,5,"Valid",7.19,12.11,"Valid",38.799999999999997,null,null,5,7.19,12.11,38.799999999999997,12.11,38.799999999999997,5,7.19]
[2020,1,26,12,43856.499999998516,10.01,"Valid",7.25,16.2,"Valid",38.659999999999997,null,null,10.01,7.25,16.2,38.659999999999997,16.2,38.659999999999997,10.01,7.25]
[2020,1,26,13,43856.54166666518,3.42,"Valid",6.98,8.3000000000000007,"Valid",37.979999999999997,null,null,3.42,6.98,8.3000000000000007,37.979999999999997,8.3000000000000007,37.979999999999997,3.42,6.98]
[2020,1,26,14,43856.583333331844,6.67,"Valid",6.84,11.58,"Valid",37.299999999999997,null,null,6.67,6.84,11.58,37.299999999999997,11.58,37.299999999999997,6.67,6.84]
[2020,1,26,15,43856.624999998508,5.29,"Valid",6.99,9.5299999999999994,"Valid",36.97,null,null,5.29,6.99,9.5299999999999994,36.97,9.5299999999999994,36.97,5.29,6.99]
[2020,1,26,16,43856.666666665173,8.85,"Valid",7.15,13.08,"Valid",37.19,null,null,8.85,7.15,13.08,37.19,13.08,37.19,8.85,7.15]
[2020,1,26,17,43856.708333331837,5.89,"Valid",6.94,8.98,"Valid",36.979999999999997,null,null,5.89,6.94,8.98,36.979999999999997,8.98,36.979999999999997,5.89,6.94]
[2020,1,26,18,43856.749999998501,6.04,"Valid",6.64,8.9600000000000009,"Valid",31.24,null,null,6.04,6.64,8.9600000000000009,31.24,8.9600000000000009,31.24,6.04,6.64]
[2020,1,26,19,43856.791666665165,6.03,"Valid",5.77,11.4,"Valid",20.75,null,null,6.03,5.77,11.4,20.75,11.4,20.75,6.03,5.77]
[2020,1,26,20,43856.83333333183,4.05,"Valid",5.76,9.8699999999999992,"Valid",18.920000000000002,null,null,4.05,5.76,9.8699999999999992,18.920000000000002,9.8699999999999992,18.920000000000002,4.05,5.76]
[2020,1,26,21,43856.874999998494,4.54,"Valid",5.5,8.3800000000000008,"Valid",14.4,null,null,4.54,5.5,8.3800000000000008,14.4,8.3800000000000008,14.4,4.54,5.5]
[2020,1,26,22,43856.916666665158,13.92,"Valid",5.95,200.1,"Valid",22.22,null,null,13.92,5.95,200.1,22.22,200.1,22.22,13.92,5.95]
[2020,1,26,23,43856.958333331822,5.52,"Valid",6.05,63.79,"Valid",24.85,null,null,5.52,6.05,63.79,24.85,63.79,24.85,5.52,6.05]
[2020,1,27,0,43856.999999998487,0.32,"Valid",5.84,5.36,"Valid",24.74,null,null,0.32,5.84,5.36,24.74,5.36,24.74,0.32,5.84]
[2020,1,27,1,43857.041666665151,5.01,"Valid",5.86,9.68,"Valid",24.44,null,null,5.01,5.86,9.68,24.44,9.68,24.44,5.01,5.86]
[2020,1,27,2,43857.083333331815,1.47,"Valid",5.73,5.78,"Valid",24.32,null,null,1.47,5.73,5.78,24.32,5.78,24.32,1.47,5.73]
[2020,1,27,3,43857.124999998479,4.83,"Valid",5.71,34.67,"Valid",24.33,null,null,4.83,5.71,34.67,24.33,34.67,24.33,4.83,5.71]
[2020,1,27,4,43857.166666665144,4.6399999999999997,"Valid",5.69,10.92,"Valid",23.96,null,null,4.6399999999999997,5.69,10.92,23.96,10.92,23.96,4.6399999999999997,5.69]
[2020,1,27,5,43857.208333331808,3.21,"Valid",5.53,9.0500000000000007,"Valid",23.05,null,null,3.21,5.53,9.0500000000000007,23.05,9.0500000000000007,23.05,3.21,5.53]
[2020,1,27,6,43857.249999998472,-0.49,"Valid",5.25,4.9000000000000004,"Valid",22.36,null,null,-0.49,5.25,4.9000000000000004,22.36,4.9000000000000004,22.36,-0.49,5.25]
[2020,1,27,7,43857.291666665136,1.93,"Valid",5.2,6.97,"Valid",22.17,null,null,1.93,5.2,6.97,22.17,6.97,22.17,1.93,5.2]
[2020,1,27,8,43857.333333331801,1.1599999999999999,"Valid",5.0199999999999996,5.39,"Valid",21.92,null,null,1.1599999999999999,5.0199999999999996,5.39,21.92,5.39,21.92,1.1599999999999999,5.0199999999999996]
[2020,1,27,9,43857.374999998465,6.07,"Valid",4.9400000000000004,40.65,"Valid",22.23,null,null,6.07,4.9400000000000004,40.65,22.23,40.65,22.23,6.07,4.9400000000000004]
[2020,1,27,10,43857.416666665129,6.58,"Valid",5,51.42,"Valid",23.63,null,null,6.58,5,51.42,23.63,51.42,23.63,6.58,5]
[2020,1,27,11,43857.458333331793,10.33,"Valid",5.22,33.049999999999997,"Valid",24.5,null,null,10.33,5.22,33.049999999999997,24.5,33.049999999999997,24.5,10.33,5.22]
[2020,1,27,12,43857.499999998457,5.85,"Valid",5.05,16.27,"Valid",24.5,null,null,5.85,5.05,16.27,24.5,16.27,24.5,5.85,5.05]
[2020,1,27,13,43857.541666665122,5.72,"Valid",5.14,12.62,"Valid",24.68,null,null,5.72,5.14,12.62,24.68,12.62,24.68,5.72,5.14]
[2020,1,27,14,43857.583333331786,7.04,"Valid",5.16,11.91,"Valid",24.7,null,null,7.04,5.16,11.91,24.7,11.91,24.7,7.04,5.16]
[2020,1,27,15,43857.62499999845,6.5,"Valid",5.21,12.44,"Valid",24.82,null,null,6.5,5.21,12.44,24.82,12.44,24.82,6.5,5.21]
[2020,1,27,16,43857.666666665114,8.2100000000000009,"Valid",5.18,15.57,"Valid",24.92,null,null,{"$f":"IF(G642=\"Valid\", F642, NA())","v":8.2100000000000009},{"$f":"IF(G642=\"Valid\", H642, NA())","v":5.18},{"$f":"IF(J642=\"Valid\", I642, NA())","v":15.57},{"$f":"IF(J642=\"Valid\", K642, NA())","v":24.92},15.57,24.92,8.2100000000000009,5.18]
[2020,1,27,17,43857.708333331779,11.6,"Valid",5.42,25.85,"Valid",25.63,null,null,11.6,5.42,25.85,25.63,25.85,25.63,11.6,5.42]
[{"$f":"A643","v":2020},1,27,{"$f":"IF(D643=23,0,D643+1)","v":18},{"$f":"E643+0.0416666666666666","v":43857.749999998443},4.21,"Valid",5.34,10.94,"Valid",25.71,null,null,4.21,5.34,10.94,25.71,10.94,25.71,4.21,5.34]
[2020,1,27,19,43857.791666665107,7.84,"Valid",5.42,38.17,"Valid",26.82,null,null,7.84,5.42,38.17,26.82,38.17,26.82,7.84,5.42]
[2020,1,27,20,43857.833333331771,3.78,"Valid",5.41,31.4,"Valid",27.72,null,null,3.78,5.41,31.4,27.72,31.4,27.72,3.78,5.41]
[2020,1,27,21,43857.874999998436,4.43,"Valid",5.4,7.7,"Valid",27.69,null,null,4.43,5.4,7.7,27.69,7.7,27.69,4.43,5.4]
[2020,1,27,22,43857.9166666651,4.38,"Valid",5.01,7.61,"Valid",19.670000000000002,null,null,4.38,5.01,7.61,19.670000000000002,7.61,19.670000000000002,4.38,5.01]
[2020,1,27,23,43857.958333331764,4.67,"Valid",4.97,7.59,"Valid",17.329999999999998,null,null,4.67,4.97,7.59,17.329999999999998,7.59,17.329999999999998,4.67,4.97]
[2020,1,28,0,43857.999999998428,5.0999999999999996,"Valid",5.17,8.26,"Valid",17.45,null,null,5.0999999999999996,5.17,8.26,17.45,8.26,17.45,5.0999999999999996,5.17]
[2020,1,28,1,43858.041666665093,5.89,"Valid",5.21,8.51,"Valid",17.399999999999999,null,null,5.89,5.21,8.51,17.399999999999999,8.51,17.399999999999999,5.89,5.21]
[2020,1,28,2,43858.083333331757,2.2799999999999998,"Valid",5.24,4.24,"Valid",17.34,null,null,2.2799999999999998,5.24,4.24,17.34,4.24,17.34,2.2799999999999998,5.24]
[2020,1,28,3,43858.124999998421,6.1,"Valid",5.29,9.27,"Valid",16.28,null,null,6.1,5.29,9.27,16.28,9.27,16.28,6.1,5.29]
[2020,1,28,4,43858.166666665085,3.9,"Valid",5.26,8.26,"Valid",16.170000000000002,null,null,3.9,5.26,8.26,16.170000000000002,8.26,16.170000000000002,3.9,5.26]
[2020,1,28,5,43858.20833333175,4.0199999999999996,"Valid",5.3,8.32,"Valid",16.14,null,null,4.0199999999999996,5.3,8.32,16.14,8.32,16.14,4.0199999999999996,5.3]
[2020,1,28,6,43858.249999998414,4.17,"Valid",5.49,9.66,"Valid",16.34,null,null,4.17,5.49,9.66,16.34,9.66,16.34,4.17,5.49]
[2020,1,28,7,43858.291666665078,4.05,"Valid",5.58,8.3800000000000008,"Valid",16.399999999999999,null,null,4.05,5.58,8.3800000000000008,16.399999999999999,8.3800000000000008,16.399999999999999,4.05,5.58]
[2020,1,28,8,43858.333333331742,7.27,"Valid",5.83,11.79,"Valid",16.66,null,null,7.27,5.83,11.79,16.66,11.79,16.66,7.27,5.83]
[2020,1,28,9,43858.374999998407,5.74,"Valid",5.82,11.83,"Valid",15.46,null,null,5.74,5.82,11.83,15.46,11.83,15.46,5.74,5.82]
[2020,1,28,10,43858.416666665071,6.56,"Valid",5.82,17.27,"Valid",14.04,null,null,6.56,5.82,17.27,14.04,17.27,14.04,6.56,5.82]
[2020,1,28,11,43858.458333331735,5.0599999999999996,"Valid",5.6,14.11,"Valid",13.25,null,null,5.0599999999999996,5.6,14.11,13.25,14.11,13.25,5.0599999999999996,5.6]
[2020,1,28,12,43858.499999998399,0.51,"Valid",5.38,10.24,"Valid",13,null,null,0.51,5.38,10.24,13,10.24,13,0.51,5.38]
[2020,1,28,13,43858.541666665064,11.11,"Valid",5.6,21.55,"Valid",13.37,null,null,11.11,5.6,21.55,13.37,21.55,13.37,11.11,5.6]
[2020,1,28,14,43858.583333331728,9.8800000000000008,"Valid",5.72,17.87,"Valid",13.62,null,null,9.8800000000000008,5.72,17.87,13.62,17.87,13.62,9.8800000000000008,5.72]
[2020,1,28,15,43858.624999998392,5.83,"Valid",5.69,13.66,"Valid",13.67,null,null,5.83,5.69,13.66,13.67,13.66,13.67,5.83,5.69]
[2020,1,28,16,43858.666666665056,11,"Valid",5.81,19.18,"Valid",13.82,null,null,11,5.81,19.18,13.82,19.18,13.82,11,5.81]
[2020,{"$f":"B666","v":1},{"$f":"C643+1","v":28},17,43858.70833333172,3.49,"Valid",5.47,12.74,"Valid",13.27,null,null,3.49,5.47,12.74,13.27,12.74,13.27,3.49,5.47]
[2020,1,28,18,43858.749999998385,5.25,"Valid",5.51,14.58,"Valid",13.42,null,null,5.25,5.51,14.58,13.42,14.58,13.42,5.25,5.51]
[2020,1,28,19,43858.791666665049,12.1,"Valid",5.69,19.850000000000001,"Valid",12.66,null,null,12.1,5.69,19.850000000000001,12.66,19.850000000000001,12.66,12.1,5.69]
[2020,1,28,20,43858.833333331713,6.54,"Valid",5.81,14.81,"Valid",11.97,null,null,6.54,5.81,14.81,11.97,14.81,11.97,6.54,5.81]
[2020,1,28,21,43858.874999998377,6.41,"Valid",5.89,14.94,"Valid",12.27,null,null,6.41,5.89,14.94,12.27,14.94,12.27,6.41,5.89]
[2020,1,28,22,43858.916666665042,7.15,"Valid",6,14.38,"Valid",12.55,null,null,7.15,6,14.38,12.55,14.38,12.55,7.15,6]
[2020,1,28,23,43858.958333331706,6.15,"Valid",6.07,11.84,"Valid",12.73,null,null,6.15,6.07,11.84,12.73,11.84,12.73,6.15,6.07]
[2020,1,29,0,43858.99999999837,4.62,"Valid",6.05,10.98,"Valid",12.84,null,null,4.62,6.05,10.98,12.84,10.98,12.84,4.62,6.05]
[2020,1,29,1,43859.041666665034,6.76,"Valid",6.08,13.97,"Valid",13.07,null,null,6.76,6.08,13.97,13.07,13.97,13.07,6.76,6.08]
[2020,1,29,2,43859.083333331699,7.32,"Valid",6.29,16.68,"Valid",13.59,null,null,7.32,6.29,16.68,13.59,16.68,13.59,7.32,6.29]
[2020,1,29,3,43859.124999998363,4.6500000000000004,"Valid",6.23,13.72,"Valid",13.78,null,null,4.6500000000000004,6.23,13.72,13.78,13.72,13.78,4.6500000000000004,6.23]
[2020,1,29,4,43859.166666665027,7.48,"Valid",6.38,18.149999999999999,"Valid",14.19,null,null,7.48,6.38,18.149999999999999,14.19,18.149999999999999,14.19,7.48,6.38]
[2020,1,29,5,43859.208333331691,9.5399999999999991,"Valid",6.61,20.83,"Valid",14.71,null,null,9.5399999999999991,6.61,20.83,14.71,20.83,14.71,9.5399999999999991,6.61]
[2020,1,29,6,43859.249999998356,5.49,"Valid",6.67,14.27,"Valid",14.9,null,null,5.49,6.67,14.27,14.9,14.27,14.9,5.49,6.67]
[2020,1,29,7,43859.29166666502,5.0599999999999996,"Valid",6.71,14.06,"Valid",15.14,null,null,5.0599999999999996,6.71,14.06,15.14,14.06,15.14,5.0599999999999996,6.71]
[2020,1,29,8,43859.333333331684,8.0500000000000007,"Valid",6.74,16.239999999999998,"Valid",15.32,null,null,8.0500000000000007,6.74,16.239999999999998,15.32,16.239999999999998,15.32,8.0500000000000007,6.74]
[2020,1,29,9,43859.374999998348,7.91,"Valid",6.83,19.48,"Valid",15.64,null,null,7.91,6.83,19.48,15.64,19.48,15.64,7.91,6.83]
[2020,1,29,10,43859.416666665013,6.5,"Valid",6.83,17.559999999999999,"Valid",15.65,null,null,6.5,6.83,17.559999999999999,15.65,17.559999999999999,15.65,6.5,6.83]
[2020,1,29,11,43859.458333331677,6.73,"Valid",6.9,15.04,"Valid",15.69,null,null,6.73,6.9,15.04,15.69,15.04,15.69,6.73,6.9]
[2020,1,29,12,43859.499999998341,5.47,"Valid",7.1,12.06,"Valid",15.77,null,null,5.47,7.1,12.06,15.77,12.06,15.77,5.47,7.1]
[2020,1,29,13,43859.541666665005,8.81,"Valid",7.01,15.92,"Valid",15.53,null,null,8.81,7.01,15.92,15.53,15.92,15.53,8.81,7.01]
[2020,1,29,14,43859.58333333167,10.19,"Valid",7.02,17.95,"Valid",15.54,null,null,10.19,7.02,17.95,15.54,17.95,15.54,10.19,7.02]
[2020,1,29,15,43859.624999998334,7.84,"Valid",7.1,19.25,"Valid",15.77,null,null,7.84,7.1,19.25,15.77,19.25,15.77,7.84,7.1]
[2020,1,29,16,43859.666666664998,6.72,"Valid",6.93,19.75,"Valid",15.79,null,null,6.72,6.93,19.75,15.79,19.75,15.79,6.72,6.93]
[2020,1,29,17,43859.708333331662,5.67,"Valid",7.02,15.17,"Valid",15.9,null,null,5.67,7.02,15.17,15.9,15.17,15.9,5.67,7.02]
[2020,1,29,18,43859.749999998327,8.02,"Valid",7.13,17.41,"Valid",16.010000000000002,null,null,8.02,7.13,17.41,16.010000000000002,17.41,16.010000000000002,8.02,7.13]
[2020,1,29,19,43859.791666664991,7.38,"Valid",6.94,17.38,"Valid",15.91,null,null,7.38,6.94,17.38,15.91,17.38,15.91,7.38,6.94]
[2020,1,29,20,43859.833333331655,9.31,"Valid",7.05,19.22,"Valid",16.09,null,null,9.31,7.05,19.22,16.09,19.22,16.09,9.31,7.05]
[2020,1,29,21,43859.874999998319,7.38,"Valid",7.09,18.920000000000002,"Valid",16.260000000000002,null,null,7.38,7.09,18.920000000000002,16.260000000000002,18.920000000000002,16.260000000000002,7.38,7.09]
[2020,1,29,22,43859.916666664983,5.61,"Valid",7.03,15.58,"Valid",16.309999999999999,null,null,5.61,7.03,15.58,16.309999999999999,15.58,16.309999999999999,5.61,7.03]
[2020,1,29,23,43859.958333331648,6.04,"Valid",7.02,15.03,"Valid",16.440000000000001,null,null,6.04,7.02,15.03,16.440000000000001,15.03,16.440000000000001,6.04,7.02]
[2020,1,30,0,43859.999999998312,11.87,"Valid",7.33,36.58,"Valid",17.510000000000002,null,null,11.87,7.33,36.58,17.510000000000002,36.58,17.510000000000002,11.87,7.33]
[2020,1,30,1,43860.041666664976,13.4,"Valid",7.6,28.12,"Valid",18.100000000000001,null,null,13.4,7.6,28.12,18.100000000000001,28.12,18.100000000000001,13.4,7.6]
[2020,1,30,2,43860.08333333164,16.34,"Valid",7.98,24.67,"Valid",18.43,null,null,16.34,7.98,24.67,18.43,24.67,18.43,16.34,7.98]
[2020,1,30,3,43860.124999998305,12.06,"Valid",8.2899999999999991,19.760000000000002,"Valid",18.68,null,null,12.06,8.2899999999999991,19.760000000000002,18.68,19.760000000000002,18.68,12.06,8.2899999999999991]
[2020,1,30,4,43860.166666664969,10.64,"Valid",8.42,16.28,"Valid",18.61,null,null,10.64,8.42,16.28,18.61,16.28,18.61,10.64,8.42]
[2020,1,30,5,43860.208333331633,10.59,"Valid",8.4600000000000009,16.37,"Valid",18.420000000000002,null,null,10.59,8.4600000000000009,16.37,18.420000000000002,16.37,18.420000000000002,10.59,8.4600000000000009]
[2020,1,30,6,43860.249999998297,13.52,"Valid",8.8000000000000007,22.98,"Valid",18.78,null,null,13.52,8.8000000000000007,22.98,18.78,22.98,18.78,13.52,8.8000000000000007]
[2020,1,30,7,43860.291666664962,17.309999999999999,"Valid",9.31,27.63,"Valid",19.350000000000001,null,null,17.309999999999999,9.31,27.63,19.350000000000001,27.63,19.350000000000001,17.309999999999999,9.31]
[2020,1,30,8,43860.333333331626,13.34,"Valid",9.5299999999999994,23.35,"Valid",19.64,null,null,{"$f":"IF(G706=\"Valid\", F706, NA())","v":13.34},{"$f":"IF(G706=\"Valid\", H706, NA())","v":9.5299999999999994},{"$f":"IF(J706=\"Valid\", I706, NA())","v":23.35},{"$f":"IF(J706=\"Valid\", K706, NA())","v":19.64},23.35,19.64,13.34,9.5299999999999994]
[2020,1,30,9,43860.37499999829,15.88,"Valid",9.86,28.37,"Valid",20.010000000000002,null,null,15.88,9.86,28.37,20.010000000000002,28.37,20.010000000000002,15.88,9.86]
[{"$f":"A707","v":2020},1,30,{"$f":"IF(D707=23,0,D707+1)","v":10},{"$f":"E707+0.0416666666666666","v":43860.416666664954},13.67,"Valid",10.16,31.48,"Valid",20.59,null,null,13.67,10.16,31.48,20.59,31.48,20.59,13.67,10.16]
[2020,1,30,11,43860.458333331619,16.61,"Valid",10.57,28.66,"Valid",21.16,null,null,16.61,10.57,28.66,21.16,28.66,21.16,16.61,10.57]
[2020,1,30,12,43860.499999998283,11.65,"Valid",10.83,22.81,"Valid",21.61,null,null,11.65,10.83,22.81,21.61,22.81,21.61,11.65,10.83]
[2020,1,30,13,43860.541666664947,8.59,"Valid",10.82,17.59,"Valid",21.68,null,null,8.59,10.82,17.59,21.68,17.59,21.68,8.59,10.82]
[2020,1,30,14,43860.583333331611,8.56,"Valid",10.75,20.12,"Valid",21.77,null,null,8.56,10.75,20.12,21.77,20.12,21.77,8.56,10.75]
[2020,1,30,15,43860.624999998276,9.3000000000000007,"Valid",10.81,22.87,"Valid",21.92,null,null,9.3000000000000007,10.81,22.87,21.92,22.87,21.92,9.3000000000000007,10.81]
[2020,1,30,16,43860.66666666494,7.98,"Valid",10.86,23.28,"Valid",22.07,null,null,7.98,10.86,23.28,22.07,23.28,22.07,7.98,10.86]
[2020,1,30,17,43860.708333331604,5.38,"Valid",10.85,22.19,"Valid",22.36,null,null,5.38,10.85,22.19,22.36,22.19,22.36,5.38,10.85]
[2020,1,30,18,43860.749999998268,10,"Valid",10.93,28.25,"Valid",22.81,null,null,10,10.93,28.25,22.81,28.25,22.81,10,10.93]
[2020,1,30,19,43860.791666664933,11.99,"Valid",11.13,32.56,"Valid",23.44,null,null,11.99,11.13,32.56,23.44,32.56,23.44,11.99,11.13]
[2020,1,30,20,43860.833333331597,7.94,"Valid",11.07,35.549999999999997,"Valid",24.13,null,null,7.94,11.07,35.549999999999997,24.13,35.549999999999997,24.13,7.94,11.07]
[2020,1,30,21,43860.874999998261,9.84,"Valid",11.17,39.08,"Valid",24.97,null,null,9.84,11.17,39.08,24.97,39.08,24.97,9.84,11.17]
[2020,1,30,22,43860.916666664925,8.18,"Valid",11.28,37.590000000000003,"Valid",25.88,null,null,8.18,11.28,37.590000000000003,25.88,37.590000000000003,25.88,8.18,11.28]
[2020,1,30,23,43860.95833333159,7.64,"Valid",11.35,27.26,"Valid",26.39,null,null,7.64,11.35,27.26,26.39,27.26,26.39,7.64,11.35]
[2020,1,31,0,43860.999999998254,5.49,"Valid",11.08,24.26,"Valid",25.88,null,null,5.49,11.08,24.26,25.88,24.26,25.88,5.49,11.08]
[2020,1,31,1,43861.041666664918,9.34,"Valid",10.91,26.47,"Valid",25.81,null,null,9.34,10.91,26.47,25.81,26.47,25.81,9.34,10.91]
[2020,1,31,2,43861.083333331582,6.85,"Valid",10.51,16.829999999999998,"Valid",25.48,null,null,6.85,10.51,16.829999999999998,25.48,16.829999999999998,25.48,6.85,10.51]
[2020,1,31,3,43861.124999998246,9.8699999999999992,"Valid",10.42,17.61,"Valid",25.39,null,null,9.8699999999999992,10.42,17.61,25.39,17.61,25.39,9.8699999999999992,10.42]
[2020,1,31,4,43861.166666664911,8.9700000000000006,"Valid",10.35,17.04,"Valid",25.43,null,null,8.9700000000000006,10.35,17.04,25.43,17.04,25.43,8.9700000000000006,10.35]
[2020,1,31,5,43861.208333331575,7.94,"Valid",10.24,15.69,"Valid",25.4,null,null,7.94,10.24,15.69,25.4,15.69,25.4,7.94,10.24]
[2020,1,31,6,43861.249999998239,8.17,"Valid",10.02,16.5,"Valid",25.13,null,null,8.17,10.02,16.5,25.13,16.5,25.13,8.17,10.02]
[2020,1,31,7,43861.291666664903,6.52,"Valid",9.57,16.239999999999998,"Valid",24.65,null,null,6.52,9.57,16.239999999999998,24.65,16.239999999999998,24.65,6.52,9.57]
[2020,1,31,8,43861.333333331568,10.85,"Valid",9.4700000000000006,20.57,"Valid",24.54,null,null,10.85,9.4700000000000006,20.57,24.54,20.57,24.54,10.85,9.4700000000000006]
[2020,1,{"$f":"C707+1","v":31},9,43861.374999998232,8.2899999999999991,"Valid",9.15,17.86,"Valid",24.1,null,null,8.2899999999999991,9.15,17.86,24.1,17.86,24.1,8.2899999999999991,9.15]
[{"$f":"A731","v":2020},1,31,10,43861.416666664896,8.2899999999999991,"Valid",8.93,17.86,"Valid",23.53,null,null,8.2899999999999991,8.93,17.86,23.53,17.86,23.53,8.2899999999999991,8.93]
[2020,1,31,11,43861.45833333156,{"$f":"NA()","v":{"$error":"#N/A"}},"Invalid",{"$f":"NA()","v":{"$error":"#N/A"}},{"$f":"NA()","v":{"$error":"#N/A"}},"Invalid",{"$f":"NA()","v":{"$error":"#N/A"}},"Power Failure","Power outage",{"$f":"IF(G733=\"Valid\", F734, NA())","v":{"$error":"#N/A"}},{"$error":"#N/A"},{"$error":"#N/A"},{"$error":"#N/A"}]
[2020,1,31,12,43861.499999998225,{"$f":"NA()","v":{"$error":"#N/A"}},"Invalid",{"$f":"NA()","v":{"$error":"#N/A"}},{"$f":"NA()","v":{"$error":"#N/A"}},"Invalid",{"$f":"NA()","v":{"$error":"#N/A"}},"Power Failure","Power outage",{"$f":"IF(G734=\"Valid\",#REF!, NA())","v":{"$error":"#N/A"}},{"$error":"#N/A"},{"$error":"#N/A"},{"$error":"#N/A"}]
[2020,1,31,13,43861.541666664889,9.83,"Valid",8.51,24.48,"Valid",23.64,null,null,9.83,8.51,24.48,23.64,24.48,23.64,9.83,8.51]
[{"$f":"A735","v":2020},1,31,14,43861.583333331553,5.16,"Valid",8.36,18.54,"Valid",23.57,null,null,5.16,8.36,18.54,23.57,18.54,23.57,5.16,8.36]
[{"$f":"A736","v":2020},1,31,15,43861.624999998217,9.76,"Valid",8.3800000000000008,24.3,"Valid",23.64,null,null,9.76,8.3800000000000008,24.3,23.64,24.3,23.64,9.76,8.3800000000000008]
[{"$f":"A737","v":2020},1,31,16,43861.666666664882,11.64,"Valid",8.5399999999999991,24.13,"Valid",23.68,null,null,11.64,8.5399999999999991,24.13,23.68,24.13,23.68,11.64,8.5399999999999991]
[{"$f":"A738","v":2020},1,31,17,43861.708333331546,12.12,"Valid",8.85,31.01,"Valid",24.08,null,null,12.12,8.85,31.01,24.08,31.01,24.08,12.12,8.85]
[{"$f":"A739","v":2020},1,31,18,43861.74999999821,10.67,"Valid",8.8800000000000008,43.45,"Valid",24.77,null,null,10.67,8.8800000000000008,43.45,24.77,43.45,24.77,10.67,8.8800000000000008]
[{"$f":"A740","v":2020},1,31,19,43861.791666664874,12.04,"Valid",8.8800000000000008,35.119999999999997,"Valid",24.88,null,null,12.04,8.8800000000000008,35.119999999999997,24.88,35.119999999999997,24.88,12.04,8.8800000000000008]
[{"$f":"A741","v":2020},1,31,20,43861.833333331539,10.98,"Valid",9.02,32.659999999999997,"Valid",24.75,null,null,10.98,9.02,32.659999999999997,24.75,32.659999999999997,24.75,10.98,9.02]
[{"$f":"A742","v":2020},1,31,21,43861.874999998203,7.47,"Valid",8.91,26.94,"Valid",24.2,null,null,7.47,8.91,26.94,24.2,26.94,24.2,7.47,8.91]
[{"$f":"A743","v":2020},1,31,22,43861.916666664867,9.1999999999999993,"Valid",8.9600000000000009,25.39,"Valid",23.65,null,null,9.1999999999999993,8.9600000000000009,25.39,23.65,25.39,23.65,9.1999999999999993,8.9600000000000009]
[{"$f":"A744","v":2020},1,31,23,43861.958333331531,6.94,"Valid",8.93,21.04,"Valid",23.36,null,null,6.94,8.93,21.04,23.36,21.04,23.36,6.94,8.93]

{"sheet":"Raw data_format","index":4,"n_rows":8,"n_cols":6,"rows_kept":8,"cut":false,"hidden":false,"merged":[]}
["Parameter","Format","Comment","Units of measure","Minimum","Maximum"]
["Year","yyyy","4 integer format","Not applicable",2015,"Until reporting ceases"]
["Month","mm","2 integer format","Not applicable",1,12]
["Day","dd","2 integer format","Not applicable",1,31]
["Hour","hh","2 integer format","Not applicable",0,23]
["PM10",0,"1 decimal place resolution","µg/m3","Negative","Instrument specific"]
["PM2.5",0,"2 decimal place resolution","µg/m3","Negative","Instrument specific"]
["Status","Text","7 character format","Not applicable","Valid","Invalid"]

{"sheet":"Sheet1","index":7,"n_rows":0,"n_cols":0,"rows_kept":0,"cut":false,"hidden":false,"merged":[]}