{"text_format":"1","workbook":"xlsx","n_sheets":7,"sheets":["Instructions","Meta data_sheet","Meta data_lookup","Raw data_sheet","Raw data_format","24hr_PM10_chart","24hr_PM2.5_chart"],"not_rendered":{"charts":4,"images":0,"macros":1,"external_links":0,"defined_names":10,"comments":0,"pivot_tables":0},"unopened":[{"sheet":"24hr_PM10_chart","index":5,"reason":"not_a_worksheet"},{"sheet":"24hr_PM2.5_chart","index":6,"reason":"not_a_worksheet"}],"bounds":{"document_bytes":16777216,"sheet_cells":100000,"rows_first":2000,"rows_last":500,"rows_between":2000,"halvings":0,"cell_chars":16384,"cell_head_chars":4096},"cells_cut":0,"cells_raw":0,"read":"whole","date_system":"1900"}

{"sheet":"Instructions","index":0,"n_rows":0,"n_cols":0,"rows_kept":0,"cut":false,"hidden":false,"merged":[]}

{"sheet":"Meta data_sheet","index":1,"n_rows":17,"n_cols":5,"rows_kept":17,"cut":false,"hidden":false,"merged":[[18,0,18,1],[16,0,16,1]]}
["Ambient Monitoring Station","Details",null,"Ambient Monitoring Results","Details"]
["Location","Breeza",null,"PM2.5 monitoring start (dd/mm/yyyy hh:mm)","2018-04-09"]
["Easting",{"$f":"VLOOKUP($B$2,'Meta data_lookup'!$A$2:$D$5,2,FALSE)","v":237993},null,"PM2.5 monitoring end","2018-04-16"]
["Northing",{"$f":"VLOOKUP($B$2,'Meta data_lookup'!$A$2:$D$5,3,FALSE)","v":6542606},null,"PM2.5 monitoring period (h)",{"$f":"(E3-E2)*24","v":168}]
["Site elevation (m)",{"$f":"VLOOKUP($B$2,'Meta data_lookup'!$A$2:$D$5,4,FALSE)","v":"ND"},null,"Number of valid PM2.5 results",{"$f":"COUNTIF('Raw data_sheet'!G2:G745,\"Valid\")","v":166}]
["Description of surrounding land use","Agriculture",null,"Proportion of valid PM2.5 results (%)",{"$f":"E5/E4","v":0.98809523809523814}]
["Typical sources impacting on the site","Agriculture/Gravel roads",null,"PM10 monitoring start (dd/mm/yyyy hh:mm)","2018-04-09"]
["Site compliance with AS/NZS 3580.1.1:2007","Yes",null,"PM10 monitoring end","2018-04-16"]
["PM2.5 method compliance with AS/NZS 3580.9.13:2013\n","Yes",null,"PM10 monitoring period (h)",{"$f":"(E8-E7)*24","v":168}]
["PM2.5 instrument make","Thermo",null,"Number of valid PM10 results",{"$f":"COUNTIF('Raw data_sheet'!J2:J745,\"Valid\")","v":168}]
["PM2.5 instrument model","1405DF",null,"Proportion of valid PM10 results (%)",{"$f":"E10/E9","v":1}]
["PM2.5 instrument intake height (m)",3.5]
["PM10 method compliance with AS 3580.9.8-2008\n","No*"]
["PM10 instrument make","Thermo"]
["PM10 instrument model","1405DF"]
["PM10 instrument intake height (m)",3.5]
["*The 1405DF TEOM used at this site measures PM10 indirectly rather than directly. The unit does however meet the intent of AS 3580.9.8-2008, and this method has been accredited by the USEPA. It is considered scientifically robust and is used extensively throughout NSW with EPA's knowledge and informal acceptance."]

{"sheet":"Meta data_lookup","index":2,"n_rows":5,"n_cols":4,"rows_kept":5,"cut":false,"hidden":false,"merged":[]}
["Location","Easting","Northing","Site elevation (m)"]
["Maules Creek",225302,6623037,"ND"]
["Breeza",237993,6542606,"ND"]
["Will-gai",231804,6596392,"ND"]
["Werris Creek",276783,6528734,"ND"]

{"sheet":"Raw data_sheet","index":3,"n_rows":745,"n_cols":21,"rows_kept":745,"cut":false,"hidden":false,"merged":[]}
["Year","Month","Day","Hour","Date and time","PM2.5_hourly","PM2.5_Data_Status","PM2.5_24hr_rolling_average","PM10_hourly","PM10_Data_Status","PM10_24hr_rolling_average","Cause of data invalidity, if applicable","Detailed comments","PM2.5_hourly_valid_plot","PM2.5_24hr_rolling_ave_valid_plot","PM10_hourly_valid_plot","PM10_24hr_rolling_ave_valid_plot","PM10_hourly_valid_plot_series","PM10_24hr_rolling_average_valid_plot_series","PM2.5_hourly_valid_plot_series","PM2.5_24hr_rolling_average_valid_plot_series"]
[2018,4,1,0,{"$f":"DATE(A2,B2,C2)+TIME(D2,0,0)","v":43191},null,null,null,null,null,null,null,null,{"$f":"IF(G2=\"Valid\", F2, NA())","v":{"$error":"#N/A"}},{"$f":"IF(G2=\"Valid\", H2, NA())","v":{"$error":"#N/A"}},{"$f":"IF(J2=\"Valid\", I2, NA())","v":{"$error":"#N/A"}},{"$f":"IF(J2=\"Valid\", K2, NA())","v":{"$error":"#N/A"}}]
[{"$f":"A2","v":2018},{"$f":"B2","v":4},{"$f":"C2","v":1},{"$f":"IF(D2=23,0,D2+1)","v":1},{"$f":"E2+0.0416666666666666","v":43191.041666666664},null,null,null,null,null,null,null,null,{"$error":"#N/A"},{"$error":"#N/A"},{"$error":"#N/A"},{"$error":"#N/A"}]
[{"$f":"A3","v":2018},{"$f":"B3","v":4},1,{"$f":"IF(D3=23,0,D3+1)","v":2},{"$f":"E3+0.0416666666666666","v":43191.083333333328},null,null,null,null,null,null,null,null,{"$error":"#N/A"},{"$error":"#N/A"},{"$error":"#N/A"},{"$error":"#N/A"}]
[2018,4,1,3,43191.124999999993,null,null,null,null,null,null,null,null,{"$error":"#N/A"},{"$error":"#N/A"},{"$error":"#N/A"},{"$error":"#N/A"}]
[2018,4,1,4,43191.166666666657,null,null,null,null,null,null,null,null,{"$error":"#N/A"},{"$error":"#N/A"},{"$error":"#N/A"},{"$error":"#N/A"}]
[2018,4,1,5,43191.208333333321,null,null,null,null,null,null,null,null,{"$error":"#N/A"},{"$error":"#N/A"},{"$error":"#N/A"},{"$error":"#N/A"}]
[2018,4,1,6,43191.249999999985,null,null,null,null,null,null,null,null,{"$error":"#N/A"},{"$error":"#N/A"},{"$error":"#N/A"},{"$error":"#N/A"}]
[2018,4,1,7,43191.29166666665,null,null,null,null,null,null,null,null,{"$error":"#N/A"},{"$error":"#N/A"},{"$error":"#N/A"},{"$error":"#N/A"}]
[2018,4,1,8,43191.333333333314,null,null,null,null,null,null,null,null,{"$error":"#N/A"},{"$error":"#N/A"},{"$error":"#N/A"},{"$error":"#N/A"}]
[2018,4,1,9,43191.374999999978,null,null,null,null,null,null,null,null,{"$error":"#N/A"},{"$error":"#N/A"},{"$error":"#N/A"},{"$error":"#N/A"}]
[2018,4,1,10,43191.416666666642,null,null,null,null,null,null,null,null,{"$error":"#N/A"},{"$error":"#N/A"},{"$error":"#N/A"},{"$error":"#N/A"}]
[2018,4,1,11,43191.458333333307,null,null,null,null,null,null,null,null,{"$error":"#N/A"},{"$error":"#N/A"},{"$error":"#N/A"},{"$error":"#N/A"}]
[2018,4,1,12,43191.499999999971,null,null,null,null,null,null,null,null,{"$error":"#N/A"},{"$error":"#N/A"},{"$error":"#N/A"},{"$error":"#N/A"}]
[2018,4,1,13,43191.541666666635,null,null,null,null,null,null,null,null,{"$error":"#N/A"},{"$error":"#N/A"},{"$error":"#N/A"},{"$error":"#N/A"}]
[2018,4,1,14,43191.583333333299,null,null,null,null,null,null,null,null,{"$error":"#N/A"},{"$error":"#N/A"},{"$error":"#N/A"},{"$error":"#N/A"}]
[2018,4,1,15,43191.624999999964,null,null,null,null,null,null,null,null,{"$error":"#N/A"},{"$error":"#N/A"},{"$error":"#N/A"},{"$error":"#N/A"}]
[2018,4,1,16,43191.666666666628,null,null,null,null,null,null,null,null,{"$error":"#N/A"},{"$error":"#N/A"},{"$error":"#N/A"},{"$error":"#N/A"}]
[2018,4,1,17,43191.708333333292,null,null,null,null,null,null,null,null,{"$error":"#N/A"},{"$error":"#N/A"},{"$error":"#N/A"},{"$error":"#N/A"}]
[2018,4,1,18,43191.749999999956,null,null,null,null,null,null,null,null,{"$error":"#N/A"},{"$error":"#N/A"},{"$error":"#N/A"},{"$error":"#N/A"}]
[2018,4,1,19,43191.791666666621,null,null,null,null,null,null,null,null,{"$error":"#N/A"},{"$error":"#N/A"},{"$error":"#N/A"},{"$error":"#N/A"}]
[2018,4,1,20,43191.833333333285,null,null,null,null,null,null,null,null,{"$error":"#N/A"},{"$error":"#N/A"},{"$error":"#N/A"},{"$error":"#N/A"}]
[2018,4,1,21,43191.874999999949,null,null,null,null,null,null,null,null,{"$error":"#N/A"},{"$error":"#N/A"},{"$error":"#N/A"},{"$error":"#N/A"}]
[2018,4,1,22,43191.916666666613,null,null,null,null,null,null,null,null,{"$error":"#N/A"},{"$error":"#N/A"},{"$error":"#N/A"},{"$error":"#N/A"}]
[2018,{"$f":"B24","v":4},{"$f":"C24","v":1},23,43191.958333333278,null,null,null,null,null,null,null,null,{"$error":"#N/A"},{"$error":"#N/A"},{"$error":"#N/A"},{"$error":"#N/A"}]
[2018,{"$f":"B25","v":4},{"$f":"C2+1","v":2},0,43191.999999999942,null,null,null,null,null,null,null,null,{"$error":"#N/A"},{"$error":"#N/A"},{"$error":"#N/A"},{"$error":"#N/A"}]
[2018,{"$f":"B26","v":4},{"$f":"C3+1","v":2},1,43192.041666666606,null,null,null,null,null,null,null,null,{"$error":"#N/A"},{"$error":"#N/A"},{"$error":"#N/A"},{"$error":"#N/A"}]
[2018,4,2,2,43192.08333333327,null,null,null,null,null,null,null,null,{"$error":"#N/A"},{"$error":"#N/A"},{"$error":"#N/A"},{"$error":"#N/A"}]
[2018,4,2,3,43192.124999999935,null,null,null,null,null,null,null,null,{"$error":"#N/A"},{"$error":"#N/A"},{"$error":"#N/A"},{"$error":"#N/A"}]
[2018,4,2,4,43192.166666666599,null,null,null,null,null,null,null,null,{"$error":"#N/A"},{"$error":"#N/A"},{"$error":"#N/A"},{"$error":"#N/A"}]
[2018,4,2,5,43192.208333333263,null,null,null,null,null,null,null,null,{"$error":"#N/A"},{"$error":"#N/A"},{"$error":"#N/A"},{"$error":"#N/A"}]
[2018,4,2,6,43192.249999999927,null,null,null,null,null,null,null,null,{"$error":"#N/A"},{"$error":"#N/A"},{"$error":"#N/A"},{"$error":"#N/A"}]
[2018,4,2,7,43192.291666666591,null,null,null,null,null,null,null,null,{"$error":"#N/A"},{"$error":"#N/A"},{"$error":"#N/A"},{"$error":"#N/A"}]
[2018,4,2,8,43192.333333333256,null,null,null,null,null,null,null,null,{"$error":"#N/A"},{"$error":"#N/A"},{"$error":"#N/A"},{"$error":"#N/A"}]
[2018,4,2,9,43192.37499999992,null,null,null,null,null,null,null,null,{"$error":"#N/A"},{"$error":"#N/A"},{"$error":"#N/A"},{"$error":"#N/A"}]
[2018,4,2,10,43192.416666666584,null,null,null,null,null,null,null,null,{"$error":"#N/A"},{"$error":"#N/A"},{"$error":"#N/A"},{"$error":"#N/A"}]
[2018,4,2,11,43192.458333333248,null,null,null,null,null,null,null,null,{"$error":"#N/A"},{"$error":"#N/A"},{"$error":"#N/A"},{"$error":"#N/A"}]
[2018,4,2,12,43192.499999999913,null,null,null,null,null,null,null,null,{"$error":"#N/A"},{"$error":"#N/A"},{"$error":"#N/A"},{"$error":"#N/A"}]
[2018,4,2,13,43192.541666666577,null,null,null,null,null,null,null,null,{"$error":"#N/A"},{"$error":"#N/A"},{"$error":"#N/A"},{"$error":"#N/A"}]
[2018,4,2,14,43192.583333333241,null,null,null,null,null,null,null,null,{"$error":"#N/A"},{"$error":"#N/A"},{"$error":"#N/A"},{"$error":"#N/A"}]
[2018,4,2,15,43192.624999999905,null,null,null,null,null,null,null,null,{"$error":"#N/A"},{"$error":"#N/A"},{"$error":"#N/A"},{"$error":"#N/A"}]
[2018,4,2,16,43192.66666666657,null,null,null,null,null,null,null,null,{"$error":"#N/A"},{"$error":"#N/A"},{"$error":"#N/A"},{"$error":"#N/A"}]
[2018,4,2,17,43192.708333333234,null,null,null,null,null,null,null,null,{"$error":"#N/A"},{"$error":"#N/A"},{"$error":"#N/A"},{"$error":"#N/A"}]
[2018,4,2,18,43192.749999999898,null,null,null,null,null,null,null,null,{"$error":"#N/A"},{"$error":"#N/A"},{"$error":"#N/A"},{"$error":"#N/A"}]
[2018,4,2,19,43192.791666666562,null,null,null,null,null,null,null,null,{"$error":"#N/A"},{"$error":"#N/A"},{"$error":"#N/A"},{"$error":"#N/A"}]
[2018,4,2,20,43192.833333333227,null,null,null,null,null,null,null,null,{"$error":"#N/A"},{"$error":"#N/A"},{"$error":"#N/A"},{"$error":"#N/A"}]
[2018,4,2,21,43192.874999999891,null,null,null,null,null,null,null,null,{"$error":"#N/A"},{"$error":"#N/A"},{"$error":"#N/A"},{"$error":"#N/A"}]
[2018,4,2,22,43192.916666666555,null,null,null,null,null,null,null,null,{"$error":"#N/A"},{"$error":"#N/A"},{"$error":"#N/A"},{"$error":"#N/A"}]
[2018,4,2,23,43192.958333333219,null,null,null,null,null,null,null,null,{"$error":"#N/A"},{"$error":"#N/A"},{"$error":"#N/A"},{"$error":"#N/A"}]
[2018,4,3,0,43192.999999999884,null,null,null,null,null,null,null,null,{"$error":"#N/A"},{"$error":"#N/A"},{"$error":"#N/A"},{"$error":"#N/A"}]
[2018,4,3,1,43193.041666666548,null,null,null,null,null,null,null,null,{"$error":"#N/A"},{"$error":"#N/A"},{"$error":"#N/A"},{"$error":"#N/A"}]
[2018,4,3,2,43193.083333333212,null,null,null,null,null,null,null,null,{"$error":"#N/A"},{"$error":"#N/A"},{"$error":"#N/A"},{"$error":"#N/A"}]
[2018,4,3,3,43193.124999999876,null,null,null,null,null,null,null,null,{"$error":"#N/A"},{"$error":"#N/A"},{"$error":"#N/A"},{"$error":"#N/A"}]
[2018,4,3,4,43193.166666666541,null,null,null,null,null,null,null,null,{"$error":"#N/A"},{"$error":"#N/A"},{"$error":"#N/A"},{"$error":"#N/A"}]
[2018,4,3,5,43193.208333333205,null,null,null,null,null,null,null,null,{"$error":"#N/A"},{"$error":"#N/A"},{"$error":"#N/A"},{"$error":"#N/A"}]
[2018,4,3,6,43193.249999999869,null,null,null,null,null,null,null,null,{"$error":"#N/A"},{"$error":"#N/A"},{"$error":"#N/A"},{"$error":"#N/A"}]
[2018,4,3,7,43193.291666666533,null,null,null,null,null,null,null,null,{"$error":"#N/A"},{"$error":"#N/A"},{"$error":"#N/A"},{"$error":"#N/A"}]
[2018,4,3,8,43193.333333333198,null,null,null,null,null,null,null,null,{"$error":"#N/A"},{"$error":"#N/A"},{"$error":"#N/A"},{"$error":"#N/A"}]
[2018,4,3,9,43193.374999999862,null,null,null,null,null,null,null,null,{"$error":"#N/A"},{"$error":"#N/A"},{"$error":"#N/A"},{"$error":"#N/A"}]
[2018,4,3,10,43193.416666666526,null,null,null,null,null,null,null,null,{"$error":"#N/A"},{"$error":"#N/A"},{"$error":"#N/A"},{"$error":"#N/A"}]
[2018,4,3,11,43193.45833333319,null,null,null,null,null,null,null,null,{"$error":"#N/A"},{"$error":"#N/A"},{"$error":"#N/A"},{"$error":"#N/A"}]
[2018,4,3,12,43193.499999999854,null,null,null,null,null,null,null,null,{"$error":"#N/A"},{"$error":"#N/A"},{"$error":"#N/A"},{"$error":"#N/A"}]
[2018,4,3,13,43193.541666666519,null,null,null,null,null,null,null,null,{"$error":"#N/A"},{"$error":"#N/A"},{"$error":"#N/A"},{"$error":"#N/A"}]
[2018,4,3,14,43193.583333333183,null,null,null,null,null,null,null,null,{"$error":"#N/A"},{"$error":"#N/A"},{"$error":"#N/A"},{"$error":"#N/A"}]
[2018,4,3,15,43193.624999999847,null,null,null,null,null,null,null,null,{"$error":"#N/A"},{"$error":"#N/A"},{"$error":"#N/A"},{"$error":"#N/A"}]
[2018,4,3,16,43193.666666666511,null,null,null,null,null,null,null,null,{"$f":"IF(G66=\"Valid\", F66, NA())","v":{"$error":"#N/A"}},{"$f":"IF(G66=\"Valid\", H66, NA())","v":{"$error":"#N/A"}},{"$f":"IF(J66=\"Valid\", I66, NA())","v":{"$error":"#N/A"}},{"$f":"IF(J66=\"Valid\", K66, NA())","v":{"$error":"#N/A"}}]
[2018,4,3,17,43193.708333333176,null,null,null,null,null,null,null,null,{"$error":"#N/A"},{"$error":"#N/A"},{"$error":"#N/A"},{"$error":"#N/A"}]
[{"$f":"A67","v":2018},4,3,{"$f":"IF(D67=23,0,D67+1)","v":18},{"$f":"E67+0.0416666666666666","v":43193.74999999984},null,null,null,null,null,null,null,null,{"$error":"#N/A"},{"$error":"#N/A"},{"$error":"#N/A"},{"$error":"#N/A"}]
[2018,4,3,19,43193.791666666504,null,null,null,null,null,null,null,null,{"$error":"#N/A"},{"$error":"#N/A"},{"$error":"#N/A"},{"$error":"#N/A"}]
[2018,4,3,20,43193.833333333168,null,null,null,null,null,null,null,null,{"$error":"#N/A"},{"$error":"#N/A"},{"$error":"#N/A"},{"$error":"#N/A"}]
[2018,4,3,21,43193.874999999833,null,null,null,null,null,null,null,null,{"$error":"#N/A"},{"$error":"#N/A"},{"$error":"#N/A"},{"$error":"#N/A"}]
[2018,4,3,22,43193.916666666497,null,null,null,null,null,null,null,null,{"$error":"#N/A"},{"$error":"#N/A"},{"$error":"#N/A"},{"$error":"#N/A"}]
[2018,4,3,23,43193.958333333161,null,null,null,null,null,null,null,null,{"$error":"#N/A"},{"$error":"#N/A"},{"$error":"#N/A"},{"$error":"#N/A"}]
[2018,4,4,0,43193.999999999825,null,null,null,null,null,null,null,null,{"$error":"#N/A"},{"$error":"#N/A"},{"$error":"#N/A"},{"$error":"#N/A"}]
[2018,4,4,1,43194.04166666649,null,null,null,null,null,null,null,null,{"$error":"#N/A"},{"$error":"#N/A"},{"$error":"#N/A"},{"$error":"#N/A"}]
[2018,4,4,2,43194.083333333154,null,null,null,null,null,null,null,null,{"$error":"#N/A"},{"$error":"#N/A"},{"$error":"#N/A"},{"$error":"#N/A"}]
[2018,4,4,3,43194.124999999818,null,null,null,null,null,null,null,null,{"$error":"#N/A"},{"$error":"#N/A"},{"$error":"#N/A"},{"$error":"#N/A"}]
[2018,4,4,4,43194.166666666482,null,null,null,null,null,null,null,null,{"$error":"#N/A"},{"$error":"#N/A"},{"$error":"#N/A"},{"$error":"#N/A"}]
[2018,4,4,5,43194.208333333147,null,null,null,null,null,null,null,null,{"$error":"#N/A"},{"$error":"#N/A"},{"$error":"#N/A"},{"$error":"#N/A"}]
[2018,4,4,6,43194.249999999811,null,null,null,null,null,null,null,null,{"$error":"#N/A"},{"$error":"#N/A"},{"$error":"#N/A"},{"$error":"#N/A"}]
[2018,4,4,7,43194.291666666475,null,null,null,null,null,null,null,null,{"$error":"#N/A"},{"$error":"#N/A"},{"$error":"#N/A"},{"$error":"#N/A"}]
[2018,4,4,8,43194.333333333139,null,null,null,null,null,null,null,null,{"$error":"#N/A"},{"$error":"#N/A"},{"$error":"#N/A"},{"$error":"#N/A"}]
[2018,4,4,9,43194.374999999804,null,null,null,null,null,null,null,null,{"$error":"#N/A"},{"$error":"#N/A"},{"$error":"#N/A"},{"$error":"#N/A"}]
[2018,4,4,10,43194.416666666468,null,null,null,null,null,null,null,null,{"$error":"#N/A"},{"$error":"#N/A"},{"$error":"#N/A"},{"$error":"#N/A"}]
[2018,4,4,11,43194.458333333132,null,null,null,null,null,null,null,null,{"$error":"#N/A"},{"$error":"#N/A"},{"$error":"#N/A"},{"$error":"#N/A"}]
[2018,4,4,12,43194.499999999796,null,null,null,null,null,null,null,null,{"$error":"#N/A"},{"$error":"#N/A"},{"$error":"#N/A"},{"$error":"#N/A"}]
[2018,4,4,13,43194.541666666461,null,null,null,null,null,null,null,null,{"$error":"#N/A"},{"$error":"#N/A"},{"$error":"#N/A"},{"$error":"#N/A"}]
[2018,4,4,14,43194.583333333125,null,null,null,null,null,null,null,null,{"$error":"#N/A"},{"$error":"#N/A"},{"$error":"#N/A"},{"$error":"#N/A"}]
[2018,4,4,15,43194.624999999789,null,null,null,null,null,null,null,null,{"$error":"#N/A"},{"$error":"#N/A"},{"$error":"#N/A"},{"$error":"#N/A"}]
[2018,4,4,16,43194.666666666453,null,null,null,null,null,null,null,null,{"$error":"#N/A"},{"$error":"#N/A"},{"$error":"#N/A"},{"$error":"#N/A"}]
[2018,{"$f":"B90","v":4},{"$f":"C67+1","v":4},17,43194.708333333117,null,null,null,null,null,null,null,null,{"$error":"#N/A"},{"$error":"#N/A"},{"$error":"#N/A"},{"$error":"#N/A"}]
[2018,4,4,18,43194.749999999782,null,null,null,null,null,null,null,null,{"$error":"#N/A"},{"$error":"#N/A"},{"$error":"#N/A"},{"$error":"#N/A"}]
[2018,4,4,19,43194.791666666446,null,null,null,null,null,null,null,null,{"$error":"#N/A"},{"$error":"#N/A"},{"$error":"#N/A"},{"$error":"#N/A"}]
[2018,4,4,20,43194.83333333311,null,null,null,null,null,null,null,null,{"$error":"#N/A"},{"$error":"#N/A"},{"$error":"#N/A"},{"$error":"#N/A"}]
[2018,4,4,21,43194.874999999774,null,null,null,null,null,null,null,null,{"$error":"#N/A"},{"$error":"#N/A"},{"$error":"#N/A"},{"$error":"#N/A"}]
[2018,4,4,22,43194.916666666439,null,null,null,null,null,null,null,null,{"$error":"#N/A"},{"$error":"#N/A"},{"$error":"#N/A"},{"$error":"#N/A"}]
[2018,4,4,23,43194.958333333103,null,null,null,null,null,null,null,null,{"$error":"#N/A"},{"$error":"#N/A"},{"$error":"#N/A"},{"$error":"#N/A"}]
[2018,4,5,0,43194.999999999767,null,null,null,null,null,null,null,null,{"$error":"#N/A"},{"$error":"#N/A"},{"$error":"#N/A"},{"$error":"#N/A"}]
[2018,4,5,1,43195.041666666431,null,null,null,null,null,null,null,null,{"$error":"#N/A"},{"$error":"#N/A"},{"$error":"#N/A"},{"$error":"#N/A"}]
[2018,4,5,2,43195.083333333096,null,null,null,null,null,null,null,null,{"$error":"#N/A"},{"$error":"#N/A"},{"$error":"#N/A"},{"$error":"#N/A"}]
[2018,4,5,3,43195.12499999976,null,null,null,null,null,null,null,null,{"$error":"#N/A"},{"$error":"#N/A"},{"$error":"#N/A"},{"$error":"#N/A"}]
[2018,4,5,4,43195.166666666424,null,null,null,null,null,null,null,null,{"$error":"#N/A"},{"$error":"#N/A"},{"$error":"#N/A"},{"$error":"#N/A"}]
[2018,4,5,5,43195.208333333088,null,null,null,null,null,null,null,null,{"$error":"#N/A"},{"$error":"#N/A"},{"$error":"#N/A"},{"$error":"#N/A"}]
[2018,4,5,6,43195.249999999753,null,null,null,null,null,null,null,null,{"$error":"#N/A"},{"$error":"#N/A"},{"$error":"#N/A"},{"$error":"#N/A"}]
[2018,4,5,7,43195.291666666417,null,null,null,null,null,null,null,null,{"$error":"#N/A"},{"$error":"#N/A"},{"$error":"#N/A"},{"$error":"#N/A"}]
[2018,4,5,8,43195.333333333081,null,null,null,null,null,null,null,null,{"$error":"#N/A"},{"$error":"#N/A"},{"$error":"#N/A"},{"$error":"#N/A"}]
[2018,4,5,9,43195.374999999745,null,null,null,null,null,null,null,null,{"$error":"#N/A"},{"$error":"#N/A"},{"$error":"#N/A"},{"$error":"#N/A"}]
[2018,4,5,10,43195.41666666641,null,null,null,null,null,null,null,null,{"$error":"#N/A"},{"$error":"#N/A"},{"$error":"#N/A"},{"$error":"#N/A"}]
[2018,4,5,11,43195.458333333074,null,null,null,null,null,null,null,null,{"$error":"#N/A"},{"$error":"#N/A"},{"$error":"#N/A"},{"$error":"#N/A"}]
[2018,4,5,12,43195.499999999738,null,null,null,null,null,null,null,null,{"$error":"#N/A"},{"$error":"#N/A"},{"$error":"#N/A"},{"$error":"#N/A"}]
[2018,4,5,13,43195.541666666402,null,null,null,null,null,null,null,null,{"$error":"#N/A"},{"$error":"#N/A"},{"$error":"#N/A"},{"$error":"#N/A"}]
[2018,4,5,14,43195.583333333067,null,null,null,null,null,null,null,null,{"$error":"#N/A"},{"$error":"#N/A"},{"$error":"#N/A"},{"$error":"#N/A"}]
[2018,4,5,15,43195.624999999731,null,null,null,null,null,null,null,null,{"$error":"#N/A"},{"$error":"#N/A"},{"$error":"#N/A"},{"$error":"#N/A"}]
[2018,4,5,16,43195.666666666395,null,null,null,null,null,null,null,null,{"$error":"#N/A"},{"$error":"#N/A"},{"$error":"#N/A"},{"$error":"#N/A"}]
[2018,4,5,17,43195.708333333059,null,null,null,null,null,null,null,null,{"$error":"#N/A"},{"$error":"#N/A"},{"$error":"#N/A"},{"$error":"#N/A"}]
[2018,4,5,18,43195.749999999724,null,null,null,null,null,null,null,null,{"$error":"#N/A"},{"$error":"#N/A"},{"$error":"#N/A"},{"$error":"#N/A"}]
[2018,4,5,19,43195.791666666388,null,null,null,null,null,null,null,null,{"$error":"#N/A"},{"$error":"#N/A"},{"$error":"#N/A"},{"$error":"#N/A"}]
[2018,4,5,20,43195.833333333052,null,null,null,null,null,null,null,null,{"$error":"#N/A"},{"$error":"#N/A"},{"$error":"#N/A"},{"$error":"#N/A"}]
[2018,4,5,21,43195.874999999716,null,null,null,null,null,null,null,null,{"$error":"#N/A"},{"$error":"#N/A"},{"$error":"#N/A"},{"$error":"#N/A"}]
[2018,4,5,22,43195.91666666638,null,null,null,null,null,null,null,null,{"$error":"#N/A"},{"$error":"#N/A"},{"$error":"#N/A"},{"$error":"#N/A"}]
[2018,4,5,23,43195.958333333045,null,null,null,null,null,null,null,null,{"$error":"#N/A"},{"$error":"#N/A"},{"$error":"#N/A"},{"$error":"#N/A"}]
[2018,4,6,0,43195.999999999709,null,null,null,null,null,null,null,null,{"$error":"#N/A"},{"$error":"#N/A"},{"$error":"#N/A"},{"$error":"#N/A"}]
[2018,4,6,1,43196.041666666373,null,null,null,null,null,null,null,null,{"$error":"#N/A"},{"$error":"#N/A"},{"$error":"#N/A"},{"$error":"#N/A"}]
[2018,4,6,2,43196.083333333037,null,null,null,null,null,null,null,null,{"$error":"#N/A"},{"$error":"#N/A"},{"$error":"#N/A"},{"$error":"#N/A"}]
[2018,4,6,3,43196.124999999702,null,null,null,null,null,null,null,null,{"$error":"#N/A"},{"$error":"#N/A"},{"$error":"#N/A"},{"$error":"#N/A"}]
[2018,4,6,4,43196.166666666366,null,null,null,null,null,null,null,null,{"$error":"#N/A"},{"$error":"#N/A"},{"$error":"#N/A"},{"$error":"#N/A"}]
[2018,4,6,5,43196.20833333303,null,null,null,null,null,null,null,null,{"$error":"#N/A"},{"$error":"#N/A"},{"$error":"#N/A"},{"$error":"#N/A"}]
[2018,4,6,6,43196.249999999694,null,null,null,null,null,null,null,null,{"$error":"#N/A"},{"$error":"#N/A"},{"$error":"#N/A"},{"$error":"#N/A"}]
[2018,4,6,7,43196.291666666359,null,null,null,null,null,null,null,null,{"$error":"#N/A"},{"$error":"#N/A"},{"$error":"#N/A"},{"$error":"#N/A"}]
[2018,4,6,8,43196.333333333023,null,null,null,null,null,null,null,null,{"$f":"IF(G130=\"Valid\", F130, NA())","v":{"$error":"#N/A"}},{"$f":"IF(G130=\"Valid\", H130, NA())","v":{"$error":"#N/A"}},{"$f":"IF(J130=\"Valid\", I130, NA())","v":{"$error":"#N/A"}},{"$f":"IF(J130=\"Valid\", K130, NA())","v":{"$error":"#N/A"}}]
[2018,4,6,9,43196.374999999687,null,null,null,null,null,null,null,null,{"$error":"#N/A"},{"$error":"#N/A"},{"$error":"#N/A"},{"$error":"#N/A"}]
[{"$f":"A131","v":2018},4,6,{"$f":"IF(D131=23,0,D131+1)","v":10},{"$f":"E131+0.0416666666666666","v":43196.416666666351},null,null,null,null,null,null,null,null,{"$error":"#N/A"},{"$error":"#N/A"},{"$error":"#N/A"},{"$error":"#N/A"}]
[2018,4,6,11,43196.458333333016,null,null,null,null,null,null,null,null,{"$error":"#N/A"},{"$error":"#N/A"},{"$error":"#N/A"},{"$error":"#N/A"}]
[2018,4,6,12,43196.49999999968,null,null,null,null,null,null,null,null,{"$error":"#N/A"},{"$error":"#N/A"},{"$error":"#N/A"},{"$error":"#N/A"}]
[2018,4,6,13,43196.541666666344,null,null,null,null,null,null,null,null,{"$error":"#N/A"},{"$error":"#N/A"},{"$error":"#N/A"},{"$error":"#N/A"}]
[2018,4,6,14,43196.583333333008,null,null,null,null,null,null,null,null,{"$error":"#N/A"},{"$error":"#N/A"},{"$error":"#N/A"},{"$error":"#N/A"}]
[2018,4,6,15,43196.624999999673,null,null,null,null,null,null,null,null,{"$error":"#N/A"},{"$error":"#N/A"},{"$error":"#N/A"},{"$error":"#N/A"}]
[2018,4,6,16,43196.666666666337,null,null,null,null,null,null,null,null,{"$error":"#N/A"},{"$error":"#N/A"},{"$error":"#N/A"},{"$error":"#N/A"}]
[2018,4,6,17,43196.708333333001,null,null,null,null,null,null,null,null,{"$error":"#N/A"},{"$error":"#N/A"},{"$error":"#N/A"},{"$error":"#N/A"}]
[2018,4,6,18,43196.749999999665,null,null,null,null,null,null,null,null,{"$error":"#N/A"},{"$error":"#N/A"},{"$error":"#N/A"},{"$error":"#N/A"}]
[2018,4,6,19,43196.79166666633,null,null,null,null,null,null,null,null,{"$error":"#N/A"},{"$error":"#N/A"},{"$error":"#N/A"},{"$error":"#N/A"}]
[2018,4,6,20,43196.833333332994,null,null,null,null,null,null,null,null,{"$error":"#N/A"},{"$error":"#N/A"},{"$error":"#N/A"},{"$error":"#N/A"}]
[2018,4,6,21,43196.874999999658,null,null,null,null,null,null,null,null,{"$error":"#N/A"},{"$error":"#N/A"},{"$error":"#N/A"},{"$error":"#N/A"}]
[2018,4,6,22,43196.916666666322,null,null,null,null,null,null,null,null,{"$error":"#N/A"},{"$error":"#N/A"},{"$error":"#N/A"},{"$error":"#N/A"}]
[2018,4,6,23,43196.958333332987,null,null,null,null,null,null,null,null,{"$error":"#N/A"},{"$error":"#N/A"},{"$error":"#N/A"},{"$error":"#N/A"}]
[2018,4,7,0,43196.999999999651,null,null,null,null,null,null,null,null,{"$error":"#N/A"},{"$error":"#N/A"},{"$error":"#N/A"},{"$error":"#N/A"}]
[2018,4,7,1,43197.041666666315,null,null,null,null,null,null,null,null,{"$error":"#N/A"},{"$error":"#N/A"},{"$error":"#N/A"},{"$error":"#N/A"}]
[2018,4,7,2,43197.083333332979,null,null,null,null,null,null,null,null,{"$error":"#N/A"},{"$error":"#N/A"},{"$error":"#N/A"},{"$error":"#N/A"}]
[2018,4,7,3,43197.124999999643,null,null,null,null,null,null,null,null,{"$error":"#N/A"},{"$error":"#N/A"},{"$error":"#N/A"},{"$error":"#N/A"}]
[2018,4,7,4,43197.166666666308,null,null,null,null,null,null,null,null,{"$error":"#N/A"},{"$error":"#N/A"},{"$error":"#N/A"},{"$error":"#N/A"}]
[2018,4,7,5,43197.208333332972,null,null,null,null,null,null,null,null,{"$error":"#N/A"},{"$error":"#N/A"},{"$error":"#N/A"},{"$error":"#N/A"}]
[2018,4,7,6,43197.249999999636,null,null,null,null,null,null,null,null,{"$error":"#N/A"},{"$error":"#N/A"},{"$error":"#N/A"},{"$error":"#N/A"}]
[2018,4,7,7,43197.2916666663,null,null,null,null,null,null,null,null,{"$error":"#N/A"},{"$error":"#N/A"},{"$error":"#N/A"},{"$error":"#N/A"}]
[2018,4,7,8,43197.333333332965,null,null,null,null,null,null,null,null,{"$error":"#N/A"},{"$error":"#N/A"},{"$error":"#N/A"},{"$error":"#N/A"}]
[2018,{"$f":"B154","v":4},{"$f":"C131+1","v":7},9,43197.374999999629,null,null,null,null,null,null,null,null,{"$error":"#N/A"},{"$error":"#N/A"},{"$error":"#N/A"},{"$error":"#N/A"}]
[2018,4,7,10,43197.416666666293,null,null,null,null,null,null,null,null,{"$error":"#N/A"},{"$error":"#N/A"},{"$error":"#N/A"},{"$error":"#N/A"}]
[2018,4,7,11,43197.458333332957,null,null,null,null,null,null,null,null,{"$error":"#N/A"},{"$error":"#N/A"},{"$error":"#N/A"},{"$error":"#N/A"}]
[2018,4,7,12,43197.499999999622,null,null,null,null,null,null,null,null,{"$error":"#N/A"},{"$error":"#N/A"},{"$error":"#N/A"},{"$error":"#N/A"}]
[2018,4,7,13,43197.541666666286,null,null,null,null,null,null,null,null,{"$error":"#N/A"},{"$error":"#N/A"},{"$error":"#N/A"},{"$error":"#N/A"}]
[2018,4,7,14,43197.58333333295,null,null,null,null,null,null,null,null,{"$error":"#N/A"},{"$error":"#N/A"},{"$error":"#N/A"},{"$error":"#N/A"}]
[2018,4,7,15,43197.624999999614,null,null,null,null,null,null,null,null,{"$error":"#N/A"},{"$error":"#N/A"},{"$error":"#N/A"},{"$error":"#N/A"}]
[2018,4,7,16,43197.666666666279,null,null,null,null,null,null,null,null,{"$error":"#N/A"},{"$error":"#N/A"},{"$error":"#N/A"},{"$error":"#N/A"}]
[2018,4,7,17,43197.708333332943,null,null,null,null,null,null,null,null,{"$error":"#N/A"},{"$error":"#N/A"},{"$error":"#N/A"},{"$error":"#N/A"}]
[2018,4,7,18,43197.749999999607,null,null,null,null,null,null,null,null,{"$error":"#N/A"},{"$error":"#N/A"},{"$error":"#N/A"},{"$error":"#N/A"}]
[2018,4,7,19,43197.791666666271,null,null,null,null,null,null,null,null,{"$error":"#N/A"},{"$error":"#N/A"},{"$error":"#N/A"},{"$error":"#N/A"}]
[2018,4,7,20,43197.833333332936,null,null,null,null,null,null,null,null,{"$error":"#N/A"},{"$error":"#N/A"},{"$error":"#N/A"},{"$error":"#N/A"}]
[2018,4,7,21,43197.8749999996,null,null,null,null,null,null,null,null,{"$error":"#N/A"},{"$error":"#N/A"},{"$error":"#N/A"},{"$error":"#N/A"}]
[2018,4,7,22,43197.916666666264,null,null,null,null,null,null,null,null,{"$error":"#N/A"},{"$error":"#N/A"},{"$error":"#N/A"},{"$error":"#N/A"}]
[2018,4,7,23,43197.958333332928,null,null,null,null,null,null,null,null,{"$error":"#N/A"},{"$error":"#N/A"},{"$error":"#N/A"},{"$error":"#N/A"}]
[2018,4,8,0,43197.999999999593,null,null,null,null,null,null,null,null,{"$error":"#N/A"},{"$error":"#N/A"},{"$error":"#N/A"},{"$error":"#N/A"}]
[2018,4,8,1,43198.041666666257,null,null,null,null,null,null,null,null,{"$error":"#N/A"},{"$error":"#N/A"},{"$error":"#N/A"},{"$error":"#N/A"}]
[2018,4,8,2,43198.083333332921,null,null,null,null,null,null,null,null,{"$error":"#N/A"},{"$error":"#N/A"},{"$error":"#N/A"},{"$error":"#N/A"}]
[2018,4,8,3,43198.124999999585,null,null,null,null,null,null,null,null,{"$error":"#N/A"},{"$error":"#N/A"},{"$error":"#N/A"},{"$error":"#N/A"}]
[2018,4,8,4,43198.16666666625,null,null,null,null,null,null,null,null,{"$error":"#N/A"},{"$error":"#N/A"},{"$error":"#N/A"},{"$error":"#N/A"}]
[2018,4,8,5,43198.208333332914,null,null,null,null,null,null,null,null,{"$error":"#N/A"},{"$error":"#N/A"},{"$error":"#N/A"},{"$error":"#N/A"}]
[2018,4,8,6,43198.249999999578,null,null,null,null,null,null,null,null,{"$error":"#N/A"},{"$error":"#N/A"},{"$error":"#N/A"},{"$error":"#N/A"}]
[2018,4,8,7,43198.291666666242,null,null,null,null,null,null,null,null,{"$error":"#N/A"},{"$error":"#N/A"},{"$error":"#N/A"},{"$error":"#N/A"}]
[2018,4,8,8,43198.333333332906,null,null,null,null,null,null,null,null,{"$error":"#N/A"},{"$error":"#N/A"},{"$error":"#N/A"},{"$error":"#N/A"}]
[2018,4,8,9,43198.374999999571,null,null,null,null,null,null,null,null,{"$error":"#N/A"},{"$error":"#N/A"},{"$error":"#N/A"},{"$error":"#N/A"}]
[2018,4,8,10,43198.416666666235,null,null,null,null,null,null,null,null,{"$error":"#N/A"},{"$error":"#N/A"},{"$error":"#N/A"},{"$error":"#N/A"}]
[2018,4,8,11,43198.458333332899,null,null,null,null,null,null,null,null,{"$error":"#N/A"},{"$error":"#N/A"},{"$error":"#N/A"},{"$error":"#N/A"}]
[2018,4,8,12,43198.499999999563,null,null,null,null,null,null,null,null,{"$error":"#N/A"},{"$error":"#N/A"},{"$error":"#N/A"},{"$error":"#N/A"}]
[2018,4,8,13,43198.541666666228,null,null,null,null,null,null,null,null,{"$error":"#N/A"},{"$error":"#N/A"},{"$error":"#N/A"},{"$error":"#N/A"}]
[2018,4,8,14,43198.583333332892,null,null,null,null,null,null,null,null,{"$error":"#N/A"},{"$error":"#N/A"},{"$error":"#N/A"},{"$error":"#N/A"}]
[2018,4,8,15,43198.624999999556,null,null,null,null,null,null,null,null,{"$error":"#N/A"},{"$error":"#N/A"},{"$error":"#N/A"},{"$error":"#N/A"}]
[2018,4,8,16,43198.66666666622,null,null,null,null,null,null,null,null,{"$error":"#N/A"},{"$error":"#N/A"},{"$error":"#N/A"},{"$error":"#N/A"}]
[2018,4,8,17,43198.708333332885,null,null,null,null,null,null,null,null,{"$error":"#N/A"},{"$error":"#N/A"},{"$error":"#N/A"},{"$error":"#N/A"}]
[2018,4,8,18,43198.749999999549,null,null,null,null,null,null,null,null,{"$error":"#N/A"},{"$error":"#N/A"},{"$error":"#N/A"},{"$error":"#N/A"}]
[2018,4,8,19,43198.791666666213,null,null,null,null,null,null,null,null,{"$error":"#N/A"},{"$error":"#N/A"},{"$error":"#N/A"},{"$error":"#N/A"}]
[2018,4,8,20,43198.833333332877,null,null,null,null,null,null,null,null,{"$error":"#N/A"},{"$error":"#N/A"},{"$error":"#N/A"},{"$error":"#N/A"}]
[2018,4,8,21,43198.874999999542,null,null,null,null,null,null,null,null,{"$error":"#N/A"},{"$error":"#N/A"},{"$error":"#N/A"},{"$error":"#N/A"}]
[2018,4,8,22,43198.916666666206,null,null,null,null,null,null,null,null,{"$error":"#N/A"},{"$error":"#N/A"},{"$error":"#N/A"},{"$error":"#N/A"}]
[2018,4,8,23,43198.95833333287,null,null,null,null,null,null,null,null,{"$error":"#N/A"},{"$error":"#N/A"},{"$error":"#N/A"},{"$error":"#N/A"}]
[2018,4,9,0,43198.999999999534,8.4600000000000009,"Valid",6.75,14.4,"Valid",11.69,null,null,{"$f":"IF(G194=\"Valid\", F194, NA())","v":8.4600000000000009},{"$f":"IF(G194=\"Valid\", H194, NA())","v":6.75},{"$f":"IF(J194=\"Valid\", I194, NA())","v":14.4},{"$f":"IF(J194=\"Valid\", K194, NA())","v":11.69},14.4,11.69,8.4600000000000009,6.75]
[2018,4,9,1,43199.041666666199,1.49,"Valid",6.34,6.95,"Valid",11.05,null,null,1.49,6.34,6.95,11.05,6.95,11.05,1.49,6.34]
[{"$f":"A195","v":2018},4,9,{"$f":"IF(D195=23,0,D195+1)","v":2},{"$f":"E195+0.0416666666666666","v":43199.083333332863},8.3000000000000007,"Valid",6.56,15.41,"Valid",10.99,null,null,8.3000000000000007,6.56,15.41,10.99,15.41,10.99,8.3000000000000007,6.56]
[2018,4,9,3,43199.124999999527,5,"Valid",6.6,11.01,"Valid",11,null,null,5,6.6,11.01,11,11.01,11,5,6.6]
[2018,4,9,4,43199.166666666191,7.25,"Valid",6.57,12.45,"Valid",10.77,null,null,7.25,6.57,12.45,10.77,12.45,10.77,7.25,6.57]
[2018,4,9,5,43199.208333332856,4.3499999999999996,"Valid",6.33,9.31,"Valid",10.8,null,null,4.3499999999999996,6.33,9.31,10.8,9.31,10.8,4.3499999999999996,6.33]
[2018,4,9,6,43199.24999999952,10.08,"Valid",6.22,14.38,"Valid",10.73,null,null,10.08,6.22,14.38,10.73,14.38,10.73,10.08,6.22]
[2018,4,9,7,43199.291666666184,1.81,"Valid",5.95,6.63,"Valid",10.7,null,null,1.81,5.95,6.63,10.7,6.63,10.7,1.81,5.95]
[2018,4,9,8,43199.333333332848,9.59,"Valid",5.97,14.73,"Valid",10.54,null,null,9.59,5.97,14.73,10.54,14.73,10.54,9.59,5.97]
[2018,4,9,9,43199.374999999513,6.53,"Valid",6.13,13.45,"Valid",10.77,null,null,6.53,6.13,13.45,10.77,13.45,10.77,6.53,6.13]
[2018,4,9,10,43199.416666666177,4.53,"Valid",6.33,11.27,"Valid",10.85,null,null,4.53,6.33,11.27,10.85,11.27,10.85,4.53,6.33]
[2018,4,9,11,43199.458333332841,null,"Invalid",{"$f":"NA()","v":{"$error":"#N/A"}},-1.49,"Valid",10.7,"Pump Failure","High negative removed",{"$error":"#N/A"},{"$error":"#N/A"},-1.49,10.7,-1.49,10.7]
[2018,4,9,12,43199.499999999505,null,"Invalid",{"$f":"NA()","v":{"$error":"#N/A"}},2.41,"Valid",10.38,"Pump Failure","High negative removed",{"$error":"#N/A"},{"$error":"#N/A"},2.41,10.38,2.41,10.38]
[2018,4,9,13,43199.541666666169,-0.19,"Valid",6.23,6.15,"Valid",10.57,null,null,-0.19,6.23,6.15,10.57,6.15,10.57,-0.19,6.23]
[2018,4,9,14,43199.583333332834,5.79,"Valid",6.22,13.04,"Valid",10.25,null,null,5.79,6.22,13.04,10.25,13.04,10.25,5.79,6.22]
[2018,4,9,15,43199.624999999498,4.6900000000000004,"Valid",6.16,11.59,"Valid",11.1,null,null,4.6900000000000004,6.16,11.59,11.1,11.59,11.1,4.6900000000000004,6.16]
[2018,4,9,16,43199.666666666162,11.66,"Valid",6.4,19.23,"Valid",10.95,null,null,11.66,6.4,19.23,10.95,19.23,10.95,11.66,6.4]
[2018,4,9,17,43199.708333332826,10.34,"Valid",6.59,17.43,"Valid",11.6,null,null,10.34,6.59,17.43,11.6,17.43,11.6,10.34,6.59]
[2018,4,9,18,43199.749999999491,8.6199999999999992,"Valid",6.65,15.55,"Valid",11.69,null,null,8.6199999999999992,6.65,15.55,11.69,15.55,11.69,8.6199999999999992,6.65]
[2018,4,9,19,43199.791666666155,2.29,"Valid",6.43,13.41,"Valid",11.83,null,null,2.29,6.43,13.41,11.83,13.41,11.83,2.29,6.43]
[2018,4,9,20,43199.833333332819,11.85,"Valid",6.76,22.12,"Valid",12.1,null,null,11.85,6.76,22.12,12.1,22.12,12.1,11.85,6.76]
[2018,4,9,21,43199.874999999483,3.67,"Valid",6.41,14.06,"Valid",12.2,null,null,3.67,6.41,14.06,12.2,14.06,12.2,3.67,6.41]
[2018,4,9,22,43199.916666666148,7.46,"Valid",6.36,14.97,"Valid",12.15,null,null,7.46,6.36,14.97,12.15,14.97,12.15,7.46,6.36]
[2018,4,9,23,43199.958333332812,0.35,"Valid",6.09,11.3,"Valid",12.07,null,null,0.35,6.09,11.3,12.07,11.3,12.07,0.35,6.09]
[2018,4,10,0,43199.999999999476,12.56,"Valid",6.27,26.85,"Valid",12.59,null,null,12.56,6.27,26.85,12.59,26.85,12.59,12.56,6.27]
[2018,{"$f":"B218","v":4},{"$f":"C195+1","v":10},1,43200.04166666614,1.94,"Valid",6.29,12.55,"Valid",12.83,null,null,1.94,6.29,12.55,12.83,12.55,12.83,1.94,6.29]
[2018,4,10,2,43200.083333332805,18.38,"Valid",6.75,26.33,"Valid",13.28,null,null,18.38,6.75,26.33,13.28,26.33,13.28,18.38,6.75]
[2018,4,10,3,43200.124999999469,10.38,"Valid",7,17.25,"Valid",13.54,null,null,10.38,7,17.25,13.54,17.25,13.54,10.38,7]
[2018,4,10,4,43200.166666666133,19.47,"Valid",7.55,26.05,"Valid",14.11,null,null,19.47,7.55,26.05,14.11,26.05,14.11,19.47,7.55]
[2018,4,10,5,43200.208333332797,14.68,"Valid",8.02,21.44,"Valid",14.61,null,null,14.68,8.02,21.44,14.61,21.44,14.61,14.68,8.02]
[2018,4,10,6,43200.249999999462,15.96,"Valid",8.2899999999999991,23.48,"Valid",14.99,null,null,15.96,8.2899999999999991,23.48,14.99,23.48,14.99,15.96,8.2899999999999991]
[2018,4,10,7,43200.291666666126,8.8800000000000008,"Valid",8.61,15.3,"Valid",15.35,null,null,8.8800000000000008,8.61,15.3,15.35,15.3,15.35,8.8800000000000008,8.61]
[2018,4,10,8,43200.33333333279,17.47,"Valid",8.9700000000000006,29.24,"Valid",15.96,null,null,17.47,8.9700000000000006,29.24,15.96,29.24,15.96,17.47,8.9700000000000006]
[2018,4,10,9,43200.374999999454,6.76,"Valid",8.98,24.32,"Valid",16.41,null,null,6.76,8.98,24.32,16.41,24.32,16.41,6.76,8.98]
[2018,4,10,10,43200.416666666119,11.02,"Valid",9.27,19.18,"Valid",16.739999999999998,null,null,11.02,9.27,19.18,16.739999999999998,19.18,16.739999999999998,11.02,9.27]
[2018,4,10,11,43200.458333332783,6.25,"Valid",9.14,19.489999999999998,"Valid",17.61,null,null,6.25,9.14,19.489999999999998,17.61,19.489999999999998,17.61,6.25,9.14]
[2018,4,10,12,43200.499999999447,16.96,"Valid",9.4700000000000006,27.37,"Valid",18.649999999999999,null,null,16.96,9.4700000000000006,27.37,18.649999999999999,27.37,18.649999999999999,16.96,9.4700000000000006]
[2018,4,10,13,43200.541666666111,6.62,"Valid",9.75,16.8,"Valid",19.100000000000001,null,null,6.62,9.75,16.8,19.100000000000001,16.8,19.100000000000001,6.62,9.75]
[2018,4,10,14,43200.583333332776,8.14,"Valid",9.85,17.23,"Valid",19.27,null,null,8.14,9.85,17.23,19.27,17.23,19.27,8.14,9.85]
[2018,4,10,15,43200.62499999944,17.11,"Valid",10.37,25.58,"Valid",19.86,null,null,17.11,10.37,25.58,19.86,25.58,19.86,17.11,10.37]
[2018,4,10,16,43200.666666666104,10.42,"Valid",10.32,20.85,"Valid",19.920000000000002,null,null,10.42,10.32,20.85,19.920000000000002,20.85,19.920000000000002,10.42,10.32]
[2018,4,10,17,43200.708333332768,2.02,"Valid",9.9700000000000006,12.68,"Valid",19.73,null,null,2.02,9.9700000000000006,12.68,19.73,12.68,19.73,2.02,9.9700000000000006]
[2018,4,10,18,43200.749999999432,11.65,"Valid",10.1,19.63,"Valid",19.899999999999999,null,null,11.65,10.1,19.63,19.899999999999999,19.63,19.899999999999999,11.65,10.1]
[2018,4,10,19,43200.791666666097,7.87,"Valid",10.33,17.29,"Valid",20.059999999999999,null,null,7.87,10.33,17.29,20.059999999999999,17.29,20.059999999999999,7.87,10.33]
[2018,4,10,20,43200.833333332761,13.82,"Valid",10.41,23.38,"Valid",20.11,null,null,13.82,10.41,23.38,20.11,23.38,20.11,13.82,10.41]
[2018,4,10,21,43200.874999999425,10.43,"Valid",10.69,10.61,"Valid",19.97,null,null,10.43,10.69,10.61,19.97,10.61,19.97,10.43,10.69]
[2018,4,10,22,43200.916666666089,19.12,"Valid",11.18,31.28,"Valid",20.65,null,null,19.12,11.18,31.28,20.65,31.28,20.65,19.12,11.18]
[2018,4,10,23,43200.958333332754,8.6199999999999992,"Valid",11.52,18.22,"Valid",20.93,null,null,8.6199999999999992,11.52,18.22,20.93,18.22,20.93,8.6199999999999992,11.52]
[2018,4,11,0,43200.999999999418,12.64,"Valid",11.53,20.28,"Valid",20.66,null,null,12.64,11.53,20.28,20.66,20.28,20.66,12.64,11.53]
[2018,4,11,1,43201.041666666082,10.34,"Valid",11.88,17.329999999999998,"Valid",20.86,null,null,10.34,11.88,17.329999999999998,20.86,17.329999999999998,20.86,10.34,11.88]
[2018,4,11,2,43201.083333332746,7.83,"Valid",11.44,14.81,"Valid",20.38,null,null,7.83,11.44,14.81,20.38,14.81,20.38,7.83,11.44]
[2018,4,11,3,43201.124999999411,9.08,"Valid",11.38,15.6,"Valid",20.309999999999999,null,null,9.08,11.38,15.6,20.309999999999999,15.6,20.309999999999999,9.08,11.38]
[2018,4,11,4,43201.166666666075,12.54,"Valid",11.09,18.36,"Valid",19.989999999999998,null,null,12.54,11.09,18.36,19.989999999999998,18.36,19.989999999999998,12.54,11.09]
[2018,4,11,5,43201.208333332739,2.2200000000000002,"Valid",10.57,7.65,"Valid",19.420000000000002,null,null,2.2200000000000002,10.57,7.65,19.420000000000002,7.65,19.420000000000002,2.2200000000000002,10.57]
[2018,4,11,6,43201.249999999403,15.5,"Valid",10.55,21.83,"Valid",19.350000000000001,null,null,15.5,10.55,21.83,19.350000000000001,21.83,19.350000000000001,15.5,10.55]
[2018,4,11,7,43201.291666666068,11.9,"Valid",10.68,17.739999999999998,"Valid",19.45,null,null,11.9,10.68,17.739999999999998,19.45,17.739999999999998,19.45,11.9,10.68]
[2018,4,11,8,43201.333333332732,16.670000000000002,"Valid",10.65,28.09,"Valid",19.399999999999999,null,null,16.670000000000002,10.65,28.09,19.399999999999999,28.09,19.399999999999999,16.670000000000002,10.65]
[2018,4,11,9,43201.374999999396,10.41,"Valid",10.8,17.2,"Valid",19.100000000000001,null,null,10.41,10.8,17.2,19.100000000000001,17.2,19.100000000000001,10.41,10.8]
[2018,4,11,10,43201.41666666606,4.38,"Valid",10.52,11.03,"Valid",18.760000000000002,null,null,4.38,10.52,11.03,18.760000000000002,11.03,18.760000000000002,4.38,10.52]
[2018,4,11,11,43201.458333332725,0.34,"Valid",10.28,7.36,"Valid",18.260000000000002,null,null,0.34,10.28,7.36,18.260000000000002,7.36,18.260000000000002,0.34,10.28]
[2018,4,11,12,43201.499999999389,-1.8,"Valid",9.49,6.3,"Valid",17.38,null,null,-1.8,9.49,6.3,17.38,6.3,17.38,-1.8,9.49]
[2018,4,11,13,43201.541666666053,5.95,"Valid",9.4700000000000006,13.74,"Valid",17.25,null,null,5.95,9.4700000000000006,13.74,17.25,13.74,17.25,5.95,9.4700000000000006]
[2018,4,11,14,43201.583333332717,14.86,"Valid",9.75,22.6,"Valid",17.48,null,null,14.86,9.75,22.6,17.48,22.6,17.48,14.86,9.75]
[2018,4,11,15,43201.624999999382,12.4,"Valid",9.5500000000000007,20.34,"Valid",17.260000000000002,null,null,12.4,9.5500000000000007,20.34,17.260000000000002,20.34,17.260000000000002,12.4,9.5500000000000007]
[2018,4,11,16,43201.666666666046,15.02,"Valid",9.74,17.12,"Valid",17.100000000000001,null,null,{"$f":"IF(G258=\"Valid\", F258, NA())","v":15.02},{"$f":"IF(G258=\"Valid\", H258, NA())","v":9.74},{"$f":"IF(J258=\"Valid\", I258, NA())","v":17.12},{"$f":"IF(J258=\"Valid\", K258, NA())","v":17.100000000000001},17.12,17.100000000000001,15.02,9.74]
[2018,4,11,17,43201.70833333271,6.1,"Valid",9.91,15.73,"Valid",17.23,null,null,6.1,9.91,15.73,17.23,15.73,17.23,6.1,9.91]
[{"$f":"A259","v":2018},4,11,{"$f":"IF(D259=23,0,D259+1)","v":18},{"$f":"E259+0.0416666666666666","v":43201.749999999374},9.9,"Valid",9.84,18.86,"Valid",17.2,null,null,9.9,9.84,18.86,17.2,18.86,17.2,9.9,9.84]
[2018,4,11,19,43201.791666666039,8.39,"Valid",9.86,17.05,"Valid",17.190000000000001,null,null,8.39,9.86,17.05,17.190000000000001,17.05,17.190000000000001,8.39,9.86]
[2018,4,11,20,43201.833333332703,13,"Valid",9.83,31.71,"Valid",17.54,null,null,13,9.83,31.71,17.54,31.71,17.54,13,9.83]
[2018,4,11,21,43201.874999999367,6.3,"Valid",9.65,23.88,"Valid",18.09,null,null,6.3,9.65,23.88,18.09,23.88,18.09,6.3,9.65]
[2018,4,11,22,43201.916666666031,7.77,"Valid",9.18,38.99,"Valid",18.41,null,null,7.77,9.18,38.99,18.41,38.99,18.41,7.77,9.18]
[2018,4,11,23,43201.958333332695,9.65,"Valid",9.2200000000000006,20.58,"Valid",18.510000000000002,null,null,9.65,9.2200000000000006,20.58,18.510000000000002,20.58,18.510000000000002,9.65,9.2200000000000006]
[2018,4,12,0,43201.99999999936,9.4700000000000006,"Valid",9.09,17.420000000000002,"Valid",18.39,null,null,9.4700000000000006,9.09,17.420000000000002,18.39,17.420000000000002,18.39,9.4700000000000006,9.09]
[2018,4,12,1,43202.041666666024,4.62,"Valid",8.85,11.16,"Valid",18.13,null,null,4.62,8.85,11.16,18.13,11.16,18.13,4.62,8.85]
[2018,4,12,2,43202.083333332688,7.88,"Valid",8.86,15.3,"Valid",18.149999999999999,null,null,7.88,8.86,15.3,18.149999999999999,15.3,18.149999999999999,7.88,8.86]
[2018,4,12,3,43202.124999999352,6.36,"Valid",8.74,14.03,"Valid",18.09,null,null,6.36,8.74,14.03,18.09,14.03,18.09,6.36,8.74]
[2018,4,12,4,43202.166666666017,6.36,"Valid",8.49,14.84,"Valid",17.940000000000001,null,null,6.36,8.49,14.84,17.940000000000001,14.84,17.940000000000001,6.36,8.49]
[2018,4,12,5,43202.208333332681,-0.99,"Valid",8.35,6.57,"Valid",17.89,null,null,-0.99,8.35,6.57,17.89,6.57,17.89,-0.99,8.35]
[2018,4,12,6,43202.249999999345,7.98,"Valid",8.0399999999999991,15.53,"Valid",17.63,null,null,7.98,8.0399999999999991,15.53,17.63,15.53,17.63,7.98,8.0399999999999991]
[2018,4,12,7,43202.291666666009,0.16,"Valid",7.55,10.5,"Valid",17.329999999999998,null,null,0.16,7.55,10.5,17.329999999999998,10.5,17.329999999999998,0.16,7.55]
[2018,4,12,8,43202.333333332674,-1.7,"Valid",6.78,6.64,"Valid",16.440000000000001,null,null,-1.7,6.78,6.64,16.440000000000001,6.64,16.440000000000001,-1.7,6.78]
[2018,4,12,9,43202.374999999338,2.96,"Valid",6.47,9.1,"Valid",16.100000000000001,null,null,2.96,6.47,9.1,16.100000000000001,9.1,16.100000000000001,2.96,6.47]
[2018,4,12,10,43202.416666666002,-0.7,"Valid",6.26,6,"Valid",15.89,null,null,-0.7,6.26,6,15.89,6,15.89,-0.7,6.26]
[2018,4,12,11,43202.458333332666,1.84,"Valid",6.32,9.23,"Valid",15.97,null,null,1.84,6.32,9.23,15.97,9.23,15.97,1.84,6.32]
[2018,4,12,12,43202.499999999331,7.23,"Valid",6.7,16.22,"Valid",16.38,null,null,7.23,6.7,16.22,16.38,16.22,16.38,7.23,6.7]
[2018,4,12,13,43202.541666665995,3.87,"Valid",6.61,11.41,"Valid",16.28,null,null,3.87,6.61,11.41,16.28,11.41,16.28,3.87,6.61]
[2018,4,12,14,43202.583333332659,1.99,"Valid",6.08,10.28,"Valid",15.77,null,null,1.99,6.08,10.28,15.77,10.28,15.77,1.99,6.08]
[2018,4,12,15,43202.624999999323,4.07,"Valid",5.73,11.6,"Valid",15.41,null,null,4.07,5.73,11.6,15.41,11.6,15.41,4.07,5.73]
[2018,4,12,16,43202.666666665988,3.01,"Valid",5.23,12.76,"Valid",15.22,null,null,3.01,5.23,12.76,15.22,12.76,15.22,3.01,5.23]
[2018,{"$f":"B282","v":4},{"$f":"C259+1","v":12},17,43202.708333332652,3.96,"Valid",5.14,11.22,"Valid",15.04,null,null,3.96,5.14,11.22,15.04,11.22,15.04,3.96,5.14]
[2018,4,12,18,43202.749999999316,4.05,"Valid",4.9000000000000004,11.27,"Valid",14.72,null,null,4.05,4.9000000000000004,11.27,14.72,11.27,14.72,4.05,4.9000000000000004]
[2018,4,12,19,43202.79166666598,0.28999999999999998,"Valid",4.5599999999999996,8.93,"Valid",14.38,null,null,0.28999999999999998,4.5599999999999996,8.93,14.38,8.93,14.38,0.28999999999999998,4.5599999999999996]
[2018,4,12,20,43202.833333332645,8.33,"Valid",4.37,16.57,"Valid",13.75,null,null,8.33,4.37,16.57,13.75,16.57,13.75,8.33,4.37]
[2018,4,12,21,43202.874999999309,5.87,"Valid",4.3499999999999996,10.93,"Valid",13.21,null,null,5.87,4.3499999999999996,10.93,13.21,10.93,13.21,5.87,4.3499999999999996]
[2018,4,12,22,43202.916666665973,0.8,"Valid",4.0599999999999996,4.68,"Valid",11.78,null,null,0.8,4.0599999999999996,4.68,11.78,4.68,11.78,0.8,4.0599999999999996]
[2018,4,12,23,43202.958333332637,7.27,"Valid",3.96,13.58,"Valid",11.49,null,null,7.27,3.96,13.58,11.49,13.58,11.49,7.27,3.96]
[2018,4,13,0,43202.999999999302,8.18,"Valid",3.9,13.56,"Valid",11.33,null,null,8.18,3.9,13.56,11.33,13.56,11.33,8.18,3.9]
[2018,4,13,1,43203.041666665966,9.2200000000000006,"Valid",4.0999999999999996,14.38,"Valid",11.46,null,null,9.2200000000000006,4.0999999999999996,14.38,11.46,14.38,11.46,9.2200000000000006,4.0999999999999996]
[2018,4,13,2,43203.08333333263,1.93,"Valid",3.85,8.0500000000000007,"Valid",11.16,null,null,1.93,3.85,8.0500000000000007,11.16,8.0500000000000007,11.16,1.93,3.85]
[2018,4,13,3,43203.124999999294,4.8600000000000003,"Valid",3.79,12.96,"Valid",11.12,null,null,4.8600000000000003,3.79,12.96,11.12,12.96,11.12,4.8600000000000003,3.79]
[2018,4,13,4,43203.166666665958,6.67,"Valid",3.8,15.47,"Valid",11.14,null,null,6.67,3.8,15.47,11.14,15.47,11.14,6.67,3.8]
[2018,4,13,5,43203.208333332623,7.18,"Valid",4.1399999999999997,13.98,"Valid",11.45,null,null,7.18,4.1399999999999997,13.98,11.45,13.98,11.45,7.18,4.1399999999999997]
[2018,4,13,6,43203.249999999287,7.21,"Valid",4.1100000000000003,13.42,"Valid",11.36,null,null,7.21,4.1100000000000003,13.42,11.36,13.42,11.36,7.21,4.1100000000000003]
[2018,4,13,7,43203.291666665951,1.04,"Valid",4.1399999999999997,7.93,"Valid",11.26,null,null,1.04,4.1399999999999997,7.93,11.26,7.93,11.26,1.04,4.1399999999999997]
[2018,4,13,8,43203.333333332615,6.81,"Valid",4.5,16.829999999999998,"Valid",11.68,null,null,6.81,4.5,16.829999999999998,11.68,16.829999999999998,11.68,6.81,4.5]
[2018,4,13,9,43203.37499999928,14.16,"Valid",4.96,30.2,"Valid",12.56,null,null,14.16,4.96,30.2,12.56,30.2,12.56,14.16,4.96]
[2018,4,13,10,43203.416666665944,7.94,"Valid",5.32,19.36,"Valid",13.12,null,null,7.94,5.32,19.36,13.12,19.36,13.12,7.94,5.32]
[2018,4,13,11,43203.458333332608,-1.81,"Valid",5.17,7.89,"Valid",13.06,null,null,-1.81,5.17,7.89,13.06,7.89,13.06,-1.81,5.17]
[2018,4,13,12,43203.499999999272,0.09,"Valid",4.87,9.02,"Valid",12.76,null,null,0.09,4.87,9.02,12.76,9.02,12.76,0.09,4.87]
[2018,4,13,13,43203.541666665937,1.1599999999999999,"Valid",4.76,8.9600000000000009,"Valid",12.66,null,null,1.1599999999999999,4.76,8.9600000000000009,12.66,8.9600000000000009,12.66,1.1599999999999999,4.76]
[2018,4,13,14,43203.583333332601,3.58,"Valid",4.83,10.26,"Valid",12.66,null,null,3.58,4.83,10.26,12.66,10.26,12.66,3.58,4.83]
[2018,4,13,15,43203.624999999265,10.47,"Valid",5.09,18.16,"Valid",12.93,null,null,10.47,5.09,18.16,12.93,18.16,12.93,10.47,5.09]
[2018,4,13,16,43203.666666665929,4.26,"Valid",5.15,14.12,"Valid",12.99,null,null,4.26,5.15,14.12,12.99,14.12,12.99,4.26,5.15]
[2018,4,13,17,43203.708333332594,2.2799999999999998,"Valid",5.08,10.99,"Valid",12.98,null,null,2.2799999999999998,5.08,10.99,12.98,10.99,12.98,2.2799999999999998,5.08]
[2018,4,13,18,43203.749999999258,2.13,"Valid",5,11,"Valid",12.97,null,null,2.13,5,11,12.97,11,12.97,2.13,5]
[2018,4,13,19,43203.791666665922,5.86,"Valid",5.23,15.13,"Valid",13.23,null,null,5.86,5.23,15.13,13.23,15.13,13.23,5.86,5.23]
[2018,4,13,20,43203.833333332586,1.3,"Valid",4.9400000000000004,7.42,"Valid",12.85,null,null,1.3,4.9400000000000004,7.42,12.85,7.42,12.85,1.3,4.9400000000000004]
[2018,4,13,21,43203.874999999251,8.4600000000000009,"Valid",5.04,15.3,"Valid",13.03,null,null,8.4600000000000009,5.04,15.3,13.03,15.3,13.03,8.4600000000000009,5.04]
[2018,4,13,22,43203.916666665915,4.8,"Valid",5.21,12.26,"Valid",13.34,null,null,4.8,5.21,12.26,13.34,12.26,13.34,4.8,5.21]
[2018,4,13,23,43203.958333332579,6.07,"Valid",5.16,13.92,"Valid",13.36,null,null,6.07,5.16,13.92,13.36,13.92,13.36,6.07,5.16]
[2018,4,14,0,43203.999999999243,3.75,"Valid",4.9800000000000004,11.63,"Valid",13.28,null,null,3.75,4.9800000000000004,11.63,13.28,11.63,13.28,3.75,4.9800000000000004]
[2018,4,14,1,43204.041666665908,12.65,"Valid",5.12,23.47,"Valid",13.66,null,null,12.65,5.12,23.47,13.66,23.47,13.66,12.65,5.12]
[2018,4,14,2,43204.083333332572,2.25,"Valid",5.13,6,"Valid",13.57,null,null,2.25,5.13,6,13.57,6,13.57,2.25,5.13]
[2018,4,14,3,43204.124999999236,0.76,"Valid",4.96,2.99,"Valid",13.15,null,null,0.76,4.96,2.99,13.15,2.99,13.15,0.76,4.96]
[2018,4,14,4,43204.1666666659,6.26,"Valid",4.9400000000000004,11.12,"Valid",12.97,null,null,6.26,4.9400000000000004,11.12,12.97,11.12,12.97,6.26,4.9400000000000004]
[2018,4,14,5,43204.208333332565,1.6,"Valid",4.71,7.8,"Valid",12.72,null,null,1.6,4.71,7.8,12.72,7.8,12.72,1.6,4.71]
[2018,4,14,6,43204.249999999229,2.6,"Valid",4.5199999999999996,6.26,"Valid",12.42,null,null,2.6,4.5199999999999996,6.26,12.42,6.26,12.42,2.6,4.5199999999999996]
[2018,4,14,7,43204.291666665893,9.4,"Valid",4.87,13.73,"Valid",12.66,null,null,9.4,4.87,13.73,12.66,13.73,12.66,9.4,4.87]
[2018,4,14,8,43204.333333332557,1.53,"Valid",4.6500000000000004,5.77,"Valid",12.2,null,null,{"$f":"IF(G322=\"Valid\", F322, NA())","v":1.53},{"$f":"IF(G322=\"Valid\", H322, NA())","v":4.6500000000000004},{"$f":"IF(J322=\"Valid\", I322, NA())","v":5.77},{"$f":"IF(J322=\"Valid\", K322, NA())","v":12.2},5.77,12.2,1.53,4.6500000000000004]
[2018,4,14,9,43204.374999999221,9.7899999999999991,"Valid",4.47,14.24,"Valid",11.53,null,null,9.7899999999999991,4.47,14.24,11.53,14.24,11.53,9.7899999999999991,4.47]
[{"$f":"A323","v":2018},4,14,{"$f":"IF(D323=23,0,D323+1)","v":10},{"$f":"E323+0.0416666666666666","v":43204.416666665886},1.28,"Valid",4.1900000000000004,6.82,"Valid",11.01,null,null,1.28,4.1900000000000004,6.82,11.01,6.82,11.01,1.28,4.1900000000000004]
[2018,4,14,11,43204.45833333255,9.7100000000000009,"Valid",4.67,15.82,"Valid",11.34,null,null,9.7100000000000009,4.67,15.82,11.34,15.82,11.34,9.7100000000000009,4.67]
[2018,4,14,12,43204.499999999214,5.31,"Valid",4.8899999999999997,11.01,"Valid",11.42,null,null,5.31,4.8899999999999997,11.01,11.42,11.01,11.42,5.31,4.8899999999999997]
[2018,4,14,13,43204.541666665878,9.61,"Valid",5.24,16.100000000000001,"Valid",11.72,null,null,9.61,5.24,16.100000000000001,11.72,16.100000000000001,11.72,9.61,5.24]
[2018,4,14,14,43204.583333332543,-0.46,"Valid",5.07,6.33,"Valid",11.56,null,null,-0.46,5.07,6.33,11.56,6.33,11.56,-0.46,5.07]
[2018,4,14,15,43204.624999999207,12.41,"Valid",5.15,20.69,"Valid",11.66,null,null,12.41,5.15,20.69,11.66,20.69,11.66,12.41,5.15]
[2018,4,14,16,43204.666666665871,3.86,"Valid",5.13,11.87,"Valid",11.57,null,null,3.86,5.13,11.87,11.57,11.87,11.57,3.86,5.13]
[2018,4,14,17,43204.708333332535,18.32,"Valid",5.8,26.94,"Valid",12.23,null,null,18.32,5.8,26.94,12.23,26.94,12.23,18.32,5.8]
[2018,4,14,18,43204.7499999992,1.2,"Valid",5.76,16.95,"Valid",12.48,null,null,1.2,5.76,16.95,12.48,16.95,12.48,1.2,5.76]
[2018,4,14,19,43204.791666665864,8.4600000000000009,"Valid",5.87,13.75,"Valid",12.42,null,null,8.4600000000000009,5.87,13.75,12.42,13.75,12.42,8.4600000000000009,5.87]
[2018,4,14,20,43204.833333332528,10.07,"Valid",6.24,16.16,"Valid",12.79,null,null,10.07,6.24,16.16,12.79,16.16,12.79,10.07,6.24]
[2018,4,14,21,43204.874999999192,14.18,"Valid",6.48,23.1,"Valid",13.11,null,null,14.18,6.48,23.1,13.11,23.1,13.11,14.18,6.48]
[2018,4,14,22,43204.916666665857,2.4700000000000002,"Valid",6.38,10.78,"Valid",13.05,null,null,2.4700000000000002,6.38,10.78,13.05,10.78,13.05,2.4700000000000002,6.38]
[2018,4,14,23,43204.958333332521,10.19,"Valid",6.55,18.61,"Valid",13.25,null,null,10.19,6.55,18.61,13.25,18.61,13.25,10.19,6.55]
[2018,4,15,0,43204.999999999185,8.99,"Valid",6.77,20.63,"Valid",13.62,null,null,8.99,6.77,20.63,13.62,20.63,13.62,8.99,6.77]
[2018,4,15,1,43205.041666665849,16.37,"Valid",6.92,61.82,"Valid",15.22,null,null,16.37,6.92,61.82,15.22,61.82,15.22,16.37,6.92]
[2018,4,15,2,43205.083333332514,14.76,"Valid",7.44,78.28,"Valid",18.23,null,null,14.76,7.44,78.28,18.23,78.28,18.23,14.76,7.44]
[2018,4,15,3,43205.124999999178,13.39,"Valid",7.97,66.8,"Valid",20.89,null,null,13.39,7.97,66.8,20.89,66.8,20.89,13.39,7.97]
[2018,4,15,4,43205.166666665842,10.75,"Valid",8.16,50.12,"Valid",22.52,null,null,10.75,8.16,50.12,22.52,50.12,22.52,10.75,8.16]
[2018,4,15,5,43205.208333332506,19.329999999999998,"Valid",8.9,55.45,"Valid",24.5,null,null,19.329999999999998,8.9,55.45,24.5,55.45,24.5,19.329999999999998,8.9]
[2018,4,15,6,43205.249999999171,10.220000000000001,"Valid",9.2100000000000009,46.32,"Valid",26.17,null,null,10.220000000000001,9.2100000000000009,46.32,26.17,46.32,26.17,10.220000000000001,9.2100000000000009]
[2018,4,15,7,43205.291666665835,13.42,"Valid",9.3800000000000008,52.97,"Valid",27.81,null,null,13.42,9.3800000000000008,52.97,27.81,52.97,27.81,13.42,9.3800000000000008]
[2018,4,15,8,43205.333333332499,13.08,"Valid",9.86,52.48,"Valid",29.75,null,null,13.08,9.86,52.48,29.75,52.48,29.75,13.08,9.86]
[2018,{"$f":"B346","v":4},{"$f":"C323+1","v":15},9,43205.374999999163,14.28,"Valid",10.050000000000001,62.03,"Valid",31.74,null,null,14.28,10.050000000000001,62.03,31.74,62.03,31.74,14.28,10.050000000000001]
[2018,4,15,10,43205.416666665828,5.08,"Valid",10.210000000000001,51.49,"Valid",33.6,null,null,5.08,10.210000000000001,51.49,33.6,51.49,33.6,5.08,10.210000000000001]
[2018,4,15,11,43205.458333332492,12.82,"Valid",10.34,56.58,"Valid",35.299999999999997,null,null,12.82,10.34,56.58,35.299999999999997,56.58,35.299999999999997,12.82,10.34]
[2018,4,15,12,43205.499999999156,8.01,"Valid",10.45,39.42,"Valid",36.49,null,null,8.01,10.45,39.42,36.49,39.42,36.49,8.01,10.45]
[2018,4,15,13,43205.54166666582,8.66,"Valid",10.41,43.8,"Valid",37.64,null,null,8.66,10.41,43.8,37.64,43.8,37.64,8.66,10.41]
[2018,4,15,14,43205.583333332484,4.84,"Valid",10.63,33.630000000000003,"Valid",38.78,null,null,4.84,10.63,33.630000000000003,38.78,33.630000000000003,38.78,4.84,10.63]
[2018,4,15,15,43205.624999999149,-0.2,"Valid",10.11,24.43,"Valid",38.93,null,null,-0.2,10.11,24.43,38.93,24.43,38.93,-0.2,10.11]
[2018,4,15,16,43205.666666665813,5.8,"Valid",10.19,26.5,"Valid",39.54,null,null,5.8,10.19,26.5,39.54,26.5,39.54,5.8,10.19]
[2018,4,15,17,43205.708333332477,10.210000000000001,"Valid",9.85,28.94,"Valid",39.630000000000003,null,null,10.210000000000001,9.85,28.94,39.630000000000003,28.94,39.630000000000003,10.210000000000001,9.85]
[2018,4,15,18,43205.749999999141,2.11,"Valid",9.89,18.760000000000002,"Valid",39.700000000000003,null,null,2.11,9.89,18.760000000000002,39.700000000000003,18.760000000000002,39.700000000000003,2.11,9.89]
[2018,4,15,19,43205.791666665806,9.06,"Valid",9.91,26.02,"Valid",40.21,null,null,9.06,9.91,26.02,40.21,26.02,40.21,9.06,9.91]
[2018,4,15,20,43205.83333333247,3.71,"Valid",9.65,18.760000000000002,"Valid",40.32,null,null,3.71,9.65,18.760000000000002,40.32,18.760000000000002,40.32,3.71,9.65]
[2018,4,15,21,43205.874999999134,2.2200000000000002,"Valid",9.15,16.190000000000001,"Valid",40.03,null,null,2.2200000000000002,9.15,16.190000000000001,40.03,16.190000000000001,40.03,2.2200000000000002,9.15]
[2018,4,15,22,43205.916666665798,4.88,"Valid",9.25,18.73,"Valid",40.369999999999997,null,null,4.88,9.25,18.73,40.369999999999997,18.73,40.369999999999997,4.88,9.25]
[2018,4,15,23,43205.958333332463,4.92,"Valid",9.0299999999999994,19.07,"Valid",40.380000000000003,null,null,4.92,9.0299999999999994,19.07,40.380000000000003,19.07,40.380000000000003,4.92,9.0299999999999994]
[2018,4,16,0,43205.999999999127,null,null,null,null,null,null,null,null,{"$error":"#N/A"},{"$error":"#N/A"},{"$error":"#N/A"},{"$error":"#N/A"}]
[2018,4,16,1,43206.041666665791,null,null,null,null,null,null,null,null,{"$error":"#N/A"},{"$error":"#N/A"},{"$error":"#N/A"},{"$error":"#N/A"}]
[2018,4,16,2,43206.083333332455,null,null,null,null,null,null,null,null,{"$error":"#N/A"},{"$error":"#N/A"},{"$error":"#N/A"},{"$error":"#N/A"}]
[2018,4,16,3,43206.12499999912,null,null,null,null,null,null,null,null,{"$error":"#N/A"},{"$error":"#N/A"},{"$error":"#N/A"},{"$error":"#N/A"}]
[2018,4,16,4,43206.166666665784,null,null,null,null,null,null,null,null,{"$error":"#N/A"},{"$error":"#N/A"},{"$error":"#N/A"},{"$error":"#N/A"}]
[2018,4,16,5,43206.208333332448,null,null,null,null,null,null,null,null,{"$error":"#N/A"},{"$error":"#N/A"},{"$error":"#N/A"},{"$error":"#N/A"}]
[2018,4,16,6,43206.249999999112,null,null,null,null,null,null,null,null,{"$error":"#N/A"},{"$error":"#N/A"},{"$error":"#N/A"},{"$error":"#N/A"}]
[2018,4,16,7,43206.291666665777,null,null,null,null,null,null,null,null,{"$error":"#N/A"},{"$error":"#N/A"},{"$error":"#N/A"},{"$error":"#N/A"}]
[2018,4,16,8,43206.333333332441,null,null,null,null,null,null,null,null,{"$error":"#N/A"},{"$error":"#N/A"},{"$error":"#N/A"},{"$error":"#N/A"}]
[2018,4,16,9,43206.374999999105,null,null,null,null,null,null,null,null,{"$error":"#N/A"},{"$error":"#N/A"},{"$error":"#N/A"},{"$error":"#N/A"}]
[2018,4,16,10,43206.416666665769,null,null,null,null,null,null,null,null,{"$error":"#N/A"},{"$error":"#N/A"},{"$error":"#N/A"},{"$error":"#N/A"}]
[2018,4,16,11,43206.458333332434,null,null,null,null,null,null,null,null,{"$error":"#N/A"},{"$error":"#N/A"},{"$error":"#N/A"},{"$error":"#N/A"}]
[2018,4,16,12,43206.499999999098,null,null,null,null,null,null,null,null,{"$error":"#N/A"},{"$error":"#N/A"},{"$error":"#N/A"},{"$error":"#N/A"}]
[2018,4,16,13,43206.541666665762,null,null,null,null,null,null,null,null,{"$error":"#N/A"},{"$error":"#N/A"},{"$error":"#N/A"},{"$error":"#N/A"}]
[2018,4,16,14,43206.583333332426,null,null,null,null,null,null,null,null,{"$error":"#N/A"},{"$error":"#N/A"},{"$error":"#N/A"},{"$error":"#N/A"}]
[2018,4,16,15,43206.624999999091,null,null,null,null,null,null,null,null,{"$error":"#N/A"},{"$error":"#N/A"},{"$error":"#N/A"},{"$error":"#N/A"}]
[2018,4,16,16,43206.666666665755,null,null,null,null,null,null,null,null,{"$error":"#N/A"},{"$error":"#N/A"},{"$error":"#N/A"},{"$error":"#N/A"}]
[2018,4,16,17,43206.708333332419,null,null,null,null,null,null,null,null,{"$error":"#N/A"},{"$error":"#N/A"},{"$error":"#N/A"},{"$error":"#N/A"}]
[2018,4,16,18,43206.749999999083,null,null,null,null,null,null,null,null,{"$error":"#N/A"},{"$error":"#N/A"},{"$error":"#N/A"},{"$error":"#N/A"}]
[2018,4,16,19,43206.791666665747,null,null,null,null,null,null,null,null,{"$error":"#N/A"},{"$error":"#N/A"},{"$error":"#N/A"},{"$error":"#N/A"}]
[2018,4,16,20,43206.833333332412,null,null,null,null,null,null,null,null,{"$error":"#N/A"},{"$error":"#N/A"},{"$error":"#N/A"},{"$error":"#N/A"}]
[2018,4,16,21,43206.874999999076,null,null,null,null,null,null,null,null,{"$error":"#N/A"},{"$error":"#N/A"},{"$error":"#N/A"},{"$error":"#N/A"}]
[2018,4,16,22,43206.91666666574,null,null,null,null,null,null,null,null,{"$error":"#N/A"},{"$error":"#N/A"},{"$error":"#N/A"},{"$error":"#N/A"}]
[2018,4,16,23,43206.958333332404,null,null,null,null,null,null,null,null,{"$error":"#N/A"},{"$error":"#N/A"},{"$error":"#N/A"},{"$error":"#N/A"}]
[2018,4,17,0,43206.999999999069,null,null,null,null,null,null,null,null,{"$f":"IF(G386=\"Valid\", F386, NA())","v":{"$error":"#N/A"}},{"$f":"IF(G386=\"Valid\", H386, NA())","v":{"$error":"#N/A"}},{"$f":"IF(J386=\"Valid\", I386, NA())","v":{"$error":"#N/A"}},{"$f":"IF(J386=\"Valid\", K386, NA())","v":{"$error":"#N/A"}}]
[2018,4,17,1,43207.041666665733,null,null,null,null,null,null,null,null,{"$error":"#N/A"},{"$error":"#N/A"},{"$error":"#N/A"},{"$error":"#N/A"}]
[{"$f":"A387","v":2018},4,17,{"$f":"IF(D387=23,0,D387+1)","v":2},{"$f":"E387+0.0416666666666666","v":43207.083333332397},null,null,null,null,null,null,null,null,{"$error":"#N/A"},{"$error":"#N/A"},{"$error":"#N/A"},{"$error":"#N/A"}]
[2018,4,17,3,43207.124999999061,null,null,null,null,null,null,null,null,{"$error":"#N/A"},{"$error":"#N/A"},{"$error":"#N/A"},{"$error":"#N/A"}]
[2018,4,17,4,43207.166666665726,null,null,null,null,null,null,null,null,{"$error":"#N/A"},{"$error":"#N/A"},{"$error":"#N/A"},{"$error":"#N/A"}]
[2018,4,17,5,43207.20833333239,null,null,null,null,null,null,null,null,{"$error":"#N/A"},{"$error":"#N/A"},{"$error":"#N/A"},{"$error":"#N/A"}]
[2018,4,17,6,43207.249999999054,null,null,null,null,null,null,null,null,{"$error":"#N/A"},{"$error":"#N/A"},{"$error":"#N/A"},{"$error":"#N/A"}]
[2018,4,17,7,43207.291666665718,null,null,null,null,null,null,null,null,{"$error":"#N/A"},{"$error":"#N/A"},{"$error":"#N/A"},{"$error":"#N/A"}]
[2018,4,17,8,43207.333333332383,null,null,null,null,null,null,null,null,{"$error":"#N/A"},{"$error":"#N/A"},{"$error":"#N/A"},{"$error":"#N/A"}]
[2018,4,17,9,43207.374999999047,null,null,null,null,null,null,null,null,{"$error":"#N/A"},{"$error":"#N/A"},{"$error":"#N/A"},{"$error":"#N/A"}]
[2018,4,17,10,43207.416666665711,null,null,null,null,null,null,null,null,{"$error":"#N/A"},{"$error":"#N/A"},{"$error":"#N/A"},{"$error":"#N/A"}]
[2018,4,17,11,43207.458333332375,null,null,null,null,null,null,null,null,{"$error":"#N/A"},{"$error":"#N/A"},{"$error":"#N/A"},{"$error":"#N/A"}]
[2018,4,17,12,43207.49999999904,null,null,null,null,null,null,null,null,{"$error":"#N/A"},{"$error":"#N/A"},{"$error":"#N/A"},{"$error":"#N/A"}]
[2018,4,17,13,43207.541666665704,null,null,null,null,null,null,null,null,{"$error":"#N/A"},{"$error":"#N/A"},{"$error":"#N/A"},{"$error":"#N/A"}]
[2018,4,17,14,43207.583333332368,null,null,null,null,null,null,null,null,{"$error":"#N/A"},{"$error":"#N/A"},{"$error":"#N/A"},{"$error":"#N/A"}]
[2018,4,17,15,43207.624999999032,null,null,null,null,null,null,null,null,{"$error":"#N/A"},{"$error":"#N/A"},{"$error":"#N/A"},{"$error":"#N/A"}]
[2018,4,17,16,43207.666666665697,null,null,null,null,null,null,null,null,{"$error":"#N/A"},{"$error":"#N/A"},{"$error":"#N/A"},{"$error":"#N/A"}]
[2018,4,17,17,43207.708333332361,null,null,null,null,null,null,null,null,{"$error":"#N/A"},{"$error":"#N/A"},{"$error":"#N/A"},{"$error":"#N/A"}]
[2018,4,17,18,43207.749999999025,null,null,null,null,null,null,null,null,{"$error":"#N/A"},{"$error":"#N/A"},{"$error":"#N/A"},{"$error":"#N/A"}]
[2018,4,17,19,43207.791666665689,null,null,null,null,null,null,null,null,{"$error":"#N/A"},{"$error":"#N/A"},{"$error":"#N/A"},{"$error":"#N/A"}]
[2018,4,17,20,43207.833333332354,null,null,null,null,null,null,null,null,{"$error":"#N/A"},{"$error":"#N/A"},{"$error":"#N/A"},{"$error":"#N/A"}]
[2018,4,17,21,43207.874999999018,null,null,null,null,null,null,null,null,{"$error":"#N/A"},{"$error":"#N/A"},{"$error":"#N/A"},{"$error":"#N/A"}]
[2018,4,17,22,43207.916666665682,null,null,null,null,null,null,null,null,{"$error":"#N/A"},{"$error":"#N/A"},{"$error":"#N/A"},{"$error":"#N/A"}]
[2018,4,17,23,43207.958333332346,null,null,null,null,null,null,null,null,{"$error":"#N/A"},{"$error":"#N/A"},{"$error":"#N/A"},{"$error":"#N/A"}]
[2018,4,18,0,43207.99999999901,null,null,null,null,null,null,null,null,{"$error":"#N/A"},{"$error":"#N/A"},{"$error":"#N/A"},{"$error":"#N/A"}]
[2018,{"$f":"B410","v":4},{"$f":"C387+1","v":18},1,43208.041666665675,null,null,null,null,null,null,null,null,{"$error":"#N/A"},{"$error":"#N/A"},{"$error":"#N/A"},{"$error":"#N/A"}]
[2018,4,18,2,43208.083333332339,null,null,null,null,null,null,null,null,{"$error":"#N/A"},{"$error":"#N/A"},{"$error":"#N/A"},{"$error":"#N/A"}]
[2018,4,18,3,43208.124999999003,null,null,null,null,null,null,null,null,{"$error":"#N/A"},{"$error":"#N/A"},{"$error":"#N/A"},{"$error":"#N/A"}]
[2018,4,18,4,43208.166666665667,null,null,null,null,null,null,null,null,{"$error":"#N/A"},{"$error":"#N/A"},{"$error":"#N/A"},{"$error":"#N/A"}]
[2018,4,18,5,43208.208333332332,null,null,null,null,null,null,null,null,{"$error":"#N/A"},{"$error":"#N/A"},{"$error":"#N/A"},{"$error":"#N/A"}]
[2018,4,18,6,43208.249999998996,null,null,null,null,null,null,null,null,{"$error":"#N/A"},{"$error":"#N/A"},{"$error":"#N/A"},{"$error":"#N/A"}]
[2018,4,18,7,43208.29166666566,null,null,null,null,null,null,null,null,{"$error":"#N/A"},{"$error":"#N/A"},{"$error":"#N/A"},{"$error":"#N/A"}]
[2018,4,18,8,43208.333333332324,null,null,null,null,null,null,null,null,{"$error":"#N/A"},{"$error":"#N/A"},{"$error":"#N/A"},{"$error":"#N/A"}]
[2018,4,18,9,43208.374999998989,null,null,null,null,null,null,null,null,{"$error":"#N/A"},{"$error":"#N/A"},{"$error":"#N/A"},{"$error":"#N/A"}]
[2018,4,18,10,43208.416666665653,null,null,null,null,null,null,null,null,{"$error":"#N/A"},{"$error":"#N/A"},{"$error":"#N/A"},{"$error":"#N/A"}]
[2018,4,18,11,43208.458333332317,null,null,null,null,null,null,null,null,{"$error":"#N/A"},{"$error":"#N/A"},{"$error":"#N/A"},{"$error":"#N/A"}]
[2018,4,18,12,43208.499999998981,null,null,null,null,null,null,null,null,{"$error":"#N/A"},{"$error":"#N/A"},{"$error":"#N/A"},{"$error":"#N/A"}]
[2018,4,18,13,43208.541666665646,null,null,null,null,null,null,null,null,{"$error":"#N/A"},{"$error":"#N/A"},{"$error":"#N/A"},{"$error":"#N/A"}]
[2018,4,18,14,43208.58333333231,null,null,null,null,null,null,null,null,{"$error":"#N/A"},{"$error":"#N/A"},{"$error":"#N/A"},{"$error":"#N/A"}]
[2018,4,18,15,43208.624999998974,null,null,null,null,null,null,null,null,{"$error":"#N/A"},{"$error":"#N/A"},{"$error":"#N/A"},{"$error":"#N/A"}]
[2018,4,18,16,43208.666666665638,null,null,null,null,null,null,null,null,{"$error":"#N/A"},{"$error":"#N/A"},{"$error":"#N/A"},{"$error":"#N/A"}]
[2018,4,18,17,43208.708333332303,null,null,null,null,null,null,null,null,{"$error":"#N/A"},{"$error":"#N/A"},{"$error":"#N/A"},{"$error":"#N/A"}]
[2018,4,18,18,43208.749999998967,null,null,null,null,null,null,null,null,{"$error":"#N/A"},{"$error":"#N/A"},{"$error":"#N/A"},{"$error":"#N/A"}]
[2018,4,18,19,43208.791666665631,null,null,null,null,null,null,null,null,{"$error":"#N/A"},{"$error":"#N/A"},{"$error":"#N/A"},{"$error":"#N/A"}]
[2018,4,18,20,43208.833333332295,null,null,null,null,null,null,null,null,{"$error":"#N/A"},{"$error":"#N/A"},{"$error":"#N/A"},{"$error":"#N/A"}]
[2018,4,18,21,43208.87499999896,null,null,null,null,null,null,null,null,{"$error":"#N/A"},{"$error":"#N/A"},{"$error":"#N/A"},{"$error":"#N/A"}]
[2018,4,18,22,43208.916666665624,null,null,null,null,null,null,null,null,{"$error":"#N/A"},{"$error":"#N/A"},{"$error":"#N/A"},{"$error":"#N/A"}]
[2018,4,18,23,43208.958333332288,null,null,null,null,null,null,null,null,{"$error":"#N/A"},{"$error":"#N/A"},{"$error":"#N/A"},{"$error":"#N/A"}]
[2018,4,19,0,43208.999999998952,null,null,null,null,null,null,null,null,{"$error":"#N/A"},{"$error":"#N/A"},{"$error":"#N/A"},{"$error":"#N/A"}]
[2018,4,19,1,43209.041666665617,null,null,null,null,null,null,null,null,{"$error":"#N/A"},{"$error":"#N/A"},{"$error":"#N/A"},{"$error":"#N/A"}]
[2018,4,19,2,43209.083333332281,null,null,null,null,null,null,null,null,{"$error":"#N/A"},{"$error":"#N/A"},{"$error":"#N/A"},{"$error":"#N/A"}]
[2018,4,19,3,43209.124999998945,null,null,null,null,null,null,null,null,{"$error":"#N/A"},{"$error":"#N/A"},{"$error":"#N/A"},{"$error":"#N/A"}]
[2018,4,19,4,43209.166666665609,null,null,null,null,null,null,null,null,{"$error":"#N/A"},{"$error":"#N/A"},{"$error":"#N/A"},{"$error":"#N/A"}]
[2018,4,19,5,43209.208333332273,null,null,null,null,null,null,null,null,{"$error":"#N/A"},{"$error":"#N/A"},{"$error":"#N/A"},{"$error":"#N/A"}]
[2018,4,19,6,43209.249999998938,null,null,null,null,null,null,null,null,{"$error":"#N/A"},{"$error":"#N/A"},{"$error":"#N/A"},{"$error":"#N/A"}]
[2018,4,19,7,43209.291666665602,null,null,null,null,null,null,null,null,{"$error":"#N/A"},{"$error":"#N/A"},{"$error":"#N/A"},{"$error":"#N/A"}]
[2018,4,19,8,43209.333333332266,null,null,null,null,null,null,null,null,{"$error":"#N/A"},{"$error":"#N/A"},{"$error":"#N/A"},{"$error":"#N/A"}]
[2018,4,19,9,43209.37499999893,null,null,null,null,null,null,null,null,{"$error":"#N/A"},{"$error":"#N/A"},{"$error":"#N/A"},{"$error":"#N/A"}]
[2018,4,19,10,43209.416666665595,null,null,null,null,null,null,null,null,{"$error":"#N/A"},{"$error":"#N/A"},{"$error":"#N/A"},{"$error":"#N/A"}]
[2018,4,19,11,43209.458333332259,null,null,null,null,null,null,null,null,{"$error":"#N/A"},{"$error":"#N/A"},{"$error":"#N/A"},{"$error":"#N/A"}]
[2018,4,19,12,43209.499999998923,null,null,null,null,null,null,null,null,{"$error":"#N/A"},{"$error":"#N/A"},{"$error":"#N/A"},{"$error":"#N/A"}]
[2018,4,19,13,43209.541666665587,null,null,null,null,null,null,null,null,{"$error":"#N/A"},{"$error":"#N/A"},{"$error":"#N/A"},{"$error":"#N/A"}]
[2018,4,19,14,43209.583333332252,null,null,null,null,null,null,null,null,{"$error":"#N/A"},{"$error":"#N/A"},{"$error":"#N/A"},{"$error":"#N/A"}]
[2018,4,19,15,43209.624999998916,null,null,null,null,null,null,null,null,{"$error":"#N/A"},{"$error":"#N/A"},{"$error":"#N/A"},{"$error":"#N/A"}]
[2018,4,19,16,43209.66666666558,null,null,null,null,null,null,null,null,{"$f":"IF(G450=\"Valid\", F450, NA())","v":{"$error":"#N/A"}},{"$f":"IF(G450=\"Valid\", H450, NA())","v":{"$error":"#N/A"}},{"$f":"IF(J450=\"Valid\", I450, NA())","v":{"$error":"#N/A"}},{"$f":"IF(J450=\"Valid\", K450, NA())","v":{"$error":"#N/A"}}]
[2018,4,19,17,43209.708333332244,null,null,null,null,null,null,null,null,{"$error":"#N/A"},{"$error":"#N/A"},{"$error":"#N/A"},{"$error":"#N/A"}]
[{"$f":"A451","v":2018},4,19,{"$f":"IF(D451=23,0,D451+1)","v":18},{"$f":"E451+0.0416666666666666","v":43209.749999998909},null,null,null,null,null,null,null,null,{"$error":"#N/A"},{"$error":"#N/A"},{"$error":"#N/A"},{"$error":"#N/A"}]
[2018,4,19,19,43209.791666665573,null,null,null,null,null,null,null,null,{"$error":"#N/A"},{"$error":"#N/A"},{"$error":"#N/A"},{"$error":"#N/A"}]
[2018,4,19,20,43209.833333332237,null,null,null,null,null,null,null,null,{"$error":"#N/A"},{"$error":"#N/A"},{"$error":"#N/A"},{"$error":"#N/A"}]
[2018,4,19,21,43209.874999998901,null,null,null,null,null,null,null,null,{"$error":"#N/A"},{"$error":"#N/A"},{"$error":"#N/A"},{"$error":"#N/A"}]
[2018,4,19,22,43209.916666665566,null,null,null,null,null,null,null,null,{"$error":"#N/A"},{"$error":"#N/A"},{"$error":"#N/A"},{"$error":"#N/A"}]
[2018,4,19,23,43209.95833333223,null,null,null,null,null,null,null,null,{"$error":"#N/A"},{"$error":"#N/A"},{"$error":"#N/A"},{"$error":"#N/A"}]
[2018,4,20,0,43209.999999998894,null,null,null,null,null,null,null,null,{"$error":"#N/A"},{"$error":"#N/A"},{"$error":"#N/A"},{"$error":"#N/A"}]
[2018,4,20,1,43210.041666665558,null,null,null,null,null,null,null,null,{"$error":"#N/A"},{"$error":"#N/A"},{"$error":"#N/A"},{"$error":"#N/A"}]
[2018,4,20,2,43210.083333332223,null,null,null,null,null,null,null,null,{"$error":"#N/A"},{"$error":"#N/A"},{"$error":"#N/A"},{"$error":"#N/A"}]
[2018,4,20,3,43210.124999998887,null,null,null,null,null,null,null,null,{"$error":"#N/A"},{"$error":"#N/A"},{"$error":"#N/A"},{"$error":"#N/A"}]
[2018,4,20,4,43210.166666665551,null,null,null,null,null,null,null,null,{"$error":"#N/A"},{"$error":"#N/A"},{"$error":"#N/A"},{"$error":"#N/A"}]
[2018,4,20,5,43210.208333332215,null,null,null,null,null,null,null,null,{"$error":"#N/A"},{"$error":"#N/A"},{"$error":"#N/A"},{"$error":"#N/A"}]
[2018,4,20,6,43210.24999999888,null,null,null,null,null,null,null,null,{"$error":"#N/A"},{"$error":"#N/A"},{"$error":"#N/A"},{"$error":"#N/A"}]
[2018,4,20,7,43210.291666665544,null,null,null,null,null,null,null,null,{"$error":"#N/A"},{"$error":"#N/A"},{"$error":"#N/A"},{"$error":"#N/A"}]
[2018,4,20,8,43210.333333332208,null,null,null,null,null,null,null,null,{"$error":"#N/A"},{"$error":"#N/A"},{"$error":"#N/A"},{"$error":"#N/A"}]
[2018,4,20,9,43210.374999998872,null,null,null,null,null,null,null,null,{"$error":"#N/A"},{"$error":"#N/A"},{"$error":"#N/A"},{"$error":"#N/A"}]
[2018,4,20,10,43210.416666665536,null,null,null,null,null,null,null,null,{"$error":"#N/A"},{"$error":"#N/A"},{"$error":"#N/A"},{"$error":"#N/A"}]
[2018,4,20,11,43210.458333332201,null,null,null,null,null,null,null,null,{"$error":"#N/A"},{"$error":"#N/A"},{"$error":"#N/A"},{"$error":"#N/A"}]
[2018,4,20,12,43210.499999998865,null,null,null,null,null,null,null,null,{"$error":"#N/A"},{"$error":"#N/A"},{"$error":"#N/A"},{"$error":"#N/A"}]
[2018,4,20,13,43210.541666665529,null,null,null,null,null,null,null,null,{"$error":"#N/A"},{"$error":"#N/A"},{"$error":"#N/A"},{"$error":"#N/A"}]
[2018,4,20,14,43210.583333332193,null,null,null,null,null,null,null,null,{"$error":"#N/A"},{"$error":"#N/A"},{"$error":"#N/A"},{"$error":"#N/A"}]
[2018,4,20,15,43210.624999998858,null,null,null,null,null,null,null,null,{"$error":"#N/A"},{"$error":"#N/A"},{"$error":"#N/A"},{"$error":"#N/A"}]
[2018,4,20,16,43210.666666665522,null,null,null,null,null,null,null,null,{"$error":"#N/A"},{"$error":"#N/A"},{"$error":"#N/A"},{"$error":"#N/A"}]
[2018,{"$f":"B474","v":4},{"$f":"C451+1","v":20},17,43210.708333332186,null,null,null,null,null,null,null,null,{"$error":"#N/A"},{"$error":"#N/A"},{"$error":"#N/A"},{"$error":"#N/A"}]
[2018,4,20,18,43210.74999999885,null,null,null,null,null,null,null,null,{"$error":"#N/A"},{"$error":"#N/A"},{"$error":"#N/A"},{"$error":"#N/A"}]
[2018,4,20,19,43210.791666665515,null,null,null,null,null,null,null,null,{"$error":"#N/A"},{"$error":"#N/A"},{"$error":"#N/A"},{"$error":"#N/A"}]
[2018,4,20,20,43210.833333332179,null,null,null,null,null,null,null,null,{"$error":"#N/A"},{"$error":"#N/A"},{"$error":"#N/A"},{"$error":"#N/A"}]
[2018,4,20,21,43210.874999998843,null,null,null,null,null,null,null,null,{"$error":"#N/A"},{"$error":"#N/A"},{"$error":"#N/A"},{"$error":"#N/A"}]
[2018,4,20,22,43210.916666665507,null,null,null,null,null,null,null,null,{"$error":"#N/A"},{"$error":"#N/A"},{"$error":"#N/A"},{"$error":"#N/A"}]
[2018,4,20,23,43210.958333332172,null,null,null,null,null,null,null,null,{"$error":"#N/A"},{"$error":"#N/A"},{"$error":"#N/A"},{"$error":"#N/A"}]
[2018,4,21,0,43210.999999998836,null,null,null,null,null,null,null,null,{"$error":"#N/A"},{"$error":"#N/A"},{"$error":"#N/A"},{"$error":"#N/A"}]
[2018,4,21,1,43211.0416666655,null,null,null,null,null,null,null,null,{"$error":"#N/A"},{"$error":"#N/A"},{"$error":"#N/A"},{"$error":"#N/A"}]
[2018,4,21,2,43211.083333332164,null,null,null,null,null,null,null,null,{"$error":"#N/A"},{"$error":"#N/A"},{"$error":"#N/A"},{"$error":"#N/A"}]
[2018,4,21,3,43211.124999998829,null,null,null,null,null,null,null,null,{"$error":"#N/A"},{"$error":"#N/A"},{"$error":"#N/A"},{"$error":"#N/A"}]
[2018,4,21,4,43211.166666665493,null,null,null,null,null,null,null,null,{"$error":"#N/A"},{"$error":"#N/A"},{"$error":"#N/A"},{"$error":"#N/A"}]
[2018,4,21,5,43211.208333332157,null,null,null,null,null,null,null,null,{"$error":"#N/A"},{"$error":"#N/A"},{"$error":"#N/A"},{"$error":"#N/A"}]
[2018,4,21,6,43211.249999998821,null,null,null,null,null,null,null,null,{"$error":"#N/A"},{"$error":"#N/A"},{"$error":"#N/A"},{"$error":"#N/A"}]
[2018,4,21,7,43211.291666665486,null,null,null,null,null,null,null,null,{"$error":"#N/A"},{"$error":"#N/A"},{"$error":"#N/A"},{"$error":"#N/A"}]
[2018,4,21,8,43211.33333333215,null,null,null,null,null,null,null,null,{"$error":"#N/A"},{"$error":"#N/A"},{"$error":"#N/A"},{"$error":"#N/A"}]
[2018,4,21,9,43211.374999998814,null,null,null,null,null,null,null,null,{"$error":"#N/A"},{"$error":"#N/A"},{"$error":"#N/A"},{"$error":"#N/A"}]
[2018,4,21,10,43211.416666665478,null,null,null,null,null,null,null,null,{"$error":"#N/A"},{"$error":"#N/A"},{"$error":"#N/A"},{"$error":"#N/A"}]
[2018,4,21,11,43211.458333332143,null,null,null,null,null,null,null,null,{"$error":"#N/A"},{"$error":"#N/A"},{"$error":"#N/A"},{"$error":"#N/A"}]
[2018,4,21,12,43211.499999998807,null,null,null,null,null,null,null,null,{"$error":"#N/A"},{"$error":"#N/A"},{"$error":"#N/A"},{"$error":"#N/A"}]
[2018,4,21,13,43211.541666665471,null,null,null,null,null,null,null,null,{"$error":"#N/A"},{"$error":"#N/A"},{"$error":"#N/A"},{"$error":"#N/A"}]
[2018,4,21,14,43211.583333332135,null,null,null,null,null,null,null,null,{"$error":"#N/A"},{"$error":"#N/A"},{"$error":"#N/A"},{"$error":"#N/A"}]
[2018,4,21,15,43211.624999998799,null,null,null,null,null,null,null,null,{"$error":"#N/A"},{"$error":"#N/A"},{"$error":"#N/A"},{"$error":"#N/A"}]
[2018,4,21,16,43211.666666665464,null,null,null,null,null,null,null,null,{"$error":"#N/A"},{"$error":"#N/A"},{"$error":"#N/A"},{"$error":"#N/A"}]
[2018,4,21,17,43211.708333332128,null,null,null,null,null,null,null,null,{"$error":"#N/A"},{"$error":"#N/A"},{"$error":"#N/A"},{"$error":"#N/A"}]
[2018,4,21,18,43211.749999998792,null,null,null,null,null,null,null,null,{"$error":"#N/A"},{"$error":"#N/A"},{"$error":"#N/A"},{"$error":"#N/A"}]
[2018,4,21,19,43211.791666665456,null,null,null,null,null,null,null,null,{"$error":"#N/A"},{"$error":"#N/A"},{"$error":"#N/A"},{"$error":"#N/A"}]
[2018,4,21,20,43211.833333332121,null,null,null,null,null,null,null,null,{"$error":"#N/A"},{"$error":"#N/A"},{"$error":"#N/A"},{"$error":"#N/A"}]
[2018,4,21,21,43211.874999998785,null,null,null,null,null,null,null,null,{"$error":"#N/A"},{"$error":"#N/A"},{"$error":"#N/A"},{"$error":"#N/A"}]
[2018,4,21,22,43211.916666665449,null,null,null,null,null,null,null,null,{"$error":"#N/A"},{"$error":"#N/A"},{"$error":"#N/A"},{"$error":"#N/A"}]
[2018,4,21,23,43211.958333332113,null,null,null,null,null,null,null,null,{"$error":"#N/A"},{"$error":"#N/A"},{"$error":"#N/A"},{"$error":"#N/A"}]
[2018,4,22,0,43211.999999998778,null,null,null,null,null,null,null,null,{"$error":"#N/A"},{"$error":"#N/A"},{"$error":"#N/A"},{"$error":"#N/A"}]
[2018,4,22,1,43212.041666665442,null,null,null,null,null,null,null,null,{"$error":"#N/A"},{"$error":"#N/A"},{"$error":"#N/A"},{"$error":"#N/A"}]
[2018,4,22,2,43212.083333332106,null,null,null,null,null,null,null,null,{"$error":"#N/A"},{"$error":"#N/A"},{"$error":"#N/A"},{"$error":"#N/A"}]
[2018,4,22,3,43212.12499999877,null,null,null,null,null,null,null,null,{"$error":"#N/A"},{"$error":"#N/A"},{"$error":"#N/A"},{"$error":"#N/A"}]
[2018,4,22,4,43212.166666665435,null,null,null,null,null,null,null,null,{"$error":"#N/A"},{"$error":"#N/A"},{"$error":"#N/A"},{"$error":"#N/A"}]
[2018,4,22,5,43212.208333332099,null,null,null,null,null,null,null,null,{"$error":"#N/A"},{"$error":"#N/A"},{"$error":"#N/A"},{"$error":"#N/A"}]
[2018,4,22,6,43212.249999998763,null,null,null,null,null,null,null,null,{"$error":"#N/A"},{"$error":"#N/A"},{"$error":"#N/A"},{"$error":"#N/A"}]
[2018,4,22,7,43212.291666665427,null,null,null,null,null,null,null,null,{"$error":"#N/A"},{"$error":"#N/A"},{"$error":"#N/A"},{"$error":"#N/A"}]
[2018,4,22,8,43212.333333332092,null,null,null,null,null,null,null,null,{"$f":"IF(G514=\"Valid\", F514, NA())","v":{"$error":"#N/A"}},{"$f":"IF(G514=\"Valid\", H514, NA())","v":{"$error":"#N/A"}},{"$f":"IF(J514=\"Valid\", I514, NA())","v":{"$error":"#N/A"}},{"$f":"IF(J514=\"Valid\", K514, NA())","v":{"$error":"#N/A"}}]
[2018,4,22,9,43212.374999998756,null,null,null,null,null,null,null,null,{"$error":"#N/A"},{"$error":"#N/A"},{"$error":"#N/A"},{"$error":"#N/A"}]
[{"$f":"A515","v":2018},4,22,{"$f":"IF(D515=23,0,D515+1)","v":10},{"$f":"E515+0.0416666666666666","v":43212.41666666542},null,null,null,null,null,null,null,null,{"$error":"#N/A"},{"$error":"#N/A"},{"$error":"#N/A"},{"$error":"#N/A"}]
[2018,4,22,11,43212.458333332084,null,null,null,null,null,null,null,null,{"$error":"#N/A"},{"$error":"#N/A"},{"$error":"#N/A"},{"$error":"#N/A"}]
[2018,4,22,12,43212.499999998749,null,null,null,null,null,null,null,null,{"$error":"#N/A"},{"$error":"#N/A"},{"$error":"#N/A"},{"$error":"#N/A"}]
[2018,4,22,13,43212.541666665413,null,null,null,null,null,null,null,null,{"$error":"#N/A"},{"$error":"#N/A"},{"$error":"#N/A"},{"$error":"#N/A"}]
[2018,4,22,14,43212.583333332077,null,null,null,null,null,null,null,null,{"$error":"#N/A"},{"$error":"#N/A"},{"$error":"#N/A"},{"$error":"#N/A"}]
[2018,4,22,15,43212.624999998741,null,null,null,null,null,null,null,null,{"$error":"#N/A"},{"$error":"#N/A"},{"$error":"#N/A"},{"$error":"#N/A"}]
[2018,4,22,16,43212.666666665406,null,null,null,null,null,null,null,null,{"$error":"#N/A"},{"$error":"#N/A"},{"$error":"#N/A"},{"$error":"#N/A"}]
[2018,4,22,17,43212.70833333207,null,null,null,null,null,null,null,null,{"$error":"#N/A"},{"$error":"#N/A"},{"$error":"#N/A"},{"$error":"#N/A"}]
[2018,4,22,18,43212.749999998734,null,null,null,null,null,null,null,null,{"$error":"#N/A"},{"$error":"#N/A"},{"$error":"#N/A"},{"$error":"#N/A"}]
[2018,4,22,19,43212.791666665398,null,null,null,null,null,null,null,null,{"$error":"#N/A"},{"$error":"#N/A"},{"$error":"#N/A"},{"$error":"#N/A"}]
[2018,4,22,20,43212.833333332062,null,null,null,null,null,null,null,null,{"$error":"#N/A"},{"$error":"#N/A"},{"$error":"#N/A"},{"$error":"#N/A"}]
[2018,4,22,21,43212.874999998727,null,null,null,null,null,null,null,null,{"$error":"#N/A"},{"$error":"#N/A"},{"$error":"#N/A"},{"$error":"#N/A"}]
[2018,4,22,22,43212.916666665391,null,null,null,null,null,null,null,null,{"$error":"#N/A"},{"$error":"#N/A"},{"$error":"#N/A"},{"$error":"#N/A"}]
[2018,4,22,23,43212.958333332055,null,null,null,null,null,null,null,null,{"$error":"#N/A"},{"$error":"#N/A"},{"$error":"#N/A"},{"$error":"#N/A"}]
[2018,4,23,0,43212.999999998719,null,null,null,null,null,null,null,null,{"$error":"#N/A"},{"$error":"#N/A"},{"$error":"#N/A"},{"$error":"#N/A"}]
[2018,4,23,1,43213.041666665384,null,null,null,null,null,null,null,null,{"$error":"#N/A"},{"$error":"#N/A"},{"$error":"#N/A"},{"$error":"#N/A"}]
[2018,4,23,2,43213.083333332048,null,null,null,null,null,null,null,null,{"$error":"#N/A"},{"$error":"#N/A"},{"$error":"#N/A"},{"$error":"#N/A"}]
[2018,4,23,3,43213.124999998712,null,null,null,null,null,null,null,null,{"$error":"#N/A"},{"$error":"#N/A"},{"$error":"#N/A"},{"$error":"#N/A"}]
[2018,4,23,4,43213.166666665376,null,null,null,null,null,null,null,null,{"$error":"#N/A"},{"$error":"#N/A"},{"$error":"#N/A"},{"$error":"#N/A"}]
[2018,4,23,5,43213.208333332041,null,null,null,null,null,null,null,null,{"$error":"#N/A"},{"$error":"#N/A"},{"$error":"#N/A"},{"$error":"#N/A"}]
[2018,4,23,6,43213.249999998705,null,null,null,null,null,null,null,null,{"$error":"#N/A"},{"$error":"#N/A"},{"$error":"#N/A"},{"$error":"#N/A"}]
[2018,4,23,7,43213.291666665369,null,null,null,null,null,null,null,null,{"$error":"#N/A"},{"$error":"#N/A"},{"$error":"#N/A"},{"$error":"#N/A"}]
[2018,4,23,8,43213.333333332033,null,null,null,null,null,null,null,null,{"$error":"#N/A"},{"$error":"#N/A"},{"$error":"#N/A"},{"$error":"#N/A"}]
[2018,{"$f":"B538","v":4},{"$f":"C515+1","v":23},9,43213.374999998698,null,null,null,null,null,null,null,null,{"$error":"#N/A"},{"$error":"#N/A"},{"$error":"#N/A"},{"$error":"#N/A"}]
[2018,4,23,10,43213.416666665362,null,null,null,null,null,null,null,null,{"$error":"#N/A"},{"$error":"#N/A"},{"$error":"#N/A"},{"$error":"#N/A"}]
[2018,4,23,11,43213.458333332026,null,null,null,null,null,null,null,null,{"$error":"#N/A"},{"$error":"#N/A"},{"$error":"#N/A"},{"$error":"#N/A"}]
[2018,4,23,12,43213.49999999869,null,null,null,null,null,null,null,null,{"$error":"#N/A"},{"$error":"#N/A"},{"$error":"#N/A"},{"$error":"#N/A"}]
[2018,4,23,13,43213.541666665355,null,null,null,null,null,null,null,null,{"$error":"#N/A"},{"$error":"#N/A"},{"$error":"#N/A"},{"$error":"#N/A"}]
[2018,4,23,14,43213.583333332019,null,null,null,null,null,null,null,null,{"$error":"#N/A"},{"$error":"#N/A"},{"$error":"#N/A"},{"$error":"#N/A"}]
[2018,4,23,15,43213.624999998683,null,null,null,null,null,null,null,null,{"$error":"#N/A"},{"$error":"#N/A"},{"$error":"#N/A"},{"$error":"#N/A"}]
[2018,4,23,16,43213.666666665347,null,null,null,null,null,null,null,null,{"$error":"#N/A"},{"$error":"#N/A"},{"$error":"#N/A"},{"$error":"#N/A"}]
[2018,4,23,17,43213.708333332012,null,null,null,null,null,null,null,null,{"$error":"#N/A"},{"$error":"#N/A"},{"$error":"#N/A"},{"$error":"#N/A"}]
[2018,4,23,18,43213.749999998676,null,null,null,null,null,null,null,null,{"$error":"#N/A"},{"$error":"#N/A"},{"$error":"#N/A"},{"$error":"#N/A"}]
[2018,4,23,19,43213.79166666534,null,null,null,null,null,null,null,null,{"$error":"#N/A"},{"$error":"#N/A"},{"$error":"#N/A"},{"$error":"#N/A"}]
[2018,4,23,20,43213.833333332004,null,null,null,null,null,null,null,null,{"$error":"#N/A"},{"$error":"#N/A"},{"$error":"#N/A"},{"$error":"#N/A"}]
[2018,4,23,21,43213.874999998668,null,null,null,null,null,null,null,null,{"$error":"#N/A"},{"$error":"#N/A"},{"$error":"#N/A"},{"$error":"#N/A"}]
[2018,4,23,22,43213.916666665333,null,null,null,null,null,null,null,null,{"$error":"#N/A"},{"$error":"#N/A"},{"$error":"#N/A"},{"$error":"#N/A"}]
[2018,4,23,23,43213.958333331997,null,null,null,null,null,null,null,null,{"$error":"#N/A"},{"$error":"#N/A"},{"$error":"#N/A"},{"$error":"#N/A"}]
[2018,4,24,0,43213.999999998661,null,null,null,null,null,null,null,null,{"$error":"#N/A"},{"$error":"#N/A"},{"$error":"#N/A"},{"$error":"#N/A"}]
[2018,4,24,1,43214.041666665325,null,null,null,null,null,null,null,null,{"$error":"#N/A"},{"$error":"#N/A"},{"$error":"#N/A"},{"$error":"#N/A"}]
[2018,4,24,2,43214.08333333199,null,null,null,null,null,null,null,null,{"$error":"#N/A"},{"$error":"#N/A"},{"$error":"#N/A"},{"$error":"#N/A"}]
[2018,4,24,3,43214.124999998654,null,null,null,null,null,null,null,null,{"$error":"#N/A"},{"$error":"#N/A"},{"$error":"#N/A"},{"$error":"#N/A"}]
[2018,4,24,4,43214.166666665318,null,null,null,null,null,null,null,null,{"$error":"#N/A"},{"$error":"#N/A"},{"$error":"#N/A"},{"$error":"#N/A"}]
[2018,4,24,5,43214.208333331982,null,null,null,null,null,null,null,null,{"$error":"#N/A"},{"$error":"#N/A"},{"$error":"#N/A"},{"$error":"#N/A"}]
[2018,4,24,6,43214.249999998647,null,null,null,null,null,null,null,null,{"$error":"#N/A"},{"$error":"#N/A"},{"$error":"#N/A"},{"$error":"#N/A"}]
[2018,4,24,7,43214.291666665311,null,null,null,null,null,null,null,null,{"$error":"#N/A"},{"$error":"#N/A"},{"$error":"#N/A"},{"$error":"#N/A"}]
[2018,4,24,8,43214.333333331975,null,null,null,null,null,null,null,null,{"$error":"#N/A"},{"$error":"#N/A"},{"$error":"#N/A"},{"$error":"#N/A"}]
[2018,4,24,9,43214.374999998639,null,null,null,null,null,null,null,null,{"$error":"#N/A"},{"$error":"#N/A"},{"$error":"#N/A"},{"$error":"#N/A"}]
[2018,4,24,10,43214.416666665304,null,null,null,null,null,null,null,null,{"$error":"#N/A"},{"$error":"#N/A"},{"$error":"#N/A"},{"$error":"#N/A"}]
[2018,4,24,11,43214.458333331968,null,null,null,null,null,null,null,null,{"$error":"#N/A"},{"$error":"#N/A"},{"$error":"#N/A"},{"$error":"#N/A"}]
[2018,4,24,12,43214.499999998632,null,null,null,null,null,null,null,null,{"$error":"#N/A"},{"$error":"#N/A"},{"$error":"#N/A"},{"$error":"#N/A"}]
[2018,4,24,13,43214.541666665296,null,null,null,null,null,null,null,null,{"$error":"#N/A"},{"$error":"#N/A"},{"$error":"#N/A"},{"$error":"#N/A"}]
[2018,4,24,14,43214.583333331961,null,null,null,null,null,null,null,null,{"$error":"#N/A"},{"$error":"#N/A"},{"$error":"#N/A"},{"$error":"#N/A"}]
[2018,4,24,15,43214.624999998625,null,null,null,null,null,null,null,null,{"$error":"#N/A"},{"$error":"#N/A"},{"$error":"#N/A"},{"$error":"#N/A"}]
[2018,4,24,16,43214.666666665289,null,null,null,null,null,null,null,null,{"$error":"#N/A"},{"$error":"#N/A"},{"$error":"#N/A"},{"$error":"#N/A"}]
[2018,4,24,17,43214.708333331953,null,null,null,null,null,null,null,null,{"$error":"#N/A"},{"$error":"#N/A"},{"$error":"#N/A"},{"$error":"#N/A"}]
[2018,4,24,18,43214.749999998618,null,null,null,null,null,null,null,null,{"$error":"#N/A"},{"$error":"#N/A"},{"$error":"#N/A"},{"$error":"#N/A"}]
[2018,4,24,19,43214.791666665282,null,null,null,null,null,null,null,null,{"$error":"#N/A"},{"$error":"#N/A"},{"$error":"#N/A"},{"$error":"#N/A"}]
[2018,4,24,20,43214.833333331946,null,null,null,null,null,null,null,null,{"$error":"#N/A"},{"$error":"#N/A"},{"$error":"#N/A"},{"$error":"#N/A"}]
[2018,4,24,21,43214.87499999861,null,null,null,null,null,null,null,null,{"$error":"#N/A"},{"$error":"#N/A"},{"$error":"#N/A"},{"$error":"#N/A"}]
[2018,4,24,22,43214.916666665275,null,null,null,null,null,null,null,null,{"$error":"#N/A"},{"$error":"#N/A"},{"$error":"#N/A"},{"$error":"#N/A"}]
[2018,4,24,23,43214.958333331939,null,null,null,null,null,null,null,null,{"$error":"#N/A"},{"$error":"#N/A"},{"$error":"#N/A"},{"$error":"#N/A"}]
[2018,4,25,0,43214.999999998603,null,null,null,null,null,null,null,null,{"$f":"IF(G578=\"Valid\", F578, NA())","v":{"$error":"#N/A"}},{"$f":"IF(G578=\"Valid\", H578, NA())","v":{"$error":"#N/A"}},{"$f":"IF(J578=\"Valid\", I578, NA())","v":{"$error":"#N/A"}},{"$f":"IF(J578=\"Valid\", K578, NA())","v":{"$error":"#N/A"}}]
[2018,4,25,1,43215.041666665267,null,null,null,null,null,null,null,null,{"$error":"#N/A"},{"$error":"#N/A"},{"$error":"#N/A"},{"$error":"#N/A"}]
[{"$f":"A579","v":2018},4,25,{"$f":"IF(D579=23,0,D579+1)","v":2},{"$f":"E579+0.0416666666666666","v":43215.083333331931},null,null,null,null,null,null,null,null,{"$error":"#N/A"},{"$error":"#N/A"},{"$error":"#N/A"},{"$error":"#N/A"}]
[2018,4,25,3,43215.124999998596,null,null,null,null,null,null,null,null,{"$error":"#N/A"},{"$error":"#N/A"},{"$error":"#N/A"},{"$error":"#N/A"}]
[2018,4,25,4,43215.16666666526,null,null,null,null,null,null,null,null,{"$error":"#N/A"},{"$error":"#N/A"},{"$error":"#N/A"},{"$error":"#N/A"}]
[2018,4,25,5,43215.208333331924,null,null,null,null,null,null,null,null,{"$error":"#N/A"},{"$error":"#N/A"},{"$error":"#N/A"},{"$error":"#N/A"}]
[2018,4,25,6,43215.249999998588,null,null,null,null,null,null,null,null,{"$error":"#N/A"},{"$error":"#N/A"},{"$error":"#N/A"},{"$error":"#N/A"}]
[2018,4,25,7,43215.291666665253,null,null,null,null,null,null,null,null,{"$error":"#N/A"},{"$error":"#N/A"},{"$error":"#N/A"},{"$error":"#N/A"}]
[2018,4,25,8,43215.333333331917,null,null,null,null,null,null,null,null,{"$error":"#N/A"},{"$error":"#N/A"},{"$error":"#N/A"},{"$error":"#N/A"}]
[2018,4,25,9,43215.374999998581,null,null,null,null,null,null,null,null,{"$error":"#N/A"},{"$error":"#N/A"},{"$error":"#N/A"},{"$error":"#N/A"}]
[2018,4,25,10,43215.416666665245,null,null,null,null,null,null,null,null,{"$error":"#N/A"},{"$error":"#N/A"},{"$error":"#N/A"},{"$error":"#N/A"}]
[2018,4,25,11,43215.45833333191,null,null,null,null,null,null,null,null,{"$error":"#N/A"},{"$error":"#N/A"},{"$error":"#N/A"},{"$error":"#N/A"}]
[2018,4,25,12,43215.499999998574,null,null,null,null,null,null,null,null,{"$error":"#N/A"},{"$error":"#N/A"},{"$error":"#N/A"},{"$error":"#N/A"}]
[2018,4,25,13,43215.541666665238,null,null,null,null,null,null,null,null,{"$error":"#N/A"},{"$error":"#N/A"},{"$error":"#N/A"},{"$error":"#N/A"}]
[2018,4,25,14,43215.583333331902,null,null,null,null,null,null,null,null,{"$error":"#N/A"},{"$error":"#N/A"},{"$error":"#N/A"},{"$error":"#N/A"}]
[2018,4,25,15,43215.624999998567,null,null,null,null,null,null,null,null,{"$error":"#N/A"},{"$error":"#N/A"},{"$error":"#N/A"},{"$error":"#N/A"}]
[2018,4,25,16,43215.666666665231,null,null,null,null,null,null,null,null,{"$error":"#N/A"},{"$error":"#N/A"},{"$error":"#N/A"},{"$error":"#N/A"}]
[2018,4,25,17,43215.708333331895,null,null,null,null,null,null,null,null,{"$error":"#N/A"},{"$error":"#N/A"},{"$error":"#N/A"},{"$error":"#N/A"}]
[2018,4,25,18,43215.749999998559,null,null,null,null,null,null,null,null,{"$error":"#N/A"},{"$error":"#N/A"},{"$error":"#N/A"},{"$error":"#N/A"}]
[2018,4,25,19,43215.791666665224,null,null,null,null,null,null,null,null,{"$error":"#N/A"},{"$error":"#N/A"},{"$error":"#N/A"},{"$error":"#N/A"}]
[2018,4,25,20,43215.833333331888,null,null,null,null,null,null,null,null,{"$error":"#N/A"},{"$error":"#N/A"},{"$error":"#N/A"},{"$error":"#N/A"}]
[2018,4,25,21,43215.874999998552,null,null,null,null,null,null,null,null,{"$error":"#N/A"},{"$error":"#N/A"},{"$error":"#N/A"},{"$error":"#N/A"}]
[2018,4,25,22,43215.916666665216,null,null,null,null,null,null,null,null,{"$error":"#N/A"},{"$error":"#N/A"},{"$error":"#N/A"},{"$error":"#N/A"}]
[2018,4,25,23,43215.958333331881,null,null,null,null,null,null,null,null,{"$error":"#N/A"},{"$error":"#N/A"},{"$error":"#N/A"},{"$error":"#N/A"}]
[2018,4,26,0,43215.999999998545,null,null,null,null,null,null,null,null,{"$error":"#N/A"},{"$error":"#N/A"},{"$error":"#N/A"},{"$error":"#N/A"}]
[2018,{"$f":"B602","v":4},{"$f":"C579+1","v":26},1,43216.041666665209,null,null,null,null,null,null,null,null,{"$error":"#N/A"},{"$error":"#N/A"},{"$error":"#N/A"},{"$error":"#N/A"}]
[2018,4,26,2,43216.083333331873,null,null,null,null,null,null,null,null,{"$error":"#N/A"},{"$error":"#N/A"},{"$error":"#N/A"},{"$error":"#N/A"}]
[2018,4,26,3,43216.124999998538,null,null,null,null,null,null,null,null,{"$error":"#N/A"},{"$error":"#N/A"},{"$error":"#N/A"},{"$error":"#N/A"}]
[2018,4,26,4,43216.166666665202,null,null,null,null,null,null,null,null,{"$error":"#N/A"},{"$error":"#N/A"},{"$error":"#N/A"},{"$error":"#N/A"}]
[2018,4,26,5,43216.208333331866,null,null,null,null,null,null,null,null,{"$error":"#N/A"},{"$error":"#N/A"},{"$error":"#N/A"},{"$error":"#N/A"}]
[2018,4,26,6,43216.24999999853,null,null,null,null,null,null,null,null,{"$error":"#N/A"},{"$error":"#N/A"},{"$error":"#N/A"},{"$error":"#N/A"}]
[2018,4,26,7,43216.291666665194,null,null,null,null,null,null,null,null,{"$error":"#N/A"},{"$error":"#N/A"},{"$error":"#N/A"},{"$error":"#N/A"}]
[2018,4,26,8,43216.333333331859,null,null,null,null,null,null,null,null,{"$error":"#N/A"},{"$error":"#N/A"},{"$error":"#N/A"},{"$error":"#N/A"}]
[2018,4,26,9,43216.374999998523,null,null,null,null,null,null,null,null,{"$error":"#N/A"},{"$error":"#N/A"},{"$error":"#N/A"},{"$error":"#N/A"}]
[2018,4,26,10,43216.416666665187,null,null,null,null,null,null,null,null,{"$error":"#N/A"},{"$error":"#N/A"},{"$error":"#N/A"},{"$error":"#N/A"}]
[2018,4,26,11,43216.458333331851,null,null,null,null,null,null,null,null,{"$error":"#N/A"},{"$error":"#N/A"},{"$error":"#N/A"},{"$error":"#N/A"}]
[2018,4,26,12,43216.499999998516,null,null,null,null,null,null,null,null,{"$error":"#N/A"},{"$error":"#N/A"},{"$error":"#N/A"},{"$error":"#N/A"}]
[2018,4,26,13,43216.54166666518,null,null,null,null,null,null,null,null,{"$error":"#N/A"},{"$error":"#N/A"},{"$error":"#N/A"},{"$error":"#N/A"}]
[2018,4,26,14,43216.583333331844,null,null,null,null,null,null,null,null,{"$error":"#N/A"},{"$error":"#N/A"},{"$error":"#N/A"},{"$error":"#N/A"}]
[2018,4,26,15,43216.624999998508,null,null,null,null,null,null,null,null,{"$error":"#N/A"},{"$error":"#N/A"},{"$error":"#N/A"},{"$error":"#N/A"}]
[2018,4,26,16,43216.666666665173,null,null,null,null,null,null,null,null,{"$error":"#N/A"},{"$error":"#N/A"},{"$error":"#N/A"},{"$error":"#N/A"}]
[2018,4,26,17,43216.708333331837,null,null,null,null,null,null,null,null,{"$error":"#N/A"},{"$error":"#N/A"},{"$error":"#N/A"},{"$error":"#N/A"}]
[2018,4,26,18,43216.749999998501,null,null,null,null,null,null,null,null,{"$error":"#N/A"},{"$error":"#N/A"},{"$error":"#N/A"},{"$error":"#N/A"}]
[2018,4,26,19,43216.791666665165,null,null,null,null,null,null,null,null,{"$error":"#N/A"},{"$error":"#N/A"},{"$error":"#N/A"},{"$error":"#N/A"}]
[2018,4,26,20,43216.83333333183,null,null,null,null,null,null,null,null,{"$error":"#N/A"},{"$error":"#N/A"},{"$error":"#N/A"},{"$error":"#N/A"}]
[2018,4,26,21,43216.874999998494,null,null,null,null,null,null,null,null,{"$error":"#N/A"},{"$error":"#N/A"},{"$error":"#N/A"},{"$error":"#N/A"}]
[2018,4,26,22,43216.916666665158,null,null,null,null,null,null,null,null,{"$error":"#N/A"},{"$error":"#N/A"},{"$error":"#N/A"},{"$error":"#N/A"}]
[2018,4,26,23,43216.958333331822,null,null,null,null,null,null,null,null,{"$error":"#N/A"},{"$error":"#N/A"},{"$error":"#N/A"},{"$error":"#N/A"}]
[2018,4,27,0,43216.999999998487,null,null,null,null,null,null,null,null,{"$error":"#N/A"},{"$error":"#N/A"},{"$error":"#N/A"},{"$error":"#N/A"}]
[2018,4,27,1,43217.041666665151,null,null,null,null,null,null,null,null,{"$error":"#N/A"},{"$error":"#N/A"},{"$error":"#N/A"},{"$error":"#N/A"}]
[2018,4,27,2,43217.083333331815,null,null,null,null,null,null,null,null,{"$error":"#N/A"},{"$error":"#N/A"},{"$error":"#N/A"},{"$error":"#N/A"}]
[2018,4,27,3,43217.124999998479,null,null,null,null,null,null,null,null,{"$error":"#N/A"},{"$error":"#N/A"},{"$error":"#N/A"},{"$error":"#N/A"}]
[2018,4,27,4,43217.166666665144,null,null,null,null,null,null,null,null,{"$error":"#N/A"},{"$error":"#N/A"},{"$error":"#N/A"},{"$error":"#N/A"}]
[2018,4,27,5,43217.208333331808,null,null,null,null,null,null,null,null,{"$error":"#N/A"},{"$error":"#N/A"},{"$error":"#N/A"},{"$error":"#N/A"}]
[2018,4,27,6,43217.249999998472,null,null,null,null,null,null,null,null,{"$error":"#N/A"},{"$error":"#N/A"},{"$error":"#N/A"},{"$error":"#N/A"}]
[2018,4,27,7,43217.291666665136,null,null,null,null,null,null,null,null,{"$error":"#N/A"},{"$error":"#N/A"},{"$error":"#N/A"},{"$error":"#N/A"}]
[2018,4,27,8,43217.333333331801,null,null,null,null,null,null,null,null,{"$error":"#N/A"},{"$error":"#N/A"},{"$error":"#N/A"},{"$error":"#N/A"}]
[2018,4,27,9,43217.374999998465,null,null,null,null,null,null,null,null,{"$error":"#N/A"},{"$error":"#N/A"},{"$error":"#N/A"},{"$error":"#N/A"}]
[2018,4,27,10,43217.416666665129,null,null,null,null,null,null,null,null,{"$error":"#N/A"},{"$error":"#N/A"},{"$error":"#N/A"},{"$error":"#N/A"}]
[2018,4,27,11,43217.458333331793,null,null,null,null,null,null,null,null,{"$error":"#N/A"},{"$error":"#N/A"},{"$error":"#N/A"},{"$error":"#N/A"}]
[2018,4,27,12,43217.499999998457,null,null,null,null,null,null,null,null,{"$error":"#N/A"},{"$error":"#N/A"},{"$error":"#N/A"},{"$error":"#N/A"}]
[2018,4,27,13,43217.541666665122,null,null,null,null,null,null,null,null,{"$error":"#N/A"},{"$error":"#N/A"},{"$error":"#N/A"},{"$error":"#N/A"}]
[2018,4,27,14,43217.583333331786,null,null,null,null,null,null,null,null,{"$error":"#N/A"},{"$error":"#N/A"},{"$error":"#N/A"},{"$error":"#N/A"}]
[2018,4,27,15,43217.62499999845,null,null,null,null,null,null,null,null,{"$error":"#N/A"},{"$error":"#N/A"},{"$error":"#N/A"},{"$error":"#N/A"}]
[2018,4,27,16,43217.666666665114,null,null,null,null,null,null,null,null,{"$f":"IF(G642=\"Valid\", F642, NA())","v":{"$error":"#N/A"}},{"$f":"IF(G642=\"Valid\", H642, NA())","v":{"$error":"#N/A"}},{"$f":"IF(J642=\"Valid\", I642, NA())","v":{"$error":"#N/A"}},{"$f":"IF(J642=\"Valid\", K642, NA())","v":{"$error":"#N/A"}}]
[2018,4,27,17,43217.708333331779,null,null,null,null,null,null,null,null,{"$error":"#N/A"},{"$error":"#N/A"},{"$error":"#N/A"},{"$error":"#N/A"}]
[{"$f":"A643","v":2018},4,27,{"$f":"IF(D643=23,0,D643+1)","v":18},{"$f":"E643+0.0416666666666666","v":43217.749999998443},null,null,null,null,null,null,null,null,{"$error":"#N/A"},{"$error":"#N/A"},{"$error":"#N/A"},{"$error":"#N/A"}]
[2018,4,27,19,43217.791666665107,null,null,null,null,null,null,null,null,{"$error":"#N/A"},{"$error":"#N/A"},{"$error":"#N/A"},{"$error":"#N/A"}]
[2018,4,27,20,43217.833333331771,null,null,null,null,null,null,null,null,{"$error":"#N/A"},{"$error":"#N/A"},{"$error":"#N/A"},{"$error":"#N/A"}]
[2018,4,27,21,43217.874999998436,null,null,null,null,null,null,null,null,{"$error":"#N/A"},{"$error":"#N/A"},{"$error":"#N/A"},{"$error":"#N/A"}]
[2018,4,27,22,43217.9166666651,null,null,null,null,null,null,null,null,{"$error":"#N/A"},{"$error":"#N/A"},{"$error":"#N/A"},{"$error":"#N/A"}]
[2018,4,27,23,43217.958333331764,null,null,null,null,null,null,null,null,{"$error":"#N/A"},{"$error":"#N/A"},{"$error":"#N/A"},{"$error":"#N/A"}]
[2018,4,28,0,43217.999999998428,null,null,null,null,null,null,null,null,{"$error":"#N/A"},{"$error":"#N/A"},{"$error":"#N/A"},{"$error":"#N/A"}]
[2018,4,28,1,43218.041666665093,null,null,null,null,null,null,null,null,{"$error":"#N/A"},{"$error":"#N/A"},{"$error":"#N/A"},{"$error":"#N/A"}]
[2018,4,28,2,43218.083333331757,null,null,null,null,null,null,null,null,{"$error":"#N/A"},{"$error":"#N/A"},{"$error":"#N/A"},{"$error":"#N/A"}]
[2018,4,28,3,43218.124999998421,null,null,null,null,null,null,null,null,{"$error":"#N/A"},{"$error":"#N/A"},{"$error":"#N/A"},{"$error":"#N/A"}]
[2018,4,28,4,43218.166666665085,null,null,null,null,null,null,null,null,{"$error":"#N/A"},{"$error":"#N/A"},{"$error":"#N/A"},{"$error":"#N/A"}]
[2018,4,28,5,43218.20833333175,null,null,null,null,null,null,null,null,{"$error":"#N/A"},{"$error":"#N/A"},{"$error":"#N/A"},{"$error":"#N/A"}]
[2018,4,28,6,43218.249999998414,null,null,null,null,null,null,null,null,{"$error":"#N/A"},{"$error":"#N/A"},{"$error":"#N/A"},{"$error":"#N/A"}]
[2018,4,28,7,43218.291666665078,null,null,null,null,null,null,null,null,{"$error":"#N/A"},{"$error":"#N/A"},{"$error":"#N/A"},{"$error":"#N/A"}]
[2018,4,28,8,43218.333333331742,null,null,null,null,null,null,null,null,{"$error":"#N/A"},{"$error":"#N/A"},{"$error":"#N/A"},{"$error":"#N/A"}]
[2018,4,28,9,43218.374999998407,null,null,null,null,null,null,null,null,{"$error":"#N/A"},{"$error":"#N/A"},{"$error":"#N/A"},{"$error":"#N/A"}]
[2018,4,28,10,43218.416666665071,null,null,null,null,null,null,null,null,{"$error":"#N/A"},{"$error":"#N/A"},{"$error":"#N/A"},{"$error":"#N/A"}]
[2018,4,28,11,43218.458333331735,null,null,null,null,null,null,null,null,{"$error":"#N/A"},{"$error":"#N/A"},{"$error":"#N/A"},{"$error":"#N/A"}]
[2018,4,28,12,43218.499999998399,null,null,null,null,null,null,null,null,{"$error":"#N/A"},{"$error":"#N/A"},{"$error":"#N/A"},{"$error":"#N/A"}]
[2018,4,28,13,43218.541666665064,null,null,null,null,null,null,null,null,{"$error":"#N/A"},{"$error":"#N/A"},{"$error":"#N/A"},{"$error":"#N/A"}]
[2018,4,28,14,43218.583333331728,null,null,null,null,null,null,null,null,{"$error":"#N/A"},{"$error":"#N/A"},{"$error":"#N/A"},{"$error":"#N/A"}]
[2018,4,28,15,43218.624999998392,null,null,null,null,null,null,null,null,{"$error":"#N/A"},{"$error":"#N/A"},{"$error":"#N/A"},{"$error":"#N/A"}]
[2018,4,28,16,43218.666666665056,null,null,null,null,null,null,null,null,{"$error":"#N/A"},{"$error":"#N/A"},{"$error":"#N/A"},{"$error":"#N/A"}]
[2018,{"$f":"B666","v":4},{"$f":"C643+1","v":28},17,43218.70833333172,null,null,null,null,null,null,null,null,{"$error":"#N/A"},{"$error":"#N/A"},{"$error":"#N/A"},{"$error":"#N/A"}]
[2018,4,28,18,43218.749999998385,null,null,null,null,null,null,null,null,{"$error":"#N/A"},{"$error":"#N/A"},{"$error":"#N/A"},{"$error":"#N/A"}]
[2018,4,28,19,43218.791666665049,null,null,null,null,null,null,null,null,{"$error":"#N/A"},{"$error":"#N/A"},{"$error":"#N/A"},{"$error":"#N/A"}]
[2018,4,28,20,43218.833333331713,null,null,null,null,null,null,null,null,{"$error":"#N/A"},{"$error":"#N/A"},{"$error":"#N/A"},{"$error":"#N/A"}]
[2018,4,28,21,43218.874999998377,null,null,null,null,null,null,null,null,{"$error":"#N/A"},{"$error":"#N/A"},{"$error":"#N/A"},{"$error":"#N/A"}]
[2018,4,28,22,43218.916666665042,null,null,null,null,null,null,null,null,{"$error":"#N/A"},{"$error":"#N/A"},{"$error":"#N/A"},{"$error":"#N/A"}]
[2018,4,28,23,43218.958333331706,null,null,null,null,null,null,null,null,{"$error":"#N/A"},{"$error":"#N/A"},{"$error":"#N/A"},{"$error":"#N/A"}]
[2018,4,29,0,43218.99999999837,null,null,null,null,null,null,null,null,{"$error":"#N/A"},{"$error":"#N/A"},{"$error":"#N/A"},{"$error":"#N/A"}]
[2018,4,29,1,43219.041666665034,null,null,null,null,null,null,null,null,{"$error":"#N/A"},{"$error":"#N/A"},{"$error":"#N/A"},{"$error":"#N/A"}]
[2018,4,29,2,43219.083333331699,null,null,null,null,null,null,null,null,{"$error":"#N/A"},{"$error":"#N/A"},{"$error":"#N/A"},{"$error":"#N/A"}]
[2018,4,29,3,43219.124999998363,null,null,null,null,null,null,null,null,{"$error":"#N/A"},{"$error":"#N/A"},{"$error":"#N/A"},{"$error":"#N/A"}]
[2018,4,29,4,43219.166666665027,null,null,null,null,null,null,null,null,{"$error":"#N/A"},{"$error":"#N/A"},{"$error":"#N/A"},{"$error":"#N/A"}]
[2018,4,29,5,43219.208333331691,null,null,null,null,null,null,null,null,{"$error":"#N/A"},{"$error":"#N/A"},{"$error":"#N/A"},{"$error":"#N/A"}]
[2018,4,29,6,43219.249999998356,null,null,null,null,null,null,null,null,{"$error":"#N/A"},{"$error":"#N/A"},{"$error":"#N/A"},{"$error":"#N/A"}]
[2018,4,29,7,43219.29166666502,null,null,null,null,null,null,null,null,{"$error":"#N/A"},{"$error":"#N/A"},{"$error":"#N/A"},{"$error":"#N/A"}]
[2018,4,29,8,43219.333333331684,null,null,null,null,null,null,null,null,{"$error":"#N/A"},{"$error":"#N/A"},{"$error":"#N/A"},{"$error":"#N/A"}]
[2018,4,29,9,43219.374999998348,null,null,null,null,null,null,null,null,{"$error":"#N/A"},{"$error":"#N/A"},{"$error":"#N/A"},{"$error":"#N/A"}]
[2018,4,29,10,43219.416666665013,null,null,null,null,null,null,null,null,{"$error":"#N/A"},{"$error":"#N/A"},{"$error":"#N/A"},{"$error":"#N/A"}]
[2018,4,29,11,43219.458333331677,null,null,null,null,null,null,null,null,{"$error":"#N/A"},{"$error":"#N/A"},{"$error":"#N/A"},{"$error":"#N/A"}]
[2018,4,29,12,43219.499999998341,null,null,null,null,null,null,null,null,{"$error":"#N/A"},{"$error":"#N/A"},{"$error":"#N/A"},{"$error":"#N/A"}]
[2018,4,29,13,43219.541666665005,null,null,null,null,null,null,null,null,{"$error":"#N/A"},{"$error":"#N/A"},{"$error":"#N/A"},{"$error":"#N/A"}]
[2018,4,29,14,43219.58333333167,null,null,null,null,null,null,null,null,{"$error":"#N/A"},{"$error":"#N/A"},{"$error":"#N/A"},{"$error":"#N/A"}]
[2018,4,29,15,43219.624999998334,null,null,null,null,null,null,null,null,{"$error":"#N/A"},{"$error":"#N/A"},{"$error":"#N/A"},{"$error":"#N/A"}]
[2018,4,29,16,43219.666666664998,null,null,null,null,null,null,null,null,{"$error":"#N/A"},{"$error":"#N/A"},{"$error":"#N/A"},{"$error":"#N/A"}]
[2018,4,29,17,43219.708333331662,null,null,null,null,null,null,null,null,{"$error":"#N/A"},{"$error":"#N/A"},{"$error":"#N/A"},{"$error":"#N/A"}]
[2018,4,29,18,43219.749999998327,null,null,null,null,null,null,null,null,{"$error":"#N/A"},{"$error":"#N/A"},{"$error":"#N/A"},{"$error":"#N/A"}]
[2018,4,29,19,43219.791666664991,null,null,null,null,null,null,null,null,{"$error":"#N/A"},{"$error":"#N/A"},{"$error":"#N/A"},{"$error":"#N/A"}]
[2018,4,29,20,43219.833333331655,null,null,null,null,null,null,null,null,{"$error":"#N/A"},{"$error":"#N/A"},{"$error":"#N/A"},{"$error":"#N/A"}]
[2018,4,29,21,43219.874999998319,null,null,null,null,null,null,null,null,{"$error":"#N/A"},{"$error":"#N/A"},{"$error":"#N/A"},{"$error":"#N/A"}]
[2018,4,29,22,43219.916666664983,null,null,null,null,null,null,null,null,{"$error":"#N/A"},{"$error":"#N/A"},{"$error":"#N/A"},{"$error":"#N/A"}]
[2018,4,29,23,43219.958333331648,null,null,null,null,null,null,null,null,{"$error":"#N/A"},{"$error":"#N/A"},{"$error":"#N/A"},{"$error":"#N/A"}]
[2018,4,30,0,43219.999999998312,null,null,null,null,null,null,null,null,{"$error":"#N/A"},{"$error":"#N/A"},{"$error":"#N/A"},{"$error":"#N/A"}]
[2018,4,30,1,43220.041666664976,null,null,null,null,null,null,null,null,{"$error":"#N/A"},{"$error":"#N/A"},{"$error":"#N/A"},{"$error":"#N/A"}]
[2018,4,30,2,43220.08333333164,null,null,null,null,null,null,null,null,{"$error":"#N/A"},{"$error":"#N/A"},{"$error":"#N/A"},{"$error":"#N/A"}]
[2018,4,30,3,43220.124999998305,null,null,null,null,null,null,null,null,{"$error":"#N/A"},{"$error":"#N/A"},{"$error":"#N/A"},{"$error":"#N/A"}]
[2018,4,30,4,43220.166666664969,null,null,null,null,null,null,null,null,{"$error":"#N/A"},{"$error":"#N/A"},{"$error":"#N/A"},{"$error":"#N/A"}]
[2018,4,30,5,43220.208333331633,null,null,null,null,null,null,null,null,{"$error":"#N/A"},{"$error":"#N/A"},{"$error":"#N/A"},{"$error":"#N/A"}]
[2018,4,30,6,43220.249999998297,null,null,null,null,null,null,null,null,{"$error":"#N/A"},{"$error":"#N/A"},{"$error":"#N/A"},{"$error":"#N/A"}]
[2018,4,30,7,43220.291666664962,null,null,null,null,null,null,null,null,{"$error":"#N/A"},{"$error":"#N/A"},{"$error":"#N/A"},{"$error":"#N/A"}]
[2018,4,30,8,43220.333333331626,null,null,null,null,null,null,null,null,{"$f":"IF(G706=\"Valid\", F706, NA())","v":{"$error":"#N/A"}},{"$f":"IF(G706=\"Valid\", H706, NA())","v":{"$error":"#N/A"}},{"$f":"IF(J706=\"Valid\", I706, NA())","v":{"$error":"#N/A"}},{"$f":"IF(J706=\"Valid\", K706, NA())","v":{"$error":"#N/A"}}]
[2018,4,30,9,43220.37499999829,null,null,null,null,null,null,null,null,{"$error":"#N/A"},{"$error":"#N/A"},{"$error":"#N/A"},{"$error":"#N/A"}]
[{"$f":"A707","v":2018},4,30,{"$f":"IF(D707=23,0,D707+1)","v":10},{"$f":"E707+0.0416666666666666","v":43220.416666664954},null,null,null,null,null,null,null,null,{"$error":"#N/A"},{"$error":"#N/A"},{"$error":"#N/A"},{"$error":"#N/A"}]
[2018,4,30,11,43220.458333331619,null,null,null,null,null,null,null,null,{"$error":"#N/A"},{"$error":"#N/A"},{"$error":"#N/A"},{"$error":"#N/A"}]
[2018,4,30,12,43220.499999998283,null,null,null,null,null,null,null,null,{"$error":"#N/A"},{"$error":"#N/A"},{"$error":"#N/A"},{"$error":"#N/A"}]
[2018,4,30,13,43220.541666664947,null,null,null,null,null,null,null,null,{"$error":"#N/A"},{"$error":"#N/A"},{"$error":"#N/A"},{"$error":"#N/A"}]
[2018,4,30,14,43220.583333331611,null,null,null,null,null,null,null,null,{"$error":"#N/A"},{"$error":"#N/A"},{"$error":"#N/A"},{"$error":"#N/A"}]
[2018,4,30,15,43220.624999998276,null,null,null,null,null,null,null,null,{"$error":"#N/A"},{"$error":"#N/A"},{"$error":"#N/A"},{"$error":"#N/A"}]
[2018,4,30,16,43220.66666666494,null,null,null,null,null,null,null,null,{"$error":"#N/A"},{"$error":"#N/A"},{"$error":"#N/A"},{"$error":"#N/A"}]
[2018,4,30,17,43220.708333331604,null,null,null,null,null,null,null,null,{"$error":"#N/A"},{"$error":"#N/A"},{"$error":"#N/A"},{"$error":"#N/A"}]
[2018,4,30,18,43220.749999998268,null,null,null,null,null,null,null,null,{"$error":"#N/A"},{"$error":"#N/A"},{"$error":"#N/A"},{"$error":"#N/A"}]
[2018,4,30,19,43220.791666664933,null,null,null,null,null,null,null,null,{"$error":"#N/A"},{"$error":"#N/A"},{"$error":"#N/A"},{"$error":"#N/A"}]
[2018,4,30,20,43220.833333331597,null,null,null,null,null,null,null,null,{"$error":"#N/A"},{"$error":"#N/A"},{"$error":"#N/A"},{"$error":"#N/A"}]
[2018,4,30,21,43220.874999998261,null,null,null,null,null,null,null,null,{"$error":"#N/A"},{"$error":"#N/A"},{"$error":"#N/A"},{"$error":"#N/A"}]
[2018,4,30,22,43220.916666664925,null,null,null,null,null,null,null,null,{"$error":"#N/A"},{"$error":"#N/A"},{"$error":"#N/A"},{"$error":"#N/A"}]
[2018,4,30,23,43220.95833333159,null,null,null,null,null,null,null,null,{"$error":"#N/A"},{"$error":"#N/A"},{"$error":"#N/A"},{"$error":"#N/A"}]
[2018,4,31,0,43220.999999998254,null,null,null,null,null,null,null,null,{"$error":"#N/A"},{"$error":"#N/A"},{"$error":"#N/A"},{"$error":"#N/A"}]
[2018,4,31,1,43221.041666664918,null,null,null,null,null,null,null,null,{"$error":"#N/A"},{"$error":"#N/A"},{"$error":"#N/A"},{"$error":"#N/A"}]
[2018,4,31,2,43221.083333331582,null,null,null,null,null,null,null,null,{"$error":"#N/A"},{"$error":"#N/A"},{"$error":"#N/A"},{"$error":"#N/A"}]
[2018,4,31,3,43221.124999998246,null,null,null,null,null,null,null,null,{"$error":"#N/A"},{"$error":"#N/A"},{"$error":"#N/A"},{"$error":"#N/A"}]
[2018,4,31,4,43221.166666664911,null,null,null,null,null,null,null,null,{"$error":"#N/A"},{"$error":"#N/A"},{"$error":"#N/A"},{"$error":"#N/A"}]
[2018,4,31,5,43221.208333331575,null,null,null,null,null,null,null,null,{"$error":"#N/A"},{"$error":"#N/A"},{"$error":"#N/A"},{"$error":"#N/A"}]
[2018,4,31,6,43221.249999998239,null,null,null,null,null,null,null,null,{"$error":"#N/A"},{"$error":"#N/A"},{"$error":"#N/A"},{"$error":"#N/A"}]
[2018,4,31,7,43221.291666664903,null,null,null,null,null,null,null,null,{"$error":"#N/A"},{"$error":"#N/A"},{"$error":"#N/A"},{"$error":"#N/A"}]
[2018,4,31,8,43221.333333331568,null,null,null,null,null,null,null,null,{"$error":"#N/A"},{"$error":"#N/A"},{"$error":"#N/A"},{"$error":"#N/A"}]
[2018,{"$f":"B730","v":4},{"$f":"C707+1","v":31},9,43221.374999998232,null,null,null,null,null,null,null,null,{"$error":"#N/A"},{"$error":"#N/A"},{"$error":"#N/A"},{"$error":"#N/A"}]
[2018,4,31,10,43221.416666664896,null,null,null,null,null,null,null,null,{"$error":"#N/A"},{"$error":"#N/A"},{"$error":"#N/A"},{"$error":"#N/A"}]
[2018,4,31,11,43221.45833333156,null,null,null,null,null,null,null,null,{"$error":"#N/A"},{"$error":"#N/A"},{"$error":"#N/A"},{"$error":"#N/A"}]
[2018,4,31,12,43221.499999998225,null,null,null,null,null,null,null,null,{"$error":"#N/A"},{"$error":"#N/A"},{"$error":"#N/A"},{"$error":"#N/A"}]
[2018,4,31,13,43221.541666664889,null,null,null,null,null,null,null,null,{"$error":"#N/A"},{"$error":"#N/A"},{"$error":"#N/A"},{"$error":"#N/A"}]
[2018,4,31,14,43221.583333331553,null,null,null,null,null,null,null,null,{"$error":"#N/A"},{"$error":"#N/A"},{"$error":"#N/A"},{"$error":"#N/A"}]
[2018,4,31,15,43221.624999998217,null,null,null,null,null,null,null,null,{"$error":"#N/A"},{"$error":"#N/A"},{"$error":"#N/A"},{"$error":"#N/A"}]
[2018,4,31,16,43221.666666664882,null,null,null,null,null,null,null,null,{"$error":"#N/A"},{"$error":"#N/A"},{"$error":"#N/A"},{"$error":"#N/A"}]
[2018,4,31,17,43221.708333331546,null,null,null,null,null,null,null,null,{"$error":"#N/A"},{"$error":"#N/A"},{"$error":"#N/A"},{"$error":"#N/A"}]
[2018,4,31,18,43221.74999999821,null,null,null,null,null,null,null,null,{"$error":"#N/A"},{"$error":"#N/A"},{"$error":"#N/A"},{"$error":"#N/A"}]
[2018,4,31,19,43221.791666664874,null,null,null,null,null,null,null,null,{"$error":"#N/A"},{"$error":"#N/A"},{"$error":"#N/A"},{"$error":"#N/A"}]
[2018,4,31,20,43221.833333331539,null,null,null,null,null,null,null,null,{"$error":"#N/A"},{"$error":"#N/A"},{"$error":"#N/A"},{"$error":"#N/A"}]
[2018,4,31,21,43221.874999998203,null,null,null,null,null,null,null,null,{"$error":"#N/A"},{"$error":"#N/A"},{"$error":"#N/A"},{"$error":"#N/A"}]
[2018,4,31,22,43221.916666664867,null,null,null,null,null,null,null,null,{"$error":"#N/A"},{"$error":"#N/A"},{"$error":"#N/A"},{"$error":"#N/A"}]
[2018,4,31,23,43221.958333331531,null,null,null,null,null,null,null,null,{"$error":"#N/A"},{"$error":"#N/A"},{"$error":"#N/A"},{"$error":"#N/A"}]

{"sheet":"Raw data_format","index":4,"n_rows":8,"n_cols":6,"rows_kept":8,"cut":false,"hidden":false,"merged":[]}
["Parameter","Format","Comment","Units of measure","Minimum","Maximum"]
["Year","yyyy","4 integer format","Not applicable",2015,"Until reporting ceases"]
["Month","mm","2 integer format","Not applicable",1,12]
["Day","dd","2 integer format","Not applicable",1,31]
["Hour","hh","2 integer format","Not applicable",0,23]
["PM10",0,"1 decimal place resolution","µg/m3","Negative","Instrument specific"]
["PM2.5",0,"2 decimal place resolution","µg/m3","Negative","Instrument specific"]
["Status","Text","7 character format","Not applicable","Valid","Invalid"]