{"text_format":"1","workbook":"xlsx","n_sheets":7,"sheets":["Instructions","Meta data_sheet","Meta data_lookup","Raw data_sheet","Raw data_format","24hr_PM10_chart","24hr_PM2.5_chart"],"not_rendered":{"charts":4,"images":0,"macros":1,"external_links":0,"defined_names":10,"comments":0,"pivot_tables":0},"unopened":[{"sheet":"24hr_PM10_chart","index":5,"reason":"not_a_worksheet"},{"sheet":"24hr_PM2.5_chart","index":6,"reason":"not_a_worksheet"}],"bounds":{"document_bytes":16777216,"sheet_cells":100000,"rows_first":2000,"rows_last":500,"rows_between":2000,"halvings":0,"cell_chars":16384,"cell_head_chars":4096},"cells_cut":0,"cells_raw":0,"read":"whole","date_system":"1900"}

{"sheet":"Instructions","index":0,"n_rows":0,"n_cols":0,"rows_kept":0,"cut":false,"hidden":false,"merged":[]}

{"sheet":"Meta data_sheet","index":1,"n_rows":17,"n_cols":5,"rows_kept":17,"cut":false,"hidden":false,"merged":[[18,0,18,1],[16,0,16,1]]}
["Ambient Monitoring Station","Details",null,"Ambient Monitoring Results","Details"]
["Location","Breeza",null,"PM2.5 monitoring start (dd/mm/yyyy hh:mm)","2019-12-01"]
["Easting",{"$f":"VLOOKUP($B$2,'Meta data_lookup'!$A$2:$D$5,2,FALSE)","v":237993},null,"PM2.5 monitoring end","2020-01-01"]
["Northing",{"$f":"VLOOKUP($B$2,'Meta data_lookup'!$A$2:$D$5,3,FALSE)","v":6542606},null,"PM2.5 monitoring period (h)",{"$f":"(E3-E2)*24","v":744}]
["Site elevation (m)",{"$f":"VLOOKUP($B$2,'Meta data_lookup'!$A$2:$D$5,4,FALSE)","v":"ND"},null,"Number of valid PM2.5 results",{"$f":"COUNTIF('Raw data_sheet'!G2:G745,\"Valid\")","v":714}]
["Description of surrounding land use","Agriculture",null,"Proportion of valid PM2.5 results (%)",{"$f":"E5/E4","v":0.95967741935483875}]
["Typical sources impacting on the site","Agriculture/Gravel roads",null,"PM10 monitoring start (dd/mm/yyyy hh:mm)","2019-12-01"]
["Site compliance with AS/NZS 3580.1.1:2007","Yes",null,"PM10 monitoring end","2020-01-01"]
["PM2.5 method compliance with AS/NZS 3580.9.13:2013\n","Yes",null,"PM10 monitoring period (h)",{"$f":"(E8-E7)*24","v":744}]
["PM2.5 instrument make","Thermo",null,"Number of valid PM10 results",{"$f":"COUNTIF('Raw data_sheet'!J2:J745,\"Valid\")","v":714}]
["PM2.5 instrument model","1405DF",null,"Proportion of valid PM10 results (%)",{"$f":"E10/E9","v":0.95967741935483875}]
["PM2.5 instrument intake height (m)",3.5]
["PM10 method compliance with AS 3580.9.8-2008\n","No*"]
["PM10 instrument make","Thermo"]
["PM10 instrument model","1405DF"]
["PM10 instrument intake height (m)",3.5]
["*The 1405DF TEOM used at this site measures PM10 indirectly rather than directly. The unit does however meet the intent of AS 3580.9.8-2008, and this method has been accredited by the USEPA. It is considered scientifically robust and is used extensively throughout NSW with EPA's knowledge and informal acceptance."]

{"sheet":"Meta data_lookup","index":2,"n_rows":5,"n_cols":4,"rows_kept":5,"cut":false,"hidden":false,"merged":[]}
["Location","Easting","Northing","Site elevation (m)"]
["Maules Creek",225302,6623037,"ND"]
["Breeza",237993,6542606,"ND"]
["Will-gai",231804,6596392,"ND"]
["Werris Creek",276783,6528734,"ND"]

{"sheet":"Raw data_sheet","index":3,"n_rows":745,"n_cols":21,"rows_kept":745,"cut":false,"hidden":false,"merged":[]}
["Year","Month","Day","Hour","Date and time","PM2.5_hourly","PM2.5_Data_Status","PM2.5_24hr_rolling_average","PM10_hourly","PM10_Data_Status","PM10_24hr_rolling_average","Cause of data invalidity, if applicable","Detailed comments","PM2.5_hourly_valid_plot","PM2.5_24hr_rolling_ave_valid_plot","PM10_hourly_valid_plot","PM10_24hr_rolling_ave_valid_plot","PM10_hourly_valid_plot_series","PM10_24hr_rolling_average_valid_plot_series","PM2.5_hourly_valid_plot_series","PM2.5_24hr_rolling_average_valid_plot_series"]
[2019,12,1,0,{"$f":"DATE(A2,B2,C2)+TIME(D2,0,0)","v":43800},17.6189,"Valid",12.6,200.47290000000001,"Valid",81.900000000000006,null,null,{"$f":"IF(G2=\"Valid\", F2, NA())","v":17.6189},{"$f":"IF(G2=\"Valid\", H2, NA())","v":12.6},{"$f":"IF(J2=\"Valid\", I2, NA())","v":200.47290000000001},{"$f":"IF(J2=\"Valid\", K2, NA())","v":81.900000000000006},200.47290000000001,81.900000000000006,17.6189,12.6]
[{"$f":"A2","v":2019},{"$f":"B2","v":12},{"$f":"C2","v":1},{"$f":"IF(D2=23,0,D2+1)","v":1},{"$f":"E2+0.0416666666666666","v":43800.041666666664},22.915500000000002,"Valid",13.26,182.60849999999999,"Valid",88.04,null,null,22.915500000000002,13.26,182.60849999999999,88.04,182.60849999999999,88.04,22.915500000000002,13.26]
[{"$f":"A3","v":2019},{"$f":"B3","v":12},1,{"$f":"IF(D3=23,0,D3+1)","v":2},{"$f":"E3+0.0416666666666666","v":43800.083333333328},17.709900000000001,"Valid",13.92,157.3689,"Valid",94.06,null,null,17.709900000000001,13.92,157.3689,94.06,157.3689,94.06,17.709900000000001,13.92]
[2019,12,1,3,43800.124999999993,16.9116,"Valid",14,129.3486,"Valid",97.64,null,null,16.9116,14,129.3486,97.64,129.3486,97.64,16.9116,14]
[2019,12,1,4,43800.166666666657,16.635999999999999,"Valid",13.77,99.824200000000005,"Valid",99.28,null,null,16.635999999999999,13.77,99.824200000000005,99.28,99.824200000000005,99.28,16.635999999999999,13.77]
[2019,12,1,5,43800.208333333321,14.8826,"Valid",14.12,90.567599999999999,"Valid",100.78,null,null,14.8826,14.12,90.567599999999999,100.78,90.567599999999999,100.78,14.8826,14.12]
[2019,12,1,6,43800.249999999985,13.7578,"Valid",14.29,82.2851,"Valid",101.93,null,null,13.7578,14.29,82.2851,101.93,82.2851,101.93,13.7578,14.29]
[2019,12,1,7,43800.29166666665,6.3385499999999997,"Valid",13.8,59.700449999999996,"Valid",101.84,null,null,6.3385499999999997,13.8,59.700449999999996,101.84,59.700449999999996,101.84,6.3385499999999997,13.8]
[2019,12,1,8,43800.333333333314,3.92075,"Valid",13.63,49.744950000000003,"Valid",101.93,null,null,3.92075,13.63,49.744950000000003,101.93,49.744950000000003,101.93,3.92075,13.63]
[2019,12,1,9,43800.374999999978,5.0410599999999999,"Valid",13.12,53.720759999999999,"Valid",101.27,null,null,5.0410599999999999,13.12,53.720759999999999,101.27,53.720759999999999,101.27,5.0410599999999999,13.12]
[2019,12,1,10,43800.416666666642,6.7765700000000004,"Valid",13.17,49.061669999999999,"Valid",100.83,null,null,6.7765700000000004,13.17,49.061669999999999,100.83,49.061669999999999,100.83,6.7765700000000004,13.17]
[2019,12,1,11,43800.458333333307,8.8638200000000005,"Valid",11.86,52.317320000000002,"Valid",75.87,null,null,8.8638200000000005,11.86,52.317320000000002,75.87,52.317320000000002,75.87,8.8638200000000005,11.86]
[2019,12,1,12,43800.499999999971,10.8674,"Valid",11.37,47.237699999999997,"Valid",68.349999999999994,null,null,10.8674,11.37,47.237699999999997,68.349999999999994,47.237699999999997,68.349999999999994,10.8674,11.37]
[2019,12,1,13,43800.541666666635,9.7601099999999992,"Valid",11.49,42.373809999999999,"Valid",68.67,null,null,9.7601099999999992,11.49,42.373809999999999,68.67,42.373809999999999,68.67,9.7601099999999992,11.49]
[2019,12,1,14,43800.583333333299,7.5726399999999998,"Valid",11.4,58.78434,"Valid",70.27,null,null,7.5726399999999998,11.4,58.78434,70.27,58.78434,70.27,7.5726399999999998,11.4]
[2019,12,1,15,43800.624999999964,19.627300000000002,"Valid",11.61,216.4153,"Valid",78.19,null,null,19.627300000000002,11.61,216.4153,78.19,216.4153,78.19,19.627300000000002,11.61]
[2019,12,1,16,43800.666666666628,10.2552,"Valid",11.59,185.70519999999999,"Valid",84.52,null,null,10.2552,11.59,185.70519999999999,84.52,185.70519999999999,84.52,10.2552,11.59]
[2019,12,1,17,43800.708333333292,13.549200000000001,"Valid",11.52,136.27719999999999,"Valid",88.91,null,null,13.549200000000001,11.52,136.27719999999999,88.91,136.27719999999999,88.91,13.549200000000001,11.52]
[2019,12,1,18,43800.749999999956,8.03003,"Valid",11.89,54.56503,"Valid",90.47,null,null,8.03003,11.89,54.56503,90.47,54.56503,90.47,8.03003,11.89]
[2019,12,1,19,43800.791666666621,2.6863000000000001,"Valid",11.61,37.667900000000003,"Valid",89.73,null,null,2.6863000000000001,11.61,37.667900000000003,89.73,37.667900000000003,89.73,2.6863000000000001,11.61]
[2019,12,1,20,43800.833333333285,5.7671599999999996,"Valid",11.36,37.236159999999998,"Valid",89.55,null,null,5.7671599999999996,11.36,37.236159999999998,89.55,37.236159999999998,89.55,5.7671599999999996,11.36]
[2019,12,1,21,43800.874999999949,1.77807,"Valid",11.05,29.691669999999998,"Valid",89.18,null,null,1.77807,11.05,29.691669999999998,89.18,29.691669999999998,89.18,1.77807,11.05]
[2019,12,1,22,43800.916666666613,-0.22416,"Valid",10.55,22.289840000000002,"Valid",88.49,null,null,-0.22416,10.55,22.289840000000002,88.49,22.289840000000002,88.49,-0.22416,10.55]
[2019,{"$f":"B24","v":12},{"$f":"C24","v":1},23,43800.958333333278,15.153,"Valid",10.67,201.422,"Valid",94.86,null,null,15.153,10.67,201.422,94.86,201.422,94.86,15.153,10.67]
[2019,{"$f":"B25","v":12},{"$f":"C2+1","v":2},0,43800.999999999942,20.5791,"Valid",10.8,203.2971,"Valid",94.98,null,null,20.5791,10.8,203.2971,94.98,203.2971,94.98,20.5791,10.8]
[2019,{"$f":"B26","v":12},{"$f":"C3+1","v":2},1,43801.041666666606,15.685600000000001,"Valid",10.5,116.2456,"Valid",92.21,null,null,15.685600000000001,10.5,116.2456,92.21,116.2456,92.21,15.685600000000001,10.5]
[2019,12,2,2,43801.08333333327,10.7889,"Valid",10.210000000000001,72.520700000000005,"Valid",88.68,null,null,10.7889,10.210000000000001,72.520700000000005,88.68,72.520700000000005,88.68,10.7889,10.210000000000001]
[2019,12,2,3,43801.124999999935,7.5682799999999997,"Valid",9.82,69.904179999999997,"Valid",86.2,null,null,7.5682799999999997,9.82,69.904179999999997,86.2,69.904179999999997,86.2,7.5682799999999997,9.82]
[2019,12,2,4,43801.166666666599,10.154500000000001,"Valid",9.5500000000000007,50.244799999999998,"Valid",84.14,null,null,10.154500000000001,9.5500000000000007,50.244799999999998,84.14,50.244799999999998,84.14,10.154500000000001,9.5500000000000007]
[2019,12,2,5,43801.208333333263,5.2516400000000001,"Valid",9.15,37.86054,"Valid",81.94,null,null,5.2516400000000001,9.15,37.86054,81.94,37.86054,81.94,5.2516400000000001,9.15]
[2019,12,2,6,43801.249999999927,3.8327,"Valid",8.73,35.828800000000001,"Valid",80,null,null,3.8327,8.73,35.828800000000001,80,35.828800000000001,80,3.8327,8.73]
[2019,12,2,7,43801.291666666591,10.036199999999999,"Valid",8.89,43.192799999999998,"Valid",79.319999999999993,null,null,10.036199999999999,8.89,43.192799999999998,79.319999999999993,43.192799999999998,79.319999999999993,10.036199999999999,8.89]
[2019,12,2,8,43801.333333333256,-0.20441599999999999,"Valid",8.7200000000000006,49.812584000000001,"Valid",79.319999999999993,null,null,-0.20441599999999999,8.7200000000000006,49.812584000000001,79.319999999999993,49.812584000000001,79.319999999999993,-0.20441599999999999,8.7200000000000006]
[2019,12,2,9,43801.37499999992,{"$f":"NA()","v":{"$error":"#N/A"}},"Invalid",{"$f":"NA()","v":{"$error":"#N/A"}},{"$f":"NA()","v":{"$error":"#N/A"}},"Invalid",{"$f":"NA()","v":{"$error":"#N/A"}},"Pump Failure","High negative removed",{"$error":"#N/A"},{"$error":"#N/A"},{"$error":"#N/A"},{"$error":"#N/A"}]
[2019,12,2,10,43801.416666666584,9.5936500000000002,"Valid",9,37.375250000000001,"Valid",76.83,null,null,9.5936500000000002,9,37.375250000000001,76.83,37.375250000000001,76.83,9.5936500000000002,9]
[2019,12,2,11,43801.458333333248,5.7067100000000002,"Valid",8.86,69.266409999999993,"Valid",77.540000000000006,null,null,5.7067100000000002,8.86,69.266409999999993,77.540000000000006,69.266409999999993,77.540000000000006,5.7067100000000002,8.86]
[2019,12,2,12,43801.499999999913,13.521699999999999,"Valid",8.98,38.656199999999998,"Valid",77.180000000000007,null,null,13.521699999999999,8.98,38.656199999999998,77.180000000000007,38.656199999999998,77.180000000000007,13.521699999999999,8.98]
[2019,12,2,13,43801.541666666577,12.157299999999999,"Valid",9.08,45.493600000000001,"Valid",77.31,null,null,12.157299999999999,9.08,45.493600000000001,77.31,45.493600000000001,77.31,12.157299999999999,9.08]
[2019,12,2,14,43801.583333333241,11.3398,"Valid",9.24,249.0908,"Valid",85.24,null,null,11.3398,9.24,249.0908,85.24,249.0908,85.24,11.3398,9.24]
[2019,12,2,15,43801.624999999905,13.4786,"Valid",8.98,269.10059999999999,"Valid",87.43,null,null,13.4786,8.98,269.10059999999999,87.43,269.10059999999999,87.43,13.4786,8.98]
[2019,12,2,16,43801.66666666657,28.5731,"Valid",9.77,458.71109999999999,"Valid",98.81,null,null,28.5731,9.77,458.71109999999999,98.81,458.71109999999999,98.81,28.5731,9.77]
[2019,12,2,17,43801.708333333234,17.348700000000001,"Valid",9.94,246.6747,"Valid",103.41,null,null,17.348700000000001,9.94,246.6747,103.41,246.6747,103.41,17.348700000000001,9.94]
[2019,12,2,18,43801.749999999898,{"$f":"NA()","v":{"$error":"#N/A"}},"Invalid",{"$f":"NA()","v":{"$error":"#N/A"}},{"$f":"NA()","v":{"$error":"#N/A"}},"Invalid",{"$f":"NA()","v":{"$error":"#N/A"}},"Calibration Error","Annual calibration, zero test data excluded. ",{"$error":"#N/A"},{"$error":"#N/A"},{"$error":"#N/A"},{"$error":"#N/A"}]
[2019,12,2,19,43801.791666666562,{"$f":"NA()","v":{"$error":"#N/A"}},"Invalid",{"$f":"NA()","v":{"$error":"#N/A"}},{"$f":"NA()","v":{"$error":"#N/A"}},"Invalid",{"$f":"NA()","v":{"$error":"#N/A"}},"Calibration Error","Annual calibration, zero test data excluded. ",{"$error":"#N/A"},{"$error":"#N/A"},{"$error":"#N/A"},{"$error":"#N/A"}]
[2019,12,2,20,43801.833333333227,{"$f":"NA()","v":{"$error":"#N/A"}},"Invalid",{"$f":"NA()","v":{"$error":"#N/A"}},{"$f":"NA()","v":{"$error":"#N/A"}},"Invalid",{"$f":"NA()","v":{"$error":"#N/A"}},"Calibration Error","Annual calibration, zero test data excluded. ",{"$error":"#N/A"},{"$error":"#N/A"},{"$error":"#N/A"},{"$error":"#N/A"}]
[2019,12,2,21,43801.874999999891,{"$f":"NA()","v":{"$error":"#N/A"}},"Invalid",{"$f":"NA()","v":{"$error":"#N/A"}},{"$f":"NA()","v":{"$error":"#N/A"}},"Invalid",{"$f":"NA()","v":{"$error":"#N/A"}},"Calibration Error","Annual calibration, zero test data excluded. ",{"$error":"#N/A"},{"$error":"#N/A"},{"$error":"#N/A"},{"$error":"#N/A"}]
[2019,12,2,22,43801.916666666555,{"$f":"NA()","v":{"$error":"#N/A"}},"Invalid",{"$f":"NA()","v":{"$error":"#N/A"}},{"$f":"NA()","v":{"$error":"#N/A"}},"Invalid",{"$f":"NA()","v":{"$error":"#N/A"}},"Calibration Error","Annual calibration, zero test data excluded. ",{"$error":"#N/A"},{"$error":"#N/A"},{"$error":"#N/A"},{"$error":"#N/A"}]
[2019,12,2,23,43801.958333333219,{"$f":"NA()","v":{"$error":"#N/A"}},"Invalid",{"$f":"NA()","v":{"$error":"#N/A"}},{"$f":"NA()","v":{"$error":"#N/A"}},"Invalid",{"$f":"NA()","v":{"$error":"#N/A"}},"Calibration Error","Annual calibration, zero test data excluded. 24Hr average lost due to data interruption.",{"$error":"#N/A"},{"$error":"#N/A"},{"$error":"#N/A"},{"$error":"#N/A"}]
[2019,12,3,0,43801.999999999884,{"$f":"NA()","v":{"$error":"#N/A"}},"Invalid",{"$f":"NA()","v":{"$error":"#N/A"}},{"$f":"NA()","v":{"$error":"#N/A"}},"Invalid",{"$f":"NA()","v":{"$error":"#N/A"}},"Calibration Error","Annual calibration, zero test data excluded. 24Hr average lost due to data interruption.",{"$error":"#N/A"},{"$error":"#N/A"},{"$error":"#N/A"},{"$error":"#N/A"}]
[2019,12,3,1,43802.041666666548,{"$f":"NA()","v":{"$error":"#N/A"}},"Invalid",{"$f":"NA()","v":{"$error":"#N/A"}},{"$f":"NA()","v":{"$error":"#N/A"}},"Invalid",{"$f":"NA()","v":{"$error":"#N/A"}},"Calibration Error","Annual calibration, zero test data excluded. 24Hr average lost due to data interruption.",{"$error":"#N/A"},{"$error":"#N/A"},{"$error":"#N/A"},{"$error":"#N/A"}]
[2019,12,3,2,43802.083333333212,{"$f":"NA()","v":{"$error":"#N/A"}},"Invalid",{"$f":"NA()","v":{"$error":"#N/A"}},{"$f":"NA()","v":{"$error":"#N/A"}},"Invalid",{"$f":"NA()","v":{"$error":"#N/A"}},"Calibration Error","Annual calibration, zero test data excluded. 24Hr average lost due to data interruption.",{"$error":"#N/A"},{"$error":"#N/A"},{"$error":"#N/A"},{"$error":"#N/A"}]
[2019,12,3,3,43802.124999999876,{"$f":"NA()","v":{"$error":"#N/A"}},"Invalid",{"$f":"NA()","v":{"$error":"#N/A"}},{"$f":"NA()","v":{"$error":"#N/A"}},"Invalid",{"$f":"NA()","v":{"$error":"#N/A"}},"Calibration Error","Annual calibration, zero test data excluded. 24Hr average lost due to data interruption.",{"$error":"#N/A"},{"$error":"#N/A"},{"$error":"#N/A"},{"$error":"#N/A"}]
[2019,12,3,4,43802.166666666541,{"$f":"NA()","v":{"$error":"#N/A"}},"Invalid",{"$f":"NA()","v":{"$error":"#N/A"}},{"$f":"NA()","v":{"$error":"#N/A"}},"Invalid",{"$f":"NA()","v":{"$error":"#N/A"}},"Calibration Error","Annual calibration, zero test data excluded. 24Hr average lost due to data interruption.",{"$error":"#N/A"},{"$error":"#N/A"},{"$error":"#N/A"},{"$error":"#N/A"}]
[2019,12,3,5,43802.208333333205,{"$f":"NA()","v":{"$error":"#N/A"}},"Invalid",{"$f":"NA()","v":{"$error":"#N/A"}},{"$f":"NA()","v":{"$error":"#N/A"}},"Invalid",{"$f":"NA()","v":{"$error":"#N/A"}},"Calibration Error","Annual calibration, zero test data excluded. 24Hr average lost due to data interruption.",{"$error":"#N/A"},{"$error":"#N/A"},{"$error":"#N/A"},{"$error":"#N/A"}]
[2019,12,3,6,43802.249999999869,{"$f":"NA()","v":{"$error":"#N/A"}},"Invalid",{"$f":"NA()","v":{"$error":"#N/A"}},{"$f":"NA()","v":{"$error":"#N/A"}},"Invalid",{"$f":"NA()","v":{"$error":"#N/A"}},"Calibration Error","Annual calibration, zero test data excluded. 24Hr average lost due to data interruption.",{"$error":"#N/A"},{"$error":"#N/A"},{"$error":"#N/A"},{"$error":"#N/A"}]
[2019,12,3,7,43802.291666666533,{"$f":"NA()","v":{"$error":"#N/A"}},"Invalid",{"$f":"NA()","v":{"$error":"#N/A"}},{"$f":"NA()","v":{"$error":"#N/A"}},"Invalid",{"$f":"NA()","v":{"$error":"#N/A"}},"Calibration Error","Annual calibration, zero test data excluded. 24Hr average lost due to data interruption.",{"$error":"#N/A"},{"$error":"#N/A"},{"$error":"#N/A"},{"$error":"#N/A"}]
[2019,12,3,8,43802.333333333198,{"$f":"NA()","v":{"$error":"#N/A"}},"Invalid",{"$f":"NA()","v":{"$error":"#N/A"}},{"$f":"NA()","v":{"$error":"#N/A"}},"Invalid",{"$f":"NA()","v":{"$error":"#N/A"}},"Calibration Error","Annual calibration, zero test data excluded. 24Hr average lost due to data interruption.",{"$error":"#N/A"},{"$error":"#N/A"},{"$error":"#N/A"},{"$error":"#N/A"}]
[2019,12,3,9,43802.374999999862,{"$f":"NA()","v":{"$error":"#N/A"}},"Invalid",{"$f":"NA()","v":{"$error":"#N/A"}},{"$f":"NA()","v":{"$error":"#N/A"}},"Invalid",{"$f":"NA()","v":{"$error":"#N/A"}},"Calibration Error","Annual calibration, zero test data excluded. 24Hr average lost due to data interruption.",{"$error":"#N/A"},{"$error":"#N/A"},{"$error":"#N/A"},{"$error":"#N/A"}]
[2019,12,3,10,43802.416666666526,5.6060299999999996,"Valid",{"$f":"NA()","v":{"$error":"#N/A"}},36.241430000000001,"Valid",{"$f":"NA()","v":{"$error":"#N/A"}},null,"24Hr average lost due to data interruption",5.6060299999999996,{"$error":"#N/A"},36.241430000000001,{"$error":"#N/A"},36.241430000000001,null,5.6060299999999996]
[2019,12,3,11,43802.45833333319,8.3230599999999999,"Valid",{"$f":"NA()","v":{"$error":"#N/A"}},35.481059999999999,"Valid",{"$f":"NA()","v":{"$error":"#N/A"}},null,"24Hr average lost due to data interruption",8.3230599999999999,{"$error":"#N/A"},35.481059999999999,{"$error":"#N/A"},35.481059999999999,null,8.3230599999999999]
[2019,12,3,12,43802.499999999854,6.0374299999999996,"Valid",{"$f":"NA()","v":{"$error":"#N/A"}},30.895330000000001,"Valid",{"$f":"NA()","v":{"$error":"#N/A"}},null,"24Hr average lost due to data interruption",6.0374299999999996,{"$error":"#N/A"},30.895330000000001,{"$error":"#N/A"},30.895330000000001,null,6.0374299999999996]
[2019,12,3,13,43802.541666666519,8.0207099999999993,"Valid",{"$f":"NA()","v":{"$error":"#N/A"}},33.773510000000002,"Valid",{"$f":"NA()","v":{"$error":"#N/A"}},null,"24Hr average lost due to data interruption",8.0207099999999993,{"$error":"#N/A"},33.773510000000002,{"$error":"#N/A"},33.773510000000002,null,8.0207099999999993]
[2019,12,3,14,43802.583333333183,4.5321699999999998,"Valid",{"$f":"NA()","v":{"$error":"#N/A"}},35.187269999999998,"Valid",{"$f":"NA()","v":{"$error":"#N/A"}},null,"24Hr average lost due to data interruption",4.5321699999999998,{"$error":"#N/A"},35.187269999999998,{"$error":"#N/A"},35.187269999999998,null,4.5321699999999998]
[2019,12,3,15,43802.624999999847,4.8201900000000002,"Valid",{"$f":"NA()","v":{"$error":"#N/A"}},29.545290000000001,"Valid",{"$f":"NA()","v":{"$error":"#N/A"}},null,"24Hr average lost due to data interruption",4.8201900000000002,{"$error":"#N/A"},29.545290000000001,{"$error":"#N/A"},29.545290000000001,null,4.8201900000000002]
[2019,12,3,16,43802.666666666511,6.3495999999999997,"Valid",{"$f":"NA()","v":{"$error":"#N/A"}},27.47,"Valid",{"$f":"NA()","v":{"$error":"#N/A"}},null,"24Hr average lost due to data interruption",{"$f":"IF(G66=\"Valid\", F66, NA())","v":6.3495999999999997},{"$f":"IF(G66=\"Valid\", H66, NA())","v":{"$error":"#N/A"}},{"$f":"IF(J66=\"Valid\", I66, NA())","v":27.47},{"$f":"IF(J66=\"Valid\", K66, NA())","v":{"$error":"#N/A"}},27.47,null,6.3495999999999997]
[2019,12,3,17,43802.708333333176,3.5127799999999998,"Valid",{"$f":"NA()","v":{"$error":"#N/A"}},19.25498,"Valid",{"$f":"NA()","v":{"$error":"#N/A"}},null,"24Hr average lost due to data interruption",3.5127799999999998,{"$error":"#N/A"},19.25498,{"$error":"#N/A"},19.25498,null,3.5127799999999998]
[{"$f":"A67","v":2019},12,3,{"$f":"IF(D67=23,0,D67+1)","v":18},{"$f":"E67+0.0416666666666666","v":43802.74999999984},5.5492100000000004,"Valid",{"$f":"NA()","v":{"$error":"#N/A"}},20.310110000000002,"Valid",{"$f":"NA()","v":{"$error":"#N/A"}},null,"24Hr average lost due to data interruption",5.5492100000000004,{"$error":"#N/A"},20.310110000000002,{"$error":"#N/A"},20.310110000000002,null,5.5492100000000004]
[2019,12,3,19,43802.791666666504,6.8875500000000001,"Valid",{"$f":"NA()","v":{"$error":"#N/A"}},23.138649999999998,"Valid",{"$f":"NA()","v":{"$error":"#N/A"}},null,"24Hr average lost due to data interruption",6.8875500000000001,{"$error":"#N/A"},23.138649999999998,{"$error":"#N/A"},23.138649999999998,null,6.8875500000000001]
[2019,12,3,20,43802.833333333168,2.41595,"Valid",{"$f":"NA()","v":{"$error":"#N/A"}},16.670449999999999,"Valid",{"$f":"NA()","v":{"$error":"#N/A"}},null,"24Hr average lost due to data interruption",2.41595,{"$error":"#N/A"},16.670449999999999,{"$error":"#N/A"},16.670449999999999,null,2.41595]
[2019,12,3,21,43802.874999999833,0.64695599999999998,"Valid",{"$f":"NA()","v":{"$error":"#N/A"}},16.386455999999999,"Valid",{"$f":"NA()","v":{"$error":"#N/A"}},null,"24Hr average lost due to data interruption",0.64695599999999998,{"$error":"#N/A"},16.386455999999999,{"$error":"#N/A"},16.386455999999999,null,0.64695599999999998]
[2019,12,3,22,43802.916666666497,2.54358,"Valid",{"$f":"NA()","v":{"$error":"#N/A"}},16.310780000000001,"Valid",{"$f":"NA()","v":{"$error":"#N/A"}},null,"24Hr average lost due to data interruption",2.54358,{"$error":"#N/A"},16.310780000000001,{"$error":"#N/A"},16.310780000000001,null,2.54358]
[2019,12,3,23,43802.958333333161,0.70573300000000005,"Valid",{"$f":"NA()","v":{"$error":"#N/A"}},12.924433000000001,"Valid",{"$f":"NA()","v":{"$error":"#N/A"}},null,"24Hr average lost due to data interruption",0.70573300000000005,{"$error":"#N/A"},12.924433000000001,{"$error":"#N/A"},12.924433000000001,null,0.70573300000000005]
[2019,12,4,0,43802.999999999825,1.50875,"Valid",{"$f":"NA()","v":{"$error":"#N/A"}},13.477449999999999,"Valid",{"$f":"NA()","v":{"$error":"#N/A"}},null,"24Hr average lost due to data interruption",1.50875,{"$error":"#N/A"},13.477449999999999,{"$error":"#N/A"},13.477449999999999,null,1.50875]
[2019,12,4,1,43803.04166666649,2.09843,"Valid",{"$f":"NA()","v":{"$error":"#N/A"}},13.620430000000001,"Valid",{"$f":"NA()","v":{"$error":"#N/A"}},null,"24Hr average lost due to data interruption",2.09843,{"$error":"#N/A"},13.620430000000001,{"$error":"#N/A"},13.620430000000001,null,2.09843]
[2019,12,4,2,43803.083333333154,-0.78055300000000005,"Valid",{"$f":"NA()","v":{"$error":"#N/A"}},10.627046999999999,"Valid",{"$f":"NA()","v":{"$error":"#N/A"}},null,"24Hr average lost due to data interruption",-0.78055300000000005,{"$error":"#N/A"},10.627046999999999,{"$error":"#N/A"},10.627046999999999,null,-0.78055300000000005]
[2019,12,4,3,43803.124999999818,1.33266,"Valid",3.9,13.856260000000001,"Valid",22.51,null,null,1.33266,3.9,13.856260000000001,22.51,13.856260000000001,22.51,1.33266,3.9]
[2019,12,4,4,43803.166666666482,3.9657499999999999,"Valid",3.9,14.90915,"Valid",22.11,null,null,3.9657499999999999,3.9,14.90915,22.11,14.90915,22.11,3.9657499999999999,3.9]
[2019,12,4,5,43803.208333333147,8.8693899999999992,"Valid",4.1500000000000004,19.412990000000001,"Valid",21.97,null,null,8.8693899999999992,4.1500000000000004,19.412990000000001,21.97,19.412990000000001,21.97,8.8693899999999992,4.1500000000000004]
[2019,12,4,6,43803.249999999811,8.68642,"Valid",4.3600000000000003,20.968620000000001,"Valid",21.93,null,null,8.68642,4.3600000000000003,20.968620000000001,21.93,20.968620000000001,21.93,8.68642,4.3600000000000003]
[2019,12,4,7,43803.291666666475,4.1105400000000003,"Valid",4.3499999999999996,19.371739999999999,"Valid",21.81,null,null,4.1105400000000003,4.3499999999999996,19.371739999999999,21.81,19.371739999999999,21.81,4.1105400000000003,4.3499999999999996]
[2019,12,4,8,43803.333333333139,3.6621800000000002,"Valid",4.32,18.210180000000001,"Valid",21.65,null,null,3.6621800000000002,4.32,18.210180000000001,21.65,18.210180000000001,21.65,3.6621800000000002,4.32]
[2019,12,4,9,43803.374999999804,4.8405199999999997,"Valid",4.34,18.512319999999999,"Valid",21.52,null,null,4.8405199999999997,4.34,18.512319999999999,21.52,18.512319999999999,21.52,4.8405199999999997,4.34]
[2019,12,4,10,43803.416666666468,2.2197200000000001,"Valid",4.2,15.35192,"Valid",20.65,null,null,2.2197200000000001,4.2,15.35192,20.65,15.35192,20.65,2.2197200000000001,4.2]
[2019,12,4,11,43803.458333333132,7.3504100000000001,"Valid",4.16,17.813210000000002,"Valid",19.920000000000002,null,null,7.3504100000000001,4.16,17.813210000000002,19.920000000000002,17.813210000000002,19.920000000000002,7.3504100000000001,4.16]
[2019,12,4,12,43803.499999999796,0.87300800000000001,"Valid",3.95,11.197808,"Valid",19.100000000000001,null,null,0.87300800000000001,3.95,11.197808,19.100000000000001,11.197808,19.100000000000001,0.87300800000000001,3.95]
[2019,12,4,13,43803.541666666461,5.3794000000000004,"Valid",3.84,26.191400000000002,"Valid",18.78,null,null,5.3794000000000004,3.84,26.191400000000002,18.78,26.191400000000002,18.78,5.3794000000000004,3.84]
[2019,12,4,14,43803.583333333125,6.8807400000000003,"Valid",3.93,30.965039999999998,"Valid",18.600000000000001,null,null,6.8807400000000003,3.93,30.965039999999998,18.600000000000001,30.965039999999998,18.600000000000001,6.8807400000000003,3.93]
[2019,12,4,15,43803.624999999789,16.056999999999999,"Valid",4.4000000000000004,41.589100000000002,"Valid",19.11,null,null,16.056999999999999,4.4000000000000004,41.589100000000002,19.11,41.589100000000002,19.11,16.056999999999999,4.4000000000000004]
[2019,12,4,16,43803.666666666453,5.4095300000000002,"Valid",4.3600000000000003,26.007930000000002,"Valid",19.04,null,null,5.4095300000000002,4.3600000000000003,26.007930000000002,19.04,26.007930000000002,19.04,5.4095300000000002,4.3600000000000003]
[2019,{"$f":"B90","v":12},{"$f":"C67+1","v":4},17,43803.708333333117,2.8238799999999999,"Valid",4.33,28.26118,"Valid",19.420000000000002,null,null,2.8238799999999999,4.33,28.26118,19.420000000000002,28.26118,19.420000000000002,2.8238799999999999,4.33]
[2019,12,4,18,43803.749999999782,3.5535100000000002,"Valid",4.25,35.293810000000001,"Valid",20.04,null,null,3.5535100000000002,4.25,35.293810000000001,20.04,35.293810000000001,20.04,3.5535100000000002,4.25]
[2019,12,4,19,43803.791666666446,4.5940599999999998,"Valid",4.16,53.470660000000002,"Valid",21.31,null,null,4.5940599999999998,4.16,53.470660000000002,21.31,53.470660000000002,21.31,4.5940599999999998,4.16]
[2019,12,4,20,43803.83333333311,7.5347200000000001,"Valid",4.37,49.344320000000003,"Valid",22.67,null,null,7.5347200000000001,4.37,49.344320000000003,22.67,49.344320000000003,22.67,7.5347200000000001,4.37]
[2019,12,4,21,43803.874999999774,4.7989499999999996,"Valid",4.54,44.218150000000001,"Valid",23.83,null,null,4.7989499999999996,4.54,44.218150000000001,23.83,44.218150000000001,23.83,4.7989499999999996,4.54]
[2019,12,4,22,43803.916666666439,5.3363199999999997,"Valid",4.66,40.150219999999997,"Valid",24.82,null,null,5.3363199999999997,4.66,40.150219999999997,24.82,40.150219999999997,24.82,5.3363199999999997,4.66]
[2019,12,4,23,43803.958333333103,8.9624500000000005,"Valid",5,45.00855,"Valid",26.16,null,null,8.9624500000000005,5,45.00855,26.16,45.00855,26.16,8.9624500000000005,5]
[2019,12,5,0,43803.999999999767,9.1932100000000005,"Valid",5.32,50.711109999999998,"Valid",27.71,null,null,9.1932100000000005,5.32,50.711109999999998,27.71,50.711109999999998,27.71,9.1932100000000005,5.32]
[2019,12,5,1,43804.041666666431,5.3490500000000001,"Valid",5.46,42.614449999999998,"Valid",28.92,null,null,5.3490500000000001,5.46,42.614449999999998,28.92,42.614449999999998,28.92,5.3490500000000001,5.46]
[2019,12,5,2,43804.083333333096,7.0285900000000003,"Valid",5.78,39.431289999999997,"Valid",30.12,null,null,7.0285900000000003,5.78,39.431289999999997,30.12,39.431289999999997,30.12,7.0285900000000003,5.78]
[2019,12,5,3,43804.12499999976,8.0240600000000004,"Valid",6.06,35.359560000000002,"Valid",31.02,null,null,8.0240600000000004,6.06,35.359560000000002,31.02,35.359560000000002,31.02,8.0240600000000004,6.06]
[2019,12,5,4,43804.166666666424,4.9360400000000002,"Valid",6.1,31.952439999999999,"Valid",31.73,null,null,4.9360400000000002,6.1,31.952439999999999,31.73,31.952439999999999,31.73,4.9360400000000002,6.1]
[2019,12,5,5,43804.208333333088,7.1699799999999998,"Valid",6.03,34.520479999999999,"Valid",32.35,null,null,7.1699799999999998,6.03,34.520479999999999,32.35,34.520479999999999,32.35,7.1699799999999998,6.03]
[2019,12,5,6,43804.249999999753,7.73658,"Valid",5.99,30.991779999999999,"Valid",32.770000000000003,null,null,7.73658,5.99,30.991779999999999,32.770000000000003,30.991779999999999,32.770000000000003,7.73658,5.99]
[2019,12,5,7,43804.291666666417,2.6652900000000002,"Valid",5.93,21.674790000000002,"Valid",32.869999999999997,null,null,2.6652900000000002,5.93,21.674790000000002,32.869999999999997,21.674790000000002,32.869999999999997,2.6652900000000002,5.93]
[2019,12,5,8,43804.333333333081,5.8973100000000001,"Valid",6.03,22.607710000000001,"Valid",33.049999999999997,null,null,5.8973100000000001,6.03,22.607710000000001,33.049999999999997,22.607710000000001,33.049999999999997,5.8973100000000001,6.03]
[2019,12,5,9,43804.374999999745,2.0935600000000001,"Valid",5.91,18.47636,"Valid",33.049999999999997,null,null,2.0935600000000001,5.91,18.47636,33.049999999999997,18.47636,33.049999999999997,2.0935600000000001,5.91]
[2019,12,5,10,43804.41666666641,5.1079400000000001,"Valid",6.03,15.567740000000001,"Valid",33.06,null,null,5.1079400000000001,6.03,15.567740000000001,33.06,15.567740000000001,33.06,5.1079400000000001,6.03]
[2019,12,5,11,43804.458333333074,4.4603999999999999,"Valid",5.91,13.83323,"Valid",32.89,null,null,4.4603999999999999,5.91,13.83323,32.89,13.83323,32.89,4.4603999999999999,5.91]
[2019,12,5,12,43804.499999999738,3.28593,"Valid",6.01,11.09829,"Valid",32.89,null,null,3.28593,6.01,11.09829,32.89,11.09829,32.89,3.28593,6.01]
[2019,12,5,13,43804.541666666402,7.5452899999999996,"Valid",6.1,18.854189999999999,"Valid",32.58,null,null,7.5452899999999996,6.1,18.854189999999999,32.58,18.854189999999999,32.58,7.5452899999999996,6.1]
[2019,12,5,14,43804.583333333067,-1.3063800000000001,"Valid",5.76,4.9253799999999996,"Valid",31.5,null,null,-1.3063800000000001,5.76,4.9253799999999996,31.5,4.9253799999999996,31.5,-1.3063800000000001,5.76]
[2019,12,5,15,43804.624999999731,10.898300000000001,"Valid",5.55,22.814299999999999,"Valid",30.72,null,null,10.898300000000001,5.55,22.814299999999999,30.72,22.814299999999999,30.72,10.898300000000001,5.55]
[2019,12,5,16,43804.666666666395,8.2695600000000002,"Valid",5.66,26.133859999999999,"Valid",30.72,null,null,8.2695600000000002,5.66,26.133859999999999,30.72,26.133859999999999,30.72,8.2695600000000002,5.66]
[2019,12,5,17,43804.708333333059,9.63964,"Valid",5.95,21.87134,"Valid",30.46,null,null,9.63964,5.95,21.87134,30.46,21.87134,30.46,9.63964,5.95]
[2019,12,5,18,43804.749999999724,0.41111799999999998,"Valid",5.82,16.471917999999999,"Valid",29.67,null,null,0.41111799999999998,5.82,16.471917999999999,29.67,16.471917999999999,29.67,0.41111799999999998,5.82]
[2019,12,5,19,43804.791666666388,5.5391599999999999,"Valid",5.86,25.493659999999998,"Valid",28.51,null,null,5.5391599999999999,5.86,25.493659999999998,28.51,25.493659999999998,28.51,5.5391599999999999,5.86]
[2019,12,5,20,43804.833333333052,4.8659999999999997,"Valid",5.75,27.897200000000002,"Valid",27.61,null,null,4.8659999999999997,5.75,27.897200000000002,27.61,27.897200000000002,27.61,4.8659999999999997,5.75]
[2019,12,5,21,43804.874999999716,7.1640300000000003,"Valid",5.84,29.48423,"Valid",27,null,null,7.1640300000000003,5.84,29.48423,27,29.48423,27,7.1640300000000003,5.84]
[2019,12,5,22,43804.91666666638,2.8187000000000002,"Valid",5.74,22.555399999999999,"Valid",26.26,null,null,2.8187000000000002,5.74,22.555399999999999,26.26,22.555399999999999,26.26,2.8187000000000002,5.74]
[2019,12,5,23,43804.958333333045,1.9761500000000001,"Valid",5.45,19.03585,"Valid",25.18,null,null,1.9761500000000001,5.45,19.03585,25.18,19.03585,25.18,1.9761500000000001,5.45]
[2019,12,6,0,43804.999999999709,6.1481399999999997,"Valid",5.32,25.072040000000001,"Valid",24.11,null,null,6.1481399999999997,5.32,25.072040000000001,24.11,25.072040000000001,24.11,6.1481399999999997,5.32]
[2019,12,6,1,43805.041666666373,6.5453700000000001,"Valid",5.37,24.998370000000001,"Valid",23.38,null,null,6.5453700000000001,5.37,24.998370000000001,23.38,24.998370000000001,23.38,6.5453700000000001,5.37]
[2019,12,6,2,43805.083333333037,4.6389399999999998,"Valid",5.27,21.741240000000001,"Valid",22.64,null,null,4.6389399999999998,5.27,21.741240000000001,22.64,21.741240000000001,22.64,4.6389399999999998,5.27]
[2019,12,6,3,43805.124999999702,-1.5169999999999999E-2,"Valid",4.9400000000000004,16.394729999999999,"Valid",21.85,null,null,-1.5169999999999999E-2,4.9400000000000004,16.394729999999999,21.85,16.394729999999999,21.85,-1.5169999999999999E-2,4.9400000000000004]
[2019,12,6,4,43805.166666666366,0.86665800000000004,"Valid",4.7699999999999996,15.675458000000001,"Valid",21.17,null,null,0.86665800000000004,4.7699999999999996,15.675458000000001,21.17,15.675458000000001,21.17,0.86665800000000004,4.7699999999999996]
[2019,12,6,5,43805.20833333303,2.1426599999999998,"Valid",4.5599999999999996,17.850159999999999,"Valid",20.48,null,null,2.1426599999999998,4.5599999999999996,17.850159999999999,20.48,17.850159999999999,20.48,2.1426599999999998,4.5599999999999996]
[2019,12,6,6,43805.249999999694,7.11747,"Valid",4.53,21.722770000000001,"Valid",20.09,null,null,7.11747,4.53,21.722770000000001,20.09,21.722770000000001,20.09,7.11747,4.53]
[2019,12,6,7,43805.291666666359,7.7353100000000001,"Valid",4.74,29.162310000000002,"Valid",20.41,null,null,7.7353100000000001,4.74,29.162310000000002,20.41,29.162310000000002,20.41,7.7353100000000001,4.74]
[2019,12,6,8,43805.333333333023,5.0563500000000001,"Valid",4.71,34.305349999999997,"Valid",20.89,null,null,{"$f":"IF(G130=\"Valid\", F130, NA())","v":5.0563500000000001},{"$f":"IF(G130=\"Valid\", H130, NA())","v":4.71},{"$f":"IF(J130=\"Valid\", I130, NA())","v":34.305349999999997},{"$f":"IF(J130=\"Valid\", K130, NA())","v":20.89},34.305349999999997,20.89,5.0563500000000001,4.71]
[2019,12,6,9,43805.374999999687,6.3117799999999997,"Valid",4.88,49.774479999999997,"Valid",22.2,null,null,6.3117799999999997,4.88,49.774479999999997,22.2,49.774479999999997,22.2,6.3117799999999997,4.88]
[{"$f":"A131","v":2019},12,6,{"$f":"IF(D131=23,0,D131+1)","v":10},{"$f":"E131+0.0416666666666666","v":43805.416666666351},10.0068,"Valid",5.09,45.699100000000001,"Valid",23.45,null,null,10.0068,5.09,45.699100000000001,23.45,45.699100000000001,23.45,10.0068,5.09]
[2019,12,6,11,43805.458333333016,6.94747,"Valid",5.19,39.450769999999999,"Valid",24.52,null,null,6.94747,5.19,39.450769999999999,24.52,39.450769999999999,24.52,6.94747,5.19]
[2019,12,6,12,43805.49999999968,3.8490500000000001,"Valid",5.22,57.992150000000002,"Valid",26.47,null,null,3.8490500000000001,5.22,57.992150000000002,26.47,57.992150000000002,26.47,3.8490500000000001,5.22]
[2019,12,6,13,43805.541666666344,14.4513,"Valid",5.5,77.418099999999995,"Valid",28.91,null,null,14.4513,5.5,77.418099999999995,28.91,77.418099999999995,28.91,14.4513,5.5]
[2019,12,6,14,43805.583333333008,{"$f":"NA()","v":{"$error":"#N/A"}},"Invalid",{"$f":"NA()","v":{"$error":"#N/A"}},{"$f":"NA()","v":{"$error":"#N/A"}},"Invalid",{"$f":"NA()","v":{"$error":"#N/A"}},"Power Failure","Machine outage",{"$error":"#N/A"},{"$error":"#N/A"},{"$error":"#N/A"},{"$error":"#N/A"}]
[2019,12,6,15,43805.624999999673,{"$f":"NA()","v":{"$error":"#N/A"}},"Invalid",{"$f":"NA()","v":{"$error":"#N/A"}},{"$f":"NA()","v":{"$error":"#N/A"}},"Invalid",{"$f":"NA()","v":{"$error":"#N/A"}},"Power Failure","Machine outage",{"$error":"#N/A"},{"$error":"#N/A"},{"$error":"#N/A"},{"$error":"#N/A"}]
[2019,12,6,16,43805.666666666337,{"$f":"NA()","v":{"$error":"#N/A"}},"Invalid",{"$f":"NA()","v":{"$error":"#N/A"}},{"$f":"NA()","v":{"$error":"#N/A"}},"Invalid",{"$f":"NA()","v":{"$error":"#N/A"}},"Power Failure","Machine outage",{"$error":"#N/A"},{"$error":"#N/A"},{"$error":"#N/A"},{"$error":"#N/A"}]
[2019,12,6,17,43805.708333333001,{"$f":"NA()","v":{"$error":"#N/A"}},"Invalid",{"$f":"NA()","v":{"$error":"#N/A"}},{"$f":"NA()","v":{"$error":"#N/A"}},"Invalid",{"$f":"NA()","v":{"$error":"#N/A"}},"Power Failure","Machine outage",{"$error":"#N/A"},{"$error":"#N/A"},{"$error":"#N/A"},{"$error":"#N/A"}]
[2019,12,6,18,43805.749999999665,10.255599999999999,"Valid",5.72,75.342299999999994,"Valid",33.85,null,null,10.255599999999999,5.72,75.342299999999994,33.85,75.342299999999994,33.85,10.255599999999999,5.72]
[2019,12,6,19,43805.79166666633,14.1043,"Valid",6.15,75.376199999999997,"Valid",36.35,null,null,14.1043,6.15,75.376199999999997,36.35,75.376199999999997,36.35,14.1043,6.15]
[2019,12,6,20,43805.833333332994,9.5524400000000007,"Valid",6.38,67.087140000000005,"Valid",38.31,null,null,9.5524400000000007,6.38,67.087140000000005,38.31,67.087140000000005,38.31,9.5524400000000007,6.38]
[2019,12,6,21,43805.874999999658,9.5369799999999998,"Valid",6.5,68.714579999999998,"Valid",40.270000000000003,null,null,9.5369799999999998,6.5,68.714579999999998,40.270000000000003,68.714579999999998,40.270000000000003,9.5369799999999998,6.5]
[2019,12,6,22,43805.916666666322,11.1768,"Valid",6.92,60.1081,"Valid",42.15,null,null,11.1768,6.92,60.1081,42.15,60.1081,42.15,11.1768,6.92]
[2019,12,6,23,43805.958333332987,6.5419499999999999,"Valid",7.15,36.23695,"Valid",43.01,null,null,6.5419499999999999,7.15,36.23695,43.01,36.23695,43.01,6.5419499999999999,7.15]
[2019,12,7,0,43805.999999999651,7.9218500000000001,"Valid",7.24,36.771850000000001,"Valid",43.59,null,null,7.9218500000000001,7.24,36.771850000000001,43.59,36.771850000000001,43.59,7.9218500000000001,7.24]
[2019,12,7,1,43806.041666666315,6.6237500000000002,"Valid",7.24,33.658549999999998,"Valid",44.02,null,null,6.6237500000000002,7.24,33.658549999999998,44.02,33.658549999999998,44.02,6.6237500000000002,7.24]
[2019,12,7,2,43806.083333332979,6.9017999999999997,"Valid",7.35,29.483899999999998,"Valid",44.41,null,null,6.9017999999999997,7.35,29.483899999999998,44.41,29.483899999999998,44.41,6.9017999999999997,7.35]
[2019,12,7,3,43806.124999999643,2.32315,"Valid",7.47,22.65035,"Valid",44.72,null,null,2.32315,7.47,22.65035,44.72,22.65035,44.72,2.32315,7.47]
[2019,12,7,4,43806.166666666308,1.14778,"Valid",7.49,21.20008,"Valid",45,null,null,1.14778,7.49,21.20008,45,21.20008,45,1.14778,7.49]
[2019,12,7,5,43806.208333332972,5.1570799999999997,"Valid",7.64,28.441980000000001,"Valid",45.53,null,null,5.1570799999999997,7.64,28.441980000000001,45.53,28.441980000000001,45.53,5.1570799999999997,7.64]
[2019,12,7,6,43806.249999999636,1.70244,"Valid",7.37,23.318339999999999,"Valid",45.61,null,null,1.70244,7.37,23.318339999999999,45.61,23.318339999999999,45.61,1.70244,7.37]
[2019,12,7,7,43806.2916666663,6.31609,"Valid",7.29,26.793990000000001,"Valid",45.49,null,null,6.31609,7.29,26.793990000000001,45.49,26.793990000000001,45.49,6.31609,7.29]
[2019,12,7,8,43806.333333332965,6.7885499999999999,"Valid",7.38,28.410150000000002,"Valid",45.2,null,null,6.7885499999999999,7.38,28.410150000000002,45.2,28.410150000000002,45.2,6.7885499999999999,7.38]
[2019,{"$f":"B154","v":12},{"$f":"C131+1","v":7},9,43806.374999999629,15.6585,"Valid",7.85,33.138800000000003,"Valid",44.36,null,null,15.6585,7.85,33.138800000000003,44.36,33.138800000000003,44.36,15.6585,7.85]
[2019,12,7,10,43806.416666666293,9.2555499999999995,"Valid",7.81,22.752749999999999,"Valid",43.22,null,null,9.2555499999999995,7.81,22.752749999999999,43.22,22.752749999999999,43.22,9.2555499999999995,7.81]
[2019,12,7,11,43806.458333332957,12.9092,"Valid",8.11,26.3826,"Valid",42.56,null,null,12.9092,8.11,26.3826,42.56,26.3826,42.56,12.9092,8.11]
[2019,12,7,12,43806.499999999622,7.5860700000000003,"Valid",8.3000000000000007,17.533519999999999,"Valid",40.54,null,null,7.5860700000000003,8.3000000000000007,17.533519999999999,40.54,17.533519999999999,40.54,7.5860700000000003,8.3000000000000007]
[2019,12,7,13,43806.541666666286,0.75194300000000003,"Valid",7.61,10.651743,"Valid",37.200000000000003,null,null,0.75194300000000003,7.61,10.651743,37.200000000000003,10.651743,37.200000000000003,0.75194300000000003,7.61]
[2019,12,7,14,43806.58333333295,5.5041099999999998,"Valid",7.51,14.71918,"Valid",36.130000000000003,null,null,5.5041099999999998,7.51,14.71918,36.130000000000003,14.71918,36.130000000000003,5.5041099999999998,7.51]
[2019,12,7,15,43806.624999999614,6.6807400000000001,"Valid",7.47,14.918950000000001,"Valid",35.17,null,null,6.6807400000000001,7.47,14.918950000000001,35.17,14.918950000000001,35.17,6.6807400000000001,7.47]
[2019,12,7,16,43806.666666666279,8.4034099999999992,"Valid",7.51,20.197209999999998,"Valid",34.520000000000003,null,null,8.4034099999999992,7.51,20.197209999999998,34.520000000000003,20.197209999999998,34.520000000000003,8.4034099999999992,7.51]
[2019,12,7,17,43806.708333332943,4.9542799999999998,"Valid",7.41,18.941279999999999,"Valid",33.869999999999997,null,null,4.9542799999999998,7.41,18.941279999999999,33.869999999999997,18.941279999999999,33.869999999999997,4.9542799999999998,7.41]
[2019,12,7,18,43806.749999999607,6.6666100000000004,"Valid",7.26,16.030429999999999,"Valid",31.4,null,null,6.6666100000000004,7.26,16.030429999999999,31.4,16.030429999999999,31.4,6.6666100000000004,7.26]
[2019,12,7,19,43806.791666666271,4.3292900000000003,"Valid",6.85,12.07066,"Valid",28.76,null,null,4.3292900000000003,6.85,12.07066,28.76,12.07066,28.76,4.3292900000000003,6.85]
[2019,12,7,20,43806.833333332936,6.8945400000000001,"Valid",6.74,19.516539999999999,"Valid",26.78,null,null,6.8945400000000001,6.74,19.516539999999999,26.78,19.516539999999999,26.78,6.8945400000000001,6.74]
[2019,12,7,21,43806.8749999996,4.7841199999999997,"Valid",6.54,14.566380000000001,"Valid",24.52,null,null,4.7841199999999997,6.54,14.566380000000001,24.52,14.566380000000001,24.52,4.7841199999999997,6.54]
[2019,12,7,22,43806.916666666264,1.65842,"Valid",6.14,11.33405,"Valid",22.49,null,null,1.65842,6.14,11.33405,22.49,11.33405,22.49,1.65842,6.14]
[2019,12,7,23,43806.958333332928,4.7664999999999997,"Valid",6.07,19.791,"Valid",21.8,null,null,4.7664999999999997,6.07,19.791,21.8,19.791,21.8,4.7664999999999997,6.07]
[2019,12,8,0,43806.999999999593,3.1520000000000001,"Valid",5.87,18.5472,"Valid",21.04,null,null,3.1520000000000001,5.87,18.5472,21.04,18.5472,21.04,3.1520000000000001,5.87]
[2019,12,8,1,43807.041666666257,5.1525800000000004,"Valid",5.81,21.541679999999999,"Valid",20.54,null,null,5.1525800000000004,5.81,21.541679999999999,20.54,21.541679999999999,20.54,5.1525800000000004,5.81]
[2019,12,8,2,43807.083333332921,40.3919,"Valid",7.21,66.347099999999998,"Valid",22.07,null,null,40.3919,7.21,66.347099999999998,22.07,66.347099999999998,22.07,40.3919,7.21]
[2019,12,8,3,43807.124999999585,47.784199999999998,"Valid",9.1,72.247200000000007,"Valid",24.14,null,null,47.784199999999998,9.1,72.247200000000007,24.14,72.247200000000007,24.14,47.784199999999998,9.1]
[2019,12,8,4,43807.16666666625,52.391300000000001,"Valid",11.23,75.553899999999999,"Valid",26.41,null,null,52.391300000000001,11.23,75.553899999999999,26.41,75.553899999999999,26.41,52.391300000000001,11.23]
[2019,12,8,5,43807.208333332914,55.092399999999998,"Valid",13.32,75.2684,"Valid",28.36,null,null,55.092399999999998,13.32,75.2684,28.36,75.2684,28.36,55.092399999999998,13.32]
[2019,12,8,6,43807.249999999578,59.1706,"Valid",15.71,79.899799999999999,"Valid",30.71,null,null,59.1706,15.71,79.899799999999999,30.71,79.899799999999999,30.71,59.1706,15.71]
[2019,12,8,7,43807.291666666242,54.748699999999999,"Valid",17.73,75.976799999999997,"Valid",32.76,null,null,54.748699999999999,17.73,75.976799999999997,32.76,75.976799999999997,32.76,54.748699999999999,17.73]
[2019,12,8,8,43807.333333332906,67.401300000000006,"Valid",20.25,86.369,"Valid",35.18,null,null,67.401300000000006,20.25,86.369,35.18,86.369,35.18,67.401300000000006,20.25]
[2019,12,8,9,43807.374999999571,197.71100000000001,"Valid",27.84,220.70330000000001,"Valid",42.99,null,null,197.71100000000001,27.84,220.70330000000001,42.99,220.70330000000001,42.99,197.71100000000001,27.84]
[2019,12,8,10,43807.416666666235,288.03899999999999,"Valid",39.46,311.50639999999999,"Valid",55.03,null,null,288.03899999999999,39.46,311.50639999999999,55.03,311.50639999999999,55.03,288.03899999999999,39.46]
[2019,12,8,11,43807.458333332899,237.542,"Valid",48.81,257.76830000000001,"Valid",64.67,null,null,237.542,48.81,257.76830000000001,64.67,257.76830000000001,64.67,237.542,48.81]
[2019,12,8,12,43807.499999999563,183.839,"Valid",56.16,200.09229999999999,"Valid",72.27,null,null,183.839,56.16,200.09229999999999,72.27,200.09229999999999,72.27,183.839,56.16]
[2019,12,8,13,43807.541666666228,118.535,"Valid",61.07,131.9975,"Valid",77.33,null,null,118.535,61.07,131.9975,77.33,131.9975,77.33,118.535,61.07]
[2019,12,8,14,43807.583333332892,78.6374,"Valid",64.11,88.875299999999996,"Valid",80.42,null,null,78.6374,64.11,88.875299999999996,80.42,88.875299999999996,80.42,78.6374,64.11]
[2019,12,8,15,43807.624999999556,77.9482,"Valid",67.08,87.308999999999997,"Valid",83.44,null,null,77.9482,67.08,87.308999999999997,83.44,87.308999999999997,83.44,77.9482,67.08]
[2019,12,8,16,43807.66666666622,72.806600000000003,"Valid",69.77,82.253150000000005,"Valid",86.02,null,null,72.806600000000003,69.77,82.253150000000005,86.02,82.253150000000005,86.02,72.806600000000003,69.77]
[2019,12,8,17,43807.708333332885,70.289900000000003,"Valid",72.489999999999995,79.183959999999999,"Valid",88.53,null,null,70.289900000000003,72.489999999999995,79.183959999999999,88.53,79.183959999999999,88.53,70.289900000000003,72.489999999999995]
[2019,12,8,18,43807.749999999549,66.037899999999993,"Valid",74.959999999999994,75.093509999999995,"Valid",90.99,null,null,66.037899999999993,74.959999999999994,75.093509999999995,90.99,75.093509999999995,90.99,66.037899999999993,74.959999999999994]
[2019,12,8,19,43807.791666666213,66.068399999999997,"Valid",77.540000000000006,75.927099999999996,"Valid",93.65,null,null,66.068399999999997,77.540000000000006,75.927099999999996,93.65,75.927099999999996,93.65,66.068399999999997,77.540000000000006]
[2019,12,8,20,43807.833333332877,57.308100000000003,"Valid",79.64,82.864599999999996,"Valid",96.29,null,null,57.308100000000003,79.64,82.864599999999996,96.29,82.864599999999996,96.29,57.308100000000003,79.64]
[2019,12,8,21,43807.874999999542,37.5441,"Valid",81,66.298199999999994,"Valid",98.45,null,null,37.5441,81,66.298199999999994,98.45,66.298199999999994,98.45,37.5441,81]
[2019,12,8,22,43807.916666666206,39.683199999999999,"Valid",82.59,61.887700000000002,"Valid",100.55,null,null,39.683199999999999,82.59,61.887700000000002,100.55,61.887700000000002,100.55,39.683199999999999,82.59]
[2019,12,8,23,43807.95833333287,44.129600000000003,"Valid",84.23,63.855899999999998,"Valid",102.39,null,null,44.129600000000003,84.23,63.855899999999998,102.39,63.855899999999998,102.39,44.129600000000003,84.23]
[2019,12,9,0,43807.999999999534,53.446599999999997,"Valid",86.32,72.748400000000004,"Valid",104.65,null,null,{"$f":"IF(G194=\"Valid\", F194, NA())","v":53.446599999999997},{"$f":"IF(G194=\"Valid\", H194, NA())","v":86.32},{"$f":"IF(J194=\"Valid\", I194, NA())","v":72.748400000000004},{"$f":"IF(J194=\"Valid\", K194, NA())","v":104.65},72.748400000000004,104.65,53.446599999999997,86.32]
[2019,12,9,1,43808.041666666199,41.745800000000003,"Valid",87.85,59.827300000000001,"Valid",106.24,null,null,41.745800000000003,87.85,59.827300000000001,106.24,59.827300000000001,106.24,41.745800000000003,87.85]
[{"$f":"A195","v":2019},12,9,{"$f":"IF(D195=23,0,D195+1)","v":2},{"$f":"E195+0.0416666666666666","v":43808.083333332863},42.173999999999999,"Valid",87.92,61.485399999999998,"Valid",106.04,null,null,42.173999999999999,87.92,61.485399999999998,106.04,61.485399999999998,106.04,42.173999999999999,87.92]
[2019,12,9,3,43808.124999999527,43.165199999999999,"Valid",87.73,61.093800000000002,"Valid",105.58,null,null,43.165199999999999,87.73,61.093800000000002,105.58,61.093800000000002,105.58,43.165199999999999,87.73]
[2019,12,9,4,43808.166666666191,40.447099999999999,"Valid",87.23,57.845500000000001,"Valid",104.84,null,null,40.447099999999999,87.23,57.845500000000001,104.84,57.845500000000001,104.84,40.447099999999999,87.23]
[2019,12,9,5,43808.208333332856,49.815399999999997,"Valid",87.01,66.003200000000007,"Valid",104.45,null,null,49.815399999999997,87.01,66.003200000000007,104.45,66.003200000000007,104.45,49.815399999999997,87.01]
[2019,12,9,6,43808.24999999952,93.704899999999995,"Valid",88.45,111.3907,"Valid",105.76,null,null,93.704899999999995,88.45,111.3907,105.76,111.3907,105.76,93.704899999999995,88.45]
[2019,12,9,7,43808.291666666184,165.40100000000001,"Valid",93.06,185.04320000000001,"Valid",110.31,null,null,165.40100000000001,93.06,185.04320000000001,110.31,185.04320000000001,110.31,165.40100000000001,93.06]
[2019,12,9,8,43808.333333332848,200.30099999999999,"Valid",98.6,224.96260000000001,"Valid",116.08,null,null,200.30099999999999,98.6,224.96260000000001,116.08,224.96260000000001,116.08,200.30099999999999,98.6]
[2019,12,9,9,43808.374999999513,199.13300000000001,"Valid",98.66,224.42070000000001,"Valid",116.24,null,null,199.13300000000001,98.66,224.42070000000001,116.24,224.42070000000001,116.24,199.13300000000001,98.66]
[2019,12,9,10,43808.416666666177,160.14699999999999,"Valid",93.33,184.9579,"Valid",110.97,null,null,160.14699999999999,93.33,184.9579,110.97,184.9579,110.97,160.14699999999999,93.33]
[2019,12,9,11,43808.458333332841,135.358,"Valid",89.07,158.67529999999999,"Valid",106.84,null,null,135.358,89.07,158.67529999999999,106.84,158.67529999999999,106.84,135.358,89.07]
[2019,12,9,12,43808.499999999505,121.242,"Valid",86.46,144.32040000000001,"Valid",104.51,null,null,121.242,86.46,144.32040000000001,104.51,144.32040000000001,104.51,121.242,86.46]
[2019,12,9,13,43808.541666666169,112.461,"Valid",86.21,135.2236,"Valid",104.65,null,null,112.461,86.21,135.2236,104.65,135.2236,104.65,112.461,86.21]
[2019,12,9,14,43808.583333332834,82.361699999999999,"Valid",86.36,104.676,"Valid",105.31,null,null,82.361699999999999,86.36,104.676,105.31,104.676,105.31,82.361699999999999,86.36]
[2019,12,9,15,43808.624999999498,66.706900000000005,"Valid",85.89,90.215500000000006,"Valid",105.43,null,null,66.706900000000005,85.89,90.215500000000006,105.43,90.215500000000006,105.43,66.706900000000005,85.89]
[2019,12,9,16,43808.666666666162,{"$f":"NA()","v":{"$error":"#N/A"}},"Invalid",{"$f":"NA()","v":{"$error":"#N/A"}},{"$f":"NA()","v":{"$error":"#N/A"}},"Invalid",{"$f":"NA()","v":{"$error":"#N/A"}},"Power Failure","Machine outage",{"$error":"#N/A"},{"$error":"#N/A"},{"$error":"#N/A"},{"$error":"#N/A"}]
[2019,12,9,17,43808.708333332826,{"$f":"NA()","v":{"$error":"#N/A"}},"Invalid",{"$f":"NA()","v":{"$error":"#N/A"}},{"$f":"NA()","v":{"$error":"#N/A"}},"Invalid",{"$f":"NA()","v":{"$error":"#N/A"}},"Power Failure","Machine outage",{"$error":"#N/A"},{"$error":"#N/A"},{"$error":"#N/A"},{"$error":"#N/A"}]
[2019,12,9,18,43808.749999999491,{"$f":"NA()","v":{"$error":"#N/A"}},"Invalid",{"$f":"NA()","v":{"$error":"#N/A"}},{"$f":"NA()","v":{"$error":"#N/A"}},"Invalid",{"$f":"NA()","v":{"$error":"#N/A"}},"Power Failure","Machine outage",{"$error":"#N/A"},{"$error":"#N/A"},{"$error":"#N/A"},{"$error":"#N/A"}]
[2019,12,9,19,43808.791666666155,{"$f":"NA()","v":{"$error":"#N/A"}},"Invalid",{"$f":"NA()","v":{"$error":"#N/A"}},{"$f":"NA()","v":{"$error":"#N/A"}},"Invalid",{"$f":"NA()","v":{"$error":"#N/A"}},"Power Failure","Machine outage",{"$error":"#N/A"},{"$error":"#N/A"},{"$error":"#N/A"},{"$error":"#N/A"}]
[2019,12,9,20,43808.833333332819,35.247500000000002,"Valid",88.21,55.952500000000001,"Valid",109.54,null,null,35.247500000000002,88.21,55.952500000000001,109.54,55.952500000000001,109.54,35.247500000000002,88.21]
[2019,12,9,21,43808.874999999483,32.548900000000003,"Valid",87.96,49.128599999999999,"Valid",108.69,null,null,32.548900000000003,87.96,49.128599999999999,108.69,49.128599999999999,108.69,32.548900000000003,87.96]
[2019,12,9,22,43808.916666666148,35.467199999999998,"Valid",87.75,55.973300000000002,"Valid",108.39,null,null,35.467199999999998,87.75,55.973300000000002,108.39,55.973300000000002,108.39,35.467199999999998,87.75]
[2019,12,9,23,43808.958333332812,36.223399999999998,"Valid",87.35,55.522399999999998,"Valid",107.97,null,null,36.223399999999998,87.35,55.522399999999998,107.97,55.522399999999998,107.97,36.223399999999998,87.35]
[2019,12,10,0,43808.999999999476,32.0364,"Valid",86.28,50.722700000000003,"Valid",106.87,null,null,32.0364,86.28,50.722700000000003,106.87,50.722700000000003,106.87,32.0364,86.28]
[2019,{"$f":"B218","v":12},{"$f":"C195+1","v":10},1,43809.04166666614,29.008400000000002,"Valid",85.65,46.367800000000003,"Valid",106.2,null,null,29.008400000000002,85.65,46.367800000000003,106.2,46.367800000000003,106.2,29.008400000000002,85.65]
[2019,12,10,2,43809.083333332805,38.5959,"Valid",85.47,54.621200000000002,"Valid",105.86,null,null,38.5959,85.47,54.621200000000002,105.86,54.621200000000002,105.86,38.5959,85.47]
[2019,12,10,3,43809.124999999469,78.214200000000005,"Valid",87.22,100.3781,"Valid",107.82,null,null,78.214200000000005,87.22,100.3781,107.82,100.3781,107.82,78.214200000000005,87.22]
[2019,12,10,4,43809.166666666133,102.611,"Valid",90.33,126.7159,"Valid",111.26,null,null,102.611,90.33,126.7159,111.26,126.7159,111.26,102.611,90.33]
[2019,12,10,5,43809.208333332797,94.699600000000004,"Valid",92.57,117.8724,"Valid",113.86,null,null,94.699600000000004,92.57,117.8724,113.86,117.8724,113.86,94.699600000000004,92.57]
[2019,12,10,6,43809.249999999462,76.703100000000006,"Valid",91.72,106.6688,"Valid",113.62,null,null,76.703100000000006,91.72,106.6688,113.62,106.6688,113.62,76.703100000000006,91.72]
[2019,12,10,7,43809.291666666126,63.427100000000003,"Valid",86.62,97.0184,"Valid",109.22,null,null,63.427100000000003,86.62,97.0184,109.22,97.0184,109.22,63.427100000000003,86.62]
[2019,12,10,8,43809.33333333279,101.072,"Valid",81.66,132.80289999999999,"Valid",104.61,null,null,101.072,81.66,132.80289999999999,104.61,132.80289999999999,104.61,101.072,81.66]
[2019,12,10,9,43809.374999999454,91.579899999999995,"Valid",76.290000000000006,120.5077,"Valid",99.42,null,null,91.579899999999995,76.290000000000006,120.5077,99.42,120.5077,99.42,91.579899999999995,76.290000000000006]
[2019,12,10,10,43809.416666666119,54.468200000000003,"Valid",71,85.6096,"Valid",94.45,null,null,54.468200000000003,71,85.6096,94.45,85.6096,94.45,54.468200000000003,71]
[2019,12,10,11,43809.458333332783,28.180800000000001,"Valid",65.64,57.1511,"Valid",89.37,null,null,28.180800000000001,65.64,57.1511,89.37,57.1511,89.37,28.180800000000001,65.64]
[2019,12,10,12,43809.499999999447,25.6495,"Valid",60.86,53.568199999999997,"Valid",84.83,null,null,25.6495,60.86,53.568199999999997,84.83,53.568199999999997,84.83,25.6495,60.86]
[2019,12,10,13,43809.541666666111,18.23,"Valid",56.15,43.193800000000003,"Valid",80.23,null,null,18.23,56.15,43.193800000000003,80.23,43.193800000000003,80.23,18.23,56.15]
[2019,12,10,14,43809.583333332776,22.4267,"Valid",53.15,45.908099999999997,"Valid",77.290000000000006,null,null,22.4267,53.15,45.908099999999997,77.290000000000006,45.908099999999997,77.290000000000006,22.4267,53.15]
[2019,12,10,15,43809.62499999944,24.089400000000001,"Valid",51.02,43.888399999999997,"Valid",74.98,null,null,24.089400000000001,51.02,43.888399999999997,74.98,43.888399999999997,74.98,24.089400000000001,51.02]
[2019,12,10,16,43809.666666666104,29.766100000000002,"Valid",50.01,77.584199999999996,"Valid",75.099999999999994,null,null,29.766100000000002,50.01,77.584199999999996,75.099999999999994,77.584199999999996,75.099999999999994,29.766100000000002,50.01]
[2019,12,10,17,43809.708333332768,19.626000000000001,"Valid",48.63,39.000700000000002,"Valid",73.459999999999994,null,null,19.626000000000001,48.63,39.000700000000002,73.459999999999994,39.000700000000002,73.459999999999994,19.626000000000001,48.63]
[2019,12,10,18,43809.749999999432,20.117899999999999,"Valid",47.39,40.400300000000001,"Valid",72.02,null,null,20.117899999999999,47.39,40.400300000000001,72.02,40.400300000000001,72.02,20.117899999999999,47.39]
[2019,12,10,19,43809.791666666097,18.880800000000001,"Valid",46.2,42.174999999999997,"Valid",70.78,null,null,18.880800000000001,46.2,42.174999999999997,70.78,42.174999999999997,70.78,18.880800000000001,46.2]
[2019,12,10,20,43809.833333332761,34.731200000000001,"Valid",46.18,176.8372,"Valid",75.819999999999993,null,null,34.731200000000001,46.18,176.8372,75.819999999999993,176.8372,75.819999999999993,34.731200000000001,46.18]
[2019,12,10,21,43809.874999999425,16.216000000000001,"Valid",45.5,34.4223,"Valid",75.2,null,null,16.216000000000001,45.5,34.4223,75.2,34.4223,75.2,16.216000000000001,45.5]
[2019,12,10,22,43809.916666666089,15.254099999999999,"Valid",44.66,36.727600000000002,"Valid",74.400000000000006,null,null,15.254099999999999,44.66,36.727600000000002,74.400000000000006,36.727600000000002,74.400000000000006,15.254099999999999,44.66]
[2019,12,10,23,43809.958333332754,14.0962,"Valid",43.74,45.186399999999999,"Valid",73.97,null,null,14.0962,43.74,45.186399999999999,73.97,45.186399999999999,73.97,14.0962,43.74]
[2019,12,11,0,43809.999999999418,14.864000000000001,"Valid",43.02,46.1126,"Valid",73.78,null,null,14.864000000000001,43.02,46.1126,73.78,46.1126,73.78,14.864000000000001,43.02]
[2019,12,11,1,43810.041666666082,17.117000000000001,"Valid",42.53,39.137500000000003,"Valid",73.48,null,null,17.117000000000001,42.53,39.137500000000003,73.48,39.137500000000003,73.48,17.117000000000001,42.53]
[2019,12,11,2,43810.083333332746,48.319600000000001,"Valid",42.93,77.989199999999997,"Valid",74.45,null,null,48.319600000000001,42.93,77.989199999999997,74.45,77.989199999999997,74.45,48.319600000000001,42.93]
[2019,12,11,3,43810.124999999411,112.254,"Valid",44.35,144.9323,"Valid",76.31,null,null,112.254,44.35,144.9323,76.31,144.9323,76.31,112.254,44.35]
[2019,12,11,4,43810.166666666075,111.926,"Valid",44.74,137.12819999999999,"Valid",76.739999999999995,null,null,111.926,44.74,137.12819999999999,76.739999999999995,137.12819999999999,76.739999999999995,111.926,44.74]
[2019,12,11,5,43810.208333332739,90.371499999999997,"Valid",44.56,107.9627,"Valid",76.33,null,null,90.371499999999997,44.56,107.9627,76.33,107.9627,76.33,90.371499999999997,44.56]
[2019,12,11,6,43810.249999999403,76.336799999999997,"Valid",44.54,94.150099999999995,"Valid",75.81,null,null,76.336799999999997,44.54,94.150099999999995,75.81,94.150099999999995,75.81,76.336799999999997,44.54]
[2019,12,11,7,43810.291666666068,70.936700000000002,"Valid",44.85,94.166399999999996,"Valid",75.69,null,null,70.936700000000002,44.85,94.166399999999996,75.69,94.166399999999996,75.69,70.936700000000002,44.85]
[2019,12,11,8,43810.333333332732,62.930300000000003,"Valid",43.27,85.563400000000001,"Valid",73.72,null,null,62.930300000000003,43.27,85.563400000000001,73.72,85.563400000000001,73.72,62.930300000000003,43.27]
[2019,12,11,9,43810.374999999396,55.286000000000001,"Valid",41.75,74.818600000000004,"Valid",71.819999999999993,null,null,55.286000000000001,41.75,74.818600000000004,71.819999999999993,74.818600000000004,71.819999999999993,55.286000000000001,41.75]
[2019,12,11,10,43810.41666666606,47.429600000000001,"Valid",41.46,65.789000000000001,"Valid",70.989999999999995,null,null,47.429600000000001,41.46,65.789000000000001,70.989999999999995,65.789000000000001,70.989999999999995,47.429600000000001,41.46]
[2019,12,11,11,43810.458333332725,46.853900000000003,"Valid",42.24,67.326700000000002,"Valid",71.42,null,null,46.853900000000003,42.24,67.326700000000002,71.42,67.326700000000002,71.42,46.853900000000003,42.24]
[2019,12,11,12,43810.499999999389,33.2027,"Valid",42.55,65.082800000000006,"Valid",71.900000000000006,null,null,33.2027,42.55,65.082800000000006,71.900000000000006,65.082800000000006,71.900000000000006,33.2027,42.55]
[2019,12,11,13,43810.541666666053,27.0335,"Valid",42.92,63.827300000000001,"Valid",72.75,null,null,27.0335,42.92,63.827300000000001,72.75,63.827300000000001,72.75,27.0335,42.92]
[2019,12,11,14,43810.583333332717,29.165400000000002,"Valid",43.2,68.502899999999997,"Valid",73.7,null,null,29.165400000000002,43.2,68.502899999999997,73.7,68.502899999999997,73.7,29.165400000000002,43.2]
[2019,12,11,15,43810.624999999382,21.837700000000002,"Valid",43.11,97.461600000000004,"Valid",75.930000000000007,null,null,21.837700000000002,43.11,97.461600000000004,75.930000000000007,97.461600000000004,75.930000000000007,21.837700000000002,43.11]
[2019,12,11,16,43810.666666666046,32.351300000000002,"Valid",43.21,67.092100000000002,"Valid",75.489999999999995,null,null,{"$f":"IF(G258=\"Valid\", F258, NA())","v":32.351300000000002},{"$f":"IF(G258=\"Valid\", H258, NA())","v":43.21},{"$f":"IF(J258=\"Valid\", I258, NA())","v":67.092100000000002},{"$f":"IF(J258=\"Valid\", K258, NA())","v":75.489999999999995},67.092100000000002,75.489999999999995,32.351300000000002,43.21]
[2019,12,11,17,43810.70833333271,20.093699999999998,"Valid",43.23,81.107900000000001,"Valid",77.25,null,null,20.093699999999998,43.23,81.107900000000001,77.25,81.107900000000001,77.25,20.093699999999998,43.23]
[{"$f":"A259","v":2019},12,11,{"$f":"IF(D259=23,0,D259+1)","v":18},{"$f":"E259+0.0416666666666666","v":43810.749999999374},23.757400000000001,"Valid",43.39,57.809899999999999,"Valid",77.97,null,null,23.757400000000001,43.39,57.809899999999999,77.97,57.809899999999999,77.97,23.757400000000001,43.39]
[2019,12,11,19,43810.791666666039,29.055599999999998,"Valid",43.81,53.674799999999998,"Valid",78.45,null,null,29.055599999999998,43.81,53.674799999999998,78.45,53.674799999999998,78.45,29.055599999999998,43.81]
[2019,12,11,20,43810.833333332703,29.821100000000001,"Valid",43.6,63.7898,"Valid",73.739999999999995,null,null,29.821100000000001,43.6,63.7898,73.739999999999995,63.7898,73.739999999999995,29.821100000000001,43.6]
[2019,12,11,21,43810.874999999367,17.170300000000001,"Valid",43.64,38.713099999999997,"Valid",73.92,null,null,17.170300000000001,43.64,38.713099999999997,73.92,38.713099999999997,73.92,17.170300000000001,43.64]
[2019,12,11,22,43810.916666666031,12.916600000000001,"Valid",43.55,31.359300000000001,"Valid",73.7,null,null,12.916600000000001,43.55,31.359300000000001,73.7,31.359300000000001,73.7,12.916600000000001,43.55]
[2019,12,11,23,43810.958333332695,28.468499999999999,"Valid",44.15,43.2836,"Valid",73.62,null,null,28.468499999999999,44.15,43.2836,73.62,43.2836,73.62,28.468499999999999,44.15]
[2019,12,12,0,43810.99999999936,33.594999999999999,"Valid",44.93,63.122700000000002,"Valid",74.319999999999993,null,null,33.594999999999999,44.93,63.122700000000002,74.319999999999993,63.122700000000002,74.319999999999993,33.594999999999999,44.93]
[2019,12,12,1,43811.041666666024,33.2151,"Valid",45.6,54.864100000000001,"Valid",74.98,null,null,33.2151,45.6,54.864100000000001,74.98,54.864100000000001,74.98,33.2151,45.6]
[2019,12,12,2,43811.083333332688,30.9893,"Valid",44.87,46.804499999999997,"Valid",73.680000000000007,null,null,30.9893,44.87,46.804499999999997,73.680000000000007,46.804499999999997,73.680000000000007,30.9893,44.87]
[2019,12,12,3,43811.124999999352,32.075200000000002,"Valid",41.53,47.4846,"Valid",69.62,null,null,32.075200000000002,41.53,47.4846,69.62,47.4846,69.62,32.075200000000002,41.53]
[2019,12,12,4,43811.166666666017,32.617800000000003,"Valid",38.229999999999997,47.267400000000002,"Valid",65.88,null,null,32.617800000000003,38.229999999999997,47.267400000000002,65.88,47.267400000000002,65.88,32.617800000000003,38.229999999999997]
[2019,12,12,5,43811.208333332681,37.401499999999999,"Valid",36.020000000000003,53.969200000000001,"Valid",63.63,null,null,37.401499999999999,36.020000000000003,53.969200000000001,63.63,53.969200000000001,63.63,37.401499999999999,36.020000000000003]
[2019,12,12,6,43811.249999999345,40.439900000000002,"Valid",34.53,55.432099999999998,"Valid",62.01,null,null,40.439900000000002,34.53,55.432099999999998,62.01,55.432099999999998,62.01,40.439900000000002,34.53]
[2019,12,12,7,43811.291666666009,40.434100000000001,"Valid",33.26,53.220399999999998,"Valid",60.31,null,null,40.434100000000001,33.26,53.220399999999998,60.31,53.220399999999998,60.31,40.434100000000001,33.26]
[2019,12,12,8,43811.333333332674,40.6447,"Valid",32.33,55.087299999999999,"Valid",59.04,null,null,40.6447,32.33,55.087299999999999,59.04,55.087299999999999,59.04,40.6447,32.33]
[2019,12,12,9,43811.374999999338,38.032899999999998,"Valid",31.61,54.748699999999999,"Valid",58.2,null,null,38.032899999999998,31.61,54.748699999999999,58.2,54.748699999999999,58.2,38.032899999999998,31.61]
[2019,12,12,10,43811.416666666002,32.044400000000003,"Valid",30.97,47.811599999999999,"Valid",57.45,null,null,32.044400000000003,30.97,47.811599999999999,57.45,47.811599999999999,57.45,32.044400000000003,30.97]
[2019,12,12,11,43811.458333332666,26.279199999999999,"Valid",30.11,43.540300000000002,"Valid",56.46,null,null,26.279199999999999,30.11,43.540300000000002,56.46,43.540300000000002,56.46,26.279199999999999,30.11]
[2019,12,12,12,43811.499999999331,24.168299999999999,"Valid",29.73,41.966299999999997,"Valid",55.5,null,null,24.168299999999999,29.73,41.966299999999997,55.5,41.966299999999997,55.5,24.168299999999999,29.73]
[2019,12,12,13,43811.541666665995,15.902799999999999,"Valid",29.27,32.048000000000002,"Valid",54.17,null,null,15.902799999999999,29.27,32.048000000000002,54.17,32.048000000000002,54.17,15.902799999999999,29.27]
[2019,12,12,14,43811.583333332659,14.6639,"Valid",28.67,36.398699999999998,"Valid",52.84,null,null,14.6639,28.67,36.398699999999998,52.84,36.398699999999998,52.84,14.6639,28.67]
[2019,12,12,15,43811.624999999323,30.2257,"Valid",29.02,50.879300000000001,"Valid",50.89,null,null,30.2257,29.02,50.879300000000001,50.89,50.879300000000001,50.89,30.2257,29.02]
[2019,12,12,16,43811.666666665988,28.129899999999999,"Valid",28.84,44.252800000000001,"Valid",49.94,null,null,28.129899999999999,28.84,44.252800000000001,49.94,44.252800000000001,49.94,28.129899999999999,28.84]
[2019,{"$f":"B282","v":12},{"$f":"C259+1","v":12},17,43811.708333332652,33.015999999999998,"Valid",29.38,48.702800000000003,"Valid",48.59,null,null,33.015999999999998,29.38,48.702800000000003,48.59,48.702800000000003,48.59,33.015999999999998,29.38]
[2019,12,12,18,43811.749999999316,38.471400000000003,"Valid",29.99,54.246400000000001,"Valid",48.44,null,null,38.471400000000003,29.99,54.246400000000001,48.44,54.246400000000001,48.44,38.471400000000003,29.99]
[2019,12,12,19,43811.79166666598,43.138500000000001,"Valid",30.58,54.792499999999997,"Valid",48.49,null,null,43.138500000000001,30.58,54.792499999999997,48.49,54.792499999999997,48.49,43.138500000000001,30.58]
[2019,12,12,20,43811.833333332645,35.239899999999999,"Valid",30.8,58.5501,"Valid",48.27,null,null,35.239899999999999,30.8,58.5501,48.27,58.5501,48.27,35.239899999999999,30.8]
[2019,12,12,21,43811.874999999309,41.456600000000002,"Valid",31.82,73.9452,"Valid",49.74,null,null,41.456600000000002,31.82,73.9452,49.74,73.9452,49.74,41.456600000000002,31.82]
[2019,12,12,22,43811.916666665973,29.9316,"Valid",32.520000000000003,74.588099999999997,"Valid",51.54,null,null,29.9316,32.520000000000003,74.588099999999997,51.54,74.588099999999997,51.54,29.9316,32.520000000000003]
[2019,12,12,23,43811.958333332637,34.014699999999998,"Valid",32.76,69.979299999999995,"Valid",52.65,null,null,34.014699999999998,32.76,69.979299999999995,52.65,69.979299999999995,52.65,34.014699999999998,32.76]
[2019,12,13,0,43811.999999999302,29.8611,"Valid",32.6,48.091299999999997,"Valid",52.03,null,null,29.8611,32.6,48.091299999999997,52.03,48.091299999999997,52.03,29.8611,32.6]
[2019,12,13,1,43812.041666665966,28.810099999999998,"Valid",32.42,44.444400000000002,"Valid",51.59,null,null,28.810099999999998,32.42,44.444400000000002,51.59,44.444400000000002,51.59,28.810099999999998,32.42]
[2019,12,13,2,43812.08333333263,28.778199999999998,"Valid",32.32,41.625100000000003,"Valid",51.38,null,null,28.778199999999998,32.32,41.625100000000003,51.38,41.625100000000003,51.38,28.778199999999998,32.32]
[2019,12,13,3,43812.124999999294,23.168700000000001,"Valid",31.95,34.2652,"Valid",50.83,null,null,23.168700000000001,31.95,34.2652,50.83,34.2652,50.83,23.168700000000001,31.95]
[2019,12,13,4,43812.166666665958,22.1294,"Valid",31.52,33.483400000000003,"Valid",50.25,null,null,22.1294,31.52,33.483400000000003,50.25,33.483400000000003,50.25,22.1294,31.52]
[2019,12,13,5,43812.208333332623,20.560099999999998,"Valid",30.81,30.603200000000001,"Valid",49.28,null,null,20.560099999999998,30.81,30.603200000000001,49.28,30.603200000000001,49.28,20.560099999999998,30.81]
[2019,12,13,6,43812.249999999287,19.418600000000001,"Valid",29.94,29.556799999999999,"Valid",48.2,null,null,19.418600000000001,29.94,29.556799999999999,48.2,29.556799999999999,48.2,19.418600000000001,29.94]
[2019,12,13,7,43812.291666665951,24.581600000000002,"Valid",29.28,35.023299999999999,"Valid",47.44,null,null,24.581600000000002,29.28,35.023299999999999,47.44,35.023299999999999,47.44,24.581600000000002,29.28]
[2019,12,13,8,43812.333333332615,28.2563,"Valid",28.76,37.655760000000001,"Valid",46.72,null,null,28.2563,28.76,37.655760000000001,46.72,37.655760000000001,46.72,28.2563,28.76]
[2019,12,13,9,43812.37499999928,22.700600000000001,"Valid",28.12,30.725999999999999,"Valid",45.72,null,null,22.700600000000001,28.12,30.725999999999999,45.72,30.725999999999999,45.72,22.700600000000001,28.12]
[2019,12,13,10,43812.416666665944,27.040199999999999,"Valid",27.91,35.562010000000001,"Valid",45.21,null,null,27.040199999999999,27.91,35.562010000000001,45.21,35.562010000000001,45.21,27.040199999999999,27.91]
[2019,12,13,11,43812.458333332608,25.9529,"Valid",27.9,36.421900000000001,"Valid",44.91,null,null,25.9529,27.9,36.421900000000001,44.91,36.421900000000001,44.91,25.9529,27.9]
[2019,12,13,12,43812.499999999272,30.615600000000001,"Valid",28.17,49.438000000000002,"Valid",45.22,null,null,30.615600000000001,28.17,49.438000000000002,45.22,49.438000000000002,45.22,30.615600000000001,28.17]
[2019,12,13,13,43812.541666665937,32.430300000000003,"Valid",28.86,47.621400000000001,"Valid",45.87,null,null,32.430300000000003,28.86,47.621400000000001,45.87,47.621400000000001,45.87,32.430300000000003,28.86]
[2019,12,13,14,43812.583333332601,30.9923,"Valid",29.54,41.779600000000002,"Valid",46.09,null,null,30.9923,29.54,41.779600000000002,46.09,41.779600000000002,46.09,30.9923,29.54]
[2019,12,13,15,43812.624999999265,37.881799999999998,"Valid",29.86,49.045400000000001,"Valid",46.02,null,null,37.881799999999998,29.86,49.045400000000001,46.02,49.045400000000001,46.02,37.881799999999998,29.86]
[2019,12,13,16,43812.666666665929,36.883099999999999,"Valid",30.22,51.1295,"Valid",46.3,null,null,36.883099999999999,30.22,51.1295,46.3,51.1295,46.3,36.883099999999999,30.22]
[2019,12,13,17,43812.708333332594,41.395600000000002,"Valid",30.57,65.0304,"Valid",46.98,null,null,41.395600000000002,30.57,65.0304,46.98,65.0304,46.98,41.395600000000002,30.57]
[2019,12,13,18,43812.749999999258,33.805300000000003,"Valid",30.38,52.288800000000002,"Valid",46.9,null,null,33.805300000000003,30.38,52.288800000000002,46.9,52.288800000000002,46.9,33.805300000000003,30.38]
[2019,12,13,19,43812.791666665922,29.8218,"Valid",29.82,51.518500000000003,"Valid",46.77,null,null,29.8218,29.82,51.518500000000003,46.77,51.518500000000003,46.77,29.8218,29.82]
[2019,12,13,20,43812.833333332586,25.764600000000002,"Valid",29.43,48.180700000000002,"Valid",46.33,null,null,25.764600000000002,29.43,48.180700000000002,46.33,48.180700000000002,46.33,25.764600000000002,29.43]
[2019,12,13,21,43812.874999999251,20.084399999999999,"Valid",28.54,41.374000000000002,"Valid",44.98,null,null,20.084399999999999,28.54,41.374000000000002,44.98,41.374000000000002,44.98,20.084399999999999,28.54]
[2019,12,13,22,43812.916666665915,18.846499999999999,"Valid",28.07,40.5411,"Valid",43.56,null,null,18.846499999999999,28.07,40.5411,43.56,40.5411,43.56,18.846499999999999,28.07]
[2019,12,13,23,43812.958333332579,22.313600000000001,"Valid",27.59,39.039200000000001,"Valid",42.27,null,null,22.313600000000001,27.59,39.039200000000001,42.27,39.039200000000001,42.27,22.313600000000001,27.59]
[2019,12,14,0,43812.999999999243,25.196899999999999,"Valid",27.39,33.935049999999997,"Valid",41.68,null,null,25.196899999999999,27.39,33.935049999999997,41.68,33.935049999999997,41.68,25.196899999999999,27.39]
[2019,12,14,1,43813.041666665908,17.4373,"Valid",26.92,29.093399999999999,"Valid",41.04,null,null,17.4373,26.92,29.093399999999999,41.04,29.093399999999999,41.04,17.4373,26.92]
[2019,12,14,2,43813.083333332572,18.9955,"Valid",26.51,40.5184,"Valid",40.99,null,null,18.9955,26.51,40.5184,40.99,40.5184,40.99,18.9955,26.51]
[2019,12,14,3,43813.124999999236,17.708500000000001,"Valid",26.28,31.729700000000001,"Valid",40.89,null,null,17.708500000000001,26.28,31.729700000000001,40.89,31.729700000000001,40.89,17.708500000000001,26.28]
[2019,12,14,4,43813.1666666659,22.560500000000001,"Valid",26.3,44.893300000000004,"Valid",41.36,null,null,22.560500000000001,26.3,44.893300000000004,41.36,44.893300000000004,41.36,22.560500000000001,26.3]
[2019,12,14,5,43813.208333332565,16.758400000000002,"Valid",26.14,34.898899999999998,"Valid",41.54,null,null,16.758400000000002,26.14,34.898899999999998,41.54,34.898899999999998,41.54,16.758400000000002,26.14]
[2019,12,14,6,43813.249999999229,12.891,"Valid",25.87,27.323399999999999,"Valid",41.45,null,null,12.891,25.87,27.323399999999999,41.45,27.323399999999999,41.45,12.891,25.87]
[2019,12,14,7,43813.291666665893,15.393000000000001,"Valid",25.49,30.9055,"Valid",41.28,null,null,15.393000000000001,25.49,30.9055,41.28,30.9055,41.28,15.393000000000001,25.49]
[2019,12,14,8,43813.333333332557,22.9696,"Valid",25.27,39.154000000000003,"Valid",41.34,null,null,{"$f":"IF(G322=\"Valid\", F322, NA())","v":22.9696},{"$f":"IF(G322=\"Valid\", H322, NA())","v":25.27},{"$f":"IF(J322=\"Valid\", I322, NA())","v":39.154000000000003},{"$f":"IF(J322=\"Valid\", K322, NA())","v":41.34},39.154000000000003,41.34,22.9696,25.27]
[2019,12,14,9,43813.374999999221,27.293900000000001,"Valid",25.46,39.018999999999998,"Valid",41.69,null,null,27.293900000000001,25.46,39.018999999999998,41.69,39.018999999999998,41.69,27.293900000000001,25.46]
[{"$f":"A323","v":2019},12,14,{"$f":"IF(D323=23,0,D323+1)","v":10},{"$f":"E323+0.0416666666666666","v":43813.416666665886},28.2209,"Valid",25.51,39.029499999999999,"Valid",41.83,null,null,28.2209,25.51,39.029499999999999,41.83,39.029499999999999,41.83,28.2209,25.51]
[2019,12,14,11,43813.45833333255,32.453899999999997,"Valid",25.78,47.731699999999996,"Valid",42.3,null,null,32.453899999999997,25.78,47.731699999999996,42.3,47.731699999999996,42.3,32.453899999999997,25.78]
[2019,12,14,12,43813.499999999214,36.449199999999998,"Valid",26.02,49.926000000000002,"Valid",42.32,null,null,36.449199999999998,26.02,49.926000000000002,42.32,49.926000000000002,42.32,36.449199999999998,26.02]
[2019,12,14,13,43813.541666665878,33.092300000000002,"Valid",26.05,52.188400000000001,"Valid",42.51,null,null,33.092300000000002,26.05,52.188400000000001,42.51,52.188400000000001,42.51,33.092300000000002,26.05]
[2019,12,14,14,43813.583333332543,24.9816,"Valid",25.8,42.8508,"Valid",42.56,null,null,24.9816,25.8,42.8508,42.56,42.8508,42.56,24.9816,25.8]
[2019,12,14,15,43813.624999999207,21.3414,"Valid",25.11,36.882300000000001,"Valid",42.05,null,null,21.3414,25.11,36.882300000000001,42.05,36.882300000000001,42.05,21.3414,25.11]
[2019,12,14,16,43813.666666665871,4.9912000000000001,"Valid",23.78,16.962299999999999,"Valid",40.630000000000003,null,null,4.9912000000000001,23.78,16.962299999999999,40.630000000000003,16.962299999999999,40.630000000000003,4.9912000000000001,23.78]
[2019,12,14,17,43813.708333332535,6.5513300000000001,"Valid",22.33,20.763829999999999,"Valid",38.78,null,null,6.5513300000000001,22.33,20.763829999999999,38.78,20.763829999999999,38.78,6.5513300000000001,22.33]
[2019,12,14,18,43813.7499999992,9.1380400000000002,"Valid",21.3,25.394539999999999,"Valid",37.659999999999997,null,null,9.1380400000000002,21.3,25.394539999999999,37.659999999999997,25.394539999999999,37.659999999999997,9.1380400000000002,21.3]
[2019,12,14,19,43813.791666665864,5.6529600000000002,"Valid",20.3,24.24746,"Valid",36.520000000000003,null,null,5.6529600000000002,20.3,24.24746,36.520000000000003,24.24746,36.520000000000003,5.6529600000000002,20.3]
[2019,12,14,20,43813.833333332528,6.2159300000000002,"Valid",19.48,27.41723,"Valid",35.659999999999997,null,null,6.2159300000000002,19.48,27.41723,35.659999999999997,27.41723,35.659999999999997,6.2159300000000002,19.48]
[2019,12,14,21,43813.874999999192,5.7656499999999999,"Valid",18.88,31.36825,"Valid",35.24,null,null,5.7656499999999999,18.88,31.36825,35.24,31.36825,35.24,5.7656499999999999,18.88]
[2019,12,14,22,43813.916666665857,6.3623500000000002,"Valid",18.36,37.872549999999997,"Valid",35.130000000000003,null,null,6.3623500000000002,18.36,37.872549999999997,35.130000000000003,37.872549999999997,35.130000000000003,6.3623500000000002,18.36]
[2019,12,14,23,43813.958333332521,5.0726599999999999,"Valid",17.649999999999999,27.589860000000002,"Valid",34.65,null,null,5.0726599999999999,17.649999999999999,27.589860000000002,34.65,27.589860000000002,34.65,5.0726599999999999,17.649999999999999]
[2019,12,15,0,43813.999999999185,3.66736,"Valid",16.75,31.568460000000002,"Valid",34.56,null,null,3.66736,16.75,31.568460000000002,34.56,31.568460000000002,34.56,3.66736,16.75]
[2019,12,15,1,43814.041666665849,45.982700000000001,"Valid",17.940000000000001,73.278999999999996,"Valid",36.4,null,null,45.982700000000001,17.940000000000001,73.278999999999996,36.4,73.278999999999996,36.4,45.982700000000001,17.940000000000001]
[2019,12,15,2,43814.083333332514,52.382899999999999,"Valid",19.329999999999998,71.611099999999993,"Valid",37.69,null,null,52.382899999999999,19.329999999999998,71.611099999999993,37.69,71.611099999999993,37.69,52.382899999999999,19.329999999999998]
[2019,12,15,3,43814.124999999178,51.231900000000003,"Valid",20.73,71.860900000000001,"Valid",39.36,null,null,51.231900000000003,20.73,71.860900000000001,39.36,71.860900000000001,39.36,51.231900000000003,20.73]
[2019,12,15,4,43814.166666665842,52.756399999999999,"Valid",21.98,69.145700000000005,"Valid",40.369999999999997,null,null,52.756399999999999,21.98,69.145700000000005,40.369999999999997,69.145700000000005,40.369999999999997,52.756399999999999,21.98]
[2019,12,15,5,43814.208333332506,49.655299999999997,"Valid",23.35,62.080599999999997,"Valid",41.51,null,null,49.655299999999997,23.35,62.080599999999997,41.51,62.080599999999997,41.51,49.655299999999997,23.35]
[2019,12,15,6,43814.249999999171,44.9831,"Valid",24.69,56.738900000000001,"Valid",42.73,null,null,44.9831,24.69,56.738900000000001,42.73,56.738900000000001,42.73,44.9831,24.69]
[2019,12,15,7,43814.291666665835,44.948099999999997,"Valid",25.92,58.456400000000002,"Valid",43.88,null,null,44.948099999999997,25.92,58.456400000000002,43.88,58.456400000000002,43.88,44.948099999999997,25.92]
[2019,12,15,8,43814.333333332499,40.549500000000002,"Valid",26.66,52.832700000000003,"Valid",44.45,null,null,40.549500000000002,26.66,52.832700000000003,44.45,52.832700000000003,44.45,40.549500000000002,26.66]
[2019,{"$f":"B346","v":12},{"$f":"C323+1","v":15},9,43814.374999999163,54.738500000000002,"Valid",27.8,69.132999999999996,"Valid",45.71,null,null,54.738500000000002,27.8,69.132999999999996,45.71,69.132999999999996,45.71,54.738500000000002,27.8]
[2019,12,15,10,43814.416666665828,58.3399,"Valid",29.05,75.773600000000002,"Valid",47.24,null,null,58.3399,29.05,75.773600000000002,47.24,75.773600000000002,47.24,58.3399,29.05]
[2019,12,15,11,43814.458333332492,25.119900000000001,"Valid",28.75,39.287700000000001,"Valid",46.88,null,null,25.119900000000001,28.75,39.287700000000001,46.88,39.287700000000001,46.88,25.119900000000001,28.75]
[2019,12,15,12,43814.499999999156,28.019200000000001,"Valid",28.4,40.7254,"Valid",46.5,null,null,28.019200000000001,28.4,40.7254,46.5,40.7254,46.5,28.019200000000001,28.4]
[2019,12,15,13,43814.54166666582,18.492999999999999,"Valid",27.79,29.057400000000001,"Valid",45.54,null,null,18.492999999999999,27.79,29.057400000000001,45.54,29.057400000000001,45.54,18.492999999999999,27.79]
[2019,12,15,14,43814.583333332484,22.197500000000002,"Valid",27.67,30.281410000000001,"Valid",45.01,null,null,22.197500000000002,27.67,30.281410000000001,45.01,30.281410000000001,45.01,22.197500000000002,27.67]
[2019,12,15,15,43814.624999999149,12.8001,"Valid",27.32,19.746379999999998,"Valid",44.3,null,null,12.8001,27.32,19.746379999999998,44.3,19.746379999999998,44.3,12.8001,27.32]
[2019,12,15,16,43814.666666665813,9.7851300000000005,"Valid",27.52,19.751719999999999,"Valid",44.42,null,null,9.7851300000000005,27.52,19.751719999999999,44.42,19.751719999999999,44.42,9.7851300000000005,27.52]
[2019,12,15,17,43814.708333332477,13.444699999999999,"Valid",27.8,24.475200000000001,"Valid",44.57,null,null,13.444699999999999,27.8,24.475200000000001,44.57,24.475200000000001,44.57,13.444699999999999,27.8]
[2019,12,15,18,43814.749999999141,22.089200000000002,"Valid",28.34,33.639499999999998,"Valid",44.91,null,null,22.089200000000002,28.34,33.639499999999998,44.91,33.639499999999998,44.91,22.089200000000002,28.34]
[2019,12,15,19,43814.791666665806,17.0367,"Valid",28.82,28.817799999999998,"Valid",45.1,null,null,17.0367,28.82,28.817799999999998,45.1,28.817799999999998,45.1,17.0367,28.82]
[2019,12,15,20,43814.83333333247,8.1030800000000003,"Valid",28.9,21.50808,"Valid",44.86,null,null,8.1030800000000003,28.9,21.50808,44.86,21.50808,44.86,8.1030800000000003,28.9]
[2019,12,15,21,43814.874999999134,4.3549800000000003,"Valid",28.84,18.682379999999998,"Valid",44.33,null,null,4.3549800000000003,28.84,18.682379999999998,44.33,18.682379999999998,44.33,4.3549800000000003,28.84]
[2019,12,15,22,43814.916666665798,10.2835,"Valid",29,23.943899999999999,"Valid",43.75,null,null,10.2835,29,23.943899999999999,43.75,23.943899999999999,43.75,10.2835,29]
[2019,12,15,23,43814.958333332463,2.8341699999999999,"Valid",28.91,17.901969999999999,"Valid",43.35,null,null,2.8341699999999999,28.91,17.901969999999999,43.35,17.901969999999999,43.35,2.8341699999999999,28.91]
[2019,12,16,0,43814.999999999127,11.658899999999999,"Valid",29.24,28.275300000000001,"Valid",43.21,null,null,11.658899999999999,29.24,28.275300000000001,43.21,28.275300000000001,43.21,11.658899999999999,29.24]
[2019,12,16,1,43815.041666665791,2.0495299999999999,"Valid",27.41,19.865929999999999,"Valid",40.98,null,null,2.0495299999999999,27.41,19.865929999999999,40.98,19.865929999999999,40.98,2.0495299999999999,27.41]
[2019,12,16,2,43815.083333332455,4.2757800000000001,"Valid",25.41,23.901779999999999,"Valid",39,null,null,4.2757800000000001,25.41,23.901779999999999,39,23.901779999999999,39,4.2757800000000001,25.41]
[2019,12,16,3,43815.12499999912,0.55572500000000002,"Valid",23.29,22.056825,"Valid",36.92,null,null,0.55572500000000002,23.29,22.056825,36.92,22.056825,36.92,0.55572500000000002,23.29]
[2019,12,16,4,43815.166666665784,5.9386000000000001,"Valid",21.34,28.3523,"Valid",35.22,null,null,5.9386000000000001,21.34,28.3523,35.22,28.3523,35.22,5.9386000000000001,21.34]
[2019,12,16,5,43815.208333332448,1.0947E-2,"Valid",19.28,28.674747,"Valid",33.83,null,null,1.0947E-2,19.28,28.674747,33.83,28.674747,33.83,1.0947E-2,19.28]
[2019,12,16,6,43815.249999999112,6.4942200000000003,"Valid",17.670000000000002,37.809820000000002,"Valid",33.04,null,null,6.4942200000000003,17.670000000000002,37.809820000000002,33.04,37.809820000000002,33.04,6.4942200000000003,17.670000000000002]
[2019,12,16,7,43815.291666665777,6.21678,"Valid",16.059999999999999,44.441980000000001,"Valid",32.46,null,null,6.21678,16.059999999999999,44.441980000000001,32.46,44.441980000000001,32.46,6.21678,16.059999999999999]
[2019,12,16,8,43815.333333332441,3.7724000000000002,"Valid",14.53,28.592700000000001,"Valid",31.45,null,null,3.7724000000000002,14.53,28.592700000000001,31.45,28.592700000000001,31.45,3.7724000000000002,14.53]
[2019,12,16,9,43815.374999999105,7.4281699999999997,"Valid",12.55,31.64377,"Valid",29.88,null,null,7.4281699999999997,12.55,31.64377,29.88,31.64377,29.88,7.4281699999999997,12.55]
[2019,12,16,10,43815.416666665769,5.2825300000000004,"Valid",10.34,25.251529999999999,"Valid",27.78,null,null,5.2825300000000004,10.34,25.251529999999999,27.78,25.251529999999999,27.78,5.2825300000000004,10.34]
[2019,12,16,11,43815.458333332434,5.5053400000000003,"Valid",9.5299999999999994,25.905940000000001,"Valid",27.22,null,null,5.5053400000000003,9.5299999999999994,25.905940000000001,27.22,25.905940000000001,27.22,5.5053400000000003,9.5299999999999994]
[2019,12,16,12,43815.499999999098,8.7118199999999995,"Valid",8.7200000000000006,27.78942,"Valid",26.68,null,null,8.7118199999999995,8.7200000000000006,27.78942,26.68,27.78942,26.68,8.7118199999999995,8.7200000000000006]
[2019,12,16,13,43815.541666665762,11.020899999999999,"Valid",8.41,32.571899999999999,"Valid",26.83,null,null,11.020899999999999,8.41,32.571899999999999,26.83,32.571899999999999,26.83,11.020899999999999,8.41]
[2019,12,16,14,43815.583333332426,9.3833800000000007,"Valid",7.88,36.02008,"Valid",27.07,null,null,9.3833800000000007,7.88,36.02008,27.07,36.02008,27.07,9.3833800000000007,7.88]
[2019,12,16,15,43815.624999999091,14.233700000000001,"Valid",7.94,38.985500000000002,"Valid",27.87,null,null,14.233700000000001,7.94,38.985500000000002,27.87,38.985500000000002,27.87,14.233700000000001,7.94]
[2019,12,16,16,43815.666666665755,3.2205900000000001,"Valid",7.66,28.082889999999999,"Valid",28.22,null,null,3.2205900000000001,7.66,28.082889999999999,28.22,28.082889999999999,28.22,3.2205900000000001,7.66]
[2019,12,16,17,43815.708333332419,9.4056300000000004,"Valid",7.49,34.435429999999997,"Valid",28.63,null,null,9.4056300000000004,7.49,34.435429999999997,28.63,34.435429999999997,28.63,9.4056300000000004,7.49]
[2019,12,16,18,43815.749999999083,59.3812,"Valid",9.0500000000000007,137.2261,"Valid",32.950000000000003,null,null,59.3812,9.0500000000000007,137.2261,32.950000000000003,137.2261,32.950000000000003,59.3812,9.0500000000000007]
[2019,12,16,19,43815.791666665747,66.5595,"Valid",11.11,135.6902,"Valid",37.4,null,null,66.5595,11.11,135.6902,37.4,135.6902,37.4,66.5595,11.11]
[2019,12,16,20,43815.833333332412,62.318899999999999,"Valid",13.37,100.7176,"Valid",40.700000000000003,null,null,62.318899999999999,13.37,100.7176,40.700000000000003,100.7176,40.700000000000003,62.318899999999999,13.37]
[2019,12,16,21,43815.874999999076,51.652900000000002,"Valid",15.34,84.643299999999996,"Valid",43.45,null,null,51.652900000000002,15.34,84.643299999999996,43.45,84.643299999999996,43.45,51.652900000000002,15.34]
[2019,12,16,22,43815.91666666574,46.333100000000002,"Valid",16.84,84.716800000000006,"Valid",45.98,null,null,46.333100000000002,16.84,84.716800000000006,45.98,84.716800000000006,45.98,46.333100000000002,16.84]
[2019,12,16,23,43815.958333332404,32.453299999999999,"Valid",18.079999999999998,57.632199999999997,"Valid",47.64,null,null,32.453299999999999,18.079999999999998,57.632199999999997,47.64,57.632199999999997,47.64,32.453299999999999,18.079999999999998]
[2019,12,17,0,43815.999999999069,28.923999999999999,"Valid",18.8,43.265999999999998,"Valid",48.26,null,null,{"$f":"IF(G386=\"Valid\", F386, NA())","v":28.923999999999999},{"$f":"IF(G386=\"Valid\", H386, NA())","v":18.8},{"$f":"IF(J386=\"Valid\", I386, NA())","v":43.265999999999998},{"$f":"IF(J386=\"Valid\", K386, NA())","v":48.26},43.265999999999998,48.26,28.923999999999999,18.8]
[2019,12,17,1,43816.041666665733,25.891500000000001,"Valid",19.79,39.408499999999997,"Valid",49.08,null,null,25.891500000000001,19.79,39.408499999999997,49.08,39.408499999999997,49.08,25.891500000000001,19.79]
[{"$f":"A387","v":2019},12,17,{"$f":"IF(D387=23,0,D387+1)","v":2},{"$f":"E387+0.0416666666666666","v":43816.083333332397},24.433700000000002,"Valid",20.63,36.604799999999997,"Valid",49.61,null,null,24.433700000000002,20.63,36.604799999999997,49.61,36.604799999999997,49.61,24.433700000000002,20.63]
[2019,12,17,3,43816.124999999061,27.5825,"Valid",21.76,37.828899999999997,"Valid",50.26,null,null,27.5825,21.76,37.828899999999997,50.26,37.828899999999997,50.26,27.5825,21.76]
[2019,12,17,4,43816.166666665726,20.856300000000001,"Valid",22.38,30.227250000000002,"Valid",50.34,null,null,20.856300000000001,22.38,30.227250000000002,50.34,30.227250000000002,50.34,20.856300000000001,22.38]
[2019,12,17,5,43816.20833333239,17.730499999999999,"Valid",23.12,26.625209999999999,"Valid",50.25,null,null,17.730499999999999,23.12,26.625209999999999,50.25,26.625209999999999,50.25,17.730499999999999,23.12]
[2019,12,17,6,43816.249999999054,19.021599999999999,"Valid",23.64,29.078499999999998,"Valid",49.89,null,null,19.021599999999999,23.64,29.078499999999998,49.89,29.078499999999998,49.89,19.021599999999999,23.64]
[2019,12,17,7,43816.291666665718,16.5351,"Valid",24.07,29.474299999999999,"Valid",49.27,null,null,16.5351,24.07,29.474299999999999,49.27,29.474299999999999,49.27,16.5351,24.07]
[2019,12,17,8,43816.333333332383,26.517800000000001,"Valid",25.02,40.066699999999997,"Valid",49.75,null,null,26.517800000000001,25.02,40.066699999999997,49.75,40.066699999999997,49.75,26.517800000000001,25.02]
[2019,12,17,9,43816.374999999047,75.867800000000003,"Valid",27.87,88.8078,"Valid",52.13,null,null,75.867800000000003,27.87,88.8078,52.13,88.8078,52.13,75.867800000000003,27.87]
[2019,12,17,10,43816.416666665711,44.027200000000001,"Valid",29.48,56.676200000000001,"Valid",53.44,null,null,44.027200000000001,29.48,56.676200000000001,53.44,56.676200000000001,53.44,44.027200000000001,29.48]
[2019,12,17,11,43816.458333332375,33.0122,"Valid",30.63,45.494199999999999,"Valid",54.25,null,null,33.0122,30.63,45.494199999999999,54.25,45.494199999999999,54.25,33.0122,30.63]
[2019,12,17,12,43816.49999999904,40.487499999999997,"Valid",31.95,52.977200000000003,"Valid",55.3,null,null,40.487499999999997,31.95,52.977200000000003,55.3,52.977200000000003,55.3,40.487499999999997,31.95]
[2019,12,17,13,43816.541666665704,45.596400000000003,"Valid",33.39,56.905000000000001,"Valid",56.32,null,null,45.596400000000003,33.39,56.905000000000001,56.32,56.905000000000001,56.32,45.596400000000003,33.39]
[2019,12,17,14,43816.583333332368,37.054099999999998,"Valid",34.549999999999997,50.485999999999997,"Valid",56.92,null,null,37.054099999999998,34.549999999999997,50.485999999999997,56.92,50.485999999999997,56.92,37.054099999999998,34.549999999999997]
[2019,12,17,15,43816.624999999032,20.681699999999999,"Valid",34.81,31.053100000000001,"Valid",56.59,null,null,20.681699999999999,34.81,31.053100000000001,56.59,31.053100000000001,56.59,20.681699999999999,34.81]
[2019,12,17,16,43816.666666665697,20.9727,"Valid",35.549999999999997,33.5383,"Valid",56.82,null,null,20.9727,35.549999999999997,33.5383,56.82,33.5383,56.82,20.9727,35.549999999999997]
[2019,12,17,17,43816.708333332361,23.692499999999999,"Valid",36.15,39.616,"Valid",57.03,null,null,23.692499999999999,36.15,39.616,57.03,39.616,57.03,23.692499999999999,36.15]
[2019,12,17,18,43816.749999999025,18.965699999999998,"Valid",34.47,31.1035,"Valid",52.61,null,null,18.965699999999998,34.47,31.1035,52.61,31.1035,52.61,18.965699999999998,34.47]
[2019,12,17,19,43816.791666665689,16.532,"Valid",32.380000000000003,33.247199999999999,"Valid",48.34,null,null,16.532,32.380000000000003,33.247199999999999,48.34,33.247199999999999,48.34,16.532,32.380000000000003]
[2019,12,17,20,43816.833333332354,6.8108199999999997,"Valid",30.07,18.645720000000001,"Valid",44.92,null,null,6.8108199999999997,30.07,18.645720000000001,44.92,18.645720000000001,44.92,6.8108199999999997,30.07]
[2019,12,17,21,43816.874999999018,10.212199999999999,"Valid",28.34,21.423200000000001,"Valid",42.29,null,null,10.212199999999999,28.34,21.423200000000001,42.29,21.423200000000001,42.29,10.212199999999999,28.34]
[2019,12,17,22,43816.916666665682,10.1812,"Valid",26.84,21.022200000000002,"Valid",39.630000000000003,null,null,10.1812,26.84,21.022200000000002,39.630000000000003,21.022200000000002,39.630000000000003,10.1812,26.84]
[2019,12,17,23,43816.958333332346,12.7508,"Valid",26.01,26.7727,"Valid",38.35,null,null,12.7508,26.01,26.7727,38.35,26.7727,38.35,12.7508,26.01]
[2019,12,18,0,43816.99999999901,11.3992,"Valid",25.28,22.482800000000001,"Valid",37.479999999999997,null,null,11.3992,25.28,22.482800000000001,37.479999999999997,22.482800000000001,37.479999999999997,11.3992,25.28]
[2019,{"$f":"B410","v":12},{"$f":"C387+1","v":18},1,43817.041666665675,6.0915800000000004,"Valid",24.46,15.52689,"Valid",36.49,null,null,6.0915800000000004,24.46,15.52689,36.49,15.52689,36.49,6.0915800000000004,24.46]
[2019,12,18,2,43817.083333332339,6.8109799999999998,"Valid",23.72,16.1873,"Valid",35.64,null,null,6.8109799999999998,23.72,16.1873,35.64,16.1873,35.64,6.8109799999999998,23.72]
[2019,12,18,3,43817.124999999003,5.1876899999999999,"Valid",22.79,14.34797,"Valid",34.659999999999997,null,null,5.1876899999999999,22.79,14.34797,34.659999999999997,14.34797,34.659999999999997,5.1876899999999999,22.79]
[2019,12,18,4,43817.166666665667,5.74282,"Valid",22.16,16.024920000000002,"Valid",34.07,null,null,5.74282,22.16,16.024920000000002,34.07,16.024920000000002,34.07,5.74282,22.16]
[2019,12,18,5,43817.208333332332,5.4508900000000002,"Valid",21.65,15.655390000000001,"Valid",33.61,null,null,5.4508900000000002,21.65,15.655390000000001,33.61,15.655390000000001,33.61,5.4508900000000002,21.65]
[2019,12,18,6,43817.249999998996,4.3719000000000001,"Valid",21.04,14.6554,"Valid",33.01,null,null,4.3719000000000001,21.04,14.6554,33.01,14.6554,33.01,4.3719000000000001,21.04]
[2019,12,18,7,43817.29166666566,12.620100000000001,"Valid",20.88,25.008099999999999,"Valid",32.82,null,null,12.620100000000001,20.88,25.008099999999999,32.82,25.008099999999999,32.82,12.620100000000001,20.88]
[2019,12,18,8,43817.333333332324,111.21,"Valid",24.41,128.94059999999999,"Valid",36.520000000000003,null,null,111.21,24.41,128.94059999999999,36.520000000000003,128.94059999999999,36.520000000000003,111.21,24.41]
[2019,12,18,9,43817.374999998989,137.065,"Valid",26.96,155.39959999999999,"Valid",39.299999999999997,null,null,137.065,26.96,155.39959999999999,39.299999999999997,155.39959999999999,39.299999999999997,137.065,26.96]
[2019,12,18,10,43817.416666665653,101.062,"Valid",29.33,113.6039,"Valid",41.67,null,null,101.062,29.33,113.6039,41.67,113.6039,41.67,101.062,29.33]
[2019,12,18,11,43817.458333332317,54.191000000000003,"Valid",30.21,66.600200000000001,"Valid",42.55,null,null,54.191000000000003,30.21,66.600200000000001,42.55,66.600200000000001,42.55,54.191000000000003,30.21]
[2019,12,18,12,43817.499999998981,48.822899999999997,"Valid",30.56,57.361449999999998,"Valid",42.73,null,null,48.822899999999997,30.56,57.361449999999998,42.73,57.361449999999998,42.73,48.822899999999997,30.56]
[2019,12,18,13,43817.541666665646,44.180900000000001,"Valid",30.5,51.541710000000002,"Valid",42.51,null,null,44.180900000000001,30.5,51.541710000000002,42.51,51.541710000000002,42.51,44.180900000000001,30.5]
[2019,12,18,14,43817.58333333231,34.398899999999998,"Valid",30.39,42.649189999999997,"Valid",42.18,null,null,34.398899999999998,30.39,42.649189999999997,42.18,42.649189999999997,42.18,34.398899999999998,30.39]
[2019,12,18,15,43817.624999998974,30.328199999999999,"Valid",30.79,36.178600000000003,"Valid",42.4,null,null,30.328199999999999,30.79,36.178600000000003,42.4,36.178600000000003,42.4,30.328199999999999,30.79]
[2019,12,18,16,43817.666666665638,29.410699999999999,"Valid",31.15,36.482640000000004,"Valid",42.52,null,null,29.410699999999999,31.15,36.482640000000004,42.52,36.482640000000004,42.52,29.410699999999999,31.15]
[2019,12,18,17,43817.708333332303,42.639800000000001,"Valid",31.93,51.028480000000002,"Valid",43,null,null,42.639800000000001,31.93,51.028480000000002,43,51.028480000000002,43,42.639800000000001,31.93]
[2019,12,18,18,43817.749999998967,46.884900000000002,"Valid",33.1,54.915100000000002,"Valid",43.99,null,null,46.884900000000002,33.1,54.915100000000002,43.99,54.915100000000002,43.99,46.884900000000002,33.1]
[2019,12,18,19,43817.791666665631,84.489199999999997,"Valid",35.93,92.887469999999993,"Valid",46.47,null,null,84.489199999999997,35.93,92.887469999999993,46.47,92.887469999999993,46.47,84.489199999999997,35.93]
[2019,12,18,20,43817.833333332295,103.157,"Valid",39.94,116.12009999999999,"Valid",50.53,null,null,103.157,39.94,116.12009999999999,50.53,116.12009999999999,50.53,103.157,39.94]
[2019,12,18,21,43817.87499999896,95.183099999999996,"Valid",43.48,115.57299999999999,"Valid",54.46,null,null,95.183099999999996,43.48,115.57299999999999,54.46,115.57299999999999,54.46,95.183099999999996,43.48]
[2019,12,18,22,43817.916666665624,94.115799999999993,"Valid",46.98,111.61669999999999,"Valid",58.23,null,null,94.115799999999993,46.98,111.61669999999999,58.23,111.61669999999999,58.23,94.115799999999993,46.98]
[2019,12,18,23,43817.958333332288,92.691500000000005,"Valid",50.31,104.9293,"Valid",61.49,null,null,92.691500000000005,50.31,104.9293,61.49,104.9293,61.49,92.691500000000005,50.31]
[2019,12,19,0,43817.999999998952,87.626599999999996,"Valid",53.49,103.47629999999999,"Valid",64.86,null,null,87.626599999999996,53.49,103.47629999999999,64.86,103.47629999999999,64.86,87.626599999999996,53.49]
[2019,12,19,1,43818.041666665617,118.29900000000001,"Valid",58.16,135.68020000000001,"Valid",69.87,null,null,118.29900000000001,58.16,135.68020000000001,69.87,135.68020000000001,69.87,118.29900000000001,58.16]
[2019,12,19,2,43818.083333332281,96.142600000000002,"Valid",61.89,118.2641,"Valid",74.12,null,null,96.142600000000002,61.89,118.2641,74.12,118.2641,74.12,96.142600000000002,61.89]
[2019,12,19,3,43818.124999998945,54.788200000000003,"Valid",63.95,72.051299999999998,"Valid",76.53,null,null,54.788200000000003,63.95,72.051299999999998,76.53,72.051299999999998,76.53,54.788200000000003,63.95]
[2019,12,19,4,43818.166666665609,45.194299999999998,"Valid",65.599999999999994,64.205699999999993,"Valid",78.53,null,null,45.194299999999998,65.599999999999994,64.205699999999993,78.53,64.205699999999993,78.53,45.194299999999998,65.599999999999994]
[2019,12,19,5,43818.208333332273,34.821899999999999,"Valid",66.819999999999993,49.707500000000003,"Valid",79.95,null,null,34.821899999999999,66.819999999999993,49.707500000000003,79.95,49.707500000000003,79.95,34.821899999999999,66.819999999999993]
[2019,12,19,6,43818.249999998938,41.240400000000001,"Valid",68.36,55.174100000000003,"Valid",81.64,null,null,41.240400000000001,68.36,55.174100000000003,81.64,55.174100000000003,81.64,41.240400000000001,68.36]
[2019,12,19,7,43818.291666665602,45.318100000000001,"Valid",69.72,68.5381,"Valid",83.46,null,null,45.318100000000001,69.72,68.5381,83.46,68.5381,83.46,45.318100000000001,69.72]
[2019,12,19,8,43818.333333332266,59.751300000000001,"Valid",67.58,86.0792,"Valid",81.67,null,null,59.751300000000001,67.58,86.0792,81.67,86.0792,81.67,59.751300000000001,67.58]
[2019,12,19,9,43818.37499999893,88.626199999999997,"Valid",65.56,115.66670000000001,"Valid",80.010000000000005,null,null,88.626199999999997,65.56,115.66670000000001,80.010000000000005,115.66670000000001,80.010000000000005,88.626199999999997,65.56]
[2019,12,19,10,43818.416666665595,71.478800000000007,"Valid",64.319999999999993,97.221400000000003,"Valid",79.33,null,null,71.478800000000007,64.319999999999993,97.221400000000003,79.33,97.221400000000003,79.33,71.478800000000007,64.319999999999993]
[2019,12,19,11,43818.458333332259,31.317,"Valid",63.37,59.522500000000001,"Valid",79.040000000000006,null,null,31.317,63.37,59.522500000000001,79.040000000000006,59.522500000000001,79.040000000000006,31.317,63.37]
[2019,12,19,12,43818.499999998923,29.470700000000001,"Valid",62.56,54.200899999999997,"Valid",78.900000000000006,null,null,29.470700000000001,62.56,54.200899999999997,78.900000000000006,54.200899999999997,78.900000000000006,29.470700000000001,62.56]
[2019,12,19,13,43818.541666665587,39.844700000000003,"Valid",62.38,63.12,"Valid",79.39,null,null,39.844700000000003,62.38,63.12,79.39,63.12,79.39,39.844700000000003,62.38]
[2019,12,19,14,43818.583333332252,40.936999999999998,"Valid",62.66,62.202300000000001,"Valid",80.2,null,null,40.936999999999998,62.66,62.202300000000001,80.2,62.202300000000001,80.2,40.936999999999998,62.66]
[2019,12,19,15,43818.624999998916,45.038899999999998,"Valid",63.27,62.728499999999997,"Valid",81.31,null,null,45.038899999999998,63.27,62.728499999999997,81.31,62.728499999999997,81.31,45.038899999999998,63.27]
[2019,12,19,16,43818.66666666558,45.528199999999998,"Valid",63.94,64.008799999999994,"Valid",82.45,null,null,{"$f":"IF(G450=\"Valid\", F450, NA())","v":45.528199999999998},{"$f":"IF(G450=\"Valid\", H450, NA())","v":63.94},{"$f":"IF(J450=\"Valid\", I450, NA())","v":64.008799999999994},{"$f":"IF(J450=\"Valid\", K450, NA())","v":82.45},64.008799999999994,82.45,45.528199999999998,63.94]
[2019,12,19,17,43818.708333332244,47.404200000000003,"Valid",64.14,63.823399999999999,"Valid",82.99,null,null,47.404200000000003,64.14,63.823399999999999,82.99,63.823399999999999,82.99,47.404200000000003,64.14]
[{"$f":"A451","v":2019},12,19,{"$f":"IF(D451=23,0,D451+1)","v":18},{"$f":"E451+0.0416666666666666","v":43818.749999998909},48.641399999999997,"Valid",64.209999999999994,64.340699999999998,"Valid",83.38,null,null,48.641399999999997,64.209999999999994,64.340699999999998,83.38,64.340699999999998,83.38,48.641399999999997,64.209999999999994]
[2019,12,19,19,43818.791666665573,48.628500000000003,"Valid",62.72,63.4221,"Valid",82.15,null,null,48.628500000000003,62.72,63.4221,82.15,63.4221,82.15,48.628500000000003,62.72]
[2019,12,19,20,43818.833333332237,41.7928,"Valid",60.16,60.364800000000002,"Valid",79.83,null,null,41.7928,60.16,60.364800000000002,79.83,60.364800000000002,79.83,41.7928,60.16]
[2019,12,19,21,43818.874999998901,36.316899999999997,"Valid",57.71,55.978299999999997,"Valid",77.349999999999994,null,null,36.316899999999997,57.71,55.978299999999997,77.349999999999994,55.978299999999997,77.349999999999994,36.316899999999997,57.71]
[2019,12,19,22,43818.916666665566,32.794899999999998,"Valid",55.15,49.6374,"Valid",74.760000000000005,null,null,32.794899999999998,55.15,49.6374,74.760000000000005,49.6374,74.760000000000005,32.794899999999998,55.15]
[2019,12,19,23,43818.95833333223,35.072899999999997,"Valid",52.75,51.027099999999997,"Valid",72.52,null,null,35.072899999999997,52.75,51.027099999999997,72.52,51.027099999999997,72.52,35.072899999999997,52.75]
[2019,12,20,0,43818.999999998894,131.24799999999999,"Valid",54.57,205.61689999999999,"Valid",76.77,null,null,131.24799999999999,54.57,205.61689999999999,76.77,205.61689999999999,76.77,131.24799999999999,54.57]
[2019,12,20,1,43819.041666665558,239.10300000000001,"Valid",59.6,350.97199999999998,"Valid",85.74,null,null,239.10300000000001,59.6,350.97199999999998,85.74,350.97199999999998,85.74,239.10300000000001,59.6]
[2019,12,20,2,43819.083333332223,155.75700000000001,"Valid",62.09,212.6223,"Valid",89.68,null,null,155.75700000000001,62.09,212.6223,89.68,212.6223,89.68,155.75700000000001,62.09]
[2019,12,20,3,43819.124999998887,81.997699999999995,"Valid",63.22,112.172,"Valid",91.35,null,null,81.997699999999995,63.22,112.172,91.35,112.172,91.35,81.997699999999995,63.22]
[2019,12,20,4,43819.166666665551,72.923599999999993,"Valid",64.38,93.963399999999993,"Valid",92.59,null,null,72.923599999999993,64.38,93.963399999999993,92.59,93.963399999999993,92.59,72.923599999999993,64.38]
[2019,12,20,5,43819.208333332215,67.474500000000006,"Valid",65.739999999999995,89.122500000000002,"Valid",94.23,null,null,67.474500000000006,65.739999999999995,89.122500000000002,94.23,89.122500000000002,94.23,67.474500000000006,65.739999999999995]
[2019,12,20,6,43819.24999999888,69.027500000000003,"Valid",66.900000000000006,86.792299999999997,"Valid",95.55,null,null,69.027500000000003,66.900000000000006,86.792299999999997,95.55,86.792299999999997,95.55,69.027500000000003,66.900000000000006]
[2019,12,20,7,43819.291666665544,66.135400000000004,"Valid",67.760000000000005,87.193799999999996,"Valid",96.32,null,null,66.135400000000004,67.760000000000005,87.193799999999996,96.32,87.193799999999996,96.32,66.135400000000004,67.760000000000005]
[2019,12,20,8,43819.333333332208,57.575200000000002,"Valid",67.67,86.744200000000006,"Valid",96.35,null,null,57.575200000000002,67.67,86.744200000000006,96.35,86.744200000000006,96.35,57.575200000000002,67.67]
[2019,12,20,9,43819.374999998872,64.026600000000002,"Valid",66.650000000000006,91.663399999999996,"Valid",95.35,null,null,64.026600000000002,66.650000000000006,91.663399999999996,95.35,91.663399999999996,95.35,64.026600000000002,66.650000000000006]
[2019,12,20,10,43819.416666665536,75.721000000000004,"Valid",66.819999999999993,105.2839,"Valid",95.69,null,null,75.721000000000004,66.819999999999993,105.2839,95.69,105.2839,95.69,75.721000000000004,66.819999999999993]
[2019,12,20,11,43819.458333332201,98.045900000000003,"Valid",69.599999999999994,133.14959999999999,"Valid",98.76,null,null,98.045900000000003,69.599999999999994,133.14959999999999,98.76,133.14959999999999,98.76,98.045900000000003,69.599999999999994]
[2019,12,20,12,43819.499999998865,91.550700000000006,"Valid",72.19,124.3647,"Valid",101.68,null,null,91.550700000000006,72.19,124.3647,101.68,124.3647,101.68,91.550700000000006,72.19]
[2019,12,20,13,43819.541666665529,70.944400000000002,"Valid",73.489999999999995,102.4841,"Valid",103.32,null,null,70.944400000000002,73.489999999999995,102.4841,103.32,102.4841,103.32,70.944400000000002,73.489999999999995]
[2019,12,20,14,43819.583333332193,67.157300000000006,"Valid",74.58,97.503900000000002,"Valid",104.79,null,null,67.157300000000006,74.58,97.503900000000002,104.79,97.503900000000002,104.79,67.157300000000006,74.58]
[2019,12,20,15,43819.624999998858,65.672799999999995,"Valid",75.44,93.539400000000001,"Valid",106.07,null,null,65.672799999999995,75.44,93.539400000000001,106.07,93.539400000000001,106.07,65.672799999999995,75.44]
[2019,12,20,16,43819.666666665522,71.105199999999996,"Valid",76.5,101.3436,"Valid",107.63,null,null,71.105199999999996,76.5,101.3436,107.63,101.3436,107.63,71.105199999999996,76.5]
[2019,{"$f":"B474","v":12},{"$f":"C451+1","v":20},17,43819.708333332186,50.462800000000001,"Valid",76.63,81.797399999999996,"Valid",108.38,null,null,50.462800000000001,76.63,81.797399999999996,108.38,81.797399999999996,108.38,50.462800000000001,76.63]
[2019,12,20,18,43819.74999999885,66.395200000000003,"Valid",77.37,98.901399999999995,"Valid",109.82,null,null,66.395200000000003,77.37,98.901399999999995,109.82,98.901399999999995,109.82,66.395200000000003,77.37]
[2019,12,20,19,43819.791666665515,59.775599999999997,"Valid",77.84,83.385300000000001,"Valid",110.65,null,null,59.775599999999997,77.84,83.385300000000001,110.65,83.385300000000001,110.65,59.775599999999997,77.84]
[2019,12,20,20,43819.833333332179,59.898200000000003,"Valid",78.59,93.143900000000002,"Valid",112.02,null,null,59.898200000000003,78.59,93.143900000000002,112.02,93.143900000000002,112.02,59.898200000000003,78.59]
[2019,12,20,21,43819.874999998843,60.209299999999999,"Valid",79.59,96.642899999999997,"Valid",113.71,null,null,60.209299999999999,79.59,96.642899999999997,113.71,96.642899999999997,113.71,60.209299999999999,79.59]
[2019,12,20,22,43819.916666665507,53.870399999999997,"Valid",80.459999999999994,83.854799999999997,"Valid",115.14,null,null,53.870399999999997,80.459999999999994,83.854799999999997,115.14,83.854799999999997,115.14,53.870399999999997,80.459999999999994]
[2019,12,20,23,43819.958333332172,40.944600000000001,"Valid",80.709999999999994,68.385000000000005,"Valid",115.86,null,null,40.944600000000001,80.709999999999994,68.385000000000005,115.86,68.385000000000005,115.86,40.944600000000001,80.709999999999994]
[2019,12,21,0,43819.999999998836,35.887599999999999,"Valid",76.739999999999995,65.723799999999997,"Valid",110.03,null,null,35.887599999999999,76.739999999999995,65.723799999999997,110.03,65.723799999999997,110.03,35.887599999999999,76.739999999999995]
[2019,12,21,1,43820.0416666655,33.942100000000003,"Valid",68.19,65.483599999999996,"Valid",98.14,null,null,33.942100000000003,68.19,65.483599999999996,98.14,65.483599999999996,98.14,33.942100000000003,68.19]
[2019,12,21,2,43820.083333332164,35.698099999999997,"Valid",63.19,66.213800000000006,"Valid",92.04,null,null,35.698099999999997,63.19,66.213800000000006,92.04,66.213800000000006,92.04,35.698099999999997,63.19]
[2019,12,21,3,43820.124999998829,37.741999999999997,"Valid",61.34,66.168700000000001,"Valid",90.12,null,null,37.741999999999997,61.34,66.168700000000001,90.12,66.168700000000001,90.12,37.741999999999997,61.34]
[2019,12,21,4,43820.166666665493,43.705500000000001,"Valid",60.12,75.360799999999998,"Valid",89.34,null,null,43.705500000000001,60.12,75.360799999999998,89.34,75.360799999999998,89.34,43.705500000000001,60.12]
[2019,12,21,5,43820.208333332157,48.145000000000003,"Valid",59.32,77.944199999999995,"Valid",88.88,null,null,48.145000000000003,59.32,77.944199999999995,88.88,77.944199999999995,88.88,48.145000000000003,59.32]
[2019,12,21,6,43820.249999998821,48.785800000000002,"Valid",58.47,88.114699999999999,"Valid",88.93,null,null,48.785800000000002,58.47,88.114699999999999,88.93,88.114699999999999,88.93,48.785800000000002,58.47]
[2019,12,21,7,43820.291666665486,43.395499999999998,"Valid",57.53,74.883600000000001,"Valid",88.42,null,null,43.395499999999998,57.53,74.883600000000001,88.42,74.883600000000001,88.42,43.395499999999998,57.53]
[2019,12,21,8,43820.33333333215,59.107999999999997,"Valid",57.59,91.311099999999996,"Valid",88.61,null,null,59.107999999999997,57.59,91.311099999999996,88.61,91.311099999999996,88.61,59.107999999999997,57.59]
[2019,12,21,9,43820.374999998814,48.250599999999999,"Valid",56.93,84.036600000000007,"Valid",88.29,null,null,48.250599999999999,56.93,84.036600000000007,88.29,84.036600000000007,88.29,48.250599999999999,56.93]
[2019,12,21,10,43820.416666665478,46.029600000000002,"Valid",55.7,73.194000000000003,"Valid",86.96,null,null,46.029600000000002,55.7,73.194000000000003,86.96,73.194000000000003,86.96,46.029600000000002,55.7]
[2019,12,21,11,43820.458333332143,43.647300000000001,"Valid",53.43,71.752099999999999,"Valid",84.4,null,null,43.647300000000001,53.43,71.752099999999999,84.4,71.752099999999999,84.4,43.647300000000001,53.43]
[2019,12,21,12,43820.499999998807,41.829000000000001,"Valid",51.36,68.119900000000001,"Valid",82.05,null,null,41.829000000000001,51.36,68.119900000000001,82.05,68.119900000000001,82.05,41.829000000000001,51.36]
[2019,12,21,13,43820.541666665471,47.129399999999997,"Valid",50.37,74.031199999999998,"Valid",80.87,null,null,47.129399999999997,50.37,74.031199999999998,80.87,74.031199999999998,80.87,47.129399999999997,50.37]
[2019,12,21,14,43820.583333332135,49.907899999999998,"Valid",49.65,71.462000000000003,"Valid",79.78,null,null,49.907899999999998,49.65,71.462000000000003,79.78,71.462000000000003,79.78,49.907899999999998,49.65]
[2019,12,21,15,43820.624999998799,49.354199999999999,"Valid",48.97,72.881500000000003,"Valid",78.92,null,null,49.354199999999999,48.97,72.881500000000003,78.92,72.881500000000003,78.92,49.354199999999999,48.97]
[2019,12,21,16,43820.666666665464,47.941099999999999,"Valid",48,70.177099999999996,"Valid",77.62,null,null,47.941099999999999,48,70.177099999999996,77.62,70.177099999999996,77.62,47.941099999999999,48]
[2019,12,21,17,43820.708333332128,23.031300000000002,"Valid",46.86,48.613900000000001,"Valid",76.239999999999995,null,null,23.031300000000002,46.86,48.613900000000001,76.239999999999995,48.613900000000001,76.239999999999995,23.031300000000002,46.86]
[2019,12,21,18,43820.749999998792,45.248199999999997,"Valid",45.98,73.525099999999995,"Valid",75.180000000000007,null,null,45.248199999999997,45.98,73.525099999999995,75.180000000000007,73.525099999999995,75.180000000000007,45.248199999999997,45.98]
[2019,12,21,19,43820.791666665456,32.201000000000001,"Valid",44.83,54.8172,"Valid",73.989999999999995,null,null,32.201000000000001,44.83,54.8172,73.989999999999995,54.8172,73.989999999999995,32.201000000000001,44.83]
[2019,12,21,20,43820.833333332121,34.304600000000001,"Valid",43.76,53.540100000000002,"Valid",72.34,null,null,34.304600000000001,43.76,53.540100000000002,72.34,53.540100000000002,72.34,34.304600000000001,43.76]
[2019,12,21,21,43820.874999998785,30.116399999999999,"Valid",42.51,52.388100000000001,"Valid",70.5,null,null,30.116399999999999,42.51,52.388100000000001,70.5,52.388100000000001,70.5,30.116399999999999,42.51]
[2019,12,21,22,43820.916666665449,31.964300000000001,"Valid",41.6,52.427700000000002,"Valid",69.19,null,null,31.964300000000001,41.6,52.427700000000002,69.19,52.427700000000002,69.19,31.964300000000001,41.6]
[2019,12,21,23,43820.958333332113,28.724,"Valid",41.09,46.702599999999997,"Valid",68.290000000000006,null,null,28.724,41.09,46.702599999999997,68.290000000000006,46.702599999999997,68.290000000000006,28.724,41.09]
[2019,12,22,0,43820.999999998778,25.155999999999999,"Valid",40.64,47.503599999999999,"Valid",67.53,null,null,25.155999999999999,40.64,47.503599999999999,67.53,47.503599999999999,67.53,25.155999999999999,40.64]
[2019,12,22,1,43821.041666665442,106.90900000000001,"Valid",43.68,250.489,"Valid",75.239999999999995,null,null,106.90900000000001,43.68,250.489,75.239999999999995,250.489,75.239999999999995,106.90900000000001,43.68]
[2019,12,22,2,43821.083333332106,120.254,"Valid",47.2,207.5539,"Valid",81.12,null,null,120.254,47.2,207.5539,81.12,207.5539,81.12,120.254,47.2]
[2019,12,22,3,43821.12499999877,80.181100000000001,"Valid",48.97,123.6681,"Valid",83.52,null,null,80.181100000000001,48.97,123.6681,83.52,123.6681,83.52,80.181100000000001,48.97]
[2019,12,22,4,43821.166666665435,55.840400000000002,"Valid",49.48,83.065899999999999,"Valid",83.84,null,null,55.840400000000002,49.48,83.065899999999999,83.84,83.065899999999999,83.84,55.840400000000002,49.48]
[2019,12,22,5,43821.208333332099,46.614400000000003,"Valid",49.41,76.782399999999996,"Valid",83.79,null,null,46.614400000000003,49.41,76.782399999999996,83.79,76.782399999999996,83.79,46.614400000000003,49.41]
[2019,12,22,6,43821.249999998763,39.548400000000001,"Valid",49.03,65.140500000000003,"Valid",82.84,null,null,39.548400000000001,49.03,65.140500000000003,82.84,65.140500000000003,82.84,39.548400000000001,49.03]
[2019,12,22,7,43821.291666665427,36.307400000000001,"Valid",48.73,60.801200000000001,"Valid",82.25,null,null,36.307400000000001,48.73,60.801200000000001,82.25,60.801200000000001,82.25,36.307400000000001,48.73]
[2019,12,22,8,43821.333333332092,35.121000000000002,"Valid",47.73,63.780900000000003,"Valid",81.099999999999994,null,null,{"$f":"IF(G514=\"Valid\", F514, NA())","v":35.121000000000002},{"$f":"IF(G514=\"Valid\", H514, NA())","v":47.73},{"$f":"IF(J514=\"Valid\", I514, NA())","v":63.780900000000003},{"$f":"IF(J514=\"Valid\", K514, NA())","v":81.099999999999994},63.780900000000003,81.099999999999994,35.121000000000002,47.73]
[2019,12,22,9,43821.374999998756,35.091900000000003,"Valid",47.19,69.56,"Valid",80.5,null,null,35.091900000000003,47.19,69.56,80.5,69.56,80.5,35.091900000000003,47.19]
[{"$f":"A515","v":2019},12,22,{"$f":"IF(D515=23,0,D515+1)","v":10},{"$f":"E515+0.0416666666666666","v":43821.41666666542},51.311,"Valid",47.41,88.393299999999996,"Valid",81.13,null,null,51.311,47.41,88.393299999999996,81.13,88.393299999999996,81.13,51.311,47.41]
[2019,12,22,11,43821.458333332084,60.240499999999997,"Valid",48.1,97.903800000000004,"Valid",82.22,null,null,60.240499999999997,48.1,97.903800000000004,82.22,97.903800000000004,82.22,60.240499999999997,48.1]
[2019,12,22,12,43821.499999998749,66.666899999999998,"Valid",49.13,104.0552,"Valid",83.72,null,null,66.666899999999998,49.13,104.0552,83.72,104.0552,83.72,66.666899999999998,49.13]
[2019,12,22,13,43821.541666665413,102.259,"Valid",51.43,133.99250000000001,"Valid",86.22,null,null,102.259,51.43,133.99250000000001,86.22,133.99250000000001,86.22,102.259,51.43]
[2019,12,22,14,43821.583333332077,92.659800000000004,"Valid",53.21,131.1225,"Valid",88.7,null,null,92.659800000000004,53.21,131.1225,88.7,131.1225,88.7,92.659800000000004,53.21]
[2019,12,22,15,43821.624999998741,67.944599999999994,"Valid",53.98,113.7094,"Valid",90.4,null,null,67.944599999999994,53.98,113.7094,90.4,113.7094,90.4,67.944599999999994,53.98]
[2019,12,22,16,43821.666666665406,42.478700000000003,"Valid",53.76,102.09059999999999,"Valid",91.73,null,null,42.478700000000003,53.76,102.09059999999999,91.73,102.09059999999999,91.73,42.478700000000003,53.76]
[2019,12,22,17,43821.70833333207,31.863299999999999,"Valid",54.13,105.36879999999999,"Valid",94.1,null,null,31.863299999999999,54.13,105.36879999999999,94.1,105.36879999999999,94.1,31.863299999999999,54.13]
[2019,12,22,18,43821.749999998734,26.381900000000002,"Valid",53.34,98.295400000000001,"Valid",95.13,null,null,26.381900000000002,53.34,98.295400000000001,95.13,98.295400000000001,95.13,26.381900000000002,53.34]
[2019,12,22,19,43821.791666665398,26.2515,"Valid",53.09,143.9025,"Valid",98.84,null,null,26.2515,53.09,143.9025,98.84,143.9025,98.84,26.2515,53.09]
[2019,12,22,20,43821.833333332062,21.498799999999999,"Valid",52.56,105.64879999999999,"Valid",101.01,null,null,21.498799999999999,52.56,105.64879999999999,101.01,105.64879999999999,101.01,21.498799999999999,52.56]
[2019,12,22,21,43821.874999998727,14.841100000000001,"Valid",51.92,76.012600000000006,"Valid",102,null,null,14.841100000000001,51.92,76.012600000000006,102,76.012600000000006,102,14.841100000000001,51.92]
[2019,12,22,22,43821.916666665391,13.4221,"Valid",51.15,37.042000000000002,"Valid",101.36,null,null,13.4221,51.15,37.042000000000002,101.36,37.042000000000002,101.36,13.4221,51.15]
[2019,12,22,23,43821.958333332055,11.190099999999999,"Valid",50.42,30.226900000000001,"Valid",100.67,null,null,11.190099999999999,50.42,30.226900000000001,100.67,30.226900000000001,100.67,11.190099999999999,50.42]
[2019,12,23,0,43821.999999998719,8.9929799999999993,"Valid",49.74,22.860479999999999,"Valid",99.64,null,null,8.9929799999999993,49.74,22.860479999999999,99.64,22.860479999999999,99.64,8.9929799999999993,49.74]
[2019,12,23,1,43822.041666665384,7.8429799999999998,"Valid",45.62,17.29541,"Valid",89.93,null,null,7.8429799999999998,45.62,17.29541,89.93,17.29541,89.93,7.8429799999999998,45.62]
[2019,12,23,2,43822.083333332048,2.9148700000000001,"Valid",40.729999999999997,8.9657,"Valid",81.650000000000006,null,null,2.9148700000000001,40.729999999999997,8.9657,81.650000000000006,8.9657,81.650000000000006,2.9148700000000001,40.729999999999997]
[2019,12,23,3,43822.124999998712,6.79101,"Valid",37.67,10.28332,"Valid",76.930000000000007,null,null,6.79101,37.67,10.28332,76.930000000000007,10.28332,76.930000000000007,6.79101,37.67]
[2019,12,23,4,43822.166666665376,10.1776,"Valid",35.770000000000003,17.271640000000001,"Valid",74.19,null,null,10.1776,35.770000000000003,17.271640000000001,74.19,17.271640000000001,74.19,10.1776,35.770000000000003]
[2019,12,23,5,43822.208333332041,10.2902,"Valid",34.25,16.84796,"Valid",71.69,null,null,10.2902,34.25,16.84796,71.69,16.84796,71.69,10.2902,34.25]
[2019,12,23,6,43822.249999998705,13.1427,"Valid",33.15,20.850999999999999,"Valid",69.849999999999994,null,null,13.1427,33.15,20.850999999999999,69.849999999999994,20.850999999999999,69.849999999999994,13.1427,33.15]
[2019,12,23,7,43822.291666665369,10.6128,"Valid",32.08,21.536300000000001,"Valid",68.209999999999994,null,null,10.6128,32.08,21.536300000000001,68.209999999999994,21.536300000000001,68.209999999999994,10.6128,32.08]
[2019,12,23,8,43822.333333332033,20.0032,"Valid",31.45,30.746400000000001,"Valid",66.83,null,null,20.0032,31.45,30.746400000000001,66.83,30.746400000000001,66.83,20.0032,31.45]
[2019,{"$f":"B538","v":12},{"$f":"C515+1","v":23},9,43822.374999998698,25.684100000000001,"Valid",31.06,34.254449999999999,"Valid",65.36,null,null,25.684100000000001,31.06,34.254449999999999,65.36,34.254449999999999,65.36,25.684100000000001,31.06]
[2019,12,23,10,43822.416666665362,27.4572,"Valid",30.07,37.519300000000001,"Valid",63.24,null,null,27.4572,30.07,37.519300000000001,63.24,37.519300000000001,63.24,27.4572,30.07]
[2019,12,23,11,43822.458333332026,32.290500000000002,"Valid",28.9,44.140500000000003,"Valid",61,null,null,32.290500000000002,28.9,44.140500000000003,61,44.140500000000003,61,32.290500000000002,28.9]
[2019,12,23,12,43822.49999999869,44.039299999999997,"Valid",27.96,57.756300000000003,"Valid",59.07,null,null,44.039299999999997,27.96,57.756300000000003,59.07,57.756300000000003,59.07,44.039299999999997,27.96]
[2019,12,23,13,43822.541666665355,44.191200000000002,"Valid",25.54,59.577199999999998,"Valid",55.97,null,null,44.191200000000002,25.54,59.577199999999998,55.97,59.577199999999998,55.97,44.191200000000002,25.54]
[2019,12,23,14,43822.583333332019,40.820300000000003,"Valid",23.38,55.948700000000002,"Valid",52.84,null,null,40.820300000000003,23.38,55.948700000000002,52.84,55.948700000000002,52.84,40.820300000000003,23.38]
[2019,12,23,15,43822.624999998683,39.689500000000002,"Valid",22.2,55.507599999999996,"Valid",50.41,null,null,39.689500000000002,22.2,55.507599999999996,50.41,55.507599999999996,50.41,39.689500000000002,22.2]
[2019,12,23,16,43822.666666665347,39.229300000000002,"Valid",22.07,56.7667,"Valid",48.53,null,null,39.229300000000002,22.07,56.7667,48.53,56.7667,48.53,39.229300000000002,22.07]
[2019,12,23,17,43822.708333332012,40.025100000000002,"Valid",22.41,58.946599999999997,"Valid",46.59,null,null,40.025100000000002,22.41,58.946599999999997,46.59,58.946599999999997,46.59,40.025100000000002,22.41]
[2019,12,23,18,43822.749999998676,33.412399999999998,"Valid",22.7,54.305300000000003,"Valid",44.76,null,null,33.412399999999998,22.7,54.305300000000003,44.76,54.305300000000003,44.76,33.412399999999998,22.7]
[2019,12,23,19,43822.79166666534,29.292000000000002,"Valid",22.83,50.957799999999999,"Valid",40.89,null,null,29.292000000000002,22.83,50.957799999999999,40.89,50.957799999999999,40.89,29.292000000000002,22.83]
[2019,12,23,20,43822.833333332004,27.536999999999999,"Valid",23.08,50.681399999999996,"Valid",38.6,null,null,27.536999999999999,23.08,50.681399999999996,38.6,50.681399999999996,38.6,27.536999999999999,23.08]
[2019,12,23,21,43822.874999998668,24.020800000000001,"Valid",23.46,44.712000000000003,"Valid",37.29,null,null,24.020800000000001,23.46,44.712000000000003,37.29,44.712000000000003,37.29,24.020800000000001,23.46]
[2019,12,23,22,43822.916666665333,22.5853,"Valid",23.84,41.0379,"Valid",37.46,null,null,22.5853,23.84,41.0379,37.46,41.0379,37.46,22.5853,23.84]
[2019,12,23,23,43822.958333331997,22.255800000000001,"Valid",24.3,42.652999999999999,"Valid",37.979999999999997,null,null,22.255800000000001,24.3,42.652999999999999,37.979999999999997,42.652999999999999,37.979999999999997,22.255800000000001,24.3]
[2019,12,24,0,43822.999999998661,23.511399999999998,"Valid",24.91,40.662199999999999,"Valid",38.72,null,null,23.511399999999998,24.91,40.662199999999999,38.72,40.662199999999999,38.72,23.511399999999998,24.91]
[2019,12,24,1,43823.041666665325,23.660900000000002,"Valid",25.57,41.387500000000003,"Valid",39.72,null,null,23.660900000000002,25.57,41.387500000000003,39.72,41.387500000000003,39.72,23.660900000000002,25.57]
[2019,12,24,2,43823.08333333199,26.231000000000002,"Valid",26.54,41.220399999999998,"Valid",41.07,null,null,26.231000000000002,26.54,41.220399999999998,41.07,41.220399999999998,41.07,26.231000000000002,26.54]
[2019,12,24,3,43823.124999998654,20.948799999999999,"Valid",27.13,33.309399999999997,"Valid",42.02,null,null,20.948799999999999,27.13,33.309399999999997,42.02,33.309399999999997,42.02,20.948799999999999,27.13]
[2019,12,24,4,43823.166666665318,23.51,"Valid",27.69,34.203000000000003,"Valid",42.73,null,null,23.51,27.69,34.203000000000003,42.73,34.203000000000003,42.73,23.51,27.69]
[2019,12,24,5,43823.208333331982,18.628,"Valid",28.03,29.319600000000001,"Valid",43.25,null,null,18.628,28.03,29.319600000000001,43.25,29.319600000000001,43.25,18.628,28.03]
[2019,12,24,6,43823.249999998647,24.5137,"Valid",28.51,35.651200000000003,"Valid",43.87,null,null,24.5137,28.51,35.651200000000003,43.87,35.651200000000003,43.87,24.5137,28.51]
[2019,12,24,7,43823.291666665311,30.801200000000001,"Valid",29.35,39.343069999999997,"Valid",44.61,null,null,30.801200000000001,29.35,39.343069999999997,44.61,39.343069999999997,44.61,30.801200000000001,29.35]
[2019,12,24,8,43823.333333331975,42.665599999999998,"Valid",30.29,54.5199,"Valid",45.6,null,null,42.665599999999998,30.29,54.5199,45.6,54.5199,45.6,42.665599999999998,30.29]
[2019,12,24,9,43823.374999998639,55.780500000000004,"Valid",31.55,66.146900000000002,"Valid",46.93,null,null,55.780500000000004,31.55,66.146900000000002,46.93,66.146900000000002,46.93,55.780500000000004,31.55]
[2019,12,24,10,43823.416666665304,59.087200000000003,"Valid",32.86,70.007900000000006,"Valid",48.28,null,null,59.087200000000003,32.86,70.007900000000006,48.28,70.007900000000006,48.28,59.087200000000003,32.86]
[2019,12,24,11,43823.458333331968,60.159599999999998,"Valid",34.020000000000003,71.337699999999998,"Valid",49.41,null,null,60.159599999999998,34.020000000000003,71.337699999999998,49.41,71.337699999999998,49.41,60.159599999999998,34.020000000000003]
[2019,12,24,12,43823.499999998632,{"$f":"NA()","v":{"$error":"#N/A"}},"Invalid",{"$f":"NA()","v":{"$error":"#N/A"}},{"$f":"NA()","v":{"$error":"#N/A"}},"Invalid",{"$f":"NA()","v":{"$error":"#N/A"}},"Power Failure","Machine outage",{"$error":"#N/A"},{"$f":"IF(G566=\"Valid\", I566, NA())","v":{"$error":"#N/A"}},{"$f":"IF(J566=\"Valid\",#REF!, NA())","v":{"$error":"#N/A"}},{"$error":"#N/A"}]
[2019,12,24,13,43823.541666665296,{"$f":"NA()","v":{"$error":"#N/A"}},"Invalid",{"$f":"NA()","v":{"$error":"#N/A"}},{"$f":"NA()","v":{"$error":"#N/A"}},"Invalid",{"$f":"NA()","v":{"$error":"#N/A"}},"Power Failure","Machine outage",{"$error":"#N/A"},{"$error":"#N/A"},{"$error":"#N/A"},{"$error":"#N/A"}]
[2019,12,24,14,43823.583333331961,{"$f":"NA()","v":{"$error":"#N/A"}},"Invalid",{"$f":"NA()","v":{"$error":"#N/A"}},{"$f":"NA()","v":{"$error":"#N/A"}},"Invalid",{"$f":"NA()","v":{"$error":"#N/A"}},"Power Failure","Machine outage",{"$error":"#N/A"},{"$error":"#N/A"},{"$error":"#N/A"},{"$error":"#N/A"}]
[2019,12,24,15,43823.624999998625,{"$f":"NA()","v":{"$error":"#N/A"}},"Invalid",{"$f":"NA()","v":{"$error":"#N/A"}},{"$f":"NA()","v":{"$error":"#N/A"}},"Invalid",{"$f":"NA()","v":{"$error":"#N/A"}},"Power Failure","Machine outage",{"$error":"#N/A"},{"$error":"#N/A"},{"$error":"#N/A"},{"$error":"#N/A"}]
[2019,12,24,16,43823.666666665289,{"$f":"NA()","v":{"$error":"#N/A"}},"Invalid",{"$f":"NA()","v":{"$error":"#N/A"}},{"$f":"NA()","v":{"$error":"#N/A"}},"Invalid",{"$f":"NA()","v":{"$error":"#N/A"}},"Power Failure","Machine outage",{"$error":"#N/A"},{"$error":"#N/A"},{"$error":"#N/A"},{"$error":"#N/A"}]
[2019,12,24,17,43823.708333331953,53.910499999999999,"Valid",32.76,73.673599999999993,"Valid",48.16,null,null,53.910499999999999,32.76,73.673599999999993,48.16,73.673599999999993,48.16,53.910499999999999,32.76]
[2019,12,24,18,43823.749999998618,43.344799999999999,"Valid",33.29,66.011700000000005,"Valid",48.78,null,null,43.344799999999999,33.29,66.011700000000005,48.78,66.011700000000005,48.78,43.344799999999999,33.29]
[2019,12,24,19,43823.791666665282,32.678800000000003,"Valid",33.46,67.968299999999999,"Valid",49.68,null,null,32.678800000000003,33.46,67.968299999999999,49.68,67.968299999999999,49.68,32.678800000000003,33.46]
[2019,12,24,20,43823.833333331946,27.2758,"Valid",33.450000000000003,49.293500000000002,"Valid",49.6,null,null,27.2758,33.450000000000003,49.293500000000002,49.6,49.293500000000002,49.6,27.2758,33.450000000000003]
[2019,12,24,21,43823.87499999861,24.569199999999999,"Valid",33.479999999999997,39.770899999999997,"Valid",49.34,null,null,24.569199999999999,33.479999999999997,39.770899999999997,49.34,39.770899999999997,49.34,24.569199999999999,33.479999999999997]
[2019,12,24,22,43823.916666665275,20.1143,"Valid",33.35,31.4711,"Valid",48.84,null,null,20.1143,33.35,31.4711,48.84,31.4711,48.84,20.1143,33.35]
[2019,12,24,23,43823.958333331939,17.258299999999998,"Valid",33.090000000000003,25.650079999999999,"Valid",47.94,null,null,17.258299999999998,33.090000000000003,25.650079999999999,47.94,25.650079999999999,47.94,17.258299999999998,33.090000000000003]
[2019,12,25,0,43823.999999998603,16.023399999999999,"Valid",32.69,22.123570000000001,"Valid",46.97,null,null,{"$f":"IF(G578=\"Valid\", F578, NA())","v":16.023399999999999},{"$f":"IF(G578=\"Valid\", H578, NA())","v":32.69},{"$f":"IF(J578=\"Valid\", I578, NA())","v":22.123570000000001},{"$f":"IF(J578=\"Valid\", K578, NA())","v":46.97},22.123570000000001,46.97,16.023399999999999,32.69]
[2019,12,25,1,43824.041666665267,12.4589,"Valid",32.1,19.1814,"Valid",45.8,null,null,12.4589,32.1,19.1814,45.8,19.1814,45.8,12.4589,32.1]
[{"$f":"A579","v":2019},12,25,{"$f":"IF(D579=23,0,D579+1)","v":2},{"$f":"E579+0.0416666666666666","v":43824.083333331931},13.145899999999999,"Valid",31.41,18.337309999999999,"Valid",44.6,null,null,13.145899999999999,31.41,18.337309999999999,44.6,18.337309999999999,44.6,13.145899999999999,31.41]
[2019,12,25,3,43824.124999998596,16.575900000000001,"Valid",31.18,21.901979999999998,"Valid",44,null,null,16.575900000000001,31.18,21.901979999999998,44,21.901979999999998,44,16.575900000000001,31.18]
[2019,12,25,4,43824.16666666526,12.057600000000001,"Valid",30.58,17.240400000000001,"Valid",43.1,null,null,12.057600000000001,30.58,17.240400000000001,43.1,17.240400000000001,43.1,12.057600000000001,30.58]
[2019,12,25,5,43824.208333331924,10.122299999999999,"Valid",30.13,15.26139,"Valid",42.36,null,null,10.122299999999999,30.13,15.26139,42.36,15.26139,42.36,10.122299999999999,30.13]
[2019,12,25,6,43824.249999998588,10.761799999999999,"Valid",29.41,15.86542,"Valid",41.32,null,null,10.761799999999999,29.41,15.86542,41.32,15.86542,41.32,10.761799999999999,29.41]
[2019,12,25,7,43824.291666665253,12.9643,"Valid",28.47,18.144670000000001,"Valid",40.21,null,null,12.9643,28.47,18.144670000000001,40.21,18.144670000000001,40.21,12.9643,28.47]
[2019,12,25,8,43824.333333331917,16.863700000000001,"Valid",27.11,25.059370000000001,"Valid",38.659999999999997,null,null,16.863700000000001,27.11,25.059370000000001,38.659999999999997,25.059370000000001,38.659999999999997,16.863700000000001,27.11]
[2019,12,25,9,43824.374999998581,20.6358,"Valid",25.26,31.374199999999998,"Valid",36.82,null,null,20.6358,25.26,31.374199999999998,36.82,31.374199999999998,36.82,20.6358,25.26]
[2019,12,25,10,43824.416666665245,19.819299999999998,"Valid",23.2,28.29119,"Valid",34.630000000000003,null,null,19.819299999999998,23.2,28.29119,34.630000000000003,28.29119,34.630000000000003,19.819299999999998,23.2]
[2019,12,25,11,43824.45833333191,33.462200000000003,"Valid",21.79,41.813499999999998,"Valid",33.08,null,null,33.462200000000003,21.79,41.813499999999998,33.08,41.813499999999998,33.08,33.462200000000003,21.79]
[2019,12,25,12,43824.499999998574,32.011400000000002,"Valid",22.3,40.747399999999999,"Valid",33.46,null,null,32.011400000000002,22.3,40.747399999999999,33.46,40.747399999999999,33.46,32.011400000000002,22.3]
[2019,12,25,13,43824.541666665238,33.252400000000002,"Valid",22.82,41.106389999999998,"Valid",33.82,null,null,33.252400000000002,22.82,41.106389999999998,33.82,41.106389999999998,33.82,33.252400000000002,22.82]
[2019,12,25,14,43824.583333331902,37.779200000000003,"Valid",23.5,48.844099999999997,"Valid",34.51,null,null,37.779200000000003,23.5,48.844099999999997,34.51,48.844099999999997,34.51,37.779200000000003,23.5]
[2019,12,25,15,43824.624999998567,29.613099999999999,"Valid",23.77,36.029580000000003,"Valid",34.57,null,null,29.613099999999999,23.77,36.029580000000003,34.57,36.029580000000003,34.57,29.613099999999999,23.77]
[2019,12,25,16,43824.666666665231,13.734500000000001,"Valid",23.35,19.574670000000001,"Valid",33.950000000000003,null,null,13.734500000000001,23.35,19.574670000000001,33.950000000000003,19.574670000000001,33.950000000000003,13.734500000000001,23.35]
[2019,12,25,17,43824.708333331895,16.299399999999999,"Valid",21.78,25.015619999999998,"Valid",31.92,null,null,16.299399999999999,21.78,25.015619999999998,31.92,25.015619999999998,31.92,16.299399999999999,21.78]
[2019,12,25,18,43824.749999998559,3.1988500000000002,"Valid",20.11,18.51125,"Valid",29.94,null,null,3.1988500000000002,20.11,18.51125,29.94,18.51125,29.94,3.1988500000000002,20.11]
[2019,12,25,19,43824.791666665224,12.888500000000001,"Valid",19.29,26.553000000000001,"Valid",28.22,null,null,12.888500000000001,19.29,26.553000000000001,28.22,26.553000000000001,28.22,12.888500000000001,19.29]
[2019,12,25,20,43824.833333331888,9.1287000000000003,"Valid",18.53,17.279589999999999,"Valid",26.88,null,null,9.1287000000000003,18.53,17.279589999999999,26.88,17.279589999999999,26.88,9.1287000000000003,18.53]
[2019,12,25,21,43824.874999998552,7.1677099999999996,"Valid",17.809999999999999,12.89653,"Valid",25.76,null,null,7.1677099999999996,17.809999999999999,12.89653,25.76,12.89653,25.76,7.1677099999999996,17.809999999999999]
[2019,12,25,22,43824.916666665216,7.0735799999999998,"Valid",17.260000000000002,12.311249999999999,"Valid",24.96,null,null,7.0735799999999998,17.260000000000002,12.311249999999999,24.96,12.311249999999999,24.96,7.0735799999999998,17.260000000000002]
[2019,12,25,23,43824.958333331881,6.9424799999999998,"Valid",16.829999999999998,10.93515,"Valid",24.35,null,null,6.9424799999999998,16.829999999999998,10.93515,24.35,10.93515,24.35,6.9424799999999998,16.829999999999998]
[2019,12,26,0,43824.999999998545,6.6130000000000004,"Valid",16.440000000000001,9.8281399999999994,"Valid",23.84,null,null,6.6130000000000004,16.440000000000001,9.8281399999999994,23.84,9.8281399999999994,23.84,6.6130000000000004,16.440000000000001]
[2019,{"$f":"B602","v":12},{"$f":"C579+1","v":26},1,43825.041666665209,4.9866599999999996,"Valid",16.13,7.5704599999999997,"Valid",23.35,null,null,4.9866599999999996,16.13,7.5704599999999997,23.35,7.5704599999999997,23.35,4.9866599999999996,16.13]
[2019,12,26,2,43825.083333331873,7.84999,"Valid",15.91,11.237030000000001,"Valid",23.06,null,null,7.84999,15.91,11.237030000000001,23.06,11.237030000000001,23.06,7.84999,15.91]
[2019,12,26,3,43825.124999998538,5.5948099999999998,"Valid",15.45,7.8361599999999996,"Valid",22.47,null,null,5.5948099999999998,15.45,7.8361599999999996,22.47,7.8361599999999996,22.47,5.5948099999999998,15.45]
[2019,12,26,4,43825.166666665202,7.2078300000000004,"Valid",15.25,10.87763,"Valid",22.21,null,null,7.2078300000000004,15.25,10.87763,22.21,10.87763,22.21,7.2078300000000004,15.25]
[2019,12,26,5,43825.208333331866,4.7079700000000004,"Valid",15.02,7.4450700000000003,"Valid",21.88,null,null,4.7079700000000004,15.02,7.4450700000000003,21.88,7.4450700000000003,21.88,4.7079700000000004,15.02]
[2019,12,26,6,43825.24999999853,4.89107,"Valid",14.78,15.03877,"Valid",21.85,null,null,4.89107,14.78,15.03877,21.85,15.03877,21.85,4.89107,14.78]
[2019,12,26,7,43825.291666665194,3.5122100000000001,"Valid",14.38,7.6430999999999996,"Valid",21.41,null,null,3.5122100000000001,14.38,7.6430999999999996,21.41,7.6430999999999996,21.41,3.5122100000000001,14.38]
[2019,12,26,8,43825.333333331859,5.22234,"Valid",13.9,7.3508300000000002,"Valid",20.67,null,null,5.22234,13.9,7.3508300000000002,20.67,7.3508300000000002,20.67,5.22234,13.9]
[2019,12,26,9,43825.374999998523,8.2408999999999999,"Valid",13.38,12.36788,"Valid",19.88,null,null,8.2408999999999999,13.38,12.36788,19.88,12.36788,19.88,8.2408999999999999,13.38]
[2019,12,26,10,43825.416666665187,10.924300000000001,"Valid",13.01,26.025700000000001,"Valid",19.78,null,null,10.924300000000001,13.01,26.025700000000001,19.78,26.025700000000001,19.78,10.924300000000001,13.01]
[2019,12,26,11,43825.458333331851,15.051299999999999,"Valid",12.25,25.708300000000001,"Valid",19.11,null,null,15.051299999999999,12.25,25.708300000000001,19.11,25.708300000000001,19.11,15.051299999999999,12.25]
[2019,12,26,12,43825.499999998516,14.686199999999999,"Valid",11.52,22.738040000000002,"Valid",18.36,null,null,14.686199999999999,11.52,22.738040000000002,18.36,22.738040000000002,18.36,14.686199999999999,11.52]
[2019,12,26,13,43825.54166666518,22.9572,"Valid",11.09,30.5444,"Valid",17.920000000000002,null,null,22.9572,11.09,30.5444,17.920000000000002,30.5444,17.920000000000002,22.9572,11.09]
[2019,12,26,14,43825.583333331844,29.673400000000001,"Valid",10.76,38.867489999999997,"Valid",17.510000000000002,null,null,29.673400000000001,10.76,38.867489999999997,17.510000000000002,38.867489999999997,17.510000000000002,29.673400000000001,10.76]
[2019,12,26,15,43825.624999998508,26.065100000000001,"Valid",10.61,37.321100000000001,"Valid",17.559999999999999,null,null,26.065100000000001,10.61,37.321100000000001,17.559999999999999,37.321100000000001,17.559999999999999,26.065100000000001,10.61]
[2019,12,26,16,43825.666666665173,33.8142,"Valid",11.45,47.463099999999997,"Valid",18.72,null,null,33.8142,11.45,47.463099999999997,18.72,47.463099999999997,18.72,33.8142,11.45]
[2019,12,26,17,43825.708333331837,38.049599999999998,"Valid",12.35,54.0869,"Valid",19.93,null,null,38.049599999999998,12.35,54.0869,19.93,54.0869,19.93,38.049599999999998,12.35]
[2019,12,26,18,43825.749999998501,30.030899999999999,"Valid",13.47,49.044899999999998,"Valid",21.21,null,null,30.030899999999999,13.47,49.044899999999998,21.21,49.044899999999998,21.21,30.030899999999999,13.47]
[2019,12,26,19,43825.791666665165,32.039000000000001,"Valid",14.27,46.675199999999997,"Valid",22.05,null,null,32.039000000000001,14.27,46.675199999999997,22.05,46.675199999999997,22.05,32.039000000000001,14.27]
[2019,12,26,20,43825.83333333183,33.984000000000002,"Valid",15.3,49.430300000000003,"Valid",23.39,null,null,33.984000000000002,15.3,49.430300000000003,23.39,49.430300000000003,23.39,33.984000000000002,15.3]
[2019,12,26,21,43825.874999998494,33.210799999999999,"Valid",16.39,44.698099999999997,"Valid",24.71,null,null,33.210799999999999,16.39,44.698099999999997,24.71,44.698099999999997,24.71,33.210799999999999,16.39]
[2019,12,26,22,43825.916666665158,36.699800000000003,"Valid",17.62,47.129100000000001,"Valid",26.16,null,null,36.699800000000003,17.62,47.129100000000001,26.16,47.129100000000001,26.16,36.699800000000003,17.62]
[2019,12,26,23,43825.958333331822,41.812600000000003,"Valid",19.079999999999998,51.547550000000001,"Valid",27.85,null,null,41.812600000000003,19.079999999999998,51.547550000000001,27.85,51.547550000000001,27.85,41.812600000000003,19.079999999999998]
[2019,12,27,0,43825.999999998487,43.8979,"Valid",20.63,53.189950000000003,"Valid",29.66,null,null,43.8979,20.63,53.189950000000003,29.66,53.189950000000003,29.66,43.8979,20.63]
[2019,12,27,1,43826.041666665151,40.210599999999999,"Valid",22.1,49.484340000000003,"Valid",31.41,null,null,40.210599999999999,22.1,49.484340000000003,31.41,49.484340000000003,31.41,40.210599999999999,22.1]
[2019,12,27,2,43826.083333331815,38.3996,"Valid",23.37,47.179609999999997,"Valid",32.9,null,null,38.3996,23.37,47.179609999999997,32.9,47.179609999999997,32.9,38.3996,23.37]
[2019,12,27,3,43826.124999998479,29.610299999999999,"Valid",24.37,38.89237,"Valid",34.200000000000003,null,null,29.610299999999999,24.37,38.89237,34.200000000000003,38.89237,34.200000000000003,29.610299999999999,24.37]
[2019,12,27,4,43826.166666665144,24.049399999999999,"Valid",25.07,31.751930000000002,"Valid",35.07,null,null,24.049399999999999,25.07,31.751930000000002,35.07,31.751930000000002,35.07,24.049399999999999,25.07]
[2019,12,27,5,43826.208333331808,17.390599999999999,"Valid",25.6,25.071619999999999,"Valid",35.799999999999997,null,null,17.390599999999999,25.6,25.071619999999999,35.799999999999997,25.071619999999999,35.799999999999997,17.390599999999999,25.6]
[2019,12,27,6,43826.249999998472,22.9465,"Valid",26.35,30.486429999999999,"Valid",36.450000000000003,null,null,22.9465,26.35,30.486429999999999,36.450000000000003,30.486429999999999,36.450000000000003,22.9465,26.35]
[2019,12,27,7,43826.291666665136,12.8794,"Valid",26.74,20.71152,"Valid",36.99,null,null,12.8794,26.74,20.71152,36.99,20.71152,36.99,12.8794,26.74]
[2019,12,27,8,43826.333333331801,14.350099999999999,"Valid",27.12,27.8965,"Valid",37.85,null,null,14.350099999999999,27.12,27.8965,37.85,27.8965,37.85,14.350099999999999,27.12]
[2019,12,27,9,43826.374999998465,20.963799999999999,"Valid",27.65,32.331800000000001,"Valid",38.68,null,null,20.963799999999999,27.65,32.331800000000001,38.68,32.331800000000001,38.68,20.963799999999999,27.65]
[2019,12,27,10,43826.416666665129,25.869299999999999,"Valid",28.28,37.761600000000001,"Valid",39.17,null,null,25.869299999999999,28.28,37.761600000000001,39.17,37.761600000000001,39.17,25.869299999999999,28.28]
[2019,12,27,11,43826.458333331793,35.694499999999998,"Valid",29.14,44.56955,"Valid",39.950000000000003,null,null,35.694499999999998,29.14,44.56955,39.950000000000003,44.56955,39.950000000000003,35.694499999999998,29.14]
[2019,12,27,12,43826.499999998457,26.3584,"Valid",29.62,41.371000000000002,"Valid",40.729999999999997,null,null,26.3584,29.62,41.371000000000002,40.729999999999997,41.371000000000002,40.729999999999997,26.3584,29.62]
[2019,12,27,13,43826.541666665122,34.267800000000001,"Valid",30.09,43.235190000000003,"Valid",41.26,null,null,34.267800000000001,30.09,43.235190000000003,41.26,43.235190000000003,41.26,34.267800000000001,30.09]
[2019,12,27,14,43826.583333331786,21.271699999999999,"Valid",29.74,32.246699999999997,"Valid",40.98,null,null,21.271699999999999,29.74,32.246699999999997,40.98,32.246699999999997,40.98,21.271699999999999,29.74]
[2019,12,27,15,43826.62499999845,25.2607,"Valid",29.71,33.226309999999998,"Valid",40.81,null,null,25.2607,29.71,33.226309999999998,40.81,33.226309999999998,40.81,25.2607,29.71]
[2019,12,27,16,43826.666666665114,32.777500000000003,"Valid",29.67,48.314500000000002,"Valid",40.85,null,null,{"$f":"IF(G642=\"Valid\", F642, NA())","v":32.777500000000003},{"$f":"IF(G642=\"Valid\", H642, NA())","v":29.67},{"$f":"IF(J642=\"Valid\", I642, NA())","v":48.314500000000002},{"$f":"IF(J642=\"Valid\", K642, NA())","v":40.85},48.314500000000002,40.85,32.777500000000003,29.67]
[2019,12,27,17,43826.708333331779,31.666799999999999,"Valid",29.4,38.638649999999998,"Valid",40.200000000000003,null,null,31.666799999999999,29.4,38.638649999999998,40.200000000000003,38.638649999999998,40.200000000000003,31.666799999999999,29.4]
[{"$f":"A643","v":2019},12,27,{"$f":"IF(D643=23,0,D643+1)","v":18},{"$f":"E643+0.0416666666666666","v":43826.749999998443},53.731099999999998,"Valid",30.39,60.399320000000003,"Valid",40.68,null,null,53.731099999999998,30.39,60.399320000000003,40.68,60.399320000000003,40.68,53.731099999999998,30.39]
[2019,12,27,19,43826.791666665107,35.591700000000003,"Valid",30.54,40.920189999999998,"Valid",40.44,null,null,35.591700000000003,30.54,40.920189999999998,40.44,40.920189999999998,40.44,35.591700000000003,30.54]
[2019,12,27,20,43826.833333331771,31.744599999999998,"Valid",30.44,37.687530000000002,"Valid",39.950000000000003,null,null,31.744599999999998,30.44,37.687530000000002,39.950000000000003,37.687530000000002,39.950000000000003,31.744599999999998,30.44]
[2019,12,27,21,43826.874999998436,45.881599999999999,"Valid",30.97,50.443159999999999,"Valid",40.19,null,null,45.881599999999999,30.97,50.443159999999999,40.19,50.443159999999999,40.19,45.881599999999999,30.97]
[2019,12,27,22,43826.9166666651,32.896500000000003,"Valid",30.81,37.513480000000001,"Valid",39.79,null,null,32.896500000000003,30.81,37.513480000000001,39.79,37.513480000000001,39.79,32.896500000000003,30.81]
[2019,12,27,23,43826.958333331764,38.501300000000001,"Valid",30.68,42.551099999999998,"Valid",39.409999999999997,null,null,38.501300000000001,30.68,42.551099999999998,39.409999999999997,42.551099999999998,39.409999999999997,38.501300000000001,30.68]
[2019,12,28,0,43826.999999998428,12.068099999999999,"Valid",29.35,17.162569999999999,"Valid",37.909999999999997,null,null,12.068099999999999,29.35,17.162569999999999,37.909999999999997,17.162569999999999,37.909999999999997,12.068099999999999,29.35]
[2019,12,28,1,43827.041666665093,12.229200000000001,"Valid",28.18,16.720600000000001,"Valid",36.549999999999997,null,null,12.229200000000001,28.18,16.720600000000001,36.549999999999997,16.720600000000001,36.549999999999997,12.229200000000001,28.18]
[2019,12,28,2,43827.083333331757,11.619199999999999,"Valid",27.07,19.27158,"Valid",35.380000000000003,null,null,11.619199999999999,27.07,19.27158,35.380000000000003,19.27158,35.380000000000003,11.619199999999999,27.07]
[2019,12,28,3,43827.124999998421,11.049099999999999,"Valid",26.29,15.758929999999999,"Valid",34.42,null,null,11.049099999999999,26.29,15.758929999999999,34.42,15.758929999999999,34.42,11.049099999999999,26.29]
[2019,12,28,4,43827.166666665085,8.6052499999999998,"Valid",25.65,13.26399,"Valid",33.65,null,null,8.6052499999999998,25.65,13.26399,33.65,13.26399,33.65,8.6052499999999998,25.65]
[2019,12,28,5,43827.20833333175,7.4826499999999996,"Valid",25.24,15.36576,"Valid",33.24,null,null,7.4826499999999996,25.24,15.36576,33.24,15.36576,33.24,7.4826499999999996,25.24]
[2019,12,28,6,43827.249999998414,7.1286399999999999,"Valid",24.58,13.259550000000001,"Valid",32.53,null,null,7.1286399999999999,24.58,13.259550000000001,32.53,13.259550000000001,32.53,7.1286399999999999,24.58]
[2019,12,28,7,43827.291666665078,8.9417200000000001,"Valid",24.41,16.663709999999998,"Valid",32.36,null,null,8.9417200000000001,24.41,16.663709999999998,32.36,16.663709999999998,32.36,8.9417200000000001,24.41]
[2019,12,28,8,43827.333333331742,6.8088800000000003,"Valid",24.1,15.517609999999999,"Valid",31.84,null,null,6.8088800000000003,24.1,15.517609999999999,31.84,15.517609999999999,31.84,6.8088800000000003,24.1]
[2019,12,28,9,43827.374999998407,14.724500000000001,"Valid",23.84,40.988300000000002,"Valid",32.200000000000003,null,null,14.724500000000001,23.84,40.988300000000002,32.200000000000003,40.988300000000002,32.200000000000003,14.724500000000001,23.84]
[2019,12,28,10,43827.416666665071,12.267799999999999,"Valid",23.27,22.5716,"Valid",31.57,null,null,12.267799999999999,23.27,22.5716,31.57,22.5716,31.57,12.267799999999999,23.27]
[2019,12,28,11,43827.458333331735,16.0383,"Valid",22.45,26.073899999999998,"Valid",30.8,null,null,16.0383,22.45,26.073899999999998,30.8,26.073899999999998,30.8,16.0383,22.45]
[2019,12,28,12,43827.499999998399,10.2652,"Valid",21.78,21.619299999999999,"Valid",29.98,null,null,10.2652,21.78,21.619299999999999,29.98,21.619299999999999,29.98,10.2652,21.78]
[2019,12,28,13,43827.541666665064,7.9076199999999996,"Valid",20.69,20.811520000000002,"Valid",29.04,null,null,7.9076199999999996,20.69,20.811520000000002,29.04,20.811520000000002,29.04,7.9076199999999996,20.69]
[2019,12,28,14,43827.583333331728,12.6165,"Valid",20.329999999999998,26.990400000000001,"Valid",28.82,null,null,12.6165,20.329999999999998,26.990400000000001,28.82,26.990400000000001,28.82,12.6165,20.329999999999998]
[2019,12,28,15,43827.624999998392,12.887600000000001,"Valid",19.809999999999999,21.308440000000001,"Valid",28.33,null,null,12.887600000000001,19.809999999999999,21.308440000000001,28.33,21.308440000000001,28.33,12.887600000000001,19.809999999999999]
[2019,12,28,16,43827.666666665056,18.494199999999999,"Valid",19.21,25.38111,"Valid",27.37,null,null,18.494199999999999,19.21,25.38111,27.37,25.38111,27.37,18.494199999999999,19.21]
[2019,{"$f":"B666","v":12},{"$f":"C643+1","v":28},17,43827.70833333172,11.877599999999999,"Valid",18.39,18.419910000000002,"Valid",26.53,null,null,11.877599999999999,18.39,18.419910000000002,26.53,18.419910000000002,26.53,11.877599999999999,18.39]
[2019,12,28,18,43827.749999998385,20.724599999999999,"Valid",17.010000000000002,26.151579999999999,"Valid",25.1,null,null,20.724599999999999,17.010000000000002,26.151579999999999,25.1,26.151579999999999,25.1,20.724599999999999,17.010000000000002]
[2019,12,28,19,43827.791666665049,9.4419199999999996,"Valid",15.93,17.074850000000001,"Valid",24.11,null,null,9.4419199999999996,15.93,17.074850000000001,24.11,17.074850000000001,24.11,9.4419199999999996,15.93]
[2019,12,28,20,43827.833333331713,10.6197,"Valid",15.04,22.949300000000001,"Valid",23.49,null,null,10.6197,15.04,22.949300000000001,23.49,22.949300000000001,23.49,10.6197,15.04]
[2019,12,28,21,43827.874999998377,9.2699300000000004,"Valid",13.52,20.265229999999999,"Valid",22.24,null,null,9.2699300000000004,13.52,20.265229999999999,22.24,20.265229999999999,22.24,9.2699300000000004,13.52]
[2019,12,28,22,43827.916666665042,8.6512100000000007,"Valid",12.51,20.77411,"Valid",21.54,null,null,8.6512100000000007,12.51,20.77411,21.54,20.77411,21.54,8.6512100000000007,12.51]
[2019,12,28,23,43827.958333331706,1.4330700000000001,"Valid",10.96,11.259729999999999,"Valid",20.23,null,null,1.4330700000000001,10.96,11.259729999999999,20.23,11.259729999999999,20.23,1.4330700000000001,10.96]
[2019,12,29,0,43827.99999999837,3.1080000000000001,"Valid",10.59,13.07485,"Valid",20.059999999999999,null,null,3.1080000000000001,10.59,13.07485,20.059999999999999,13.07485,20.059999999999999,3.1080000000000001,10.59]
[2019,12,29,1,43828.041666665034,7.0444899999999997,"Valid",10.38,16.45825,"Valid",20.05,null,null,7.0444899999999997,10.38,16.45825,20.05,16.45825,20.05,7.0444899999999997,10.38]
[2019,12,29,2,43828.083333331699,8.4950600000000005,"Valid",10.25,36.193759999999997,"Valid",20.76,null,null,8.4950600000000005,10.25,36.193759999999997,20.76,36.193759999999997,20.76,8.4950600000000005,10.25]
[2019,12,29,3,43828.124999998363,7.7134,"Valid",10.11,37.433399999999999,"Valid",21.66,null,null,7.7134,10.11,37.433399999999999,21.66,37.433399999999999,21.66,7.7134,10.11]
[2019,12,29,4,43828.166666665027,12.9117,"Valid",10.29,72.408199999999994,"Valid",24.13,null,null,12.9117,10.29,72.408199999999994,24.13,72.408199999999994,24.13,12.9117,10.29]
[2019,12,29,5,43828.208333331691,7.2023099999999998,"Valid",10.27,25.78781,"Valid",24.56,null,null,7.2023099999999998,10.27,25.78781,24.56,25.78781,24.56,7.2023099999999998,10.27]
[2019,12,29,6,43828.249999998356,4.66906,"Valid",10.17,15.677960000000001,"Valid",24.66,null,null,4.66906,10.17,15.677960000000001,24.66,15.677960000000001,24.66,4.66906,10.17]
[2019,12,29,7,43828.29166666502,9.0024099999999994,"Valid",10.17,19.634209999999999,"Valid",24.78,null,null,9.0024099999999994,10.17,19.634209999999999,24.78,19.634209999999999,24.78,9.0024099999999994,10.17]
[2019,12,29,8,43828.333333331684,16.171800000000001,"Valid",10.56,44.822899999999997,"Valid",26.01,null,null,16.171800000000001,10.56,44.822899999999997,26.01,44.822899999999997,26.01,16.171800000000001,10.56]
[2019,12,29,9,43828.374999998348,11.8668,"Valid",10.45,21.556799999999999,"Valid",25.2,null,null,11.8668,10.45,21.556799999999999,25.2,21.556799999999999,25.2,11.8668,10.45]
[2019,12,29,10,43828.416666665013,11.185499999999999,"Valid",10.4,20.86148,"Valid",25.12,null,null,11.185499999999999,10.4,20.86148,25.12,20.86148,25.12,11.185499999999999,10.4]
[2019,12,29,11,43828.458333331677,15.55,"Valid",10.38,24.764130000000002,"Valid",25.07,null,null,15.55,10.38,24.764130000000002,25.07,24.764130000000002,25.07,15.55,10.38]
[2019,12,29,12,43828.499999998341,13.975199999999999,"Valid",10.53,24.5411,"Valid",25.19,null,null,13.975199999999999,10.53,24.5411,25.19,24.5411,25.19,13.975199999999999,10.53]
[2019,12,29,13,43828.541666665005,15.1275,"Valid",10.83,23.60699,"Valid",25.31,null,null,15.1275,10.83,23.60699,25.31,23.60699,25.31,15.1275,10.83]
[2019,12,29,14,43828.58333333167,26.028600000000001,"Valid",11.39,33.938290000000002,"Valid",25.6,null,null,26.028600000000001,11.39,33.938290000000002,25.6,33.938290000000002,25.6,26.028600000000001,11.39]
[2019,12,29,15,43828.624999998334,20.0974,"Valid",11.69,27.930890000000002,"Valid",25.87,null,null,20.0974,11.69,27.930890000000002,25.87,27.930890000000002,25.87,20.0974,11.69]
[2019,12,29,16,43828.666666664998,33.8401,"Valid",12.33,41.240859999999998,"Valid",26.53,null,null,33.8401,12.33,41.240859999999998,26.53,41.240859999999998,26.53,33.8401,12.33]
[2019,12,29,17,43828.708333331662,45.048299999999998,"Valid",13.72,50.185720000000003,"Valid",27.86,null,null,45.048299999999998,13.72,50.185720000000003,27.86,50.185720000000003,27.86,45.048299999999998,13.72]
[2019,12,29,18,43828.749999998327,45.101500000000001,"Valid",14.73,51.837899999999998,"Valid",28.93,null,null,45.101500000000001,14.73,51.837899999999998,28.93,51.837899999999998,28.93,45.101500000000001,14.73]
[2019,12,29,19,43828.791666664991,42.857999999999997,"Valid",16.12,51.26144,"Valid",30.35,null,null,42.857999999999997,16.12,51.26144,30.35,51.26144,30.35,42.857999999999997,16.12]
[2019,12,29,20,43828.833333331655,25.297599999999999,"Valid",16.739999999999998,37.353299999999997,"Valid",30.95,null,null,25.297599999999999,16.739999999999998,37.353299999999997,30.95,37.353299999999997,30.95,25.297599999999999,16.739999999999998]
[2019,12,29,21,43828.874999998319,18.310400000000001,"Valid",17.11,29.0242,"Valid",31.32,null,null,18.310400000000001,17.11,29.0242,31.32,29.0242,31.32,18.310400000000001,17.11]
[2019,12,29,22,43828.916666664983,13.228199999999999,"Valid",17.3,24.198599999999999,"Valid",31.46,null,null,13.228199999999999,17.3,24.198599999999999,31.46,24.198599999999999,31.46,13.228199999999999,17.3]
[2019,12,29,23,43828.958333331648,13.497199999999999,"Valid",17.809999999999999,23.986699999999999,"Valid",31.99,null,null,13.497199999999999,17.809999999999999,23.986699999999999,31.99,23.986699999999999,31.99,13.497199999999999,17.809999999999999]
[2019,12,30,0,43828.999999998312,12.565099999999999,"Valid",18.2,20.268139999999999,"Valid",32.29,null,null,12.565099999999999,18.2,20.268139999999999,32.29,20.268139999999999,32.29,12.565099999999999,18.2]
[2019,12,30,1,43829.041666664976,12.982200000000001,"Valid",18.45,24.135300000000001,"Valid",32.61,null,null,12.982200000000001,18.45,24.135300000000001,32.61,24.135300000000001,32.61,12.982200000000001,18.45]
[2019,12,30,2,43829.08333333164,9.9763599999999997,"Valid",18.510000000000002,17.051929999999999,"Valid",31.81,null,null,9.9763599999999997,18.510000000000002,17.051929999999999,31.81,17.051929999999999,31.81,9.9763599999999997,18.510000000000002]
[2019,12,30,3,43829.124999998305,6.4755099999999999,"Valid",18.46,13.36824,"Valid",30.81,null,null,6.4755099999999999,18.46,13.36824,30.81,13.36824,30.81,6.4755099999999999,18.46]
[2019,12,30,4,43829.166666664969,7.8496699999999997,"Valid",18.25,13.256919999999999,"Valid",28.35,null,null,7.8496699999999997,18.25,13.256919999999999,28.35,13.256919999999999,28.35,7.8496699999999997,18.25]
[2019,12,30,5,43829.208333331633,6.5142300000000004,"Valid",18.22,13.68084,"Valid",27.84,null,null,6.5142300000000004,18.22,13.68084,27.84,13.68084,27.84,6.5142300000000004,18.22]
[2019,12,30,6,43829.249999998297,5.5936899999999996,"Valid",18.260000000000002,12.62669,"Valid",27.71,null,null,5.5936899999999996,18.260000000000002,12.62669,27.71,12.62669,27.71,5.5936899999999996,18.260000000000002]
[2019,12,30,7,43829.291666664962,8.7613900000000005,"Valid",18.25,16.328510000000001,"Valid",27.58,null,null,8.7613900000000005,18.25,16.328510000000001,27.58,16.328510000000001,27.58,8.7613900000000005,18.25]
[2019,12,30,8,43829.333333331626,2.0300600000000002,"Valid",17.66,12.267060000000001,"Valid",26.22,null,null,{"$f":"IF(G706=\"Valid\", F706, NA())","v":2.0300600000000002},{"$f":"IF(G706=\"Valid\", H706, NA())","v":17.66},{"$f":"IF(J706=\"Valid\", I706, NA())","v":12.267060000000001},{"$f":"IF(J706=\"Valid\", K706, NA())","v":26.22},12.267060000000001,26.22,2.0300600000000002,17.66]
[2019,12,30,9,43829.37499999829,8.2786399999999993,"Valid",17.510000000000002,23.739640000000001,"Valid",26.31,null,null,8.2786399999999993,17.510000000000002,23.739640000000001,26.31,23.739640000000001,26.31,8.2786399999999993,17.510000000000002]
[{"$f":"A707","v":2019},12,30,{"$f":"IF(D707=23,0,D707+1)","v":10},{"$f":"E707+0.0416666666666666","v":43829.416666664954},9.3196999999999992,"Valid",17.43,26.998000000000001,"Valid",26.57,null,null,9.3196999999999992,17.43,26.998000000000001,26.57,26.998000000000001,26.57,9.3196999999999992,17.43]
[2019,12,30,11,43829.458333331619,16.087199999999999,"Valid",17.45,32.624499999999998,"Valid",26.89,null,null,16.087199999999999,17.45,32.624499999999998,26.89,32.624499999999998,26.89,16.087199999999999,17.45]
[2019,12,30,12,43829.499999998283,15.9985,"Valid",17.54,32.188099999999999,"Valid",27.21,null,null,15.9985,17.54,32.188099999999999,27.21,32.188099999999999,27.21,15.9985,17.54]
[2019,12,30,13,43829.541666664947,11.361599999999999,"Valid",17.38,26.610900000000001,"Valid",27.34,null,null,11.361599999999999,17.38,26.610900000000001,27.34,26.610900000000001,27.34,11.361599999999999,17.38]
[2019,12,30,14,43829.583333331611,27.282800000000002,"Valid",17.43,44.595700000000001,"Valid",27.78,null,null,27.282800000000002,17.43,44.595700000000001,27.78,44.595700000000001,27.78,27.282800000000002,17.43]
[2019,12,30,15,43829.624999998276,24.0215,"Valid",17.59,36.654699999999998,"Valid",28.15,null,null,24.0215,17.59,36.654699999999998,28.15,36.654699999999998,28.15,24.0215,17.59]
[2019,12,30,16,43829.66666666494,22.873999999999999,"Valid",17.14,35.876800000000003,"Valid",27.92,null,null,22.873999999999999,17.14,35.876800000000003,27.92,35.876800000000003,27.92,22.873999999999999,17.14]
[2019,12,30,17,43829.708333331604,24.762699999999999,"Valid",16.29,37.617100000000001,"Valid",27.4,null,null,24.762699999999999,16.29,37.617100000000001,27.4,37.617100000000001,27.4,24.762699999999999,16.29]
[2019,12,30,18,43829.749999998268,7.8257899999999996,"Valid",14.74,21.603090000000002,"Valid",26.14,null,null,7.8257899999999996,14.74,21.603090000000002,26.14,21.603090000000002,26.14,7.8257899999999996,14.74]
[2019,12,30,19,43829.791666664933,14.5511,"Valid",13.56,24.401949999999999,"Valid",25.02,null,null,14.5511,13.56,24.401949999999999,25.02,24.401949999999999,25.02,14.5511,13.56]
[2019,12,30,20,43829.833333331597,8.9222300000000008,"Valid",12.88,24.157430000000002,"Valid",24.47,null,null,8.9222300000000008,12.88,24.157430000000002,24.47,24.157430000000002,24.47,8.9222300000000008,12.88]
[2019,12,30,21,43829.874999998261,8.49803,"Valid",12.47,23.17313,"Valid",24.23,null,null,8.49803,12.47,23.17313,24.23,23.17313,24.23,8.49803,12.47]
[2019,12,30,22,43829.916666664925,7.2220199999999997,"Valid",12.22,17.253520000000002,"Valid",23.94,null,null,7.2220199999999997,12.22,17.253520000000002,23.94,17.253520000000002,23.94,7.2220199999999997,12.22]
[2019,12,30,23,43829.95833333159,3.5551599999999999,"Valid",11.8,13.28276,"Valid",23.49,null,null,3.5551599999999999,11.8,13.28276,23.49,13.28276,23.49,3.5551599999999999,11.8]
[2019,12,31,0,43829.999999998254,4.8925700000000001,"Valid",11.48,13.604039999999999,"Valid",23.21,null,null,4.8925700000000001,11.48,13.604039999999999,23.21,13.604039999999999,23.21,4.8925700000000001,11.48]
[2019,12,31,1,43830.041666664918,2.7119300000000002,"Valid",11.06,12.91553,"Valid",22.74,null,null,2.7119300000000002,11.06,12.91553,22.74,12.91553,22.74,2.7119300000000002,11.06]
[2019,12,31,2,43830.083333331582,4.8532799999999998,"Valid",10.84,23.026679999999999,"Valid",22.99,null,null,4.8532799999999998,10.84,23.026679999999999,22.99,23.026679999999999,22.99,4.8532799999999998,10.84]
[2019,12,31,3,43830.124999998246,8.8185500000000001,"Valid",10.94,37.111350000000002,"Valid",23.98,null,null,8.8185500000000001,10.94,37.111350000000002,23.98,37.111350000000002,23.98,8.8185500000000001,10.94]
[2019,12,31,4,43830.166666664911,5.4596499999999999,"Valid",10.84,24.098949999999999,"Valid",24.43,null,null,5.4596499999999999,10.84,24.098949999999999,24.43,24.098949999999999,24.43,5.4596499999999999,10.84]
[2019,12,31,5,43830.208333331575,7.6984899999999996,"Valid",10.89,21.27129,"Valid",24.75,null,null,7.6984899999999996,10.89,21.27129,24.75,21.27129,24.75,7.6984899999999996,10.89]
[2019,12,31,6,43830.249999998239,8.5651600000000006,"Valid",11.01,27.47906,"Valid",25.37,null,null,8.5651600000000006,11.01,27.47906,25.37,27.47906,25.37,8.5651600000000006,11.01]
[2019,12,31,7,43830.291666664903,1.96939,"Valid",10.73,25.724589999999999,"Valid",25.76,null,null,1.96939,10.73,25.724589999999999,25.76,25.724589999999999,25.76,1.96939,10.73]
[2019,12,31,8,43830.333333331568,6.4014300000000004,"Valid",10.91,32.362130000000001,"Valid",26.6,null,null,6.4014300000000004,10.91,32.362130000000001,26.6,32.362130000000001,26.6,6.4014300000000004,10.91]
[2019,{"$f":"B730","v":12},{"$f":"C707+1","v":31},9,43830.374999998232,4.9946900000000003,"Valid",10.78,26.213889999999999,"Valid",26.7,null,null,4.9946900000000003,10.78,26.213889999999999,26.7,26.213889999999999,26.7,4.9946900000000003,10.78]
[2019,12,31,10,43830.416666664896,13.758599999999999,"Valid",10.96,33.963799999999999,"Valid",26.99,null,null,13.758599999999999,10.96,33.963799999999999,26.99,33.963799999999999,26.99,13.758599999999999,10.96]
[2019,12,31,11,43830.45833333156,16.221,"Valid",10.97,43.438499999999998,"Valid",27.44,null,null,16.221,10.97,43.438499999999998,27.44,43.438499999999998,27.44,16.221,10.97]
[2019,12,31,12,43830.499999998225,12.2117,"Valid",10.81,37.455399999999997,"Valid",27.66,null,null,12.2117,10.81,37.455399999999997,27.66,37.455399999999997,27.66,12.2117,10.81]
[2019,12,31,13,43830.541666664889,14.3322,"Valid",10.93,42.264299999999999,"Valid",28.31,null,null,14.3322,10.93,42.264299999999999,28.31,42.264299999999999,28.31,14.3322,10.93]
[2019,12,31,14,43830.583333331553,11.175599999999999,"Valid",10.26,31.6478,"Valid",27.77,null,null,11.175599999999999,10.26,31.6478,27.77,31.6478,27.77,11.175599999999999,10.26]
[2019,12,31,15,43830.624999998217,21.872900000000001,"Valid",10.17,43.149500000000003,"Valid",28.05,null,null,21.872900000000001,10.17,43.149500000000003,28.05,43.149500000000003,28.05,21.872900000000001,10.17]
[2019,12,31,16,43830.666666664882,27.804200000000002,"Valid",10.38,43.875100000000003,"Valid",28.38,null,null,27.804200000000002,10.38,43.875100000000003,28.38,43.875100000000003,28.38,27.804200000000002,10.38]
[2019,12,31,17,43830.708333331546,21.5794,"Valid",10.25,47.957299999999996,"Valid",28.81,null,null,21.5794,10.25,47.957299999999996,28.81,47.957299999999996,28.81,21.5794,10.25]
[2019,12,31,18,43830.74999999821,17.648499999999999,"Valid",10.65,27.275390000000002,"Valid",29.05,null,null,17.648499999999999,10.65,27.275390000000002,29.05,27.275390000000002,29.05,17.648499999999999,10.65]
[2019,12,31,19,43830.791666664874,18.8337,"Valid",10.83,31.980899999999998,"Valid",29.36,null,null,18.8337,10.83,31.980899999999998,29.36,31.980899999999998,29.36,18.8337,10.83]
[2019,12,31,20,43830.833333331539,18.683,"Valid",11.24,40.377600000000001,"Valid",30.04,null,null,18.683,11.24,40.377600000000001,30.04,40.377600000000001,30.04,18.683,11.24]
[2019,12,31,21,43830.874999998203,15.8009,"Valid",11.54,37.695500000000003,"Valid",30.64,null,null,15.8009,11.54,37.695500000000003,30.64,37.695500000000003,30.64,15.8009,11.54]
[2019,12,31,22,43830.916666664867,15.961399999999999,"Valid",11.91,29.127199999999998,"Valid",31.14,null,null,15.961399999999999,11.91,29.127199999999998,31.14,29.127199999999998,31.14,15.961399999999999,11.91]
[2019,12,31,23,43830.958333331531,14.7874,"Valid",12.38,27.952999999999999,"Valid",31.75,null,null,14.7874,12.38,27.952999999999999,31.75,27.952999999999999,31.75,14.7874,12.38]

{"sheet":"Raw data_format","index":4,"n_rows":8,"n_cols":6,"rows_kept":8,"cut":false,"hidden":false,"merged":[]}
["Parameter","Format","Comment","Units of measure","Minimum","Maximum"]
["Year","yyyy","4 integer format","Not applicable",2015,"Until reporting ceases"]
["Month","mm","2 integer format","Not applicable",1,12]
["Day","dd","2 integer format","Not applicable",1,31]
["Hour","hh","2 integer format","Not applicable",0,23]
["PM10",0,"1 decimal place resolution","µg/m3","Negative","Instrument specific"]
["PM2.5",0,"2 decimal place resolution","µg/m3","Negative","Instrument specific"]
["Status","Text","7 character format","Not applicable","Valid","Invalid"]