{"text_format":"1","workbook":"xlsx","n_sheets":7,"sheets":["Instructions","Meta data_sheet","Meta data_lookup","Raw data_sheet","Raw data_format","24hr_PM10_chart","24hr_PM2.5_chart"],"not_rendered":{"charts":4,"images":0,"macros":1,"external_links":0,"defined_names":10,"comments":0,"pivot_tables":0},"unopened":[{"sheet":"24hr_PM10_chart","index":5,"reason":"not_a_worksheet"},{"sheet":"24hr_PM2.5_chart","index":6,"reason":"not_a_worksheet"}],"bounds":{"document_bytes":16777216,"sheet_cells":100000,"rows_first":2000,"rows_last":500,"rows_between":2000,"halvings":0,"cell_chars":16384,"cell_head_chars":4096},"cells_cut":0,"cells_raw":0,"read":"whole","date_system":"1900"}

{"sheet":"Instructions","index":0,"n_rows":0,"n_cols":0,"rows_kept":0,"cut":false,"hidden":false,"merged":[]}

{"sheet":"Meta data_sheet","index":1,"n_rows":17,"n_cols":5,"rows_kept":17,"cut":false,"hidden":false,"merged":[[18,0,18,1],[16,0,16,1]]}
["Ambient Monitoring Station","Details",null,"Ambient Monitoring Results","Details"]
["Location","Breeza",null,"PM2.5 monitoring start (dd/mm/yyyy hh:mm)","2019-11-01"]
["Easting",{"$f":"VLOOKUP($B$2,'Meta data_lookup'!$A$2:$D$5,2,FALSE)","v":237993},null,"PM2.5 monitoring end","2019-12-01"]
["Northing",{"$f":"VLOOKUP($B$2,'Meta data_lookup'!$A$2:$D$5,3,FALSE)","v":6542606},null,"PM2.5 monitoring period (h)",{"$f":"(E3-E2)*24","v":720}]
["Site elevation (m)",{"$f":"VLOOKUP($B$2,'Meta data_lookup'!$A$2:$D$5,4,FALSE)","v":"ND"},null,"Number of valid PM2.5 results",{"$f":"COUNTIF('Raw data_sheet'!G2:G745,\"Valid\")","v":693}]
["Description of surrounding land use","Agriculture",null,"Proportion of valid PM2.5 results (%)",{"$f":"E5/E4","v":0.96250000000000002}]
["Typical sources impacting on the site","Agriculture/Gravel roads",null,"PM10 monitoring start (dd/mm/yyyy hh:mm)","2019-11-01"]
["Site compliance with AS/NZS 3580.1.1:2007","Yes",null,"PM10 monitoring end","2019-12-01"]
["PM2.5 method compliance with AS/NZS 3580.9.13:2013\n","Yes",null,"PM10 monitoring period (h)",{"$f":"(E8-E7)*24","v":720}]
["PM2.5 instrument make","Thermo",null,"Number of valid PM10 results",{"$f":"COUNTIF('Raw data_sheet'!J2:J745,\"Valid\")","v":693}]
["PM2.5 instrument model","1405DF",null,"Proportion of valid PM10 results (%)",{"$f":"E10/E9","v":0.96250000000000002}]
["PM2.5 instrument intake height (m)",3.5]
["PM10 method compliance with AS 3580.9.8-2008\n","No*"]
["PM10 instrument make","Thermo"]
["PM10 instrument model","1405DF"]
["PM10 instrument intake height (m)",3.5]
["*The 1405DF TEOM used at this site measures PM10 indirectly rather than directly. The unit does however meet the intent of AS 3580.9.8-2008, and this method has been accredited by the USEPA. It is considered scientifically robust and is used extensively throughout NSW with EPA's knowledge and informal acceptance."]

{"sheet":"Meta data_lookup","index":2,"n_rows":5,"n_cols":4,"rows_kept":5,"cut":false,"hidden":false,"merged":[]}
["Location","Easting","Northing","Site elevation (m)"]
["Maules Creek",225302,6623037,"ND"]
["Breeza",237993,6542606,"ND"]
["Will-gai",231804,6596392,"ND"]
["Werris Creek",276783,6528734,"ND"]

{"sheet":"Raw data_sheet","index":3,"n_rows":745,"n_cols":21,"rows_kept":745,"cut":false,"hidden":false,"merged":[]}
["Year","Month","Day","Hour","Date and time","PM2.5_hourly","PM2.5_Data_Status","PM2.5_24hr_rolling_average","PM10_hourly","PM10_Data_Status","PM10_24hr_rolling_average","Cause of data invalidity, if applicable","Detailed comments","PM2.5_hourly_valid_plot","PM2.5_24hr_rolling_ave_valid_plot","PM10_hourly_valid_plot","PM10_24hr_rolling_ave_valid_plot","PM10_hourly_valid_plot_series","PM10_24hr_rolling_average_valid_plot_series","PM2.5_hourly_valid_plot_series","PM2.5_24hr_rolling_average_valid_plot_series"]
[2019,11,1,0,{"$f":"DATE(A2,B2,C2)+TIME(D2,0,0)","v":43770},40.79,"Valid",18.940000000000001,53.93,"Valid",51.1,null,null,{"$f":"IF(G2=\"Valid\", F2, NA())","v":40.79},{"$f":"IF(G2=\"Valid\", H2, NA())","v":18.940000000000001},{"$f":"IF(J2=\"Valid\", I2, NA())","v":53.93},{"$f":"IF(J2=\"Valid\", K2, NA())","v":51.1},53.93,51.1,40.79,18.940000000000001]
[{"$f":"A2","v":2019},{"$f":"B2","v":11},{"$f":"C2","v":1},{"$f":"IF(D2=23,0,D2+1)","v":1},{"$f":"E2+0.0416666666666666","v":43770.041666666664},31.4,"Valid",19.89,42.75,"Valid",51.58,null,null,31.4,19.89,42.75,51.58,42.75,51.58,31.4,19.89]
[{"$f":"A3","v":2019},{"$f":"B3","v":11},1,{"$f":"IF(D3=23,0,D3+1)","v":2},{"$f":"E3+0.0416666666666666","v":43770.083333333328},30.8,"Valid",20.66,43.16,"Valid",52.04,null,null,30.8,20.66,43.16,52.04,43.16,52.04,30.8,20.66]
[2019,11,1,3,43770.124999999993,33.5,"Valid",21.54,46.7,"Valid",52.7,null,null,33.5,21.54,46.7,52.7,46.7,52.7,33.5,21.54]
[2019,11,1,4,43770.166666666657,37.409999999999997,"Valid",22.73,54.06,"Valid",53.74,null,null,37.409999999999997,22.73,54.06,53.74,54.06,53.74,37.409999999999997,22.73]
[2019,11,1,5,43770.208333333321,31.95,"Valid",23.68,48.37,"Valid",54.55,null,null,31.95,23.68,48.37,54.55,48.37,54.55,31.95,23.68]
[2019,11,1,6,43770.249999999985,32.130000000000003,"Valid",24.37,46.14,"Valid",55.01,null,null,32.130000000000003,24.37,46.14,55.01,46.14,55.01,32.130000000000003,24.37]
[2019,11,1,7,43770.29166666665,32.340000000000003,"Valid",25.16,56.37,"Valid",55.81,null,null,32.340000000000003,25.16,56.37,55.81,56.37,55.81,32.340000000000003,25.16]
[2019,11,1,8,43770.333333333314,28.31,"Valid",25.8,49.92,"Valid",56.36,null,null,28.31,25.8,49.92,56.36,49.92,56.36,28.31,25.8]
[2019,11,1,9,43770.374999999978,33.6,"Valid",26.62,48.63,"Valid",56.14,null,null,33.6,26.62,48.63,56.14,48.63,56.14,33.6,26.62]
[2019,11,1,10,43770.416666666642,30.42,"Valid",27.37,44.02,"Valid",56.07,null,null,30.42,27.37,44.02,56.07,44.02,56.07,30.42,27.37]
[2019,11,1,11,43770.458333333307,33.54,"Valid",28.32,49.79,"Valid",56.53,null,null,33.54,28.32,49.79,56.53,49.79,56.53,33.54,28.32]
[2019,11,1,12,43770.499999999971,29.51,"Valid",28.97,46.29,"Valid",56.22,null,null,29.51,28.97,46.29,56.22,46.29,56.22,29.51,28.97]
[2019,11,1,13,43770.541666666635,27.67,"Valid",29.72,62.69,"Valid",57.31,null,null,27.67,29.72,62.69,57.31,62.69,57.31,27.67,29.72]
[2019,11,1,14,43770.583333333299,26.82,"Valid",29.71,43.19,"Valid",57.04,null,null,26.82,29.71,43.19,57.04,43.19,57.04,26.82,29.71]
[2019,11,1,15,43770.624999999964,33.31,"Valid",30.07,50.42,"Valid",57.01,null,null,33.31,30.07,50.42,57.01,50.42,57.01,33.31,30.07]
[2019,11,1,16,43770.666666666628,37.01,"Valid",30.44,50.04,"Valid",56.86,null,null,37.01,30.44,50.04,56.86,50.04,56.86,37.01,30.44]
[2019,11,1,17,43770.708333333292,36.909999999999997,"Valid",30.7,52.57,"Valid",48.67,null,null,36.909999999999997,30.7,52.57,48.67,52.57,48.67,36.909999999999997,30.7]
[2019,11,1,18,43770.749999999956,32.57,"Valid",31.24,45.28,"Valid",48.12,null,null,32.57,31.24,45.28,48.12,45.28,48.12,32.57,31.24]
[2019,11,1,19,43770.791666666621,30.87,"Valid",31.91,42.56,"Valid",48.73,null,null,30.87,31.91,42.56,48.73,42.56,48.73,30.87,31.91]
[2019,11,1,20,43770.833333333285,33.64,"Valid",32.29,71.08,"Valid",50.08,null,null,33.64,32.29,71.08,50.08,71.08,50.08,33.64,32.29]
[2019,11,1,21,43770.874999999949,33.44,"Valid",32.799999999999997,62.4,"Valid",50.57,null,null,33.44,32.799999999999997,62.4,50.57,62.4,50.57,33.44,32.799999999999997]
[2019,11,1,22,43770.916666666613,48.41,"Valid",33.82,65.95,"Valid",51.47,null,null,48.41,33.82,65.95,51.47,65.95,51.47,48.41,33.82]
[2019,{"$f":"B24","v":11},{"$f":"C24","v":1},23,43770.958333333278,39.46,"Valid",33.58,51.11,"Valid",51.14,null,null,39.46,33.58,51.11,51.14,51.11,51.14,39.46,33.58]
[2019,{"$f":"B25","v":11},{"$f":"C2+1","v":2},0,43770.999999999942,26.44,"Valid",32.979999999999997,38.51,"Valid",50.5,null,null,26.44,32.979999999999997,38.51,50.5,38.51,50.5,26.44,32.979999999999997]
[2019,{"$f":"B26","v":11},{"$f":"C3+1","v":2},1,43771.041666666606,23.73,"Valid",32.659999999999997,36.43,"Valid",50.24,null,null,23.73,32.659999999999997,36.43,50.24,36.43,50.24,23.73,32.659999999999997]
[2019,11,2,2,43771.08333333327,19.05,"Valid",32.17,36.869999999999997,"Valid",49.97,null,null,19.05,32.17,36.869999999999997,49.97,36.869999999999997,49.97,19.05,32.17]
[2019,11,2,3,43771.124999999935,13.15,"Valid",31.32,27.73,"Valid",49.18,null,null,13.15,31.32,27.73,49.18,27.73,49.18,13.15,31.32]
[2019,11,2,4,43771.166666666599,12.47,"Valid",30.28,24.52,"Valid",47.95,null,null,12.47,30.28,24.52,47.95,24.52,47.95,12.47,30.28]
[2019,11,2,5,43771.208333333263,10,"Valid",29.37,17.59,"Valid",46.67,null,null,10,29.37,17.59,46.67,17.59,46.67,10,29.37]
[2019,11,2,6,43771.249999999927,9.51,"Valid",28.42,19.16,"Valid",45.55,null,null,9.51,28.42,19.16,45.55,19.16,45.55,9.51,28.42]
[2019,11,2,7,43771.291666666591,8.49,"Valid",27.43,17.38,"Valid",43.92,null,null,8.49,27.43,17.38,43.92,17.38,43.92,8.49,27.43]
[2019,11,2,8,43771.333333333256,8.08,"Valid",26.59,18.12,"Valid",42.6,null,null,8.08,26.59,18.12,42.6,18.12,42.6,8.08,26.59]
[2019,11,2,9,43771.37499999992,6.64,"Valid",25.46,13.74,"Valid",41.14,null,null,6.64,25.46,13.74,41.14,13.74,41.14,6.64,25.46]
[2019,11,2,10,43771.416666666584,12.68,"Valid",24.73,19.79,"Valid",40.130000000000003,null,null,12.68,24.73,19.79,40.130000000000003,19.79,40.130000000000003,12.68,24.73]
[2019,11,2,11,43771.458333333248,13.95,"Valid",23.91,23.86,"Valid",39.049999999999997,null,null,13.95,23.91,23.86,39.049999999999997,23.86,39.049999999999997,13.95,23.91]
[2019,11,2,12,43771.499999999913,17.170000000000002,"Valid",23.39,27.48,"Valid",38.270000000000003,null,null,17.170000000000002,23.39,27.48,38.270000000000003,27.48,38.270000000000003,17.170000000000002,23.39]
[2019,11,2,13,43771.541666666577,10.94,"Valid",22.7,22.21,"Valid",36.58,null,null,10.94,22.7,22.21,36.58,22.21,36.58,10.94,22.7]
[2019,11,2,14,43771.583333333241,13.57,"Valid",22.15,22.49,"Valid",35.72,null,null,13.57,22.15,22.49,35.72,22.49,35.72,13.57,22.15]
[2019,11,2,15,43771.624999999905,12,"Valid",21.26,22.43,"Valid",34.549999999999997,null,null,12,21.26,22.43,34.549999999999997,22.43,34.549999999999997,12,21.26]
[2019,11,2,16,43771.66666666657,15.04,"Valid",20.34,28.32,"Valid",33.65,null,null,15.04,20.34,28.32,33.65,28.32,33.65,15.04,20.34]
[2019,11,2,17,43771.708333333234,15.58,"Valid",19.45,31.96,"Valid",32.79,null,null,15.58,19.45,31.96,32.79,31.96,32.79,15.58,19.45]
[2019,11,2,18,43771.749999999898,12.82,"Valid",18.63,32.69,"Valid",32.270000000000003,null,null,12.82,18.63,32.69,32.270000000000003,32.69,32.270000000000003,12.82,18.63]
[2019,11,2,19,43771.791666666562,14.42,"Valid",17.95,35.450000000000003,"Valid",31.97,null,null,14.42,17.95,35.450000000000003,31.97,35.450000000000003,31.97,14.42,17.95]
[2019,11,2,20,43771.833333333227,21.43,"Valid",17.440000000000001,41.17,"Valid",30.72,null,null,21.43,17.440000000000001,41.17,30.72,41.17,30.72,21.43,17.440000000000001]
[2019,11,2,21,43771.874999999891,13.03,"Valid",16.59,34.39,"Valid",29.56,null,null,13.03,16.59,34.39,29.56,34.39,29.56,13.03,16.59]
[2019,11,2,22,43771.916666666555,4.21,"Valid",14.74,16.989999999999998,"Valid",27.52,null,null,4.21,14.74,16.989999999999998,27.52,16.989999999999998,27.52,4.21,14.74]
[2019,11,2,23,43771.958333333219,5.52,"Valid",13.33,16.670000000000002,"Valid",26.08,null,null,5.52,13.33,16.670000000000002,26.08,16.670000000000002,26.08,5.52,13.33]
[2019,11,3,0,43771.999999999884,4.08,"Valid",12.4,15.94,"Valid",25.14,null,null,4.08,12.4,15.94,25.14,15.94,25.14,4.08,12.4]
[2019,11,3,1,43772.041666666548,0.04,"Valid",11.41,12.88,"Valid",24.16,null,null,0.04,11.41,12.88,24.16,12.88,24.16,0.04,11.41]
[2019,11,3,2,43772.083333333212,6.44,"Valid",10.89,17.97,"Valid",23.37,null,null,6.44,10.89,17.97,23.37,17.97,23.37,6.44,10.89]
[2019,11,3,3,43772.124999999876,3.21,"Valid",10.47,14.98,"Valid",22.84,null,null,3.21,10.47,14.98,22.84,14.98,22.84,3.21,10.47]
[2019,11,3,4,43772.166666666541,7.18,"Valid",10.25,15.87,"Valid",22.48,null,null,7.18,10.25,15.87,22.48,15.87,22.48,7.18,10.25]
[2019,11,3,5,43772.208333333205,6.08,"Valid",10.09,14.8,"Valid",22.36,null,null,6.08,10.09,14.8,22.36,14.8,22.36,6.08,10.09]
[2019,11,3,6,43772.249999999869,9.65,"Valid",10.09,18.73,"Valid",22.35,null,null,9.65,10.09,18.73,22.35,18.73,22.35,9.65,10.09]
[2019,11,3,7,43772.291666666533,8.16,"Valid",10.08,19.28,"Valid",22.43,null,null,8.16,10.08,19.28,22.43,19.28,22.43,8.16,10.08]
[2019,11,3,8,43772.333333333198,3.48,"Valid",9.89,15.2,"Valid",22.3,null,null,3.48,9.89,15.2,22.3,15.2,22.3,3.48,9.89]
[2019,11,3,9,43772.374999999862,4.8899999999999997,"Valid",9.82,15.64,"Valid",22.38,null,null,4.8899999999999997,9.82,15.64,22.38,15.64,22.38,4.8899999999999997,9.82]
[2019,11,3,10,43772.416666666526,5.49,"Valid",9.52,16.98,"Valid",22.27,null,null,5.49,9.52,16.98,22.27,16.98,22.27,5.49,9.52]
[2019,11,3,11,43772.45833333319,6.8,"Valid",9.2200000000000006,32,"Valid",22.61,null,null,6.8,9.2200000000000006,32,22.61,32,22.61,6.8,9.2200000000000006]
[2019,11,3,12,43772.499999999854,5.67,"Valid",8.74,28.27,"Valid",22.64,null,null,5.67,8.74,28.27,22.64,28.27,22.64,5.67,8.74]
[2019,11,3,13,43772.541666666519,9.5500000000000007,"Valid",8.68,87.77,"Valid",25.37,null,null,9.5500000000000007,8.68,87.77,25.37,87.77,25.37,9.5500000000000007,8.68]
[2019,11,3,14,43772.583333333183,12.34,"Valid",8.6300000000000008,47.66,"Valid",26.42,null,null,12.34,8.6300000000000008,47.66,26.42,47.66,26.42,12.34,8.6300000000000008]
[2019,11,3,15,43772.624999999847,6.89,"Valid",8.42,33.86,"Valid",26.89,null,null,6.89,8.42,33.86,26.89,33.86,26.89,6.89,8.42]
[2019,11,3,16,43772.666666666511,12.99,"Valid",8.33,109.8,"Valid",30.29,null,null,{"$f":"IF(G66=\"Valid\", F66, NA())","v":12.99},{"$f":"IF(G66=\"Valid\", H66, NA())","v":8.33},{"$f":"IF(J66=\"Valid\", I66, NA())","v":109.8},{"$f":"IF(J66=\"Valid\", K66, NA())","v":30.29},109.8,30.29,12.99,8.33]
[2019,11,3,17,43772.708333333176,3.84,"Valid",7.84,56.45,"Valid",31.31,null,null,3.84,7.84,56.45,31.31,56.45,31.31,3.84,7.84]
[{"$f":"A67","v":2019},11,3,{"$f":"IF(D67=23,0,D67+1)","v":18},{"$f":"E67+0.0416666666666666","v":43772.74999999984},5.43,"Valid",7.53,24.59,"Valid",30.97,null,null,5.43,7.53,24.59,30.97,24.59,30.97,5.43,7.53]
[2019,11,3,19,43772.791666666504,5.29,"Valid",7.15,15.68,"Valid",30.15,null,null,5.29,7.15,15.68,30.15,15.68,30.15,5.29,7.15]
[2019,11,3,20,43772.833333333168,1.39,"Valid",6.32,8.3000000000000007,"Valid",28.78,null,null,1.39,6.32,8.3000000000000007,28.78,8.3000000000000007,28.78,1.39,6.32]
[2019,11,3,21,43772.874999999833,1.73,"Valid",5.85,6.62,"Valid",27.62,null,null,1.73,5.85,6.62,27.62,6.62,27.62,1.73,5.85]
[2019,11,3,22,43772.916666666497,5.57,"Valid",5.9,9.74,"Valid",27.32,null,null,5.57,5.9,9.74,27.32,9.74,27.32,5.57,5.9]
[2019,11,3,23,43772.958333333161,4.21,"Valid",5.85,7.15,"Valid",26.92,null,null,4.21,5.85,7.15,26.92,7.15,26.92,4.21,5.85]
[2019,11,4,0,43772.999999999825,10.82,"Valid",6.13,14.01,"Valid",26.84,null,null,10.82,6.13,14.01,26.84,14.01,26.84,10.82,6.13]
[2019,11,4,1,43773.04166666649,4.91,"Valid",6.33,9.5299999999999994,"Valid",26.7,null,null,4.91,6.33,9.5299999999999994,26.7,9.5299999999999994,26.7,4.91,6.33]
[2019,11,4,2,43773.083333333154,4.38,"Valid",6.25,8.23,"Valid",26.3,null,null,4.38,6.25,8.23,26.3,8.23,26.3,4.38,6.25]
[2019,11,4,3,43773.124999999818,4.96,"Valid",6.32,8.4,"Valid",26.02,null,null,4.96,6.32,8.4,26.02,8.4,26.02,4.96,6.32]
[2019,11,4,4,43773.166666666482,0.91,"Valid",6.06,3,"Valid",25.49,null,null,0.91,6.06,3,25.49,3,25.49,0.91,6.06]
[2019,11,4,5,43773.208333333147,{"$f":"NA()","v":{"$error":"#N/A"}},"Invalid",{"$f":"NA()","v":{"$error":"#N/A"}},{"$f":"NA()","v":{"$error":"#N/A"}},"Invalid",{"$f":"-NA()","v":{"$error":"#N/A"}},"Pump Failure","High negative removed",{"$error":"#N/A"},{"$error":"#N/A"},{"$error":"#N/A"},{"$error":"#N/A"}]
[2019,11,4,6,43773.249999999811,2.08,"Valid",5.73,4.01,"Valid",24.25,null,null,2.08,5.73,4.01,24.25,4.01,24.25,2.08,5.73]
[2019,11,4,7,43773.291666666475,2.37,"Valid",5.48,4.32,"Valid",23.62,null,null,2.37,5.48,4.32,23.62,4.32,23.62,2.37,5.48]
[2019,11,4,8,43773.333333333139,5.14,"Valid",5.55,7.3,"Valid",23.29,null,null,5.14,5.55,7.3,23.29,7.3,23.29,5.14,5.55]
[2019,11,4,9,43773.374999999804,3.63,"Valid",5.5,5.78,"Valid",22.88,null,null,3.63,5.5,5.78,22.88,5.78,22.88,3.63,5.5]
[2019,11,4,10,43773.416666666468,1.28,"Valid",5.31,3.23,"Valid",22.31,null,null,1.28,5.31,3.23,22.31,3.23,22.31,1.28,5.31]
[2019,11,4,11,43773.458333333132,1.63,"Valid",5.09,1.74,"Valid",21.05,null,null,1.63,5.09,1.74,21.05,1.74,21.05,1.63,5.09]
[2019,11,4,12,43773.499999999796,-1.72,"Valid",4.7699999999999996,0.73,"Valid",19.899999999999999,null,null,-1.72,4.7699999999999996,0.73,19.899999999999999,0.73,19.899999999999999,-1.72,4.7699999999999996]
[2019,11,4,13,43773.541666666461,5.39,"Valid",4.59,9.41,"Valid",16.64,null,null,5.39,4.59,9.41,16.64,9.41,16.64,5.39,4.59]
[2019,11,4,14,43773.583333333125,5.79,"Valid",4.3,8.11,"Valid",14.99,null,null,5.79,4.3,8.11,14.99,8.11,14.99,5.79,4.3]
[2019,11,4,15,43773.624999999789,9.4,"Valid",4.41,12.49,"Valid",14.1,null,null,9.4,4.41,12.49,14.1,12.49,14.1,9.4,4.41]
[2019,11,4,16,43773.666666666453,9.73,"Valid",4.2699999999999996,11.6,"Valid",10.01,null,null,9.73,4.2699999999999996,11.6,10.01,11.6,10.01,9.73,4.2699999999999996]
[2019,{"$f":"B90","v":11},{"$f":"C67+1","v":4},17,43773.708333333117,6.92,"Valid",4.4000000000000004,10.84,"Valid",8.11,null,null,6.92,4.4000000000000004,10.84,8.11,10.84,8.11,6.92,4.4000000000000004]
[2019,11,4,18,43773.749999999782,6.62,"Valid",4.45,7.07,"Valid",7.38,null,null,6.62,4.45,7.07,7.38,7.07,7.38,6.62,4.45]
[2019,11,4,19,43773.791666666446,5.61,"Valid",4.47,7,"Valid",7.01,null,null,5.61,4.47,7,7.01,7,7.01,5.61,4.47]
[2019,11,4,20,43773.83333333311,7.56,"Valid",4.74,11.62,"Valid",7.15,null,null,7.56,4.74,11.62,7.15,11.62,7.15,7.56,4.74]
[2019,11,4,21,43773.874999999774,4.8600000000000003,"Valid",4.87,8.18,"Valid",7.22,null,null,4.8600000000000003,4.87,8.18,7.22,8.18,7.22,4.8600000000000003,4.87]
[2019,11,4,22,43773.916666666439,1.19,"Valid",4.68,4.78,"Valid",7.01,null,null,1.19,4.68,4.78,7.01,4.78,7.01,1.19,4.68]
[2019,11,4,23,43773.958333333103,2.2999999999999998,"Valid",4.5999999999999996,5.34,"Valid",6.94,null,null,2.2999999999999998,4.5999999999999996,5.34,6.94,5.34,6.94,2.2999999999999998,4.5999999999999996]
[2019,11,5,0,43773.999999999767,6.39,"Valid",4.41,9.85,"Valid",6.76,null,null,6.39,4.41,9.85,6.76,9.85,6.76,6.39,4.41]
[2019,11,5,1,43774.041666666431,1.9,"Valid",4.2699999999999996,4.95,"Valid",6.57,null,null,1.9,4.2699999999999996,4.95,6.57,4.95,6.57,1.9,4.2699999999999996]
[2019,11,5,2,43774.083333333096,4.57,"Valid",4.28,6.61,"Valid",6.5,null,null,4.57,4.28,6.61,6.5,6.61,6.5,4.57,4.28]
[2019,11,5,3,43774.12499999976,3.48,"Valid",4.22,6.25,"Valid",6.41,null,null,3.48,4.22,6.25,6.41,6.25,6.41,3.48,4.22]
[2019,11,5,4,43774.166666666424,3.59,"Valid",4.34,6.6,"Valid",6.56,null,null,3.59,4.34,6.6,6.56,6.6,6.56,3.59,4.34]
[2019,11,5,5,43774.208333333088,-1.88,"Valid",4.08,10.38,"Valid",7.01,null,null,-1.88,4.08,10.38,7.01,10.38,7.01,-1.88,4.08]
[2019,11,5,6,43774.249999999753,-0.51,"Valid",3.97,29.31,"Valid",8.06,null,null,-0.51,3.97,29.31,8.06,29.31,8.06,-0.51,3.97]
[2019,11,5,7,43774.291666666417,1.54,"Valid",3.93,17.690000000000001,"Valid",8.6199999999999992,null,null,1.54,3.93,17.690000000000001,8.6199999999999992,17.690000000000001,8.6199999999999992,1.54,3.93]
[2019,11,5,8,43774.333333333081,6.43,"Valid",3.99,17.28,"Valid",9.0399999999999991,null,null,6.43,3.99,17.28,9.0399999999999991,17.28,9.0399999999999991,6.43,3.99]
[2019,11,5,9,43774.374999999745,1.9,"Valid",3.92,6.02,"Valid",9.0500000000000007,null,null,1.9,3.92,6.02,9.0500000000000007,6.02,9.0500000000000007,1.9,3.92]
[2019,11,5,10,43774.41666666641,5.27,"Valid",4.08,11.13,"Valid",9.3699999999999992,null,null,5.27,4.08,11.13,9.3699999999999992,11.13,9.3699999999999992,5.27,4.08]
[2019,11,5,11,43774.458333333074,-2.13,"Valid",3.93,-1.82,"Valid",9.23,null,null,-2.13,3.93,-1.82,9.23,-1.82,9.23,-2.13,3.93]
[2019,11,5,12,43774.499999999738,-2.2799999999999998,"Valid",3.9,-8.99,"Valid",8.82,null,null,-2.2799999999999998,3.9,-8.99,8.82,-8.99,8.82,-2.2799999999999998,3.9]
[2019,11,5,13,43774.541666666402,{"$f":"NA()","v":{"$error":"#N/A"}},"Invalid",{"$f":"NA()","v":{"$error":"#N/A"}},{"$f":"NA()","v":{"$error":"#N/A"}},"Invalid",{"$f":"NA()","v":{"$error":"#N/A"}},"Pump Failure","High negative removed",{"$error":"#N/A"},{"$error":"#N/A"},{"$error":"#N/A"},{"$error":"#N/A"}]
[2019,11,5,14,43774.583333333067,5.87,"Valid",3.84,10.07,"Valid",7.85,null,null,5.87,3.84,10.07,7.85,10.07,7.85,5.87,3.84]
[2019,11,5,15,43774.624999999731,3.83,"Valid",3.6,6.35,"Valid",7.59,null,null,3.83,3.6,6.35,7.59,6.35,7.59,3.83,3.6]
[2019,11,5,16,43774.666666666395,5.84,"Valid",3.43,10.99,"Valid",7.57,null,null,5.84,3.43,10.99,7.57,10.99,7.57,5.84,3.43]
[2019,11,5,17,43774.708333333059,{"$f":"NA()","v":{"$error":"#N/A"}},"Invalid",{"$f":"NA()","v":{"$error":"#N/A"}},{"$f":"NA()","v":{"$error":"#N/A"}},"Invalid",{"$f":"NA()","v":{"$error":"#N/A"}},"Pump Failure","High negative removed",{"$error":"#N/A"},{"$error":"#N/A"},{"$error":"#N/A"},{"$error":"#N/A"}]
[2019,11,5,18,43774.749999999724,3.81,"Valid",3.14,5.19,"Valid",7.12,null,null,3.81,3.14,5.19,7.12,5.19,7.12,3.81,3.14]
[2019,11,5,19,43774.791666666388,-0.46,"Valid",2.87,3.66,"Valid",6.98,null,null,-0.46,2.87,3.66,6.98,3.66,6.98,-0.46,2.87]
[2019,11,5,20,43774.833333333052,7.73,"Valid",2.87,10.32,"Valid",6.92,null,null,7.73,2.87,10.32,6.92,10.32,6.92,7.73,2.87]
[2019,11,5,21,43774.874999999716,0.08,"Valid",2.66,3.09,"Valid",6.71,null,null,0.08,2.66,3.09,6.71,3.09,6.71,0.08,2.66]
[2019,11,5,22,43774.91666666638,2.93,"Valid",2.74,7.38,"Valid",6.82,null,null,2.93,2.74,7.38,6.82,7.38,6.82,2.93,2.74]
[2019,11,5,23,43774.958333333045,3.24,"Valid",2.78,6.23,"Valid",6.86,null,null,3.24,2.78,6.23,6.86,6.23,6.86,3.24,2.78]
[2019,11,6,0,43774.999999999709,5.62,"Valid",2.74,8.66,"Valid",6.81,null,null,5.62,2.74,8.66,6.81,8.66,6.81,5.62,2.74]
[2019,11,6,1,43775.041666666373,0.81,"Valid",2.69,4.8899999999999997,"Valid",6.81,null,null,0.81,2.69,4.8899999999999997,6.81,4.8899999999999997,6.81,0.81,2.69]
[2019,11,6,2,43775.083333333037,0.7,"Valid",2.52,3.9,"Valid",6.69,null,null,0.7,2.52,3.9,6.69,3.9,6.69,0.7,2.52]
[2019,11,6,3,43775.124999999702,1.72,"Valid",2.44,5.47,"Valid",6.66,null,null,1.72,2.44,5.47,6.66,5.47,6.66,1.72,2.44]
[2019,11,6,4,43775.166666666366,0.31,"Valid",2.29,4.34,"Valid",6.57,null,null,0.31,2.29,4.34,6.57,4.34,6.57,0.31,2.29]
[2019,11,6,5,43775.20833333303,-1.87,"Valid",2.29,-0.63,"Valid",6.11,null,null,-1.87,2.29,-0.63,6.11,-0.63,6.11,-1.87,2.29]
[2019,11,6,6,43775.249999999694,2.69,"Valid",2.44,7.63,"Valid",5.2,null,null,2.69,2.44,7.63,5.2,7.63,5.2,2.69,2.44]
[2019,11,6,7,43775.291666666359,{"$f":"NA()","v":{"$error":"#N/A"}},"Invalid",{"$f":"NA()","v":{"$error":"#N/A"}},{"$f":"NA()","v":{"$error":"#N/A"}},"Invalid",{"$f":"NA()","v":{"$error":"#N/A"}},"Pump Failure","High negative removed",{"$error":"#N/A"},{"$error":"#N/A"},{"$error":"#N/A"},{"$error":"#N/A"}]
[2019,11,6,8,43775.333333333023,3.51,"Valid",2.34,10.49,"Valid",4.1399999999999997,null,null,{"$f":"IF(G130=\"Valid\", F130, NA())","v":3.51},{"$f":"IF(G130=\"Valid\", H130, NA())","v":2.34},{"$f":"IF(J130=\"Valid\", I130, NA())","v":10.49},{"$f":"IF(J130=\"Valid\", K130, NA())","v":4.1399999999999997},10.49,4.1399999999999997,3.51,2.34]
[2019,11,6,9,43775.374999999687,6.2,"Valid",2.54,13.18,"Valid",4.4400000000000004,null,null,6.2,2.54,13.18,4.4400000000000004,13.18,4.4400000000000004,6.2,2.54]
[{"$f":"A131","v":2019},11,6,{"$f":"IF(D131=23,0,D131+1)","v":10},{"$f":"E131+0.0416666666666666","v":43775.416666666351},8.52,"Valid",2.7,15.29,"Valid",4.62,null,null,8.52,2.7,15.29,4.62,15.29,4.62,8.52,2.7]
[2019,11,6,11,43775.458333333016,4.99,"Valid",3.04,12.43,"Valid",5.21,null,null,4.99,3.04,12.43,5.21,12.43,5.21,4.99,3.04]
[2019,11,6,12,43775.49999999968,-1.87,"Valid",3.06,2.94,"Valid",5.71,null,null,-1.87,3.06,2.94,5.71,2.94,5.71,-1.87,3.06]
[2019,11,6,13,43775.541666666344,0.06,"Valid",2.92,4.6900000000000004,"Valid",6.56,null,null,0.06,2.92,4.6900000000000004,6.56,4.6900000000000004,6.56,0.06,2.92]
[2019,11,6,14,43775.583333333008,-0.98,"Valid",2.61,4.34,"Valid",6.32,null,null,-0.98,2.61,4.34,6.32,4.34,6.32,-0.98,2.61]
[2019,11,6,15,43775.624999999673,1.7,"Valid",2.5099999999999998,8.1,"Valid",6.4,null,null,1.7,2.5099999999999998,8.1,6.4,8.1,6.4,1.7,2.5099999999999998]
[2019,11,6,16,43775.666666666337,9.16,"Valid",2.66,14.7,"Valid",6.55,null,null,9.16,2.66,14.7,6.55,14.7,6.55,9.16,2.66]
[2019,11,6,17,43775.708333333001,8.2200000000000006,"Valid",2.91,13.87,"Valid",7.05,null,null,8.2200000000000006,2.91,13.87,7.05,13.87,7.05,8.2200000000000006,2.91]
[2019,11,6,18,43775.749999999665,2.37,"Valid",2.84,12.32,"Valid",7.35,null,null,2.37,2.84,12.32,7.35,12.32,7.35,2.37,2.84]
[2019,11,6,19,43775.79166666633,10.52,"Valid",3.32,14.79,"Valid",7.81,null,null,10.52,3.32,14.79,7.81,14.79,7.81,10.52,3.32]
[2019,11,6,20,43775.833333332994,5.4,"Valid",3.22,10.78,"Valid",7.83,null,null,5.4,3.22,10.78,7.83,10.78,7.83,5.4,3.22]
[2019,11,6,21,43775.874999999658,8.44,"Valid",3.58,16.91,"Valid",8.41,null,null,8.44,3.58,16.91,8.41,16.91,8.41,8.44,3.58]
[2019,11,6,22,43775.916666666322,3.79,"Valid",3.62,10.44,"Valid",8.5299999999999994,null,null,3.79,3.62,10.44,8.5299999999999994,10.44,8.5299999999999994,3.79,3.62]
[2019,11,6,23,43775.958333332987,0.54,"Valid",3.5,5.5,"Valid",8.5,null,null,0.54,3.5,5.5,8.5,5.5,8.5,0.54,3.5]
[2019,11,7,0,43775.999999999651,3.44,"Valid",3.41,17.100000000000001,"Valid",8.85,null,null,3.44,3.41,17.100000000000001,8.85,17.100000000000001,8.85,3.44,3.41]
[2019,11,7,1,43776.041666666315,1.54,"Valid",3.44,4.8899999999999997,"Valid",8.85,null,null,1.54,3.44,4.8899999999999997,8.85,4.8899999999999997,8.85,1.54,3.44]
[2019,11,7,2,43776.083333332979,2.94,"Valid",3.54,8.3000000000000007,"Valid",9.0399999999999991,null,null,2.94,3.54,8.3000000000000007,9.0399999999999991,8.3000000000000007,9.0399999999999991,2.94,3.54]
[2019,11,7,3,43776.124999999643,0.61,"Valid",3.49,4.6399999999999997,"Valid",9,null,null,0.61,3.49,4.6399999999999997,9,4.6399999999999997,9,0.61,3.49]
[2019,11,7,4,43776.166666666308,2.5499999999999998,"Valid",3.59,7.48,"Valid",9.1300000000000008,null,null,2.5499999999999998,3.59,7.48,9.1300000000000008,7.48,9.1300000000000008,2.5499999999999998,3.59]
[2019,11,7,5,43776.208333332972,8.43,"Valid",4.03,12.26,"Valid",9.67,null,null,8.43,4.03,12.26,9.67,12.26,9.67,8.43,4.03]
[2019,11,7,6,43776.249999999636,7.96,"Valid",4.26,15.79,"Valid",10.01,null,null,7.96,4.26,15.79,10.01,15.79,10.01,7.96,4.26]
[2019,11,7,7,43776.2916666663,{"$f":"NA()","v":{"$error":"#N/A"}},"Invalid",{"$f":"NA()","v":{"$error":"#N/A"}},{"$f":"NA()","v":{"$error":"#N/A"}},"Invalid",{"$f":"NA()","v":{"$error":"#N/A"}},"Pump Failure","High negative removed",{"$error":"#N/A"},{"$error":"#N/A"},{"$error":"#N/A"},{"$error":"#N/A"}]
[2019,11,7,8,43776.333333332965,6.94,"Valid",4.41,17.52,"Valid",10.7,null,null,6.94,4.41,17.52,10.7,17.52,10.7,6.94,4.41]
[2019,{"$f":"B154","v":11},{"$f":"C131+1","v":7},9,43776.374999999629,6.55,"Valid",4.43,22.92,"Valid",11.1,null,null,6.55,4.43,22.92,11.1,22.92,11.1,6.55,4.43]
[2019,11,7,10,43776.416666666293,11.03,"Valid",4.54,36.950000000000003,"Valid",12,null,null,11.03,4.54,36.950000000000003,12,36.950000000000003,12,11.03,4.54]
[2019,11,7,11,43776.458333332957,5.63,"Valid",4.5599999999999996,123.39,"Valid",16.63,null,null,5.63,4.5599999999999996,123.39,16.63,123.39,16.63,5.63,4.5599999999999996]
[2019,11,7,12,43776.499999999622,15.97,"Valid",5.34,189.32,"Valid",24.39,null,null,15.97,5.34,189.32,24.39,189.32,24.39,15.97,5.34]
[2019,11,7,13,43776.541666666286,78,"Valid",8.73,1234.3800000000001,"Valid",75.63,null,null,78,8.73,1234.3800000000001,75.63,1234.3800000000001,75.63,78,8.73]
[2019,11,7,14,43776.58333333295,62.74,"Valid",11.5,822.97,"Valid",109.74,null,null,62.74,11.5,822.97,109.74,822.97,109.74,62.74,11.5]
[2019,11,7,15,43776.624999999614,27.24,"Valid",12.61,332.33,"Valid",123.25,null,null,27.24,12.61,332.33,123.25,332.33,123.25,27.24,12.61]
[2019,11,7,16,43776.666666666279,26.28,"Valid",13.35,160.63,"Valid",129.33000000000001,null,null,26.28,13.35,160.63,129.33000000000001,160.63,129.33000000000001,26.28,13.35]
[2019,11,7,17,43776.708333332943,30.28,"Valid",14.31,161.91,"Valid",135.5,null,null,30.28,14.31,161.91,135.5,161.91,135.5,30.28,14.31]
[2019,11,7,18,43776.749999999607,17.809999999999999,"Valid",14.98,131.86000000000001,"Valid",140.47999999999999,null,null,17.809999999999999,14.98,131.86000000000001,140.47999999999999,131.86000000000001,140.47999999999999,17.809999999999999,14.98]
[2019,11,7,19,43776.791666666271,21.5,"Valid",15.46,126.76,"Valid",145.15,null,null,21.5,15.46,126.76,145.15,126.76,145.15,21.5,15.46]
[2019,11,7,20,43776.833333332936,13.65,"Valid",15.82,95.7,"Valid",148.68,null,null,13.65,15.82,95.7,148.68,95.7,148.68,13.65,15.82]
[2019,11,7,21,43776.8749999996,14.24,"Valid",16.07,80.64,"Valid",151.34,null,null,14.24,16.07,80.64,151.34,80.64,151.34,14.24,16.07]
[2019,11,7,22,43776.916666666264,11.41,"Valid",16.399999999999999,71.510000000000005,"Valid",153.88,null,null,11.41,16.399999999999999,71.510000000000005,153.88,71.510000000000005,153.88,11.41,16.399999999999999]
[2019,11,7,23,43776.958333332928,13.17,"Valid",16.95,81.44,"Valid",157.05000000000001,null,null,13.17,16.95,81.44,157.05000000000001,81.44,157.05000000000001,13.17,16.95]
[2019,11,8,0,43776.999999999593,15.73,"Valid",17.489999999999998,75.84,"Valid",159.5,null,null,15.73,17.489999999999998,75.84,159.5,75.84,159.5,15.73,17.489999999999998]
[2019,11,8,1,43777.041666666257,17.190000000000001,"Valid",18.170000000000002,109.22,"Valid",163.84,null,null,17.190000000000001,18.170000000000002,109.22,163.84,109.22,163.84,17.190000000000001,18.170000000000002]
[2019,11,8,2,43777.083333332921,24.14,"Valid",19.09,133.02000000000001,"Valid",169.04,null,null,24.14,19.09,133.02000000000001,169.04,133.02000000000001,169.04,24.14,19.09]
[2019,11,8,3,43777.124999999585,13.7,"Valid",19.66,79.69,"Valid",172.17,null,null,13.7,19.66,79.69,172.17,79.69,172.17,13.7,19.66]
[2019,11,8,4,43777.16666666625,10.54,"Valid",20.010000000000002,76.02,"Valid",175.02,null,null,10.54,20.010000000000002,76.02,175.02,76.02,175.02,10.54,20.010000000000002]
[2019,11,8,5,43777.208333332914,6.5,"Valid",19.920000000000002,59.8,"Valid",177,null,null,6.5,19.920000000000002,59.8,177,59.8,177,6.5,19.920000000000002]
[2019,11,8,6,43777.249999999578,19.53,"Valid",20.420000000000002,70.239999999999995,"Valid",179.27,null,null,19.53,20.420000000000002,70.239999999999995,179.27,70.239999999999995,179.27,19.53,20.420000000000002]
[2019,11,8,7,43777.291666666242,12.9,"Valid",20.11,56.67,"Valid",181.28,null,null,12.9,20.11,56.67,181.28,56.67,181.28,12.9,20.11]
[2019,11,8,8,43777.333333332906,11.4,"Valid",20.3,49.03,"Valid",182.59,null,null,11.4,20.3,49.03,182.59,49.03,182.59,11.4,20.3]
[2019,11,8,9,43777.374999999571,9.4700000000000006,"Valid",20.420000000000002,27.38,"Valid",182.78,null,null,9.4700000000000006,20.420000000000002,27.38,182.78,27.38,182.78,9.4700000000000006,20.420000000000002]
[2019,11,8,10,43777.416666666235,7.47,"Valid",20.27,25.3,"Valid",182.29,null,null,7.47,20.27,25.3,182.29,25.3,182.29,7.47,20.27]
[2019,11,8,11,43777.458333332899,8.7899999999999991,"Valid",20.399999999999999,34.799999999999997,"Valid",178.6,null,null,8.7899999999999991,20.399999999999999,34.799999999999997,178.6,34.799999999999997,178.6,8.7899999999999991,20.399999999999999]
[2019,11,8,12,43777.499999999563,4.63,"Valid",19.93,36.46,"Valid",172.23,null,null,4.63,19.93,36.46,172.23,36.46,172.23,4.63,19.93]
[2019,11,8,13,43777.541666666228,7.54,"Valid",16.989999999999998,45.56,"Valid",122.7,null,null,7.54,16.989999999999998,45.56,122.7,45.56,122.7,7.54,16.989999999999998]
[2019,11,8,14,43777.583333332892,7.98,"Valid",14.71,80.52,"Valid",91.76,null,null,7.98,14.71,80.52,91.76,80.52,91.76,7.98,14.71]
[2019,11,8,15,43777.624999999556,5.28,"Valid",13.8,78.45,"Valid",81.19,null,null,5.28,13.8,78.45,81.19,78.45,81.19,5.28,13.8]
[2019,11,8,16,43777.66666666622,23.92,"Valid",13.7,210.21,"Valid",83.25,null,null,23.92,13.7,210.21,83.25,210.21,83.25,23.92,13.7]
[2019,11,8,17,43777.708333332885,26.84,"Valid",13.56,263.97000000000003,"Valid",87.5,null,null,26.84,13.56,263.97000000000003,87.5,263.97000000000003,87.5,26.84,13.56]
[2019,11,8,18,43777.749999999549,10.09,"Valid",13.23,69.319999999999993,"Valid",84.9,null,null,10.09,13.23,69.319999999999993,84.9,69.319999999999993,84.9,10.09,13.23]
[2019,11,8,19,43777.791666666213,9.01,"Valid",12.71,80.17,"Valid",82.96,null,null,9.01,12.71,80.17,82.96,80.17,82.96,9.01,12.71]
[2019,11,8,20,43777.833333332877,12.52,"Valid",12.67,133.69999999999999,"Valid",84.54,null,null,12.52,12.67,133.69999999999999,84.54,133.69999999999999,84.54,12.52,12.67]
[2019,11,8,21,43777.874999999542,{"$f":"NA()","v":{"$error":"#N/A"}},"Invalid",{"$f":"NA()","v":{"$error":"#N/A"}},{"$f":"NA()","v":{"$error":"#N/A"}},"Invalid",{"$f":"NA()","v":{"$error":"#N/A"}},"Power Failure","power outage",{"$error":"#N/A"},{"$error":"#N/A"},{"$error":"#N/A"},{"$error":"#N/A"}]
[2019,11,8,22,43777.916666666206,{"$f":"NA()","v":{"$error":"#N/A"}},"Invalid",{"$f":"NA()","v":{"$error":"#N/A"}},{"$f":"NA()","v":{"$error":"#N/A"}},"Invalid",{"$f":"NA()","v":{"$error":"#N/A"}},"Power Failure","power outage",{"$error":"#N/A"},{"$error":"#N/A"},{"$error":"#N/A"},{"$error":"#N/A"}]
[2019,11,8,23,43777.95833333287,{"$f":"NA()","v":{"$error":"#N/A"}},"Invalid",{"$f":"NA()","v":{"$error":"#N/A"}},{"$f":"NA()","v":{"$error":"#N/A"}},"Invalid",{"$f":"NA()","v":{"$error":"#N/A"}},"Power Failure","power outage",{"$error":"#N/A"},{"$error":"#N/A"},{"$error":"#N/A"},{"$error":"#N/A"}]
[2019,11,9,0,43777.999999999534,17.18,"Valid",12.7,192.72,"Valid",91.06,null,null,{"$f":"IF(G194=\"Valid\", F194, NA())","v":17.18},{"$f":"IF(G194=\"Valid\", H194, NA())","v":12.7},{"$f":"IF(J194=\"Valid\", I194, NA())","v":192.72},{"$f":"IF(J194=\"Valid\", K194, NA())","v":91.06},192.72,91.06,17.18,12.7]
[2019,11,9,1,43778.041666666199,13.28,"Valid",12.51,185.82,"Valid",94.71,null,null,13.28,12.51,185.82,94.71,185.82,94.71,13.28,12.51]
[{"$f":"A195","v":2019},11,9,{"$f":"IF(D195=23,0,D195+1)","v":2},{"$f":"E195+0.0416666666666666","v":43778.083333332863},13.57,"Valid",12.01,165.84,"Valid",96.27,null,null,13.57,12.01,165.84,96.27,165.84,96.27,13.57,12.01]
[2019,11,9,3,43778.124999999527,3.96,"Valid",11.54,91.69,"Valid",96.84,null,null,3.96,11.54,91.69,96.84,91.69,96.84,3.96,11.54]
[2019,11,9,4,43778.166666666191,0.57999999999999996,"Valid",11.07,56.07,"Valid",95.89,null,null,0.57999999999999996,11.07,56.07,95.89,56.07,95.89,0.57999999999999996,11.07]
[2019,11,9,5,43778.208333332856,0.99,"Valid",10.81,32.64,"Valid",94.6,null,null,0.99,10.81,32.64,94.6,32.64,94.6,0.99,10.81]
[2019,11,9,6,43778.24999999952,2.83,"Valid",10.01,25.15,"Valid",92.45,null,null,2.83,10.01,25.15,92.45,25.15,92.45,2.83,10.01]
[2019,11,9,7,43778.291666666184,1.44,"Valid",9.4700000000000006,18.5,"Valid",90.63,null,null,1.44,9.4700000000000006,18.5,90.63,18.5,90.63,1.44,9.4700000000000006]
[2019,11,9,8,43778.333333332848,{"$f":"NA()","v":{"$error":"#N/A"}},"Invalid",{"$f":"NA()","v":{"$error":"#N/A"}},{"$f":"NA()","v":{"$error":"#N/A"}},"Invalid",{"$f":"NA()","v":{"$error":"#N/A"}},"Pump Failure","High negative removed",{"$error":"#N/A"},{"$error":"#N/A"},{"$error":"#N/A"},{"$error":"#N/A"}]
[2019,11,9,9,43778.374999999513,-0.24,"Valid",8.8800000000000008,6.05,"Valid",87.53,null,null,-0.24,8.8800000000000008,6.05,87.53,6.05,87.53,-0.24,8.8800000000000008]
[2019,11,9,10,43778.416666666177,3.95,"Valid",8.7100000000000009,20.07,"Valid",87.28,null,null,3.95,8.7100000000000009,20.07,87.28,20.07,87.28,3.95,8.7100000000000009]
[2019,11,9,11,43778.458333332841,-1.98,"Valid",8.17,15.58,"Valid",86.37,null,null,-1.98,8.17,15.58,86.37,15.58,86.37,-1.98,8.17]
[2019,11,9,12,43778.499999999505,9.2200000000000006,"Valid",8.4,25.56,"Valid",85.85,null,null,9.2200000000000006,8.4,25.56,85.85,25.56,85.85,9.2200000000000006,8.4]
[2019,11,9,13,43778.541666666169,10.119999999999999,"Valid",8.5299999999999994,32.68,"Valid",85.23,null,null,10.119999999999999,8.5299999999999994,32.68,85.23,32.68,85.23,10.119999999999999,8.5299999999999994]
[2019,11,9,14,43778.583333332834,3.9,"Valid",8.32,24.64,"Valid",82.57,null,null,3.9,8.32,24.64,82.57,24.64,82.57,3.9,8.32]
[2019,11,9,15,43778.624999999498,16.66,"Valid",8.89,43.57,"Valid",80.91,null,null,16.66,8.89,43.57,80.91,43.57,80.91,16.66,8.89]
[2019,11,9,16,43778.666666666162,6.39,"Valid",8.02,15.07,"Valid",71.62,null,null,6.39,8.02,15.07,71.62,15.07,71.62,6.39,8.02]
[2019,11,9,17,43778.708333332826,-1.08,"Valid",6.62,8.61,"Valid",59.46,null,null,-1.08,6.62,8.61,59.46,8.61,59.46,-1.08,6.62]
[2019,11,9,18,43778.749999999491,4.13,"Valid",6.32,17.96,"Valid",57.01,null,null,4.13,6.32,17.96,57.01,17.96,57.01,4.13,6.32]
[2019,11,9,19,43778.791666666155,0.17,"Valid",5.88,19.05,"Valid",54.1,null,null,0.17,5.88,19.05,54.1,19.05,54.1,0.17,5.88]
[2019,11,9,20,43778.833333332819,-0.85,"Valid",5.21,20.99,"Valid",48.74,null,null,-0.85,5.21,20.99,48.74,20.99,48.74,-0.85,5.21]
[2019,11,9,21,43778.874999999483,6.09,"Valid",5.25,31.7,"Valid",47.96,null,null,6.09,5.25,31.7,47.96,31.7,47.96,6.09,5.25]
[2019,11,9,22,43778.916666666148,6,"Valid",5.29,35.86,"Valid",47.43,null,null,6,5.29,35.86,47.43,35.86,47.43,6,5.29]
[2019,11,9,23,43778.958333332812,2.4300000000000002,"Valid",5.16,35.93,"Valid",46.96,null,null,2.4300000000000002,5.16,35.93,46.96,35.93,46.96,2.4300000000000002,5.16]
[2019,11,10,0,43778.999999999476,7.04,"Valid",4.72,49.7,"Valid",41,null,null,7.04,4.72,49.7,41,49.7,41,7.04,4.72]
[2019,{"$f":"B218","v":11},{"$f":"C195+1","v":10},1,43779.04166666614,2.29,"Valid",4.24,42.89,"Valid",35.04,null,null,2.29,4.24,42.89,35.04,42.89,35.04,2.29,4.24]
[2019,11,10,2,43779.083333332805,5.96,"Valid",3.91,37.840000000000003,"Valid",29.71,null,null,5.96,3.91,37.840000000000003,29.71,37.840000000000003,29.71,5.96,3.91]
[2019,11,10,3,43779.124999999469,6.24,"Valid",4.01,34.93,"Valid",27.34,null,null,6.24,4.01,34.93,27.34,34.93,27.34,6.24,4.01]
[2019,11,10,4,43779.166666666133,3.31,"Valid",4.13,28.75,"Valid",26.2,null,null,3.31,4.13,28.75,26.2,28.75,26.2,3.31,4.13]
[2019,11,10,5,43779.208333332797,3.75,"Valid",4.25,25.61,"Valid",25.91,null,null,3.75,4.25,25.61,25.91,25.61,25.91,3.75,4.25]
[2019,11,10,6,43779.249999999462,0.81,"Valid",4.16,19.260000000000002,"Valid",25.67,null,null,0.81,4.16,19.260000000000002,25.67,19.260000000000002,25.67,0.81,4.16]
[2019,11,10,7,43779.291666666126,2.4300000000000002,"Valid",4.21,19.66,"Valid",25.71,null,null,2.4300000000000002,4.21,19.66,25.71,19.66,25.71,2.4300000000000002,4.21]
[2019,11,10,8,43779.33333333279,3.71,"Valid",4.1900000000000004,21.61,"Valid",26.4,null,null,3.71,4.1900000000000004,21.61,26.4,21.61,26.4,3.71,4.1900000000000004]
[2019,11,10,9,43779.374999999454,7.27,"Valid",4.5,20.11,"Valid",26.98,null,null,7.27,4.5,20.11,26.98,20.11,26.98,7.27,4.5]
[2019,11,10,10,43779.416666666119,8.9600000000000009,"Valid",4.71,24.5,"Valid",27.17,null,null,8.9600000000000009,4.71,24.5,27.17,24.5,27.17,8.9600000000000009,4.71]
[2019,11,10,11,43779.458333332783,5.07,"Valid",5,19.809999999999999,"Valid",27.35,null,null,5.07,5,19.809999999999999,27.35,19.809999999999999,27.35,5.07,5]
[2019,11,10,12,43779.499999999447,3.09,"Valid",4.75,13.64,"Valid",26.85,null,null,3.09,4.75,13.64,26.85,13.64,26.85,3.09,4.75]
[2019,11,10,13,43779.541666666111,5.16,"Valid",4.54,16.39,"Valid",26.17,null,null,5.16,4.54,16.39,26.17,16.39,26.17,5.16,4.54]
[2019,11,10,14,43779.583333332776,4.72,"Valid",4.57,13.54,"Valid",25.71,null,null,4.72,4.57,13.54,25.71,13.54,25.71,4.72,4.57]
[2019,11,10,15,43779.62499999944,3.56,"Valid",4.03,10.97,"Valid",24.35,null,null,3.56,4.03,10.97,24.35,10.97,24.35,3.56,4.03]
[2019,11,10,16,43779.666666666104,4.99,"Valid",3.97,10.54,"Valid",24.16,null,null,4.99,3.97,10.54,24.16,10.54,24.16,4.99,3.97]
[2019,11,10,17,43779.708333332768,1.47,"Valid",4.08,5.91,"Valid",24.05,null,null,1.47,4.08,5.91,24.05,5.91,24.05,1.47,4.08]
[2019,11,10,18,43779.749999999432,2.85,"Valid",4.0199999999999996,11.57,"Valid",23.78,null,null,2.85,4.0199999999999996,11.57,23.78,11.57,23.78,2.85,4.0199999999999996]
[2019,11,10,19,43779.791666666097,4.1900000000000004,"Valid",4.1900000000000004,14.45,"Valid",23.59,null,null,4.1900000000000004,4.1900000000000004,14.45,23.59,14.45,23.59,4.1900000000000004,4.1900000000000004]
[2019,11,10,20,43779.833333332761,2.83,"Valid",4.34,12.5,"Valid",23.24,null,null,2.83,4.34,12.5,23.24,12.5,23.24,2.83,4.34]
[2019,11,10,21,43779.874999999425,2,"Valid",4.17,11.15,"Valid",22.38,null,null,2,4.17,11.15,22.38,11.15,22.38,2,4.17]
[2019,11,10,22,43779.916666666089,1.96,"Valid",4,13.32,"Valid",21.44,null,null,1.96,4,13.32,21.44,13.32,21.44,1.96,4]
[2019,11,10,23,43779.958333332754,2.29,"Valid",4,14.34,"Valid",20.54,null,null,2.29,4,14.34,20.54,14.34,20.54,2.29,4]
[2019,11,11,0,43779.999999999418,1.0900000000000001,"Valid",3.75,10.07,"Valid",18.89,null,null,1.0900000000000001,3.75,10.07,18.89,10.07,18.89,1.0900000000000001,3.75]
[2019,11,11,1,43780.041666666082,1.64,"Valid",3.72,11.89,"Valid",17.600000000000001,null,null,1.64,3.72,11.89,17.600000000000001,11.89,17.600000000000001,1.64,3.72]
[2019,11,11,2,43780.083333332746,2.17,"Valid",3.57,10.71,"Valid",16.47,null,null,2.17,3.57,10.71,16.47,10.71,16.47,2.17,3.57]
[2019,11,11,3,43780.124999999411,1.75,"Valid",3.38,9.51,"Valid",15.41,null,null,1.75,3.38,9.51,15.41,9.51,15.41,1.75,3.38]
[2019,11,11,4,43780.166666666075,3.19,"Valid",3.37,15.87,"Valid",14.87,null,null,3.19,3.37,15.87,14.87,15.87,14.87,3.19,3.37]
[2019,11,11,5,43780.208333332739,0.18,"Valid",3.22,8.58,"Valid",14.16,null,null,0.18,3.22,8.58,14.16,8.58,14.16,0.18,3.22]
[2019,11,11,6,43780.249999999403,0.64,"Valid",3.22,8.08,"Valid",13.7,null,null,0.64,3.22,8.08,13.7,8.08,13.7,0.64,3.22]
[2019,11,11,7,43780.291666666068,4.79,"Valid",3.32,19.940000000000001,"Valid",13.71,null,null,4.79,3.32,19.940000000000001,13.71,19.940000000000001,13.71,4.79,3.32]
[2019,11,11,8,43780.333333332732,1.8,"Valid",3.24,17.309999999999999,"Valid",13.53,null,null,1.8,3.24,17.309999999999999,13.53,17.309999999999999,13.53,1.8,3.24]
[2019,11,11,9,43780.374999999396,9.61,"Valid",3.33,21.96,"Valid",13.61,null,null,9.61,3.33,21.96,13.61,21.96,13.61,9.61,3.33]
[2019,11,11,10,43780.41666666606,4.21,"Valid",3.14,15.47,"Valid",13.23,null,null,4.21,3.14,15.47,13.23,15.47,13.23,4.21,3.14]
[2019,11,11,11,43780.458333332725,{"$f":"NA()","v":{"$error":"#N/A"}},"Invalid",{"$f":"NA()","v":{"$error":"#N/A"}},{"$f":"NA()","v":{"$error":"#N/A"}},"Invalid",{"$f":"NA()","v":{"$error":"#N/A"}},"Pump Failure","High negative removed",{"$error":"#N/A"},{"$error":"#N/A"},{"$error":"#N/A"},{"$error":"#N/A"}]
[2019,11,11,12,43780.499999999389,2.52,"Valid",3.03,9.59,"Valid",12.38,null,null,2.52,3.03,9.59,12.38,9.59,12.38,2.52,3.03]
[2019,11,11,13,43780.541666666053,2.67,"Valid",2.92,7.79,"Valid",12.02,null,null,2.67,2.92,7.79,12.02,7.79,12.02,2.67,2.92]
[2019,11,11,14,43780.583333332717,9.8800000000000008,"Valid",3.14,17.21,"Valid",12.17,null,null,9.8800000000000008,3.14,17.21,12.17,17.21,12.17,9.8800000000000008,3.14]
[2019,11,11,15,43780.624999999382,3.18,"Valid",3.13,8.52,"Valid",12.07,null,null,3.18,3.13,8.52,12.07,8.52,12.07,3.18,3.13]
[2019,11,11,16,43780.666666666046,8.06,"Valid",3.26,16.32,"Valid",12.31,null,null,{"$f":"IF(G258=\"Valid\", F258, NA())","v":8.06},{"$f":"IF(G258=\"Valid\", H258, NA())","v":3.26},{"$f":"IF(J258=\"Valid\", I258, NA())","v":16.32},{"$f":"IF(J258=\"Valid\", K258, NA())","v":12.31},16.32,12.31,8.06,3.26]
[2019,11,11,17,43780.70833333271,6.5,"Valid",3.48,12.71,"Valid",12.59,null,null,6.5,3.48,12.71,12.59,12.71,12.59,6.5,3.48]
[{"$f":"A259","v":2019},11,11,{"$f":"IF(D259=23,0,D259+1)","v":18},{"$f":"E259+0.0416666666666666","v":43780.749999999374},7.38,"Valid",3.68,13.08,"Valid",12.66,null,null,7.38,3.68,13.08,12.66,13.08,12.66,7.38,3.68]
[2019,11,11,19,43780.791666666039,7.31,"Valid",3.81,14.45,"Valid",12.66,null,null,7.31,3.81,14.45,12.66,14.45,12.66,7.31,3.81]
[2019,11,11,20,43780.833333332703,2.68,"Valid",3.8,7.41,"Valid",12.44,null,null,2.68,3.8,7.41,12.44,7.41,12.44,2.68,3.8]
[2019,11,11,21,43780.874999999367,1.02,"Valid",3.76,11.9,"Valid",12.47,null,null,1.02,3.76,11.9,12.47,11.9,12.47,1.02,3.76]
[2019,11,11,22,43780.916666666031,3.06,"Valid",3.81,31.6,"Valid",13.24,null,null,3.06,3.81,31.6,13.24,31.6,13.24,3.06,3.81]
[2019,11,11,23,43780.958333332695,4.9800000000000004,"Valid",3.93,32.630000000000003,"Valid",14,null,null,4.9800000000000004,3.93,32.630000000000003,14,32.630000000000003,14,4.9800000000000004,3.93]
[2019,11,12,0,43780.99999999936,4.51,"Valid",4.08,11.85,"Valid",14.07,null,null,4.51,4.08,11.85,14.07,11.85,14.07,4.51,4.08]
[2019,11,12,1,43781.041666666024,4.59,"Valid",4.2,14.87,"Valid",14.2,null,null,4.59,4.2,14.87,14.2,14.87,14.2,4.59,4.2]
[2019,11,12,2,43781.083333332688,2.59,"Valid",4.22,11.15,"Valid",14.21,null,null,2.59,4.22,11.15,14.21,11.15,14.21,2.59,4.22]
[2019,11,12,3,43781.124999999352,{"$f":"NA()","v":{"$error":"#N/A"}},"Invalid",{"$f":"NA()","v":{"$error":"#N/A"}},{"$f":"NA()","v":{"$error":"#N/A"}},"Invalid",{"$f":"NA()","v":{"$error":"#N/A"}},"Pump Failure","High negative removed",{"$error":"#N/A"},{"$error":"#N/A"},{"$error":"#N/A"},{"$error":"#N/A"}]
[2019,11,12,4,43781.166666666017,3.58,"Valid",4.3499999999999996,10.31,"Valid",14.01,null,null,3.58,4.3499999999999996,10.31,14.01,10.31,14.01,3.58,4.3499999999999996]
[2019,11,12,5,43781.208333332681,-1.35,"Valid",4.28,5.37,"Valid",13.88,null,null,-1.35,4.28,5.37,13.88,5.37,13.88,-1.35,4.28]
[2019,11,12,6,43781.249999999345,7.49,"Valid",4.59,19.420000000000002,"Valid",14.35,null,null,7.49,4.59,19.420000000000002,14.35,19.420000000000002,14.35,7.49,4.59]
[2019,11,12,7,43781.291666666009,-0.81,"Valid",4.34,9.7100000000000009,"Valid",13.92,null,null,-0.81,4.34,9.7100000000000009,13.92,9.7100000000000009,13.92,-0.81,4.34]
[2019,11,12,8,43781.333333332674,0.88,"Valid",4.3,12.43,"Valid",13.72,null,null,0.88,4.3,12.43,13.72,12.43,13.72,0.88,4.3]
[2019,11,12,9,43781.374999999338,6.58,"Valid",4.16,32.65,"Valid",14.16,null,null,6.58,4.16,32.65,14.16,32.65,14.16,6.58,4.16]
[2019,11,12,10,43781.416666666002,9.27,"Valid",4.3899999999999997,30.42,"Valid",14.79,null,null,9.27,4.3899999999999997,30.42,14.79,30.42,14.79,9.27,4.3899999999999997]
[2019,11,12,11,43781.458333332666,11.81,"Valid",4.71,43.89,"Valid",16.48,null,null,11.81,4.71,43.89,16.48,43.89,16.48,11.81,4.71]
[2019,11,12,12,43781.499999999331,14.01,"Valid",5.21,56.4,"Valid",18.43,null,null,14.01,5.21,56.4,18.43,56.4,18.43,14.01,5.21]
[2019,11,12,13,43781.541666665995,27.39,"Valid",6.29,253.01,"Valid",28.64,null,null,27.39,6.29,253.01,28.64,253.01,28.64,27.39,6.29]
[2019,11,12,14,43781.583333332659,11.32,"Valid",6.35,58.17,"Valid",30.35,null,null,11.32,6.35,58.17,30.35,58.17,30.35,11.32,6.35]
[2019,11,12,15,43781.624999999323,17.66,"Valid",6.98,142.35,"Valid",35.93,null,null,17.66,6.98,142.35,35.93,142.35,35.93,17.66,6.98]
[2019,11,12,16,43781.666666665988,15.77,"Valid",7.31,94.29,"Valid",39.18,null,null,15.77,7.31,94.29,39.18,94.29,39.18,15.77,7.31]
[2019,{"$f":"B282","v":11},{"$f":"C259+1","v":12},17,43781.708333332652,11.78,"Valid",7.54,41.85,"Valid",40.39,null,null,11.78,7.54,41.85,40.39,41.85,40.39,11.78,7.54]
[2019,11,12,18,43781.749999999316,11.38,"Valid",7.72,71.819999999999993,"Valid",42.84,null,null,11.38,7.72,71.819999999999993,42.84,71.819999999999993,42.84,11.38,7.72]
[2019,11,12,19,43781.79166666598,10.76,"Valid",7.87,51.7,"Valid",44.39,null,null,10.76,7.87,51.7,44.39,51.7,44.39,10.76,7.87]
[2019,11,12,20,43781.833333332645,8.7799999999999994,"Valid",8.1300000000000008,57.87,"Valid",46.49,null,null,8.7799999999999994,8.1300000000000008,57.87,46.49,57.87,46.49,8.7799999999999994,8.1300000000000008]
[2019,11,12,21,43781.874999999309,6.68,"Valid",8.3800000000000008,42.32,"Valid",47.76,null,null,6.68,8.3800000000000008,42.32,47.76,42.32,47.76,6.68,8.3800000000000008]
[2019,11,12,22,43781.916666665973,43.61,"Valid",10.14,440.07,"Valid",64.78,null,null,43.61,10.14,440.07,64.78,440.07,64.78,43.61,10.14]
[2019,11,12,23,43781.958333332637,67.430000000000007,"Valid",12.86,585.77,"Valid",87.83,null,null,67.430000000000007,12.86,585.77,87.83,585.77,87.83,67.430000000000007,12.86]
[2019,11,13,0,43781.999999999302,33.369999999999997,"Valid",14.11,295.27999999999997,"Valid",99.64,null,null,33.369999999999997,14.11,295.27999999999997,99.64,295.27999999999997,99.64,33.369999999999997,14.11]
[2019,11,13,1,43782.041666665966,19.22,"Valid",14.75,167.82,"Valid",106.01,null,null,19.22,14.75,167.82,106.01,167.82,106.01,19.22,14.75]
[2019,11,13,2,43782.08333333263,13.88,"Valid",15.24,120.91,"Valid",110.58,null,null,13.88,15.24,120.91,110.58,120.91,110.58,13.88,15.24]
[2019,11,13,3,43782.124999999294,6.01,"Valid",14.85,89.97,"Valid",113.91,null,null,6.01,14.85,89.97,113.91,89.97,113.91,6.01,14.85]
[2019,11,13,4,43782.166666665958,7.48,"Valid",15.02,38.9,"Valid",115.1,null,null,7.48,15.02,38.9,115.1,38.9,115.1,7.48,15.02]
[2019,11,13,5,43782.208333332623,3.96,"Valid",15.24,22.22,"Valid",115.8,null,null,3.96,15.24,22.22,115.8,22.22,115.8,3.96,15.24]
[2019,11,13,6,43782.249999999287,3.82,"Valid",15.09,19.09,"Valid",115.79,null,null,3.82,15.09,19.09,115.79,19.09,115.79,3.82,15.09]
[2019,11,13,7,43782.291666665951,5.96,"Valid",15.37,22.35,"Valid",116.31,null,null,5.96,15.37,22.35,116.31,22.35,116.31,5.96,15.37]
[2019,11,13,8,43782.333333332615,2.0099999999999998,"Valid",15.41,19.350000000000001,"Valid",116.6,null,null,2.0099999999999998,15.41,19.350000000000001,116.6,19.350000000000001,116.6,2.0099999999999998,15.41]
[2019,11,13,9,43782.37499999928,0.87,"Valid",15.18,13.5,"Valid",115.81,null,null,0.87,15.18,13.5,115.81,13.5,115.81,0.87,15.18]
[2019,11,13,10,43782.416666665944,0.57999999999999996,"Valid",14.81,12.87,"Valid",115.07,null,null,0.57999999999999996,14.81,12.87,115.07,12.87,115.07,0.57999999999999996,14.81]
[2019,11,13,11,43782.458333332608,9.69,"Valid",14.73,21.44,"Valid",114.14,null,null,9.69,14.73,21.44,114.14,21.44,114.14,9.69,14.73]
[2019,11,13,12,43782.499999999272,0.17,"Valid",14.15,6.51,"Valid",112.06,null,null,0.17,14.15,6.51,112.06,6.51,112.06,0.17,14.15]
[2019,11,13,13,43782.541666665937,7.85,"Valid",13.34,19.52,"Valid",102.33,null,null,7.85,13.34,19.52,102.33,19.52,102.33,7.85,13.34]
[2019,11,13,14,43782.583333332601,6.68,"Valid",13.14,22.59,"Valid",100.85,null,null,6.68,13.14,22.59,100.85,22.59,100.85,6.68,13.14]
[2019,11,13,15,43782.624999999265,10.220000000000001,"Valid",12.83,24.62,"Valid",95.94,null,null,10.220000000000001,12.83,24.62,95.94,24.62,95.94,10.220000000000001,12.83]
[2019,11,13,16,43782.666666665929,5.15,"Valid",12.39,19.149999999999999,"Valid",92.81,null,null,5.15,12.39,19.149999999999999,92.81,19.149999999999999,92.81,5.15,12.39]
[2019,11,13,17,43782.708333332594,5.0999999999999996,"Valid",12.11,25.19,"Valid",92.12,null,null,5.0999999999999996,12.11,25.19,92.12,25.19,92.12,5.0999999999999996,12.11]
[2019,11,13,18,43782.749999999258,4.0999999999999996,"Valid",11.81,21.73,"Valid",90.03,null,null,4.0999999999999996,11.81,21.73,90.03,21.73,90.03,4.0999999999999996,11.81]
[2019,11,13,19,43782.791666665922,3.98,"Valid",11.53,13.88,"Valid",88.46,null,null,3.98,11.53,13.88,88.46,13.88,88.46,3.98,11.53]
[2019,11,13,20,43782.833333332586,1.96,"Valid",11.24,13.9,"Valid",86.62,null,null,1.96,11.24,13.9,86.62,13.9,86.62,1.96,11.24]
[2019,11,13,21,43782.874999999251,4.4400000000000004,"Valid",11.15,19.11,"Valid",85.66,null,null,4.4400000000000004,11.15,19.11,85.66,19.11,85.66,4.4400000000000004,11.15]
[2019,11,13,22,43782.916666665915,3.72,"Valid",9.49,19.96,"Valid",68.150000000000006,null,null,3.72,9.49,19.96,68.150000000000006,19.96,68.150000000000006,3.72,9.49]
[2019,11,13,23,43782.958333332579,{"$f":"NA()","v":{"$error":"#N/A"}},"Invalid",{"$f":"NA()","v":{"$error":"#N/A"}},{"$f":"NA()","v":{"$error":"#N/A"}},"Invalid",{"$f":"NA()","v":{"$error":"#N/A"}},"Pump Failure","High negative removed",{"$error":"#N/A"},{"$error":"#N/A"},{"$error":"#N/A"},{"$error":"#N/A"}]
[2019,11,14,0,43782.999999999243,1.38,"Valid",5.58,17.739999999999998,"Valid",32.659999999999997,null,null,1.38,5.58,17.739999999999998,32.659999999999997,17.739999999999998,32.659999999999997,1.38,5.58]
[2019,11,14,1,43783.041666665908,8.17,"Valid",5.09,25.24,"Valid",26.72,null,null,8.17,5.09,25.24,26.72,25.24,26.72,8.17,5.09]
[2019,11,14,2,43783.083333332572,4.05,"Valid",4.67,21.44,"Valid",22.58,null,null,4.05,4.67,21.44,22.58,21.44,22.58,4.05,4.67]
[2019,11,14,3,43783.124999999236,1.07,"Valid",4.45,16.079999999999998,"Valid",19.5,null,null,1.07,4.45,16.079999999999998,19.5,16.079999999999998,19.5,1.07,4.45]
[2019,11,14,4,43783.1666666659,4.4400000000000004,"Valid",4.32,18.04,"Valid",18.63,null,null,4.4400000000000004,4.32,18.04,18.63,18.04,18.63,4.4400000000000004,4.32]
[2019,11,14,5,43783.208333332565,4.09,"Valid",4.33,17.600000000000001,"Valid",18.440000000000001,null,null,4.09,4.33,17.600000000000001,18.440000000000001,17.600000000000001,18.440000000000001,4.09,4.33]
[2019,11,14,6,43783.249999999229,{"$f":"NA()","v":{"$error":"#N/A"}},"Invalid",{"$f":"NA()","v":{"$error":"#N/A"}},{"$f":"NA()","v":{"$error":"#N/A"}},"Invalid",{"$f":"NA()","v":{"$error":"#N/A"}},"Pump Failure","High negative removed",{"$error":"#N/A"},{"$error":"#N/A"},{"$error":"#N/A"},{"$error":"#N/A"}]
[2019,11,14,7,43783.291666665893,{"$f":"NA()","v":{"$error":"#N/A"}},"Invalid",{"$f":"NA()","v":{"$error":"#N/A"}},{"$f":"NA()","v":{"$error":"#N/A"}},"Invalid",{"$f":"NA()","v":{"$error":"#N/A"}},"Pump Failure","High negative removed",{"$error":"#N/A"},{"$error":"#N/A"},{"$error":"#N/A"},{"$error":"#N/A"}]
[2019,11,14,8,43783.333333332557,1.71,"Valid",4.26,18.079999999999998,"Valid",17.53,null,null,{"$f":"IF(G322=\"Valid\", F322, NA())","v":1.71},{"$f":"IF(G322=\"Valid\", H322, NA())","v":4.26},{"$f":"IF(J322=\"Valid\", I322, NA())","v":18.079999999999998},{"$f":"IF(J322=\"Valid\", K322, NA())","v":17.53},18.079999999999998,17.53,1.71,4.26]
[2019,11,14,9,43783.374999999221,1.74,"Valid",4.3,18.61,"Valid",17.739999999999998,null,null,1.74,4.3,18.61,17.739999999999998,18.61,17.739999999999998,1.74,4.3]
[{"$f":"A323","v":2019},11,14,{"$f":"IF(D323=23,0,D323+1)","v":10},{"$f":"E323+0.0416666666666666","v":43783.416666665886},1.2,"Valid",4.33,11.94,"Valid",17.7,null,null,1.2,4.33,11.94,17.7,11.94,17.7,1.2,4.33]
[2019,11,14,11,43783.45833333255,5.57,"Valid",4.13,22.48,"Valid",17.739999999999998,null,null,5.57,4.13,22.48,17.739999999999998,22.48,17.739999999999998,5.57,4.13]
[2019,11,14,12,43783.499999999214,8.42,"Valid",4.53,24.85,"Valid",18.510000000000002,null,null,8.42,4.53,24.85,18.510000000000002,24.85,18.510000000000002,8.42,4.53]
[2019,11,14,13,43783.541666665878,3.77,"Valid",4.33,16.73,"Valid",18.39,null,null,3.77,4.33,16.73,18.39,16.73,18.39,3.77,4.33]
[2019,11,14,14,43783.583333332543,12.97,"Valid",4.63,28.39,"Valid",18.63,null,null,12.97,4.63,28.39,18.63,28.39,18.63,12.97,4.63]
[2019,11,14,15,43783.624999999207,8.3699999999999992,"Valid",4.54,22.44,"Valid",18.54,null,null,8.3699999999999992,4.54,22.44,18.54,22.44,18.54,8.3699999999999992,4.54]
[2019,11,14,16,43783.666666665871,6.87,"Valid",4.62,14.54,"Valid",18.350000000000001,null,null,6.87,4.62,14.54,18.350000000000001,14.54,18.350000000000001,6.87,4.62]
[2019,11,14,17,43783.708333332535,5.3,"Valid",4.63,14.95,"Valid",17.920000000000002,null,null,5.3,4.63,14.95,17.920000000000002,14.95,17.920000000000002,5.3,4.63]
[2019,11,14,18,43783.7499999992,0.86,"Valid",4.4800000000000004,6.98,"Valid",17.309999999999999,null,null,0.86,4.4800000000000004,6.98,17.309999999999999,6.98,17.309999999999999,0.86,4.4800000000000004]
[2019,11,14,19,43783.791666665864,5.51,"Valid",4.55,16.75,"Valid",17.43,null,null,5.51,4.55,16.75,17.43,16.75,17.43,5.51,4.55]
[2019,11,14,20,43783.833333332528,9.42,"Valid",4.91,21.19,"Valid",17.73,null,null,9.42,4.91,21.19,17.73,21.19,17.73,9.42,4.91]
[2019,11,14,21,43783.874999999192,4.59,"Valid",4.92,16.97,"Valid",17.64,null,null,4.59,4.92,16.97,17.64,16.97,17.64,4.59,4.92]
[2019,11,14,22,43783.916666665857,4.7300000000000004,"Valid",4.96,25.3,"Valid",17.87,null,null,4.7300000000000004,4.96,25.3,17.87,25.3,17.87,4.7300000000000004,4.96]
[2019,11,14,23,43783.958333332521,4.2300000000000004,"Valid",4.93,23.6,"Valid",18.37,null,null,4.2300000000000004,4.93,23.6,18.37,23.6,18.37,4.2300000000000004,4.93]
[2019,11,15,0,43783.999999999185,6.57,"Valid",5.17,20.07,"Valid",18.46,null,null,6.57,5.17,20.07,18.46,20.07,18.46,6.57,5.17]
[2019,11,15,1,43784.041666665849,3.2,"Valid",4.9400000000000004,15.69,"Valid",18.07,null,null,3.2,4.9400000000000004,15.69,18.07,15.69,18.07,3.2,4.9400000000000004]
[2019,11,15,2,43784.083333332514,1.28,"Valid",4.8099999999999996,14.27,"Valid",17.77,null,null,1.28,4.8099999999999996,14.27,17.77,14.27,17.77,1.28,4.8099999999999996]
[2019,11,15,3,43784.124999999178,2.0299999999999998,"Valid",4.8600000000000003,15.77,"Valid",17.75,null,null,2.0299999999999998,4.8600000000000003,15.77,17.75,15.77,17.75,2.0299999999999998,4.8600000000000003]
[2019,11,15,4,43784.166666665842,5,"Valid",4.88,18.86,"Valid",17.79,null,null,5,4.88,18.86,17.79,18.86,17.79,5,4.88]
[2019,11,15,5,43784.208333332506,0.42,"Valid",4.72,14.27,"Valid",17.649999999999999,null,null,0.42,4.72,14.27,17.649999999999999,14.27,17.649999999999999,0.42,4.72]
[2019,11,15,6,43784.249999999171,2.82,"Valid",4.63,15.14,"Valid",17.71,null,null,2.82,4.63,15.14,17.71,15.14,17.71,2.82,4.63]
[2019,11,15,7,43784.291666665835,2.34,"Valid",4.54,20.65,"Valid",18.27,null,null,2.34,4.54,20.65,18.27,20.65,18.27,2.34,4.54]
[2019,11,15,8,43784.333333332499,5.65,"Valid",4.7,22.65,"Valid",18.46,null,null,5.65,4.7,22.65,18.46,22.65,18.46,5.65,4.7]
[2019,{"$f":"B346","v":11},{"$f":"C323+1","v":15},9,43784.374999999163,3.87,"Valid",4.79,24.91,"Valid",18.72,null,null,3.87,4.79,24.91,18.72,24.91,18.72,3.87,4.79]
[2019,11,15,10,43784.416666665828,5.46,"Valid",4.97,19.989999999999998,"Valid",19.059999999999999,null,null,5.46,4.97,19.989999999999998,19.059999999999999,19.989999999999998,19.059999999999999,5.46,4.97]
[2019,11,15,11,43784.458333332492,5.62,"Valid",4.97,15.71,"Valid",18.78,null,null,5.62,4.97,15.71,18.78,15.71,18.78,5.62,4.97]
[2019,11,15,12,43784.499999999156,1.78,"Valid",4.6900000000000004,14.42,"Valid",18.34,null,null,1.78,4.6900000000000004,14.42,18.34,14.42,18.34,1.78,4.6900000000000004]
[2019,11,15,13,43784.54166666582,6.14,"Valid",4.79,16.350000000000001,"Valid",18.329999999999998,null,null,6.14,4.79,16.350000000000001,18.329999999999998,16.350000000000001,18.329999999999998,6.14,4.79]
[2019,11,15,14,43784.583333332484,9.7799999999999994,"Valid",4.66,29.12,"Valid",18.36,null,null,9.7799999999999994,4.66,29.12,18.36,29.12,18.36,9.7799999999999994,4.66]
[2019,11,15,15,43784.624999999149,10.89,"Valid",4.7699999999999996,21.87,"Valid",18.329999999999998,null,null,10.89,4.7699999999999996,21.87,18.329999999999998,21.87,18.329999999999998,10.89,4.7699999999999996]
[2019,11,15,16,43784.666666665813,7.78,"Valid",4.8,20.75,"Valid",18.59,null,null,7.78,4.8,20.75,18.59,20.75,18.59,7.78,4.8]
[2019,11,15,17,43784.708333332477,4.78,"Valid",4.78,10.53,"Valid",18.41,null,null,4.78,4.78,10.53,18.41,10.53,18.41,4.78,4.78]
[2019,11,15,18,43784.749999999141,{"$f":"NA()","v":{"$error":"#N/A"}},"Invalid",{"$f":"NA()","v":{"$error":"#N/A"}},{"$f":"NA()","v":{"$error":"#N/A"}},"Invalid",{"$f":"NA()","v":{"$error":"#N/A"}},"Pump Failure","High negative removed",{"$error":"#N/A"},{"$error":"#N/A"},{"$error":"#N/A"},{"$error":"#N/A"}]
[2019,11,15,19,43784.791666665806,4.0999999999999996,"Valid",4.8899999999999997,15.63,"Valid",17.63,null,null,4.0999999999999996,4.8899999999999997,15.63,17.63,15.63,17.63,4.0999999999999996,4.8899999999999997]
[2019,11,15,20,43784.83333333247,4.18,"Valid",4.66,18.59,"Valid",17.52,null,null,4.18,4.66,18.59,17.52,18.59,17.52,4.18,4.66]
[2019,11,15,21,43784.874999999134,5.81,"Valid",4.72,19.399999999999999,"Valid",17.62,null,null,5.81,4.72,19.399999999999999,17.62,19.399999999999999,17.62,5.81,4.72]
[2019,11,15,22,43784.916666665798,2.17,"Valid",4.5999999999999996,21.08,"Valid",17.45,null,null,2.17,4.5999999999999996,21.08,17.45,21.08,17.45,2.17,4.5999999999999996]
[2019,11,15,23,43784.958333332463,5.12,"Valid",4.6399999999999997,24.94,"Valid",17.5,null,null,5.12,4.6399999999999997,24.94,17.5,24.94,17.5,5.12,4.6399999999999997]
[2019,11,16,0,43784.999999999127,6.3,"Valid",4.63,26.25,"Valid",17.760000000000002,null,null,6.3,4.63,26.25,17.760000000000002,26.25,17.760000000000002,6.3,4.63]
[2019,11,16,1,43785.041666665791,4.51,"Valid",4.6900000000000004,18.170000000000002,"Valid",17.86,null,null,4.51,4.6900000000000004,18.170000000000002,17.86,18.170000000000002,17.86,4.51,4.6900000000000004]
[2019,11,16,2,43785.083333332455,-1.31,"Valid",4.58,15.57,"Valid",17.920000000000002,null,null,-1.31,4.58,15.57,17.920000000000002,15.57,17.920000000000002,-1.31,4.58]
[2019,11,16,3,43785.12499999912,0.87,"Valid",4.53,16.600000000000001,"Valid",17.95,null,null,0.87,4.53,16.600000000000001,17.95,16.600000000000001,17.95,0.87,4.53]
[2019,11,16,4,43785.166666665784,4.9000000000000004,"Valid",4.5199999999999996,16.22,"Valid",17.84,null,null,4.9000000000000004,4.5199999999999996,16.22,17.84,16.22,17.84,4.9000000000000004,4.5199999999999996]
[2019,11,16,5,43785.208333332448,1.53,"Valid",4.57,10.08,"Valid",17.670000000000002,null,null,1.53,4.57,10.08,17.670000000000002,10.08,17.670000000000002,1.53,4.57]
[2019,11,16,6,43785.249999999112,3.19,"Valid",4.59,24.16,"Valid",18.04,null,null,3.19,4.59,24.16,18.04,24.16,18.04,3.19,4.59]
[2019,11,16,7,43785.291666665777,5.27,"Valid",4.71,30.2,"Valid",18.440000000000001,null,null,5.27,4.71,30.2,18.440000000000001,30.2,18.440000000000001,5.27,4.71]
[2019,11,16,8,43785.333333332441,5.65,"Valid",4.71,49.03,"Valid",19.54,null,null,5.65,4.71,49.03,19.54,49.03,19.54,5.65,4.71]
[2019,11,16,9,43785.374999999105,7.67,"Valid",4.88,42.36,"Valid",20.27,null,null,7.67,4.88,42.36,20.27,42.36,20.27,7.67,4.88]
[2019,11,16,10,43785.416666665769,9.5500000000000007,"Valid",5.0599999999999996,29.99,"Valid",20.68,null,null,9.5500000000000007,5.0599999999999996,29.99,20.68,29.99,20.68,9.5500000000000007,5.0599999999999996]
[2019,11,16,11,43785.458333332434,4.0999999999999996,"Valid",4.99,20.87,"Valid",20.9,null,null,4.0999999999999996,4.99,20.87,20.9,20.87,20.9,4.0999999999999996,4.99]
[2019,11,16,12,43785.499999999098,14.34,"Valid",5.54,28.82,"Valid",21.5,null,null,14.34,5.54,28.82,21.5,28.82,21.5,14.34,5.54]
[2019,11,16,13,43785.541666665762,7.11,"Valid",5.58,19.37,"Valid",21.62,null,null,7.11,5.58,19.37,21.62,19.37,21.62,7.11,5.58]
[2019,11,16,14,43785.583333332426,5.04,"Valid",5.37,15.26,"Valid",21.05,null,null,5.04,5.37,15.26,21.05,15.26,21.05,5.04,5.37]
[2019,11,16,15,43785.624999999091,5.52,"Valid",5.14,16.190000000000001,"Valid",20.81,null,null,5.52,5.14,16.190000000000001,20.81,16.190000000000001,20.81,5.52,5.14]
[2019,11,16,16,43785.666666665755,-2.29,"Valid",4.7,7.64,"Valid",20.260000000000002,null,null,-2.29,4.7,7.64,20.260000000000002,7.64,20.260000000000002,-2.29,4.7]
[2019,11,16,17,43785.708333332419,6.24,"Valid",4.76,18.79,"Valid",20.61,null,null,6.24,4.76,18.79,20.61,18.79,20.61,6.24,4.76]
[2019,11,16,18,43785.749999999083,5.12,"Valid",4.78,14.92,"Valid",21.67,null,null,5.12,4.78,14.92,21.67,14.92,21.67,5.12,4.78]
[2019,11,16,19,43785.791666665747,8.5500000000000007,"Valid",4.96,18.66,"Valid",21.8,null,null,8.5500000000000007,4.96,18.66,21.8,18.66,21.8,8.5500000000000007,4.96]
[2019,11,16,20,43785.833333332412,4.76,"Valid",4.99,11.64,"Valid",21.51,null,null,4.76,4.99,11.64,21.51,11.64,21.51,4.76,4.99]
[2019,11,16,21,43785.874999999076,3.37,"Valid",4.8899999999999997,13.02,"Valid",21.24,null,null,3.37,4.8899999999999997,13.02,21.24,13.02,21.24,3.37,4.8899999999999997]
[2019,11,16,22,43785.91666666574,3.41,"Valid",4.9400000000000004,16.54,"Valid",21.05,null,null,3.41,4.9400000000000004,16.54,21.05,16.54,21.05,3.41,4.9400000000000004]
[2019,11,16,23,43785.958333332404,2.64,"Valid",4.84,14.98,"Valid",20.64,null,null,2.64,4.84,14.98,20.64,14.98,20.64,2.64,4.84]
[2019,11,17,0,43785.999999999069,2.4700000000000002,"Valid",4.68,15.52,"Valid",20.190000000000001,null,null,{"$f":"IF(G386=\"Valid\", F386, NA())","v":2.4700000000000002},{"$f":"IF(G386=\"Valid\", H386, NA())","v":4.68},{"$f":"IF(J386=\"Valid\", I386, NA())","v":15.52},{"$f":"IF(J386=\"Valid\", K386, NA())","v":20.190000000000001},15.52,20.190000000000001,2.4700000000000002,4.68]
[2019,11,17,1,43786.041666665733,5.24,"Valid",4.71,18.84,"Valid",20.22,null,null,5.24,4.71,18.84,20.22,18.84,20.22,5.24,4.71]
[{"$f":"A387","v":2019},11,17,{"$f":"IF(D387=23,0,D387+1)","v":2},{"$f":"E387+0.0416666666666666","v":43786.083333332397},5.62,"Valid",4.99,16.78,"Valid",20.27,null,null,5.62,4.99,16.78,20.27,16.78,20.27,5.62,4.99]
[2019,11,17,3,43786.124999999061,8.9,"Valid",5.33,28,"Valid",20.75,null,null,8.9,5.33,28,20.75,28,20.75,8.9,5.33]
[2019,11,17,4,43786.166666665726,3.48,"Valid",5.27,13.93,"Valid",20.65,null,null,3.48,5.27,13.93,20.65,13.93,20.65,3.48,5.27]
[2019,11,17,5,43786.20833333239,0.67,"Valid",5.23,11.95,"Valid",20.73,null,null,0.67,5.23,11.95,20.73,11.95,20.73,0.67,5.23]
[2019,11,17,6,43786.249999999054,4.54,"Valid",5.29,18.71,"Valid",20.5,null,null,4.54,5.29,18.71,20.5,18.71,20.5,4.54,5.29]
[2019,11,17,7,43786.291666665718,-1.5,"Valid",5.01,15.16,"Valid",19.87,null,null,-1.5,5.01,15.16,19.87,15.16,19.87,-1.5,5.01]
[2019,11,17,8,43786.333333332383,3.04,"Valid",4.9000000000000004,27.48,"Valid",18.98,null,null,3.04,4.9000000000000004,27.48,18.98,27.48,18.98,3.04,4.9000000000000004]
[2019,11,17,9,43786.374999999047,9.11,"Valid",4.96,29.11,"Valid",18.420000000000002,null,null,9.11,4.96,29.11,18.420000000000002,29.11,18.420000000000002,9.11,4.96]
[2019,11,17,10,43786.416666665711,12.66,"Valid",5.09,25.68,"Valid",18.239999999999998,null,null,12.66,5.09,25.68,18.239999999999998,25.68,18.239999999999998,12.66,5.09]
[2019,11,17,11,43786.458333332375,13.22,"Valid",5.47,29.2,"Valid",18.59,null,null,13.22,5.47,29.2,18.59,29.2,18.59,13.22,5.47]
[2019,11,17,12,43786.49999999904,12.87,"Valid",5.41,36.25,"Valid",18.899999999999999,null,null,12.87,5.41,36.25,18.899999999999999,36.25,18.899999999999999,12.87,5.41]
[2019,11,17,13,43786.541666665704,18.3,"Valid",5.87,52.08,"Valid",20.260000000000002,null,null,18.3,5.87,52.08,20.260000000000002,52.08,20.260000000000002,18.3,5.87]
[2019,11,17,14,43786.583333332368,12.82,"Valid",6.2,32.369999999999997,"Valid",20.98,null,null,12.82,6.2,32.369999999999997,20.98,32.369999999999997,20.98,12.82,6.2]
[2019,11,17,15,43786.624999999032,11.06,"Valid",6.43,28.7,"Valid",21.5,null,null,11.06,6.43,28.7,21.5,28.7,21.5,11.06,6.43]
[2019,11,17,16,43786.666666665697,6.32,"Valid",6.79,29.25,"Valid",22.4,null,null,6.32,6.79,29.25,22.4,29.25,22.4,6.32,6.79]
[2019,11,17,17,43786.708333332361,2.4900000000000002,"Valid",6.63,19.399999999999999,"Valid",22.42,null,null,2.4900000000000002,6.63,19.399999999999999,22.42,19.399999999999999,22.42,2.4900000000000002,6.63]
[2019,11,17,18,43786.749999999025,1.32,"Valid",6.47,16.670000000000002,"Valid",22.5,null,null,1.32,6.47,16.670000000000002,22.5,16.670000000000002,22.5,1.32,6.47]
[2019,11,17,19,43786.791666665689,7.47,"Valid",6.43,20.89,"Valid",22.59,null,null,7.47,6.43,20.89,22.59,20.89,22.59,7.47,6.43]
[2019,11,17,20,43786.833333332354,-0.75,"Valid",6.2,17.63,"Valid",22.84,null,null,-0.75,6.2,17.63,22.84,17.63,22.84,-0.75,6.2]
[2019,11,17,21,43786.874999999018,-1.57,"Valid",5.99,11.96,"Valid",22.8,null,null,-1.57,5.99,11.96,22.8,11.96,22.8,-1.57,5.99]
[2019,11,17,22,43786.916666665682,26.08,"Valid",6.94,53.19,"Valid",24.32,null,null,26.08,6.94,53.19,24.32,53.19,24.32,26.08,6.94]
[2019,11,17,23,43786.958333332346,23.08,"Valid",7.79,36.619999999999997,"Valid",25.22,null,null,23.08,7.79,36.619999999999997,25.22,36.619999999999997,25.22,23.08,7.79]
[2019,11,18,0,43786.99999999901,21.59,"Valid",8.59,34.18,"Valid",26,null,null,21.59,8.59,34.18,26,34.18,26,21.59,8.59]
[2019,{"$f":"B410","v":11},{"$f":"C387+1","v":18},1,43787.041666665675,16.03,"Valid",9.0399999999999991,26.32,"Valid",26.31,null,null,16.03,9.0399999999999991,26.32,26.31,26.32,26.31,16.03,9.0399999999999991]
[2019,11,18,2,43787.083333332339,13.11,"Valid",9.35,21.55,"Valid",26.51,null,null,13.11,9.35,21.55,26.51,21.55,26.51,13.11,9.35]
[2019,11,18,3,43787.124999999003,12.94,"Valid",9.52,21.95,"Valid",26.26,null,null,12.94,9.52,21.95,26.26,21.95,26.26,12.94,9.52]
[2019,11,18,4,43787.166666665667,14.03,"Valid",9.9600000000000009,21.59,"Valid",26.58,null,null,14.03,9.9600000000000009,21.59,26.58,21.59,26.58,14.03,9.9600000000000009]
[2019,11,18,5,43787.208333332332,15.13,"Valid",10.56,24.85,"Valid",27.12,null,null,15.13,10.56,24.85,27.12,24.85,27.12,15.13,10.56]
[2019,11,18,6,43787.249999998996,14.46,"Valid",10.97,23.57,"Valid",27.32,null,null,14.46,10.97,23.57,27.32,23.57,27.32,14.46,10.97]
[2019,11,18,7,43787.29166666566,17.71,"Valid",11.77,29.24,"Valid",27.91,null,null,17.71,11.77,29.24,27.91,29.24,27.91,17.71,11.77]
[2019,11,18,8,43787.333333332324,34.67,"Valid",13.09,47.42,"Valid",28.74,null,null,34.67,13.09,47.42,28.74,47.42,28.74,34.67,13.09]
[2019,11,18,9,43787.374999998989,118.68,"Valid",17.66,132.35,"Valid",33.04,null,null,118.68,17.66,132.35,33.04,132.35,33.04,118.68,17.66]
[2019,11,18,10,43787.416666665653,142.38999999999999,"Valid",23.06,156.43,"Valid",38.49,null,null,142.38999999999999,23.06,156.43,38.49,156.43,38.49,142.38999999999999,23.06]
[2019,11,18,11,43787.458333332317,170.83,"Valid",29.63,191.21,"Valid",45.24,null,null,170.83,29.63,191.21,45.24,191.21,45.24,170.83,29.63]
[2019,11,18,12,43787.499999998981,190.94,"Valid",37.049999999999997,209.23,"Valid",52.44,null,null,190.94,37.049999999999997,209.23,52.44,209.23,52.44,190.94,37.049999999999997]
[2019,11,18,13,43787.541666665646,167.69,"Valid",43.27,185.1,"Valid",57.99,null,null,167.69,43.27,185.1,57.99,185.1,57.99,167.69,43.27]
[2019,11,18,14,43787.58333333231,134.9,"Valid",48.36,153.18,"Valid",63.02,null,null,134.9,48.36,153.18,63.02,153.18,63.02,134.9,48.36]
[2019,11,18,15,43787.624999998974,113.59,"Valid",52.63,132.84,"Valid",67.36,null,null,113.59,52.63,132.84,67.36,132.84,67.36,113.59,52.63]
[2019,11,18,16,43787.666666665638,107.93,"Valid",56.86,125.31,"Valid",71.36,null,null,107.93,56.86,125.31,71.36,125.31,71.36,107.93,56.86]
[2019,11,18,17,43787.708333332303,100.22,"Valid",60.94,116.58,"Valid",75.41,null,null,100.22,60.94,116.58,75.41,116.58,75.41,100.22,60.94]
[2019,11,18,18,43787.749999998967,97.79,"Valid",64.959999999999994,115.51,"Valid",79.53,null,null,97.79,64.959999999999994,115.51,79.53,115.51,79.53,97.79,64.959999999999994]
[2019,11,18,19,43787.791666665631,93.95,"Valid",68.56,112.02,"Valid",83.33,null,null,93.95,68.56,112.02,83.33,112.02,83.33,93.95,68.56]
[2019,11,18,20,43787.833333332295,89.23,"Valid",72.31,108.48,"Valid",87.11,null,null,89.23,72.31,108.48,87.11,108.48,87.11,89.23,72.31]
[2019,11,18,21,43787.87499999896,90.39,"Valid",76.14,117.11,"Valid",91.49,null,null,90.39,76.14,117.11,91.49,117.11,91.49,90.39,76.14]
[2019,11,18,22,43787.916666665624,83.83,"Valid",78.55,106.31,"Valid",93.71,null,null,83.83,78.55,106.31,93.71,106.31,93.71,83.83,78.55]
[2019,11,18,23,43787.958333332288,78.319999999999993,"Valid",80.849999999999994,98.19,"Valid",96.27,null,null,78.319999999999993,80.849999999999994,98.19,96.27,98.19,96.27,78.319999999999993,80.849999999999994]
[2019,11,19,0,43787.999999998952,70.540000000000006,"Valid",82.89,91.09,"Valid",98.64,null,null,70.540000000000006,82.89,91.09,98.64,91.09,98.64,70.540000000000006,82.89]
[2019,11,19,1,43788.041666665617,45.44,"Valid",84.11,61.3,"Valid",100.1,null,null,45.44,84.11,61.3,100.1,61.3,100.1,45.44,84.11]
[2019,11,19,2,43788.083333332281,28.15,"Valid",84.74,47.69,"Valid",101.19,null,null,28.15,84.74,47.69,101.19,47.69,101.19,28.15,84.74]
[2019,11,19,3,43788.124999998945,20.09,"Valid",85.04,36.86,"Valid",101.81,null,null,20.09,85.04,36.86,101.81,36.86,101.81,20.09,85.04]
[2019,11,19,4,43788.166666665609,14.79,"Valid",85.07,33.5,"Valid",102.31,null,null,14.79,85.07,33.5,102.31,33.5,102.31,14.79,85.07]
[2019,11,19,5,43788.208333332273,30.88,"Valid",85.73,45.01,"Valid",103.15,null,null,30.88,85.73,45.01,103.15,45.01,103.15,30.88,85.73]
[2019,11,19,6,43788.249999998938,23.2,"Valid",86.09,34.21,"Valid",103.59,null,null,23.2,86.09,34.21,103.59,34.21,103.59,23.2,86.09]
[2019,11,19,7,43788.291666665602,18.3,"Valid",86.11,32.369999999999997,"Valid",103.72,null,null,18.3,86.11,32.369999999999997,103.72,32.369999999999997,103.72,18.3,86.11]
[2019,11,19,8,43788.333333332266,22.14,"Valid",85.59,42.63,"Valid",103.52,null,null,22.14,85.59,42.63,103.52,42.63,103.52,22.14,85.59]
[2019,11,19,9,43788.37499999893,17.760000000000002,"Valid",81.39,38.909999999999997,"Valid",99.63,null,null,17.760000000000002,81.39,38.909999999999997,99.63,38.909999999999997,99.63,17.760000000000002,81.39]
[2019,11,19,10,43788.416666665595,9.42,"Valid",75.849999999999994,30,"Valid",94.36,null,null,9.42,75.849999999999994,30,94.36,30,94.36,9.42,75.849999999999994]
[2019,11,19,11,43788.458333332259,8.16,"Valid",69.069999999999993,19.91,"Valid",87.22,null,null,8.16,69.069999999999993,19.91,87.22,19.91,87.22,8.16,69.069999999999993]
[2019,11,19,12,43788.499999998923,6.5,"Valid",61.38,20.190000000000001,"Valid",79.349999999999994,null,null,6.5,61.38,20.190000000000001,79.349999999999994,20.190000000000001,79.349999999999994,6.5,61.38]
[2019,11,19,13,43788.541666665587,8.08,"Valid",54.73,21.99,"Valid",72.55,null,null,8.08,54.73,21.99,72.55,21.99,72.55,8.08,54.73]
[2019,11,19,14,43788.583333332252,9.5500000000000007,"Valid",49.51,27.96,"Valid",67.33,null,null,9.5500000000000007,49.51,27.96,67.33,27.96,67.33,9.5500000000000007,49.51]
[2019,11,19,15,43788.624999998916,6.94,"Valid",45.07,22.75,"Valid",62.75,null,null,6.94,45.07,22.75,62.75,22.75,62.75,6.94,45.07]
[2019,11,19,16,43788.66666666558,11.82,"Valid",41.06,23.99,"Valid",58.52,null,null,{"$f":"IF(G450=\"Valid\", F450, NA())","v":11.82},{"$f":"IF(G450=\"Valid\", H450, NA())","v":41.06},{"$f":"IF(J450=\"Valid\", I450, NA())","v":23.99},{"$f":"IF(J450=\"Valid\", K450, NA())","v":58.52},23.99,58.52,11.82,41.06]
[2019,11,19,17,43788.708333332244,8.4499999999999993,"Valid",37.24,20.190000000000001,"Valid",54.51,null,null,8.4499999999999993,37.24,20.190000000000001,54.51,20.190000000000001,54.51,8.4499999999999993,37.24]
[{"$f":"A451","v":2019},11,19,{"$f":"IF(D451=23,0,D451+1)","v":18},{"$f":"E451+0.0416666666666666","v":43788.749999998909},13.25,"Valid",33.72,27.93,"Valid",50.86,null,null,13.25,33.72,27.93,50.86,27.93,50.86,13.25,33.72]
[2019,11,19,19,43788.791666665573,6.62,"Valid",30.08,20.7,"Valid",47.05,null,null,6.62,30.08,20.7,47.05,20.7,47.05,6.62,30.08]
[2019,11,19,20,43788.833333332237,11.43,"Valid",26.84,28.55,"Valid",43.72,null,null,11.43,26.84,28.55,43.72,28.55,43.72,11.43,26.84]
[2019,11,19,21,43788.874999998901,5.61,"Valid",23.3,21.3,"Valid",39.729999999999997,null,null,5.61,23.3,21.3,39.729999999999997,21.3,39.729999999999997,5.61,23.3]
[2019,11,19,22,43788.916666665566,9.66,"Valid",20.21,28.14,"Valid",36.47,null,null,9.66,20.21,28.14,36.47,28.14,36.47,9.66,20.21]
[2019,11,19,23,43788.95833333223,3.39,"Valid",17.09,20.46,"Valid",33.229999999999997,null,null,3.39,17.09,20.46,33.229999999999997,20.46,33.229999999999997,3.39,17.09]
[2019,11,20,0,43788.999999998894,6.07,"Valid",14.4,24.26,"Valid",30.45,null,null,6.07,14.4,24.26,30.45,24.26,30.45,6.07,14.4]
[2019,11,20,1,43789.041666665558,5.67,"Valid",12.75,27.42,"Valid",29.04,null,null,5.67,12.75,27.42,29.04,27.42,29.04,5.67,12.75]
[2019,11,20,2,43789.083333332223,11.25,"Valid",12.04,35.01,"Valid",28.51,null,null,11.25,12.04,35.01,28.51,35.01,28.51,11.25,12.04]
[2019,11,20,3,43789.124999998887,8.18,"Valid",11.55,21.45,"Valid",27.87,null,null,8.18,11.55,21.45,27.87,21.45,27.87,8.18,11.55]
[2019,11,20,4,43789.166666665551,4.4000000000000004,"Valid",11.11,20.84,"Valid",27.34,null,null,4.4000000000000004,11.11,20.84,27.34,20.84,27.34,4.4000000000000004,11.11]
[2019,11,20,5,43789.208333332215,6.85,"Valid",10.11,27.2,"Valid",26.6,null,null,6.85,10.11,27.2,26.6,27.2,26.6,6.85,10.11]
[2019,11,20,6,43789.24999999888,-1.27,"Valid",9.09,20.82,"Valid",26.04,null,null,-1.27,9.09,20.82,26.04,20.82,26.04,-1.27,9.09]
[2019,11,20,7,43789.291666665544,28.3,"Valid",9.51,50.11,"Valid",26.78,null,null,28.3,9.51,50.11,26.78,50.11,26.78,28.3,9.51]
[2019,11,20,8,43789.333333332208,41.11,"Valid",10.3,71.069999999999993,"Valid",27.96,null,null,41.11,10.3,71.069999999999993,27.96,71.069999999999993,27.96,41.11,10.3]
[2019,11,20,9,43789.374999998872,31.74,"Valid",10.88,58.76,"Valid",28.79,null,null,31.74,10.88,58.76,28.79,58.76,28.79,31.74,10.88]
[2019,11,20,10,43789.416666665536,38.64,"Valid",12.1,69.680000000000007,"Valid",30.45,null,null,38.64,12.1,69.680000000000007,30.45,69.680000000000007,30.45,38.64,12.1]
[2019,11,20,11,43789.458333332201,32.28,"Valid",13.11,61.34,"Valid",32.17,null,null,32.28,13.11,61.34,32.17,61.34,32.17,32.28,13.11]
[2019,11,20,12,43789.499999998865,27.21,"Valid",13.97,53.37,"Valid",33.549999999999997,null,null,27.21,13.97,53.37,33.549999999999997,53.37,33.549999999999997,27.21,13.97]
[2019,11,20,13,43789.541666665529,49.37,"Valid",15.69,75.34,"Valid",35.78,null,null,49.37,15.69,75.34,35.78,75.34,35.78,49.37,15.69]
[2019,11,20,14,43789.583333332193,11.03,"Valid",15.75,28.51,"Valid",35.799999999999997,null,null,11.03,15.75,28.51,35.799999999999997,28.51,35.799999999999997,11.03,15.75]
[2019,11,20,15,43789.624999998858,23.43,"Valid",16.440000000000001,40.61,"Valid",36.54,null,null,23.43,16.440000000000001,40.61,36.54,40.61,36.54,23.43,16.440000000000001]
[2019,11,20,16,43789.666666665522,30.08,"Valid",17.2,49.25,"Valid",37.6,null,null,30.08,17.2,49.25,37.6,49.25,37.6,30.08,17.2]
[2019,{"$f":"B474","v":11},{"$f":"C451+1","v":20},17,43789.708333332186,36.299999999999997,"Valid",18.36,50.33,"Valid",38.85,null,null,36.299999999999997,18.36,50.33,38.85,50.33,38.85,36.299999999999997,18.36]
[2019,11,20,18,43789.74999999885,26.61,"Valid",18.920000000000002,50.07,"Valid",39.770000000000003,null,null,26.61,18.920000000000002,50.07,39.770000000000003,50.07,39.770000000000003,26.61,18.920000000000002]
[2019,11,20,19,43789.791666665515,16.48,"Valid",19.329999999999998,31.44,"Valid",40.22,null,null,16.48,19.329999999999998,31.44,40.22,31.44,40.22,16.48,19.329999999999998]
[2019,11,20,20,43789.833333332179,16.28,"Valid",19.53,30.8,"Valid",40.32,null,null,16.28,19.53,30.8,40.32,30.8,40.32,16.28,19.53]
[2019,11,20,21,43789.874999998843,14.85,"Valid",19.91,37.26,"Valid",40.98,null,null,14.85,19.91,37.26,40.98,37.26,40.98,14.85,19.91]
[2019,11,20,22,43789.916666665507,17.309999999999999,"Valid",20.23,39.11,"Valid",41.44,null,null,17.309999999999999,20.23,39.11,41.44,39.11,41.44,17.309999999999999,20.23]
[2019,11,20,23,43789.958333332172,12.82,"Valid",20.62,33.21,"Valid",41.97,null,null,12.82,20.62,33.21,41.97,33.21,41.97,12.82,20.62]
[2019,11,21,0,43789.999999998836,14.99,"Valid",21,34.67,"Valid",42.4,null,null,14.99,21,34.67,42.4,34.67,42.4,14.99,21]
[2019,11,21,1,43790.0416666655,15.86,"Valid",21.42,35.85,"Valid",42.75,null,null,15.86,21.42,35.85,42.75,35.85,42.75,15.86,21.42]
[2019,11,21,2,43790.083333332164,12.64,"Valid",21.48,28.11,"Valid",42.47,null,null,12.64,21.48,28.11,42.47,28.11,42.47,12.64,21.48]
[2019,11,21,3,43790.124999998829,17.32,"Valid",21.86,31.74,"Valid",42.9,null,null,17.32,21.86,31.74,42.9,31.74,42.9,17.32,21.86]
[2019,11,21,4,43790.166666665493,18.64,"Valid",22.45,32.43,"Valid",43.38,null,null,18.64,22.45,32.43,43.38,32.43,43.38,18.64,22.45]
[2019,11,21,5,43790.208333332157,23.2,"Valid",23.13,35.799999999999997,"Valid",43.74,null,null,23.2,23.13,35.799999999999997,43.74,35.799999999999997,43.74,23.2,23.13]
[2019,11,21,6,43790.249999998821,24.66,"Valid",24.21,41,"Valid",44.58,null,null,24.66,24.21,41,44.58,41,44.58,24.66,24.21]
[2019,11,21,7,43790.291666665486,31.07,"Valid",24.33,45.34,"Valid",44.38,null,null,31.07,24.33,45.34,44.38,45.34,44.38,31.07,24.33]
[2019,11,21,8,43790.33333333215,106.08,"Valid",27.04,122.22,"Valid",46.51,null,null,106.08,27.04,122.22,46.51,122.22,46.51,106.08,27.04]
[2019,11,21,9,43790.374999998814,188.95,"Valid",33.590000000000003,210.88,"Valid",52.85,null,null,188.95,33.590000000000003,210.88,52.85,210.88,52.85,188.95,33.590000000000003]
[2019,11,21,10,43790.416666665478,240.74,"Valid",42.01,265.37,"Valid",61,null,null,240.74,42.01,265.37,61,265.37,61,240.74,42.01]
[2019,11,21,11,43790.458333332143,216.8,"Valid",49.7,248.93,"Valid",68.819999999999993,null,null,216.8,49.7,248.93,68.819999999999993,248.93,68.819999999999993,216.8,49.7]
[2019,11,21,12,43790.499999998807,206.48,"Valid",57.17,231.54,"Valid",76.239999999999995,null,null,206.48,57.17,231.54,76.239999999999995,231.54,76.239999999999995,206.48,57.17]
[2019,11,21,13,43790.541666665471,168.34,"Valid",62.12,193.47,"Valid",81.16,null,null,168.34,62.12,193.47,81.16,193.47,81.16,168.34,62.12]
[2019,11,21,14,43790.583333332135,108.13,"Valid",66.17,131.19,"Valid",85.44,null,null,108.13,66.17,131.19,85.44,131.19,85.44,108.13,66.17]
[2019,11,21,15,43790.624999998799,82.95,"Valid",68.650000000000006,106.08,"Valid",88.17,null,null,82.95,68.650000000000006,106.08,88.17,106.08,88.17,82.95,68.650000000000006]
[2019,11,21,16,43790.666666665464,62.64,"Valid",70.010000000000005,90.04,"Valid",89.87,null,null,62.64,70.010000000000005,90.04,89.87,90.04,89.87,62.64,70.010000000000005]
[2019,11,21,17,43790.708333332128,61.04,"Valid",71.040000000000006,88.19,"Valid",91.45,null,null,61.04,71.040000000000006,88.19,91.45,88.19,91.45,61.04,71.040000000000006]
[2019,11,21,18,43790.749999998792,52.21,"Valid",72.099999999999994,83.1,"Valid",92.82,null,null,52.21,72.099999999999994,83.1,92.82,83.1,92.82,52.21,72.099999999999994]
[2019,11,21,19,43790.791666665456,34.56,"Valid",72.86,65.08,"Valid",94.23,null,null,34.56,72.86,65.08,94.23,65.08,94.23,34.56,72.86]
[2019,11,21,20,43790.833333332121,23.85,"Valid",73.17,51.26,"Valid",95.08,null,null,23.85,73.17,51.26,95.08,51.26,95.08,23.85,73.17]
[2019,11,21,21,43790.874999998785,22.78,"Valid",73.5,52.48,"Valid",95.71,null,null,22.78,73.5,52.48,95.71,52.48,95.71,22.78,73.5]
[2019,11,21,22,43790.916666665449,26.2,"Valid",73.87,52.12,"Valid",96.25,null,null,26.2,73.87,52.12,96.25,52.12,96.25,26.2,73.87]
[2019,11,21,23,43790.958333332113,28.37,"Valid",74.52,55.58,"Valid",97.19,null,null,28.37,74.52,55.58,97.19,55.58,97.19,28.37,74.52]
[2019,11,22,0,43790.999999998778,24.57,"Valid",74.92,49.85,"Valid",97.82,null,null,24.57,74.92,49.85,97.82,49.85,97.82,24.57,74.92]
[2019,11,22,1,43791.041666665442,24.28,"Valid",75.27,47.93,"Valid",98.32,null,null,24.28,75.27,47.93,98.32,47.93,98.32,24.28,75.27]
[2019,11,22,2,43791.083333332106,19.559999999999999,"Valid",75.56,44.62,"Valid",99.01,null,null,19.559999999999999,75.56,44.62,99.01,44.62,99.01,19.559999999999999,75.56]
[2019,11,22,3,43791.12499999877,24.35,"Valid",75.849999999999994,49.27,"Valid",99.74,null,null,24.35,75.849999999999994,49.27,99.74,49.27,99.74,24.35,75.849999999999994]
[2019,11,22,4,43791.166666665435,23.11,"Valid",76.040000000000006,47.56,"Valid",100.37,null,null,23.11,76.040000000000006,47.56,100.37,47.56,100.37,23.11,76.040000000000006]
[2019,11,22,5,43791.208333332099,32.03,"Valid",76.41,62.49,"Valid",101.48,null,null,32.03,76.41,62.49,101.48,62.49,101.48,32.03,76.41]
[2019,11,22,6,43791.249999998763,31.94,"Valid",76.709999999999994,57.02,"Valid",102.15,null,null,31.94,76.709999999999994,57.02,102.15,57.02,102.15,31.94,76.709999999999994]
[2019,11,22,7,43791.291666665427,30.67,"Valid",76.69,54.65,"Valid",102.54,null,null,30.67,76.69,54.65,102.54,54.65,102.54,30.67,76.69]
[2019,11,22,8,43791.333333332092,26.18,"Valid",73.36,46.81,"Valid",99.4,null,null,{"$f":"IF(G514=\"Valid\", F514, NA())","v":26.18},{"$f":"IF(G514=\"Valid\", H514, NA())","v":73.36},{"$f":"IF(J514=\"Valid\", I514, NA())","v":46.81},{"$f":"IF(J514=\"Valid\", K514, NA())","v":99.4},46.81,99.4,26.18,73.36]
[2019,11,22,9,43791.374999998756,25.82,"Valid",66.569999999999993,52.33,"Valid",92.79,null,null,25.82,66.569999999999993,52.33,92.79,52.33,92.79,25.82,66.569999999999993]
[{"$f":"A515","v":2019},11,22,{"$f":"IF(D515=23,0,D515+1)","v":10},{"$f":"E515+0.0416666666666666","v":43791.41666666542},28.33,"Valid",57.72,62.84,"Valid",84.35,null,null,28.33,57.72,62.84,84.35,62.84,84.35,28.33,57.72]
[2019,11,22,11,43791.458333332084,25.39,"Valid",49.74,102.17,"Valid",78.239999999999995,null,null,25.39,49.74,102.17,78.239999999999995,102.17,78.239999999999995,25.39,49.74]
[2019,11,22,12,43791.499999998749,26.96,"Valid",42.26,120.48,"Valid",73.61,null,null,26.96,42.26,120.48,73.61,120.48,73.61,26.96,42.26]
[2019,11,22,13,43791.541666665413,32.85,"Valid",36.619999999999997,141.88999999999999,"Valid",71.459999999999994,null,null,32.85,36.619999999999997,141.88999999999999,71.459999999999994,141.88999999999999,71.459999999999994,32.85,36.619999999999997]
[2019,11,22,14,43791.583333332077,28.72,"Valid",33.31,170.08,"Valid",73.08,null,null,28.72,33.31,170.08,73.08,170.08,73.08,28.72,33.31]
[2019,11,22,15,43791.624999998741,31.67,"Valid",31.17,201.26,"Valid",77.05,null,null,31.67,31.17,201.26,77.05,201.26,77.05,31.67,31.17]
[2019,11,22,16,43791.666666665406,28.7,"Valid",29.76,155.35,"Valid",79.77,null,null,28.7,29.76,155.35,79.77,155.35,79.77,28.7,29.76]
[2019,11,22,17,43791.70833333207,23.8,"Valid",28.2,124.91,"Valid",81.3,null,null,23.8,28.2,124.91,81.3,124.91,81.3,23.8,28.2]
[2019,11,22,18,43791.749999998734,21.08,"Valid",26.91,120.76,"Valid",82.87,null,null,21.08,26.91,120.76,82.87,120.76,82.87,21.08,26.91]
[2019,11,22,19,43791.791666665398,27.26,"Valid",26.6,146.82,"Valid",86.27,null,null,27.26,26.6,146.82,86.27,146.82,86.27,27.26,26.6]
[2019,11,22,20,43791.833333332062,27.81,"Valid",26.77,153.78,"Valid",90.54,null,null,27.81,26.77,153.78,90.54,153.78,90.54,27.81,26.77]
[2019,11,22,21,43791.874999998727,27.6,"Valid",26.97,154.29,"Valid",94.79,null,null,27.6,26.97,154.29,94.79,154.29,94.79,27.6,26.97]
[2019,11,22,22,43791.916666665391,40.03,"Valid",27.55,301.11,"Valid",105.16,null,null,40.03,27.55,301.11,105.16,301.11,105.16,40.03,27.55]
[2019,11,22,23,43791.958333332055,50.85,"Valid",28.48,349.96,"Valid",117.43,null,null,50.85,28.48,349.96,117.43,349.96,117.43,50.85,28.48]
[2019,11,23,0,43791.999999998719,42.45,"Valid",29.23,164.44,"Valid",122.2,null,null,42.45,29.23,164.44,122.2,164.44,122.2,42.45,29.23]
[2019,11,23,1,43792.041666665384,50.67,"Valid",30.33,95.09,"Valid",124.17,null,null,50.67,30.33,95.09,124.17,95.09,124.17,50.67,30.33]
[2019,11,23,2,43792.083333332048,40.21,"Valid",31.19,91.11,"Valid",126.1,null,null,40.21,31.19,91.11,126.1,91.11,126.1,40.21,31.19]
[2019,11,23,3,43792.124999998712,30.77,"Valid",31.45,101.88,"Valid",128.30000000000001,null,null,30.77,31.45,101.88,128.30000000000001,101.88,128.30000000000001,30.77,31.45]
[2019,11,23,4,43792.166666665376,34.72,"Valid",31.94,92.81,"Valid",130.18,null,null,34.72,31.94,92.81,130.18,92.81,130.18,34.72,31.94]
[2019,11,23,5,43792.208333332041,27.99,"Valid",31.77,80,"Valid",130.91,null,null,27.99,31.77,80,130.91,80,130.91,27.99,31.77]
[2019,11,23,6,43792.249999998705,27.49,"Valid",31.58,68.83,"Valid",131.4,null,null,27.49,31.58,68.83,131.4,68.83,131.4,27.49,31.58]
[2019,11,23,7,43792.291666665369,27.01,"Valid",31.43,68.87,"Valid",131.99,null,null,27.01,31.43,68.87,131.99,68.87,131.99,27.01,31.43]
[2019,11,23,8,43792.333333332033,25.27,"Valid",31.39,69.81,"Valid",132.94999999999999,null,null,25.27,31.39,69.81,132.94999999999999,69.81,132.94999999999999,25.27,31.39]
[2019,{"$f":"B538","v":11},{"$f":"C515+1","v":23},9,43792.374999998698,31.96,"Valid",31.65,83.22,"Valid",134.24,null,null,31.96,31.65,83.22,134.24,83.22,134.24,31.96,31.65]
[2019,11,23,10,43792.416666665362,32.17,"Valid",31.81,89.09,"Valid",135.33000000000001,null,null,32.17,31.81,89.09,135.33000000000001,89.09,135.33000000000001,32.17,31.81]
[2019,11,23,11,43792.458333332026,26.05,"Valid",31.84,82.16,"Valid",134.5,null,null,26.05,31.84,82.16,134.5,82.16,134.5,26.05,31.84]
[2019,11,23,12,43792.49999999869,24.41,"Valid",31.73,94.68,"Valid",133.43,null,null,24.41,31.73,94.68,133.43,94.68,133.43,24.41,31.73]
[2019,11,23,13,43792.541666665355,17.510000000000002,"Valid",31.09,71.2,"Valid",130.47999999999999,null,null,17.510000000000002,31.09,71.2,130.47999999999999,71.2,130.47999999999999,17.510000000000002,31.09]
[2019,11,23,14,43792.583333332019,26.87,"Valid",31.01,66.16,"Valid",126.15,null,null,26.87,31.01,66.16,126.15,66.16,126.15,26.87,31.01]
[2019,11,23,15,43792.624999998683,21.39,"Valid",30.59,71.2,"Valid",120.73,null,null,21.39,30.59,71.2,120.73,71.2,120.73,21.39,30.59]
[2019,11,23,16,43792.666666665347,26.34,"Valid",30.49,88.73,"Valid",117.95,null,null,26.34,30.49,88.73,117.95,88.73,117.95,26.34,30.49]
[2019,11,23,17,43792.708333332012,29.85,"Valid",30.74,93.19,"Valid",116.63,null,null,29.85,30.74,93.19,116.63,93.19,116.63,29.85,30.74]
[2019,11,23,18,43792.749999998676,19.440000000000001,"Valid",30.67,82.79,"Valid",115.05,null,null,19.440000000000001,30.67,82.79,115.05,82.79,115.05,19.440000000000001,30.67]
[2019,11,23,19,43792.79166666534,25.39,"Valid",30.59,71.239999999999995,"Valid",111.9,null,null,25.39,30.59,71.239999999999995,111.9,71.239999999999995,111.9,25.39,30.59]
[2019,11,23,20,43792.833333332004,10.78,"Valid",29.88,25.12,"Valid",106.54,null,null,10.78,29.88,25.12,106.54,25.12,106.54,10.78,29.88]
[2019,11,23,21,43792.874999998668,15.1,"Valid",29.36,34.409999999999997,"Valid",101.55,null,null,15.1,29.36,34.409999999999997,101.55,34.409999999999997,101.55,15.1,29.36]
[2019,11,23,22,43792.916666665333,61.52,"Valid",30.26,73.84,"Valid",92.08,null,null,61.52,30.26,73.84,92.08,73.84,92.08,61.52,30.26]
[2019,11,23,23,43792.958333331997,41.88,"Valid",29.89,51,"Valid",79.62,null,null,41.88,29.89,51,79.62,51,79.62,41.88,29.89]
[2019,11,24,0,43792.999999998661,36.85,"Valid",29.65,42.07,"Valid",74.52,null,null,36.85,29.65,42.07,74.52,42.07,74.52,36.85,29.65]
[2019,11,24,1,43793.041666665325,40.24,"Valid",29.22,46.11,"Valid",72.48,null,null,40.24,29.22,46.11,72.48,46.11,72.48,40.24,29.22]
[2019,11,24,2,43793.08333333199,34.1,"Valid",28.96,42.48,"Valid",70.45,null,null,34.1,28.96,42.48,70.45,42.48,70.45,34.1,28.96]
[2019,11,24,3,43793.124999998654,36.51,"Valid",29.2,44.37,"Valid",68.06,null,null,36.51,29.2,44.37,68.06,44.37,68.06,36.51,29.2]
[2019,11,24,4,43793.166666665318,37.479999999999997,"Valid",29.32,44.42,"Valid",66.040000000000006,null,null,37.479999999999997,29.32,44.42,66.040000000000006,44.42,66.040000000000006,37.479999999999997,29.32]
[2019,11,24,5,43793.208333331982,19.059999999999999,"Valid",28.94,27.32,"Valid",63.85,null,null,19.059999999999999,28.94,27.32,63.85,27.32,63.85,19.059999999999999,28.94]
[2019,11,24,6,43793.249999998647,22.36,"Valid",28.73,32.89,"Valid",62.35,null,null,22.36,28.73,32.89,62.35,32.89,62.35,22.36,28.73]
[2019,11,24,7,43793.291666665311,25.32,"Valid",28.66,34.409999999999997,"Valid",60.91,null,null,25.32,28.66,34.409999999999997,60.91,34.409999999999997,60.91,25.32,28.66]
[2019,11,24,8,43793.333333331975,22.16,"Valid",28.53,28.58,"Valid",59.2,null,null,22.16,28.53,28.58,59.2,28.58,59.2,22.16,28.53]
[2019,11,24,9,43793.374999998639,14.53,"Valid",27.8,19.84,"Valid",56.55,null,null,14.53,27.8,19.84,56.55,19.84,56.55,14.53,27.8]
[2019,11,24,10,43793.416666665304,17.13,"Valid",27.18,24.18,"Valid",53.85,null,null,17.13,27.18,24.18,53.85,24.18,53.85,17.13,27.18]
[2019,11,24,11,43793.458333331968,20.93,"Valid",26.96,28.26,"Valid",51.6,null,null,20.93,26.96,28.26,51.6,28.26,51.6,20.93,26.96]
[2019,11,24,12,43793.499999998632,19.670000000000002,"Valid",26.77,26.42,"Valid",48.76,null,null,19.670000000000002,26.77,26.42,48.76,26.42,48.76,19.670000000000002,26.77]
[2019,11,24,13,43793.541666665296,28.09,"Valid",27.21,38.86,"Valid",47.41,null,null,28.09,27.21,38.86,47.41,38.86,47.41,28.09,27.21]
[2019,11,24,14,43793.583333331961,27.83,"Valid",27.25,35.83,"Valid",46.15,null,null,27.83,27.25,35.83,46.15,35.83,46.15,27.83,27.25]
[2019,11,24,15,43793.624999998625,42.92,"Valid",28.15,52.8,"Valid",45.38,null,null,42.92,28.15,52.8,45.38,52.8,45.38,42.92,28.15]
[2019,11,24,16,43793.666666665289,35.21,"Valid",28.51,39.799999999999997,"Valid",43.34,null,null,35.21,28.51,39.799999999999997,43.34,39.799999999999997,43.34,35.21,28.51]
[2019,11,24,17,43793.708333331953,27.04,"Valid",28.4,35.04,"Valid",40.92,null,null,27.04,28.4,35.04,40.92,35.04,40.92,27.04,28.4]
[2019,11,24,18,43793.749999998618,38.5,"Valid",29.19,48.51,"Valid",39.49,null,null,38.5,29.19,48.51,39.49,48.51,39.49,38.5,29.19]
[2019,11,24,19,43793.791666665282,51.65,"Valid",30.29,73.28,"Valid",39.58,null,null,51.65,30.29,73.28,39.58,73.28,39.58,51.65,30.29]
[2019,11,24,20,43793.833333331946,{"$f":"NA()","v":{"$error":"#N/A"}},"Invalid",{"$f":"NA()","v":{"$error":"#N/A"}},{"$f":"NA()","v":{"$error":"#N/A"}},"Invalid",{"$f":"NA()","v":{"$error":"#N/A"}},"Power Failure","power outage",{"$error":"#N/A"},{"$error":"#N/A"},{"$error":"#N/A"},{"$error":"#N/A"}]
[2019,11,24,21,43793.87499999861,{"$f":"NA()","v":{"$error":"#N/A"}},"Invalid",{"$f":"NA()","v":{"$error":"#N/A"}},{"$f":"NA()","v":{"$error":"#N/A"}},"Invalid",{"$f":"NA()","v":{"$error":"#N/A"}},"Power Failure","power outage",{"$error":"#N/A"},{"$error":"#N/A"},{"$error":"#N/A"},{"$error":"#N/A"}]
[2019,11,24,22,43793.916666665275,{"$f":"NA()","v":{"$error":"#N/A"}},"Invalid",{"$f":"NA()","v":{"$error":"#N/A"}},{"$f":"NA()","v":{"$error":"#N/A"}},"Invalid",{"$f":"NA()","v":{"$error":"#N/A"}},"Power Failure","power outage",{"$error":"#N/A"},{"$error":"#N/A"},{"$error":"#N/A"},{"$error":"#N/A"}]
[2019,11,24,23,43793.958333331939,15.44,"Valid",29.19,13.99,"Valid",37.119999999999997,null,null,15.44,29.19,13.99,37.119999999999997,13.99,37.119999999999997,15.44,29.19]
[2019,11,25,0,43793.999999998603,10.4236,"Valid",27.93,13.04072,"Valid",35.729999999999997,null,null,{"$f":"IF(G578=\"Valid\", F578, NA())","v":10.4236},{"$f":"IF(G578=\"Valid\", H578, NA())","v":27.93},{"$f":"IF(J578=\"Valid\", I578, NA())","v":13.04072},{"$f":"IF(J578=\"Valid\", K578, NA())","v":35.729999999999997},13.04072,35.729999999999997,10.4236,27.93]
[2019,11,25,1,43794.041666665267,20.578600000000002,"Valid",27,28.066569999999999,"Valid",34.880000000000003,null,null,20.578600000000002,27,28.066569999999999,34.880000000000003,28.066569999999999,34.880000000000003,20.578600000000002,27]
[{"$f":"A579","v":2019},11,25,{"$f":"IF(D579=23,0,D579+1)","v":2},{"$f":"E579+0.0416666666666666","v":43794.083333331931},13.873900000000001,"Valid",26.03,22.666229999999999,"Valid",33.93,null,null,13.873900000000001,26.03,22.666229999999999,33.93,22.666229999999999,33.93,13.873900000000001,26.03]
[2019,11,25,3,43794.124999998596,11.6168,"Valid",24.85,16.99109,"Valid",32.630000000000003,null,null,11.6168,24.85,16.99109,32.630000000000003,16.99109,32.630000000000003,11.6168,24.85]
[2019,11,25,4,43794.16666666526,15.0823,"Valid",23.78,18.080410000000001,"Valid",31.37,null,null,15.0823,23.78,18.080410000000001,31.37,18.080410000000001,31.37,15.0823,23.78]
[2019,11,25,5,43794.208333331924,17.537400000000002,"Valid",23.71,19.544409999999999,"Valid",31,null,null,17.537400000000002,23.71,19.544409999999999,31,19.544409999999999,31,17.537400000000002,23.71]
[2019,11,25,6,43794.249999998588,20.612200000000001,"Valid",23.63,24.799320000000002,"Valid",30.62,null,null,20.612200000000001,23.63,24.799320000000002,30.62,24.799320000000002,30.62,20.612200000000001,23.63]
[2019,11,25,7,43794.291666665253,31.625800000000002,"Valid",23.93,33.922580000000004,"Valid",30.6,null,null,31.625800000000002,23.93,33.922580000000004,30.6,33.922580000000004,30.6,31.625800000000002,23.93]
[2019,11,25,8,43794.333333331917,36.369900000000001,"Valid",24.6,40.48901,"Valid",31.16,null,null,36.369900000000001,24.6,40.48901,31.16,40.48901,31.16,36.369900000000001,24.6]
[2019,11,25,9,43794.374999998581,33.422899999999998,"Valid",25.5,38.006419999999999,"Valid",32.03,null,null,33.422899999999998,25.5,38.006419999999999,32.03,38.006419999999999,32.03,33.422899999999998,25.5]
[2019,11,25,10,43794.416666665245,38.8536,"Valid",26.54,44.892159999999997,"Valid",33.01,null,null,38.8536,26.54,44.892159999999997,33.01,44.892159999999997,33.01,38.8536,26.54]
[2019,11,25,11,43794.45833333191,35.1798,"Valid",27.22,40.435580000000002,"Valid",33.590000000000003,null,null,35.1798,27.22,40.435580000000002,33.590000000000003,40.435580000000002,33.590000000000003,35.1798,27.22]
[2019,11,25,12,43794.499999998574,79.212900000000005,"Valid",30.05,87.453410000000005,"Valid",36.5,null,null,79.212900000000005,30.05,87.453410000000005,36.5,87.453410000000005,36.5,79.212900000000005,30.05]
[2019,11,25,13,43794.541666665238,76.417100000000005,"Valid",32.35,95.387500000000003,"Valid",39.19,null,null,76.417100000000005,32.35,95.387500000000003,39.19,95.387500000000003,39.19,76.417100000000005,32.35]
[2019,11,25,14,43794.583333331902,35.469900000000003,"Valid",32.72,45.861800000000002,"Valid",39.67,null,null,35.469900000000003,32.72,45.861800000000002,39.67,45.861800000000002,39.67,35.469900000000003,32.72]
[2019,11,25,15,43794.624999998567,17.418299999999999,"Valid",31.5,27.834199999999999,"Valid",38.479999999999997,null,null,17.418299999999999,31.5,27.834199999999999,38.479999999999997,27.834199999999999,38.479999999999997,17.418299999999999,31.5]
[2019,11,25,16,43794.666666665231,13.6617,"Valid",30.48,25.368200000000002,"Valid",37.79,null,null,13.6617,30.48,25.368200000000002,37.79,25.368200000000002,37.79,13.6617,30.48]
[2019,11,25,17,43794.708333331895,17.540600000000001,"Valid",30.02,28.592500000000001,"Valid",37.49,null,null,17.540600000000001,30.02,28.592500000000001,37.49,28.592500000000001,37.49,17.540600000000001,30.02]
[2019,11,25,18,43794.749999998559,12.069000000000001,"Valid",28.76,21.149470000000001,"Valid",36.18,null,null,12.069000000000001,28.76,21.149470000000001,36.18,21.149470000000001,36.18,12.069000000000001,28.76]
[2019,11,25,19,43794.791666665224,14.2956,"Valid",26.99,27.877099999999999,"Valid",34.020000000000003,null,null,14.2956,26.99,27.877099999999999,34.020000000000003,27.877099999999999,34.020000000000003,14.2956,26.99]
[2019,11,25,20,43794.833333331888,4.2274700000000003,"Valid",25.95,15.21227,"Valid",33.17,null,null,4.2274700000000003,25.95,15.21227,33.17,15.21227,33.17,4.2274700000000003,25.95]
[2019,11,25,21,43794.874999998552,17.241,"Valid",25.57,27.550699999999999,"Valid",32.92,null,null,17.241,25.57,27.550699999999999,32.92,27.550699999999999,32.92,17.241,25.57]
[2019,11,25,22,43794.916666665216,11.4133,"Valid",24.98,24.697099999999999,"Valid",32.58,null,null,11.4133,24.98,24.697099999999999,32.58,24.697099999999999,32.58,11.4133,24.98]
[2019,11,25,23,43794.958333331881,8.3780000000000001,"Valid",24.69,18.712,"Valid",32.78,null,null,8.3780000000000001,24.69,18.712,32.78,18.712,32.78,8.3780000000000001,24.69]
[2019,11,26,0,43794.999999998545,13.274100000000001,"Valid",24.81,21.771059999999999,"Valid",33.14,null,null,13.274100000000001,24.81,21.771059999999999,33.14,21.771059999999999,33.14,13.274100000000001,24.81]
[2019,{"$f":"B602","v":11},{"$f":"C579+1","v":26},1,43795.041666665209,14.28,"Valid",24.54,27.034700000000001,"Valid",33.1,null,null,14.28,24.54,27.034700000000001,33.1,27.034700000000001,33.1,14.28,24.54]
[2019,11,26,2,43795.083333331873,0.172874,"Valid",23.97,1.9308639999999999,"Valid",32.229999999999997,null,null,0.172874,23.97,1.9308639999999999,32.229999999999997,1.9308639999999999,32.229999999999997,0.172874,23.97]
[2019,11,26,3,43795.124999998538,7.1048,"Valid",23.79,15.35369,"Valid",32.159999999999997,null,null,7.1048,23.79,15.35369,32.159999999999997,15.35369,32.159999999999997,7.1048,23.79]
[2019,11,26,4,43795.166666665202,12.8775,"Valid",23.69,22.14085,"Valid",32.33,null,null,12.8775,23.69,22.14085,32.33,22.14085,32.33,12.8775,23.69]
[2019,11,26,5,43795.208333331866,2.3607999999999998,"Valid",23.06,10.36257,"Valid",31.95,null,null,2.3607999999999998,23.06,10.36257,31.95,10.36257,31.95,2.3607999999999998,23.06]
[2019,11,26,6,43795.24999999853,9.9670299999999994,"Valid",22.62,20.459029999999998,"Valid",31.77,null,null,9.9670299999999994,22.62,20.459029999999998,31.77,20.459029999999998,31.77,9.9670299999999994,22.62]
[2019,11,26,7,43795.291666665194,12.5479,"Valid",21.82,20.51596,"Valid",31.21,null,null,12.5479,21.82,20.51596,31.21,20.51596,31.21,12.5479,21.82]
[2019,11,26,8,43795.333333331859,7.9546299999999999,"Valid",20.64,17.17118,"Valid",30.24,null,null,7.9546299999999999,20.64,17.17118,30.24,17.17118,30.24,7.9546299999999999,20.64]
[2019,11,26,9,43795.374999998523,5.9029699999999998,"Valid",19.489999999999998,21.05857,"Valid",29.53,null,null,5.9029699999999998,19.489999999999998,21.05857,29.53,21.05857,29.53,5.9029699999999998,19.489999999999998]
[2019,11,26,10,43795.416666665187,16.597000000000001,"Valid",18.57,70.058700000000002,"Valid",30.58,null,null,16.597000000000001,18.57,70.058700000000002,30.58,70.058700000000002,30.58,16.597000000000001,18.57]
[2019,11,26,11,43795.458333331851,19.255299999999998,"Valid",17.899999999999999,148.42529999999999,"Valid",35.08,null,null,19.255299999999998,17.899999999999999,148.42529999999999,35.08,148.42529999999999,35.08,19.255299999999998,17.899999999999999]
[2019,11,26,12,43795.499999998516,7.12324,"Valid",14.9,83.578940000000003,"Valid",34.92,null,null,7.12324,14.9,83.578940000000003,34.92,83.578940000000003,34.92,7.12324,14.9]
[2019,11,26,13,43795.54166666518,9.6157400000000006,"Valid",12.11,161.46073999999999,"Valid",37.67,null,null,9.6157400000000006,12.11,161.46073999999999,37.67,161.46073999999999,37.67,9.6157400000000006,12.11]
[2019,11,26,14,43795.583333331844,24.486799999999999,"Valid",11.66,365.26479999999998,"Valid",50.98,null,null,24.486799999999999,11.66,365.26479999999998,50.98,365.26479999999998,50.98,24.486799999999999,11.66]
[2019,11,26,15,43795.624999998508,{"$f":"NA()","v":{"$error":"#N/A"}},"Invalid",{"$f":"NA()","v":{"$error":"#N/A"}},{"$f":"NA()","v":{"$error":"#N/A"}},"Invalid",{"$f":"NA()","v":{"$error":"#N/A"}},"Power Failure","power outage",{"$error":"#N/A"},{"$error":"#N/A"},{"$f":"IF(J617=\"Valid\", I619, NA())","v":{"$error":"#N/A"}},{"$error":"#N/A"}]
[2019,11,26,16,43795.666666665173,{"$f":"NA()","v":{"$error":"#N/A"}},"Invalid",{"$f":"NA()","v":{"$error":"#N/A"}},{"$f":"NA()","v":{"$error":"#N/A"}},"Invalid",{"$f":"NA()","v":{"$error":"#N/A"}},"Power Failure","power outage",{"$error":"#N/A"},{"$f":"IF(G618=\"Valid\", H619, NA())","v":{"$error":"#N/A"}},{"$f":"IF(J618=\"Valid\",#REF!, NA())","v":{"$error":"#N/A"}},{"$error":"#N/A"}]
[2019,11,26,17,43795.708333331837,{"$f":"NA()","v":{"$error":"#N/A"}},"Invalid",{"$f":"NA()","v":{"$error":"#N/A"}},{"$f":"NA()","v":{"$error":"#N/A"}},"Invalid",{"$f":"NA()","v":{"$error":"#N/A"}},"Power Failure","power outage",{"$error":"#N/A"},{"$f":"IF(G619=\"Valid\",#REF!, NA())","v":{"$error":"#N/A"}},{"$f":"IF(J619=\"Valid\",#REF!, NA())","v":{"$error":"#N/A"}},{"$error":"#N/A"}]
[2019,11,26,18,43795.749999998501,119.334,"Valid",16.11,982.36500000000001,"Valid",100.14,null,null,119.334,16.11,982.36500000000001,100.14,982.36500000000001,100.14,119.334,16.11]
[2019,11,26,19,43795.791666665165,86.145899999999997,"Valid",19.54,694.29190000000006,"Valid",131.88,null,null,86.145899999999997,19.54,694.29190000000006,131.88,694.29190000000006,131.88,86.145899999999997,19.54]
[2019,11,26,20,43795.83333333183,81.288700000000006,"Valid",23.21,703.38369999999998,"Valid",164.65,null,null,81.288700000000006,23.21,703.38369999999998,164.65,703.38369999999998,164.65,81.288700000000006,23.21]
[2019,11,26,21,43795.874999998494,116.039,"Valid",27.91,1044.1590000000001,"Valid",213.06,null,null,116.039,27.91,1044.1590000000001,213.06,1044.1590000000001,213.06,116.039,27.91]
[2019,11,26,22,43795.916666665158,67.951599999999999,"Valid",30.6,657.89359999999999,"Valid",243.21,null,null,67.951599999999999,30.6,657.89359999999999,243.21,657.89359999999999,243.21,67.951599999999999,30.6]
[2019,11,26,23,43795.958333331822,65.212900000000005,"Valid",33.31,599.01390000000004,"Valid",270.83999999999997,null,null,65.212900000000005,33.31,599.01390000000004,270.83999999999997,599.01390000000004,270.83999999999997,65.212900000000005,33.31]
[2019,11,27,0,43795.999999998487,50.026899999999998,"Valid",35.06,545.96990000000005,"Valid",295.8,null,null,50.026899999999998,35.06,545.96990000000005,295.8,545.96990000000005,295.8,50.026899999999998,35.06]
[2019,11,27,1,43796.041666665151,38.416499999999999,"Valid",36.21,366.84050000000002,"Valid",311.99,null,null,38.416499999999999,36.21,366.84050000000002,311.99,366.84050000000002,311.99,38.416499999999999,36.21]
[2019,11,27,2,43796.083333331815,31.9801,"Valid",37.72,258.22410000000002,"Valid",324.19,null,null,31.9801,37.72,258.22410000000002,324.19,258.22410000000002,324.19,31.9801,37.72]
[2019,11,27,3,43796.124999998479,40.174199999999999,"Valid",39.299999999999997,232.37620000000001,"Valid",334.52,null,null,40.174199999999999,39.299999999999997,232.37620000000001,334.52,232.37620000000001,334.52,40.174199999999999,39.299999999999997]
[2019,11,27,4,43796.166666665144,8.9540900000000008,"Valid",39.11,151.55009000000001,"Valid",340.69,null,null,8.9540900000000008,39.11,151.55009000000001,340.69,151.55009000000001,340.69,8.9540900000000008,39.11]
[2019,11,27,5,43796.208333331808,27.511099999999999,"Valid",40.31,127.3535,"Valid",346.26,null,null,27.511099999999999,40.31,127.3535,346.26,127.3535,346.26,27.511099999999999,40.31]
[2019,11,27,6,43796.249999998472,13.302300000000001,"Valid",40.47,105.7706,"Valid",350.32,null,null,13.302300000000001,40.47,105.7706,350.32,105.7706,350.32,13.302300000000001,40.47]
[2019,11,27,7,43796.291666665136,15.664999999999999,"Valid",40.619999999999997,105.384,"Valid",354.36,null,null,15.664999999999999,40.619999999999997,105.384,354.36,105.384,354.36,15.664999999999999,40.619999999999997]
[2019,11,27,8,43796.333333331801,14.038399999999999,"Valid",40.909999999999997,65.162499999999994,"Valid",356.65,null,null,14.038399999999999,40.909999999999997,65.162499999999994,356.65,65.162499999999994,356.65,14.038399999999999,40.909999999999997]
[2019,11,27,9,43796.374999998465,4.5813199999999998,"Valid",40.840000000000003,33.814419999999998,"Valid",357.25,null,null,4.5813199999999998,40.840000000000003,33.814419999999998,357.25,33.814419999999998,357.25,4.5813199999999998,40.840000000000003]
[2019,11,27,10,43796.416666665129,-0.48814299999999999,"Valid",40.03,24.090457000000001,"Valid",355.07,null,null,-0.48814299999999999,40.03,24.090457000000001,355.07,24.090457000000001,355.07,-0.48814299999999999,40.03]
[2019,11,27,11,43796.458333331793,{"$f":"NA()","v":{"$error":"#N/A"}},"Invalid",{"$f":"NA()","v":{"$error":"#N/A"}},{"$f":"NA()","v":{"$error":"#N/A"}},"Invalid",{"$f":"NA()","v":{"$error":"#N/A"}},"Pump Failure","High negative removed",{"$error":"#N/A"},{"$error":"#N/A"},{"$error":"#N/A"},{"$error":"#N/A"}]
[2019,11,27,12,43796.499999998457,{"$f":"NA()","v":{"$error":"#N/A"}},"Invalid",{"$f":"NA()","v":{"$error":"#N/A"}},{"$f":"NA()","v":{"$error":"#N/A"}},"Invalid",{"$f":"NA()","v":{"$error":"#N/A"}},"Pump Failure","High negative removed",{"$error":"#N/A"},{"$error":"#N/A"},{"$error":"#N/A"},{"$error":"#N/A"}]
[2019,11,27,13,43796.541666665122,13.8017,"Valid",43.07,13.290331,"Valid",354.15,null,null,13.8017,43.07,13.290331,354.15,13.290331,354.15,13.8017,43.07]
[2019,11,27,14,43796.583333331786,6.3642599999999998,"Valid",42.12,10.422420000000001,"Valid",336.41,null,null,6.3642599999999998,42.12,10.422420000000001,336.41,10.422420000000001,336.41,6.3642599999999998,42.12]
[2019,11,27,15,43796.62499999845,-0.80377200000000004,"Valid",39.97,1.953668,"Valid",320.48,null,null,-0.80377200000000004,39.97,1.953668,320.48,1.953668,320.48,-0.80377200000000004,39.97]
[2019,11,27,16,43796.666666665114,11.3186,"Valid",38.61,22.471599999999999,"Valid",306.93,null,null,{"$f":"IF(G642=\"Valid\", F642, NA())","v":11.3186},{"$f":"IF(G642=\"Valid\", H642, NA())","v":38.61},{"$f":"IF(J642=\"Valid\", I642, NA())","v":22.471599999999999},{"$f":"IF(J642=\"Valid\", K642, NA())","v":306.93},22.471599999999999,306.93,11.3186,38.61]
[2019,11,27,17,43796.708333331779,{"$f":"NA()","v":{"$error":"#N/A"}},"Invalid",{"$f":"NA()","v":{"$error":"#N/A"}},{"$f":"NA()","v":{"$error":"#N/A"}},"Invalid",{"$f":"NA()","v":{"$error":"#N/A"}},"Pump Failure","High negative removed",{"$error":"#N/A"},{"$error":"#N/A"},{"$error":"#N/A"},{"$error":"#N/A"}]
[{"$f":"A643","v":2019},11,27,{"$f":"IF(D643=23,0,D643+1)","v":18},{"$f":"E643+0.0416666666666666","v":43796.749999998443},-1.93838,"Valid",32.840000000000003,5.2303699999999997,"Valid",262.52,null,null,-1.93838,32.840000000000003,5.2303699999999997,262.52,5.2303699999999997,262.52,-1.93838,32.840000000000003]
[2019,11,27,19,43796.791666665107,3.24417,"Valid",28.89,3.4268010000000002,"Valid",231.12,null,null,3.24417,28.89,3.4268010000000002,231.12,3.4268010000000002,231.12,3.24417,28.89]
[2019,11,27,20,43796.833333331771,5.3953100000000003,"Valid",25.27,6.7702999999999998,"Valid",199.45,null,null,5.3953100000000003,25.27,6.7702999999999998,199.45,6.7702999999999998,199.45,5.3953100000000003,25.27]
[2019,11,27,21,43796.874999998436,{"$f":"NA()","v":{"$error":"#N/A"}},"Invalid",{"$f":"NA()","v":{"$error":"#N/A"}},{"$f":"NA()","v":{"$error":"#N/A"}},"Invalid",{"$f":"NA()","v":{"$error":"#N/A"}},"Pump Failure","High negative removed",{"$error":"#N/A"},{"$error":"#N/A"},{"$error":"#N/A"},{"$error":"#N/A"}]
[2019,11,27,22,43796.9166666651,{"$f":"NA()","v":{"$error":"#N/A"}},"Invalid",{"$f":"NA()","v":{"$error":"#N/A"}},{"$f":"NA()","v":{"$error":"#N/A"}},"Invalid",{"$f":"NA()","v":{"$error":"#N/A"}},"Pump Failure","High negative removed",{"$error":"#N/A"},{"$error":"#N/A"},{"$error":"#N/A"},{"$error":"#N/A"}]
[2019,11,27,23,43796.958333331764,6.6257099999999998,"Valid",15.17,11.85694,"Valid",104.94,null,null,6.6257099999999998,15.17,11.85694,104.94,11.85694,104.94,6.6257099999999998,15.17]
[2019,11,28,0,43796.999999998428,25.2821,"Valid",13.86,40.511400000000002,"Valid",79.66,null,null,25.2821,13.86,40.511400000000002,79.66,40.511400000000002,79.66,25.2821,13.86]
[2019,11,28,1,43797.041666665093,37.310699999999997,"Valid",13.81,62.538899999999998,"Valid",64.45,null,null,37.310699999999997,13.81,62.538899999999998,64.45,62.538899999999998,64.45,37.310699999999997,13.81]
[2019,11,28,2,43797.083333331757,62.395600000000002,"Valid",15.41,98.155299999999997,"Valid",56.45,null,null,62.395600000000002,15.41,98.155299999999997,56.45,98.155299999999997,56.45,62.395600000000002,15.41]
[2019,11,28,3,43797.124999998421,35.093200000000003,"Valid",15.14,57.138399999999997,"Valid",47.68,null,null,35.093200000000003,15.14,57.138399999999997,47.68,57.138399999999997,47.68,35.093200000000003,15.14]
[2019,11,28,4,43797.166666665085,41.969900000000003,"Valid",16.88,73.513900000000007,"Valid",43.78,null,null,41.969900000000003,16.88,73.513900000000007,43.78,73.513900000000007,43.78,41.969900000000003,16.88]
[2019,11,28,5,43797.20833333175,58.142499999999998,"Valid",18.489999999999998,89.1387,"Valid",41.87,null,null,58.142499999999998,18.489999999999998,89.1387,41.87,89.1387,41.87,58.142499999999998,18.489999999999998]
[2019,11,28,6,43797.249999998414,52.5486,"Valid",20.56,84.394800000000004,"Valid",40.799999999999997,null,null,52.5486,20.56,84.394800000000004,40.799999999999997,84.394800000000004,40.799999999999997,52.5486,20.56]
[2019,11,28,7,43797.291666665078,31.4863,"Valid",21.39,57.571100000000001,"Valid",38.409999999999997,null,null,31.4863,21.39,57.571100000000001,38.409999999999997,57.571100000000001,38.409999999999997,31.4863,21.39]
[2019,11,28,8,43797.333333331742,52.475499999999997,"Valid",23.41,99.404799999999994,"Valid",40.119999999999997,null,null,52.475499999999997,23.41,99.404799999999994,40.119999999999997,99.404799999999994,40.119999999999997,52.475499999999997,23.41]
[2019,11,28,9,43797.374999998407,96.924099999999996,"Valid",28.27,158.57939999999999,"Valid",46.36,null,null,96.924099999999996,28.27,158.57939999999999,46.36,158.57939999999999,46.36,96.924099999999996,28.27]
[2019,11,28,10,43797.416666665071,106.60599999999999,"Valid",33.909999999999997,162.60579999999999,"Valid",53.29,null,null,106.60599999999999,33.909999999999997,162.60579999999999,53.29,162.60579999999999,53.29,106.60599999999999,33.909999999999997]
[2019,11,28,11,43797.458333331735,91.890100000000004,"Valid",36.81,142.83799999999999,"Valid",60.09,null,null,91.890100000000004,36.81,142.83799999999999,60.09,142.83799999999999,60.09,91.890100000000004,36.81]
[2019,11,28,12,43797.499999998399,78.079599999999999,"Valid",38.770000000000003,121.4678,"Valid",63.01,null,null,78.079599999999999,38.770000000000003,121.4678,63.01,121.4678,63.01,78.079599999999999,38.770000000000003]
[2019,11,28,13,43797.541666665064,22.208100000000002,"Valid",39.17,54.070999999999998,"Valid",64.959999999999994,null,null,22.208100000000002,39.17,54.070999999999998,64.959999999999994,54.070999999999998,64.959999999999994,22.208100000000002,39.17]
[2019,11,28,14,43797.583333331728,44.902799999999999,"Valid",41.01,72.739800000000002,"Valid",67.92,null,null,44.902799999999999,41.01,72.739800000000002,67.92,72.739800000000002,67.92,44.902799999999999,41.01]
[2019,11,28,15,43797.624999998392,33.753300000000003,"Valid",42.65,62.805100000000003,"Valid",70.819999999999993,null,null,33.753300000000003,42.65,62.805100000000003,70.819999999999993,62.805100000000003,70.819999999999993,33.753300000000003,42.65]
[2019,11,28,16,43797.666666665056,23.4268,"Valid",43.23,41.5732,"Valid",71.73,null,null,23.4268,43.23,41.5732,71.73,41.5732,71.73,23.4268,43.23]
[2019,{"$f":"B666","v":11},{"$f":"C643+1","v":28},17,43797.70833333172,26.288499999999999,"Valid",42.46,50.764400000000002,"Valid",70.78,null,null,26.288499999999999,42.46,50.764400000000002,70.78,50.764400000000002,70.78,26.288499999999999,42.46]
[2019,11,28,18,43797.749999998385,30.387499999999999,"Valid",43.93,59.518700000000003,"Valid",73.239999999999995,null,null,30.387499999999999,43.93,59.518700000000003,73.239999999999995,59.518700000000003,73.239999999999995,30.387499999999999,43.93]
[2019,11,28,19,43797.791666665049,27.211400000000001,"Valid",45.02,55.0212,"Valid",75.59,null,null,27.211400000000001,45.02,55.0212,75.59,55.0212,75.59,27.211400000000001,45.02]
[2019,11,28,20,43797.833333331713,12.616899999999999,"Valid",45.35,39.5563,"Valid",77.08,null,null,12.616899999999999,45.35,39.5563,77.08,39.5563,77.08,12.616899999999999,45.35]
[2019,11,28,21,43797.874999998377,28.057500000000001,"Valid",44.59,69.142499999999998,"Valid",76.739999999999995,null,null,28.057500000000001,44.59,69.142499999999998,76.739999999999995,69.142499999999998,76.739999999999995,28.057500000000001,44.59]
[2019,11,28,22,43797.916666665042,28.441800000000001,"Valid",43.92,51.0077,"Valid",75.66,null,null,28.441800000000001,43.92,51.0077,75.66,51.0077,75.66,28.441800000000001,43.92]
[2019,11,28,23,43797.958333331706,16.785699999999999,"Valid",44.35,40.066000000000003,"Valid",76.84,null,null,16.785699999999999,44.35,40.066000000000003,76.84,40.066000000000003,76.84,16.785699999999999,44.35]
[2019,11,29,0,43797.99999999837,26.266200000000001,"Valid",44.39,50.011600000000001,"Valid",77.23,null,null,26.266200000000001,44.39,50.011600000000001,77.23,50.011600000000001,77.23,26.266200000000001,44.39]
[2019,11,29,1,43798.041666665034,21.263300000000001,"Valid",43.72,46.435200000000002,"Valid",76.56,null,null,21.263300000000001,43.72,46.435200000000002,76.56,46.435200000000002,76.56,21.263300000000001,43.72]
[2019,11,29,2,43798.083333331699,20.715399999999999,"Valid",41.98,52.255400000000002,"Valid",74.650000000000006,null,null,20.715399999999999,41.98,52.255400000000002,74.650000000000006,52.255400000000002,74.650000000000006,20.715399999999999,41.98]
[2019,11,29,3,43798.124999998363,84.956999999999994,"Valid",44.06,120.3356,"Valid",77.28,null,null,84.956999999999994,44.06,120.3356,77.28,120.3356,77.28,84.956999999999994,44.06]
[2019,11,29,4,43798.166666665027,139.654,"Valid",48.13,180.321,"Valid",81.73,null,null,139.654,48.13,180.321,81.73,180.321,81.73,139.654,48.13]
[2019,11,29,5,43798.208333331691,73.311800000000005,"Valid",48.76,107.87179999999999,"Valid",82.51,null,null,73.311800000000005,48.76,107.87179999999999,82.51,107.87179999999999,82.51,73.311800000000005,48.76]
[2019,11,29,6,43798.249999998356,63.433100000000003,"Valid",49.21,96.518799999999999,"Valid",83.02,null,null,63.433100000000003,49.21,96.518799999999999,83.02,96.518799999999999,83.02,63.433100000000003,49.21]
[2019,11,29,7,43798.29166666502,69.924400000000006,"Valid",50.82,102.57810000000001,"Valid",84.9,null,null,69.924400000000006,50.82,102.57810000000001,84.9,102.57810000000001,84.9,69.924400000000006,50.82]
[2019,11,29,8,43798.333333331684,98.789900000000003,"Valid",52.75,135.2285,"Valid",86.39,null,null,98.789900000000003,52.75,135.2285,86.39,135.2285,86.39,98.789900000000003,52.75]
[2019,11,29,9,43798.374999998348,102.639,"Valid",52.98,142.14490000000001,"Valid",85.7,null,null,102.639,52.98,142.14490000000001,85.7,142.14490000000001,85.7,102.639,52.98]
[2019,11,29,10,43798.416666665013,100.25,"Valid",52.72,140.86420000000001,"Valid",84.8,null,null,100.25,52.72,140.86420000000001,84.8,140.86420000000001,84.8,100.25,52.72]
[2019,11,29,11,43798.458333331677,78.842699999999994,"Valid",52.18,115.55540000000001,"Valid",83.66,null,null,78.842699999999994,52.18,115.55540000000001,83.66,115.55540000000001,83.66,78.842699999999994,52.18]
[2019,11,29,12,43798.499999998341,50.288800000000002,"Valid",51.02,84.525599999999997,"Valid",82.12,null,null,50.288800000000002,51.02,84.525599999999997,82.12,84.525599999999997,82.12,50.288800000000002,51.02]
[2019,11,29,13,43798.541666665005,40.508099999999999,"Valid",51.78,73.236599999999996,"Valid",82.92,null,null,40.508099999999999,51.78,73.236599999999996,82.92,73.236599999999996,82.92,40.508099999999999,51.78]
[2019,11,29,14,43798.58333333167,23.276700000000002,"Valid",50.88,58.824100000000001,"Valid",82.34,null,null,23.276700000000002,50.88,58.824100000000001,82.34,58.824100000000001,82.34,23.276700000000002,50.88]
[2019,11,29,15,43798.624999998334,18.252400000000002,"Valid",50.23,51.411299999999997,"Valid",81.87,null,null,18.252400000000002,50.23,51.411299999999997,81.87,51.411299999999997,81.87,18.252400000000002,50.23]
[2019,11,29,16,43798.666666664998,13.444900000000001,"Valid",49.82,45.153100000000002,"Valid",82.01,null,null,13.444900000000001,49.82,45.153100000000002,82.01,45.153100000000002,82.01,13.444900000000001,49.82]
[2019,11,29,17,43798.708333331662,15.0496,"Valid",49.35,41.961199999999998,"Valid",81.650000000000006,null,null,15.0496,49.35,41.961199999999998,81.650000000000006,41.961199999999998,81.650000000000006,15.0496,49.35]
[2019,11,29,18,43798.749999998327,9.3259899999999991,"Valid",48.47,36.152290000000001,"Valid",80.67,null,null,9.3259899999999991,48.47,36.152290000000001,80.67,36.152290000000001,80.67,9.3259899999999991,48.47]
[2019,11,29,19,43798.791666664991,12.010899999999999,"Valid",47.84,44.59,"Valid",80.239999999999995,null,null,12.010899999999999,47.84,44.59,80.239999999999995,44.59,80.239999999999995,12.010899999999999,47.84]
[2019,11,29,20,43798.833333331655,{"$f":"NA()","v":{"$error":"#N/A"}},"Invalid",{"$f":"NA()","v":{"$error":"#N/A"}},{"$f":"NA()","v":{"$error":"#N/A"}},"Invalid",{"$f":"NA()","v":{"$error":"#N/A"}},"Pump Failure","High negative removed",{"$error":"#N/A"},{"$error":"#N/A"},{"$error":"#N/A"},{"$error":"#N/A"}]
[2019,11,29,21,43798.874999998319,7.4818499999999997,"Valid",48.47,53.668950000000002,"Valid",79.03,null,null,7.4818499999999997,48.47,53.668950000000002,79.03,53.668950000000002,79.03,7.4818499999999997,48.47]
[2019,11,29,22,43798.916666664983,29.393799999999999,"Valid",48.52,111.0478,"Valid",81.540000000000006,null,null,29.393799999999999,48.52,111.0478,81.540000000000006,111.0478,81.540000000000006,29.393799999999999,48.52]
[2019,11,29,23,43798.958333331648,34.275700000000001,"Valid",49.28,92.372200000000007,"Valid",83.72,null,null,34.275700000000001,49.28,92.372200000000007,83.72,92.372200000000007,83.72,34.275700000000001,49.28]
[2019,11,30,0,43798.999999998312,15.813599999999999,"Valid",48.82,49.2361,"Valid",83.68,null,null,15.813599999999999,48.82,49.2361,83.68,49.2361,83.68,15.813599999999999,48.82]
[2019,11,30,1,43799.041666664976,6.9804599999999999,"Valid",48.2,35.302959999999999,"Valid",83.22,null,null,6.9804599999999999,48.2,35.302959999999999,83.22,35.302959999999999,83.22,6.9804599999999999,48.2]
[2019,11,30,2,43799.08333333164,2.0487799999999998,"Valid",47.39,12.83728,"Valid",81.58,null,null,2.0487799999999998,47.39,12.83728,81.58,12.83728,81.58,2.0487799999999998,47.39]
[2019,11,30,3,43799.124999998305,14.896100000000001,"Valid",44.34,43.379399999999997,"Valid",78.37,null,null,14.896100000000001,44.34,43.379399999999997,78.37,43.379399999999997,78.37,14.896100000000001,44.34]
[2019,11,30,4,43799.166666664969,22.182099999999998,"Valid",39.24,60.53,"Valid",73.38,null,null,22.182099999999998,39.24,60.53,73.38,60.53,73.38,22.182099999999998,39.24]
[2019,11,30,5,43799.208333331633,6.43377,"Valid",36.33,54.581069999999997,"Valid",71.16,null,null,6.43377,36.33,54.581069999999997,71.16,54.581069999999997,71.16,6.43377,36.33]
[2019,11,30,6,43799.249999998297,9.6353899999999992,"Valid",33.99,54.63579,"Valid",69.41,null,null,9.6353899999999992,33.99,54.63579,69.41,54.63579,69.41,9.6353899999999992,33.99]
[2019,11,30,7,43799.291666664962,18.073399999999999,"Valid",31.73,61.7502,"Valid",67.709999999999994,null,null,18.073399999999999,31.73,61.7502,67.709999999999994,61.7502,67.709999999999994,18.073399999999999,31.73]
[2019,11,30,8,43799.333333331626,8.0245099999999994,"Valid",27.79,47.544710000000002,"Valid",64.06,null,null,{"$f":"IF(G706=\"Valid\", F706, NA())","v":8.0245099999999994},{"$f":"IF(G706=\"Valid\", H706, NA())","v":27.79},{"$f":"IF(J706=\"Valid\", I706, NA())","v":47.544710000000002},{"$f":"IF(J706=\"Valid\", K706, NA())","v":64.06},47.544710000000002,64.06,8.0245099999999994,27.79]
[2019,11,30,9,43799.37499999829,17.308800000000002,"Valid",24.08,69.754999999999995,"Valid",61.04,null,null,17.308800000000002,24.08,69.754999999999995,61.04,69.754999999999995,61.04,17.308800000000002,24.08]
[{"$f":"A707","v":2019},11,30,{"$f":"IF(D707=23,0,D707+1)","v":10},{"$f":"E707+0.0416666666666666","v":43799.416666664954},5.6240100000000002,"Valid",19.96,59.501809999999999,"Valid",57.65,null,null,5.6240100000000002,19.96,59.501809999999999,57.65,59.501809999999999,57.65,5.6240100000000002,19.96]
[2019,11,30,11,43799.458333331619,40.392800000000001,"Valid",18.29,651.2808,"Valid",79.97,null,null,40.392800000000001,18.29,651.2808,79.97,651.2808,79.97,40.392800000000001,18.29]
[2019,11,30,12,43799.499999998283,22.625900000000001,"Valid",17.09,227.91489999999999,"Valid",85.95,null,null,22.625900000000001,17.09,227.91489999999999,85.95,227.91489999999999,85.95,22.625900000000001,17.09]
[2019,11,30,13,43799.541666664947,6.6570499999999999,"Valid",15.62,34.612650000000002,"Valid",84.34,null,null,6.6570499999999999,15.62,34.612650000000002,84.34,34.612650000000002,84.34,6.6570499999999999,15.62]
[2019,11,30,14,43799.583333331611,9.81982,"Valid",15.03,20.264019999999999,"Valid",82.73,null,null,9.81982,15.03,20.264019999999999,82.73,20.264019999999999,82.73,9.81982,15.03]
[2019,11,30,15,43799.624999998276,14.614000000000001,"Valid",14.87,26.463000000000001,"Valid",81.69,null,null,14.614000000000001,14.87,26.463000000000001,81.69,26.463000000000001,81.69,14.614000000000001,14.87]
[2019,11,30,16,43799.66666666494,10.8431,"Valid",14.76,33.671799999999998,"Valid",81.22,null,null,10.8431,14.76,33.671799999999998,81.22,33.671799999999998,81.22,10.8431,14.76]
[2019,11,30,17,43799.708333331604,15.039899999999999,"Valid",14.76,30.922599999999999,"Valid",80.760000000000005,null,null,15.039899999999999,14.76,30.922599999999999,80.760000000000005,30.922599999999999,80.760000000000005,15.039899999999999,14.76]
[2019,11,30,18,43799.749999998268,-0.67074500000000004,"Valid",14.33,17.095755,"Valid",79.959999999999994,null,null,-0.67074500000000004,14.33,17.095755,79.959999999999994,17.095755,79.959999999999994,-0.67074500000000004,14.33]
[2019,11,30,19,43799.791666664933,9.2917000000000005,"Valid",14.21,55.480899999999998,"Valid",80.42,null,null,9.2917000000000005,14.21,55.480899999999998,80.42,55.480899999999998,80.42,9.2917000000000005,14.21]
[2019,11,30,20,43799.833333331597,11.812799999999999,"Valid",14.11,41.525199999999998,"Valid",81.06,null,null,11.812799999999999,14.11,41.525199999999998,81.06,41.525199999999998,81.06,11.812799999999999,14.11]
[2019,11,30,21,43799.874999998261,9.1572099999999992,"Valid",14.18,38.743110000000001,"Valid",80.44,null,null,9.1572099999999992,14.18,38.743110000000001,80.44,38.743110000000001,80.44,9.1572099999999992,14.18]
[2019,11,30,22,43799.916666664925,11.781000000000001,"Valid",13.44,38.796799999999998,"Valid",77.42,null,null,11.781000000000001,13.44,38.796799999999998,77.42,38.796799999999998,77.42,11.781000000000001,13.44]
[2019,11,30,23,43799.95833333159,12.186400000000001,"Valid",12.52,48.473199999999999,"Valid",75.599999999999994,null,null,12.186400000000001,12.52,48.473199999999999,75.599999999999994,48.473199999999999,75.599999999999994,12.186400000000001,12.52]
[2019,11,31,0,43799.999999998254,null,null,null,null,null,null,null,null,{"$error":"#N/A"},{"$error":"#N/A"},{"$error":"#N/A"},{"$error":"#N/A"}]
[2019,11,31,1,43800.041666664918,null,null,null,null,null,null,null,null,{"$error":"#N/A"},{"$error":"#N/A"},{"$error":"#N/A"},{"$error":"#N/A"}]
[2019,11,31,2,43800.083333331582,null,null,null,null,null,null,null,null,{"$error":"#N/A"},{"$error":"#N/A"},{"$error":"#N/A"},{"$error":"#N/A"}]
[2019,11,31,3,43800.124999998246,null,null,null,null,null,null,null,null,{"$error":"#N/A"},{"$error":"#N/A"},{"$error":"#N/A"},{"$error":"#N/A"}]
[2019,11,31,4,43800.166666664911,null,null,null,null,null,null,null,null,{"$error":"#N/A"},{"$error":"#N/A"},{"$error":"#N/A"},{"$error":"#N/A"}]
[2019,11,31,5,43800.208333331575,null,null,null,null,null,null,null,null,{"$error":"#N/A"},{"$error":"#N/A"},{"$error":"#N/A"},{"$error":"#N/A"}]
[2019,11,31,6,43800.249999998239,null,null,null,null,null,null,null,null,{"$error":"#N/A"},{"$error":"#N/A"},{"$error":"#N/A"},{"$error":"#N/A"}]
[2019,11,31,7,43800.291666664903,null,null,null,null,null,null,null,null,{"$error":"#N/A"},{"$error":"#N/A"},{"$error":"#N/A"},{"$error":"#N/A"}]
[2019,11,31,8,43800.333333331568,null,null,null,null,null,null,null,null,{"$error":"#N/A"},{"$error":"#N/A"},{"$error":"#N/A"},{"$error":"#N/A"}]
[2019,{"$f":"B730","v":11},{"$f":"C707+1","v":31},9,43800.374999998232,null,null,null,null,null,null,null,null,{"$error":"#N/A"},{"$error":"#N/A"},{"$error":"#N/A"},{"$error":"#N/A"}]
[2019,11,31,10,43800.416666664896,null,null,null,null,null,null,null,null,{"$error":"#N/A"},{"$error":"#N/A"},{"$error":"#N/A"},{"$error":"#N/A"}]
[2019,11,31,11,43800.45833333156,null,null,null,null,null,null,null,null,{"$error":"#N/A"},{"$error":"#N/A"},{"$error":"#N/A"},{"$error":"#N/A"}]
[2019,11,31,12,43800.499999998225,null,null,null,null,null,null,null,null,{"$error":"#N/A"},{"$error":"#N/A"},{"$error":"#N/A"},{"$error":"#N/A"}]
[2019,11,31,13,43800.541666664889,null,null,null,null,null,null,null,null,{"$error":"#N/A"},{"$error":"#N/A"},{"$error":"#N/A"},{"$error":"#N/A"}]
[2019,11,31,14,43800.583333331553,null,null,null,null,null,null,null,null,{"$error":"#N/A"},{"$error":"#N/A"},{"$error":"#N/A"},{"$error":"#N/A"}]
[2019,11,31,15,43800.624999998217,null,null,null,null,null,null,null,null,{"$error":"#N/A"},{"$error":"#N/A"},{"$error":"#N/A"},{"$error":"#N/A"}]
[2019,11,31,16,43800.666666664882,null,null,null,null,null,null,null,null,{"$error":"#N/A"},{"$error":"#N/A"},{"$error":"#N/A"},{"$error":"#N/A"}]
[2019,11,31,17,43800.708333331546,null,null,null,null,null,null,null,null,{"$error":"#N/A"},{"$error":"#N/A"},{"$error":"#N/A"},{"$error":"#N/A"}]
[2019,11,31,18,43800.74999999821,null,null,null,null,null,null,null,null,{"$error":"#N/A"},{"$error":"#N/A"},{"$error":"#N/A"},{"$error":"#N/A"}]
[2019,11,31,19,43800.791666664874,null,null,null,null,null,null,null,null,{"$error":"#N/A"},{"$error":"#N/A"},{"$error":"#N/A"},{"$error":"#N/A"}]
[2019,11,31,20,43800.833333331539,null,null,null,null,null,null,null,null,{"$error":"#N/A"},{"$error":"#N/A"},{"$error":"#N/A"},{"$error":"#N/A"}]
[2019,11,31,21,43800.874999998203,null,null,null,null,null,null,null,null,{"$error":"#N/A"},{"$error":"#N/A"},{"$error":"#N/A"},{"$error":"#N/A"}]
[2019,11,31,22,43800.916666664867,null,null,null,null,null,null,null,null,{"$error":"#N/A"},{"$error":"#N/A"},{"$error":"#N/A"},{"$error":"#N/A"}]
[2019,11,31,23,43800.958333331531,null,null,null,null,null,null,null,null,{"$error":"#N/A"},{"$error":"#N/A"},{"$error":"#N/A"},{"$error":"#N/A"}]

{"sheet":"Raw data_format","index":4,"n_rows":8,"n_cols":6,"rows_kept":8,"cut":false,"hidden":false,"merged":[]}
["Parameter","Format","Comment","Units of measure","Minimum","Maximum"]
["Year","yyyy","4 integer format","Not applicable",2015,"Until reporting ceases"]
["Month","mm","2 integer format","Not applicable",1,12]
["Day","dd","2 integer format","Not applicable",1,31]
["Hour","hh","2 integer format","Not applicable",0,23]
["PM10",0,"1 decimal place resolution","µg/m3","Negative","Instrument specific"]
["PM2.5",0,"2 decimal place resolution","µg/m3","Negative","Instrument specific"]
["Status","Text","7 character format","Not applicable","Valid","Invalid"]