{"text_format":"1","workbook":"xlsx","n_sheets":7,"sheets":["Instructions","Meta data_sheet","Meta data_lookup","Raw data_sheet","Raw data_format","24hr_PM10_chart","24hr_PM2.5_chart"],"not_rendered":{"charts":4,"images":0,"macros":1,"external_links":0,"defined_names":10,"comments":0,"pivot_tables":0},"unopened":[{"sheet":"24hr_PM10_chart","index":5,"reason":"not_a_worksheet"},{"sheet":"24hr_PM2.5_chart","index":6,"reason":"not_a_worksheet"}],"bounds":{"document_bytes":16777216,"sheet_cells":100000,"rows_first":2000,"rows_last":500,"rows_between":2000,"halvings":0,"cell_chars":16384,"cell_head_chars":4096},"cells_cut":0,"cells_raw":0,"read":"whole","date_system":"1900"}

{"sheet":"Instructions","index":0,"n_rows":0,"n_cols":0,"rows_kept":0,"cut":false,"hidden":false,"merged":[]}

{"sheet":"Meta data_sheet","index":1,"n_rows":17,"n_cols":5,"rows_kept":17,"cut":false,"hidden":false,"merged":[[18,0,18,1],[16,0,16,1]]}
["Ambient Monitoring Station","Details",null,"Ambient Monitoring Results","Details"]
["Location","Breeza",null,"PM2.5 monitoring start (dd/mm/yyyy hh:mm)","2019-10-01"]
["Easting",{"$f":"VLOOKUP($B$2,'Meta data_lookup'!$A$2:$D$5,2,FALSE)","v":237993},null,"PM2.5 monitoring end","2019-11-01"]
["Northing",{"$f":"VLOOKUP($B$2,'Meta data_lookup'!$A$2:$D$5,3,FALSE)","v":6542606},null,"PM2.5 monitoring period (h)",{"$f":"(E3-E2)*24","v":744}]
["Site elevation (m)",{"$f":"VLOOKUP($B$2,'Meta data_lookup'!$A$2:$D$5,4,FALSE)","v":"ND"},null,"Number of valid PM2.5 results",{"$f":"COUNTIF('Raw data_sheet'!G2:G745,\"Valid\")","v":709}]
["Description of surrounding land use","Agriculture",null,"Proportion of valid PM2.5 results (%)",{"$f":"E5/E4","v":0.95295698924731187}]
["Typical sources impacting on the site","Agriculture/Gravel roads",null,"PM10 monitoring start (dd/mm/yyyy hh:mm)","2019-10-01"]
["Site compliance with AS/NZS 3580.1.1:2007","Yes",null,"PM10 monitoring end","2019-11-01"]
["PM2.5 method compliance with AS/NZS 3580.9.13:2013\n","Yes",null,"PM10 monitoring period (h)",{"$f":"(E8-E7)*24","v":744}]
["PM2.5 instrument make","Thermo",null,"Number of valid PM10 results",{"$f":"COUNTIF('Raw data_sheet'!J2:J745,\"Valid\")","v":709}]
["PM2.5 instrument model","1405DF",null,"Proportion of valid PM10 results (%)",{"$f":"E10/E9","v":0.95295698924731187}]
["PM2.5 instrument intake height (m)",3.5]
["PM10 method compliance with AS 3580.9.8-2008\n","No*"]
["PM10 instrument make","Thermo"]
["PM10 instrument model","1405DF"]
["PM10 instrument intake height (m)",3.5]
["*The 1405DF TEOM used at this site measures PM10 indirectly rather than directly. The unit does however meet the intent of AS 3580.9.8-2008, and this method has been accredited by the USEPA. It is considered scientifically robust and is used extensively throughout NSW with EPA's knowledge and informal acceptance."]

{"sheet":"Meta data_lookup","index":2,"n_rows":5,"n_cols":4,"rows_kept":5,"cut":false,"hidden":false,"merged":[]}
["Location","Easting","Northing","Site elevation (m)"]
["Maules Creek",225302,6623037,"ND"]
["Breeza",237993,6542606,"ND"]
["Will-gai",231804,6596392,"ND"]
["Werris Creek",276783,6528734,"ND"]

{"sheet":"Raw data_sheet","index":3,"n_rows":745,"n_cols":21,"rows_kept":745,"cut":false,"hidden":false,"merged":[]}
["Year","Month","Day","Hour","Date and time","PM2.5_hourly","PM2.5_Data_Status","PM2.5_24hr_rolling_average","PM10_hourly","PM10_Data_Status","PM10_24hr_rolling_average","Cause of data invalidity, if applicable","Detailed comments","PM2.5_hourly_valid_plot","PM2.5_24hr_rolling_ave_valid_plot","PM10_hourly_valid_plot","PM10_24hr_rolling_ave_valid_plot","PM10_hourly_valid_plot_series","PM10_24hr_rolling_average_valid_plot_series","PM2.5_hourly_valid_plot_series","PM2.5_24hr_rolling_average_valid_plot_series"]
[2019,10,1,0,{"$f":"DATE(A2,B2,C2)+TIME(D2,0,0)","v":43739},2.91,"Valid",6.51,7.17,"Valid",19.18,null,null,{"$f":"IF(G2=\"Valid\", F2, NA())","v":2.91},{"$f":"IF(G2=\"Valid\", H2, NA())","v":6.51},{"$f":"IF(J2=\"Valid\", I2, NA())","v":7.17},{"$f":"IF(J2=\"Valid\", K2, NA())","v":19.18},7.17,19.18,2.91,6.51]
[{"$f":"A2","v":2019},{"$f":"B2","v":10},{"$f":"C2","v":1},{"$f":"IF(D2=23,0,D2+1)","v":1},{"$f":"E2+0.0416666666666666","v":43739.041666666664},3.71,"Valid",6.62,8.61,"Valid",18.91,null,null,3.71,6.62,8.61,18.91,8.61,18.91,3.71,6.62]
[{"$f":"A3","v":2019},{"$f":"B3","v":10},1,{"$f":"IF(D3=23,0,D3+1)","v":2},{"$f":"E3+0.0416666666666666","v":43739.083333333328},4.67,"Valid",6.58,8.67,"Valid",18.47,null,null,4.67,6.58,8.67,18.47,8.67,18.47,4.67,6.58]
[2019,10,1,3,43739.124999999993,-1.68,"Valid",6.34,2.4300000000000002,"Valid",17.760000000000002,null,null,-1.68,6.34,2.4300000000000002,17.760000000000002,2.4300000000000002,17.760000000000002,-1.68,6.34]
[2019,10,1,4,43739.166666666657,0.72,"Valid",6.12,5.05,"Valid",16.93,null,null,0.72,6.12,5.05,16.93,5.05,16.93,0.72,6.12]
[2019,10,1,5,43739.208333333321,5.5,"Valid",6.25,9.1300000000000008,"Valid",16.670000000000002,null,null,5.5,6.25,9.1300000000000008,16.670000000000002,9.1300000000000008,16.670000000000002,5.5,6.25]
[2019,10,1,6,43739.249999999985,2.0699999999999998,"Valid",6.29,6.01,"Valid",16.34,null,null,2.0699999999999998,6.29,6.01,16.34,6.01,16.34,2.0699999999999998,6.29]
[2019,10,1,7,43739.29166666665,5.1100000000000003,"Valid",6.3,7.69,"Valid",15.88,null,null,5.1100000000000003,6.3,7.69,15.88,7.69,15.88,5.1100000000000003,6.3]
[2019,10,1,8,43739.333333333314,4.05,"Valid",6.19,8.1300000000000008,"Valid",15.24,null,null,4.05,6.19,8.1300000000000008,15.24,8.1300000000000008,15.24,4.05,6.19]
[2019,10,1,9,43739.374999999978,1.43,"Valid",5.9,5.81,"Valid",14.3,null,null,1.43,5.9,5.81,14.3,5.81,14.3,1.43,5.9]
[2019,10,1,10,43739.416666666642,1.1200000000000001,"Valid",5.58,5.5,"Valid",13.57,null,null,1.1200000000000001,5.58,5.5,13.57,5.5,13.57,1.1200000000000001,5.58]
[2019,10,1,11,43739.458333333307,6.22,"Valid",5.41,9.94,"Valid",12.91,null,null,6.22,5.41,9.94,12.91,9.94,12.91,6.22,5.41]
[2019,10,1,12,43739.499999999971,7.42,"Valid",5.41,13.69,"Valid",12.69,null,null,7.42,5.41,13.69,12.69,13.69,12.69,7.42,5.41]
[2019,10,1,13,43739.541666666635,5.37,"Valid",5.3,12.83,"Valid",12.43,null,null,5.37,5.3,12.83,12.43,12.83,12.43,5.37,5.3]
[2019,10,1,14,43739.583333333299,7.18,"Valid",5.14,14.57,"Valid",12.14,null,null,7.18,5.14,14.57,12.14,14.57,12.14,7.18,5.14]
[2019,10,1,15,43739.624999999964,8.73,"Valid",5.0599999999999996,14.53,"Valid",11.79,null,null,8.73,5.0599999999999996,14.53,11.79,14.53,11.79,8.73,5.0599999999999996]
[2019,10,1,16,43739.666666666628,7.49,"Valid",5.1100000000000003,12.61,"Valid",11.64,null,null,7.49,5.1100000000000003,12.61,11.64,12.61,11.64,7.49,5.1100000000000003]
[2019,10,1,17,43739.708333333292,4.12,"Valid",5.04,10.63,"Valid",11.4,null,null,4.12,5.04,10.63,11.4,10.63,11.4,4.12,5.04]
[2019,10,1,18,43739.749999999956,8.65,"Valid",4.96,12.95,"Valid",11.01,null,null,8.65,4.96,12.95,11.01,12.95,11.01,8.65,4.96]
[2019,10,1,19,43739.791666666621,7.12,"Valid",4.8600000000000003,12.63,"Valid",10.52,null,null,7.12,4.8600000000000003,12.63,10.52,12.63,10.52,7.12,4.8600000000000003]
[2019,10,1,20,43739.833333333285,6.45,"Valid",4.79,20.57,"Valid",10.5,null,null,6.45,4.79,20.57,10.5,20.57,10.5,6.45,4.79]
[2019,10,1,21,43739.874999999949,3.05,"Valid",4.6900000000000004,13.44,"Valid",10.39,null,null,3.05,4.6900000000000004,13.44,10.39,13.44,10.39,3.05,4.6900000000000004]
[2019,10,1,22,43739.916666666613,5.59,"Valid",4.62,14.06,"Valid",10.35,null,null,5.59,4.62,14.06,10.35,14.06,10.35,5.59,4.62]
[2019,{"$f":"B24","v":10},{"$f":"C24","v":1},23,43739.958333333278,7.38,"Valid",4.7699999999999996,16.57,"Valid",10.55,null,null,7.38,4.7699999999999996,16.57,10.55,16.57,10.55,7.38,4.7699999999999996]
[2019,{"$f":"B25","v":10},{"$f":"C2+1","v":2},0,43739.999999999942,6.43,"Valid",4.91,13.38,"Valid",10.81,null,null,6.43,4.91,13.38,10.81,13.38,10.81,6.43,4.91]
[2019,{"$f":"B26","v":10},{"$f":"C3+1","v":2},1,43740.041666666606,7.85,"Valid",5.09,15.37,"Valid",11.09,null,null,7.85,5.09,15.37,11.09,15.37,11.09,7.85,5.09]
[2019,10,2,2,43740.08333333327,4.71,"Valid",5.09,11.53,"Valid",11.21,null,null,4.71,5.09,11.53,11.21,11.53,11.21,4.71,5.09]
[2019,10,2,3,43740.124999999935,3.59,"Valid",5.31,11.31,"Valid",11.58,null,null,3.59,5.31,11.31,11.58,11.31,11.58,3.59,5.31]
[2019,10,2,4,43740.166666666599,5.8,"Valid",5.52,11.28,"Valid",11.84,null,null,5.8,5.52,11.28,11.84,11.28,11.84,5.8,5.52]
[2019,10,2,5,43740.208333333263,3.76,"Valid",5.45,7.97,"Valid",11.79,null,null,3.76,5.45,7.97,11.79,7.97,11.79,3.76,5.45]
[2019,10,2,6,43740.249999999927,5.94,"Valid",5.61,10.98,"Valid",12,null,null,5.94,5.61,10.98,12,10.98,12,5.94,5.61]
[2019,10,2,7,43740.291666666591,0.71,"Valid",5.42,10.039999999999999,"Valid",12.1,null,null,0.71,5.42,10.039999999999999,12.1,10.039999999999999,12.1,0.71,5.42]
[2019,10,2,8,43740.333333333256,5.05,"Valid",5.47,17.59,"Valid",12.49,null,null,5.05,5.47,17.59,12.49,17.59,12.49,5.05,5.47]
[2019,10,2,9,43740.37499999992,5.85,"Valid",5.65,14.76,"Valid",12.86,null,null,5.85,5.65,14.76,12.86,14.76,12.86,5.85,5.65]
[2019,10,2,10,43740.416666666584,9.85,"Valid",6.01,20.32,"Valid",13.48,null,null,9.85,6.01,20.32,13.48,20.32,13.48,9.85,6.01]
[2019,10,2,11,43740.458333333248,11.08,"Valid",6.22,19.989999999999998,"Valid",13.9,null,null,11.08,6.22,19.989999999999998,13.9,19.989999999999998,13.9,11.08,6.22]
[2019,10,2,12,43740.499999999913,11.92,"Valid",6.4,21.28,"Valid",14.22,null,null,11.92,6.4,21.28,14.22,21.28,14.22,11.92,6.4]
[2019,10,2,13,43740.541666666577,7.88,"Valid",6.51,15.98,"Valid",14.35,null,null,7.88,6.51,15.98,14.35,15.98,14.35,7.88,6.51]
[2019,10,2,14,43740.583333333241,6.73,"Valid",6.49,12.76,"Valid",14.27,null,null,6.73,6.49,12.76,14.27,12.76,14.27,6.73,6.49]
[2019,10,2,15,43740.624999999905,6.08,"Valid",6.38,12.61,"Valid",14.19,null,null,6.08,6.38,12.61,14.19,12.61,14.19,6.08,6.38]
[2019,10,2,16,43740.66666666657,7.53,"Valid",6.38,13.51,"Valid",14.23,null,null,7.53,6.38,13.51,14.23,13.51,14.23,7.53,6.38]
[2019,10,2,17,43740.708333333234,7.57,"Valid",6.52,13.95,"Valid",14.37,null,null,7.57,6.52,13.95,14.37,13.95,14.37,7.57,6.52]
[2019,10,2,18,43740.749999999898,5.57,"Valid",6.4,11.96,"Valid",14.33,null,null,5.57,6.4,11.96,14.33,11.96,14.33,5.57,6.4]
[2019,10,2,19,43740.791666666562,6.44,"Valid",6.37,19.010000000000002,"Valid",14.59,null,null,6.44,6.37,19.010000000000002,14.59,19.010000000000002,14.59,6.44,6.37]
[2019,10,2,20,43740.833333333227,7.04,"Valid",6.39,22.12,"Valid",14.66,null,null,7.04,6.39,22.12,14.66,22.12,14.66,7.04,6.39]
[2019,10,2,21,43740.874999999891,8.07,"Valid",6.6,18.11,"Valid",14.85,null,null,8.07,6.6,18.11,14.85,18.11,14.85,8.07,6.6]
[2019,10,2,22,43740.916666666555,8.67,"Valid",6.73,22.21,"Valid",15.19,null,null,8.67,6.73,22.21,15.19,22.21,15.19,8.67,6.73]
[2019,10,2,23,43740.958333333219,3.24,"Valid",6.56,18.77,"Valid",15.28,null,null,3.24,6.56,18.77,15.28,18.77,15.28,3.24,6.56]
[2019,10,3,0,43740.999999999884,3.24,"Valid",6.42,15.13,"Valid",15.36,null,null,3.24,6.42,15.13,15.36,15.13,15.36,3.24,6.42]
[2019,10,3,1,43741.041666666548,4.72,"Valid",6.29,18.97,"Valid",15.51,null,null,4.72,6.29,18.97,15.51,18.97,15.51,4.72,6.29]
[2019,10,3,2,43741.083333333212,7.49,"Valid",6.41,20.399999999999999,"Valid",15.88,null,null,7.49,6.41,20.399999999999999,15.88,20.399999999999999,15.88,7.49,6.41]
[2019,10,3,3,43741.124999999876,5.92,"Valid",6.51,19.21,"Valid",16.2,null,null,5.92,6.51,19.21,16.2,19.21,16.2,5.92,6.51]
[2019,10,3,4,43741.166666666541,4.7,"Valid",6.46,20.67,"Valid",16.600000000000001,null,null,4.7,6.46,20.67,16.600000000000001,20.67,16.600000000000001,4.7,6.46]
[2019,10,3,5,43741.208333333205,9.51,"Valid",6.7,23.26,"Valid",17.23,null,null,9.51,6.7,23.26,17.23,23.26,17.23,9.51,6.7]
[2019,10,3,6,43741.249999999869,4.17,"Valid",6.63,18.72,"Valid",17.559999999999999,null,null,4.17,6.63,18.72,17.559999999999999,18.72,17.559999999999999,4.17,6.63]
[2019,10,3,7,43741.291666666533,6.23,"Valid",6.86,24.86,"Valid",18.170000000000002,null,null,6.23,6.86,24.86,18.170000000000002,24.86,18.170000000000002,6.23,6.86]
[2019,10,3,8,43741.333333333198,10.53,"Valid",7.08,31.15,"Valid",18.739999999999998,null,null,10.53,7.08,31.15,18.739999999999998,31.15,18.739999999999998,10.53,7.08]
[2019,10,3,9,43741.374999999862,9.6999999999999993,"Valid",7.25,26.19,"Valid",19.21,null,null,9.6999999999999993,7.25,26.19,19.21,26.19,19.21,9.6999999999999993,7.25]
[2019,10,3,10,43741.416666666526,10.06,"Valid",7.25,23.52,"Valid",19.350000000000001,null,null,10.06,7.25,23.52,19.350000000000001,23.52,19.350000000000001,10.06,7.25]
[2019,10,3,11,43741.45833333319,11.86,"Valid",7.29,24.69,"Valid",19.54,null,null,11.86,7.29,24.69,19.54,24.69,19.54,11.86,7.29]
[2019,10,3,12,43741.499999999854,6.59,"Valid",7.06,18.760000000000002,"Valid",19.440000000000001,null,null,6.59,7.06,18.760000000000002,19.440000000000001,18.760000000000002,19.440000000000001,6.59,7.06]
[2019,10,3,13,43741.541666666519,4.8499999999999996,"Valid",6.94,15.92,"Valid",19.440000000000001,null,null,4.8499999999999996,6.94,15.92,19.440000000000001,15.92,19.440000000000001,4.8499999999999996,6.94]
[2019,10,3,14,43741.583333333183,3.27,"Valid",6.79,13.64,"Valid",19.47,null,null,3.27,6.79,13.64,19.47,13.64,19.47,3.27,6.79]
[2019,10,3,15,43741.624999999847,9.7200000000000006,"Valid",6.95,20.14,"Valid",19.79,null,null,9.7200000000000006,6.95,20.14,19.79,20.14,19.79,9.7200000000000006,6.95]
[2019,10,3,16,43741.666666666511,6.93,"Valid",6.92,16.72,"Valid",19.920000000000002,null,null,{"$f":"IF(G66=\"Valid\", F66, NA())","v":6.93},{"$f":"IF(G66=\"Valid\", H66, NA())","v":6.92},{"$f":"IF(J66=\"Valid\", I66, NA())","v":16.72},{"$f":"IF(J66=\"Valid\", K66, NA())","v":19.920000000000002},16.72,19.920000000000002,6.93,6.92]
[2019,10,3,17,43741.708333333176,8.7799999999999994,"Valid",6.97,19.04,"Valid",20.13,null,null,8.7799999999999994,6.97,19.04,20.13,19.04,20.13,8.7799999999999994,6.97]
[{"$f":"A67","v":2019},10,3,{"$f":"IF(D67=23,0,D67+1)","v":18},{"$f":"E67+0.0416666666666666","v":43741.74999999984},8.43,"Valid",7.09,27.52,"Valid",20.78,null,null,8.43,7.09,27.52,20.78,27.52,20.78,8.43,7.09]
[2019,10,3,19,43741.791666666504,5.33,"Valid",7.04,27.99,"Valid",21.15,null,null,5.33,7.04,27.99,21.15,27.99,21.15,5.33,7.04]
[2019,10,3,20,43741.833333333168,6.83,"Valid",7.04,23.4,"Valid",21.21,null,null,6.83,7.04,23.4,21.21,23.4,21.21,6.83,7.04]
[2019,10,3,21,43741.874999999833,4.95,"Valid",6.91,15.96,"Valid",21.12,null,null,4.95,6.91,15.96,21.12,15.96,21.12,4.95,6.91]
[2019,10,3,22,43741.916666666497,5.37,"Valid",6.77,17.829999999999998,"Valid",20.94,null,null,5.37,6.77,17.829999999999998,20.94,17.829999999999998,20.94,5.37,6.77]
[2019,10,3,23,43741.958333333161,7.74,"Valid",6.96,22.94,"Valid",21.11,null,null,7.74,6.96,22.94,21.11,22.94,21.11,7.74,6.96]
[2019,10,4,0,43741.999999999825,10.09,"Valid",7.24,26.31,"Valid",21.58,null,null,10.09,7.24,26.31,21.58,26.31,21.58,10.09,7.24]
[2019,10,4,1,43742.04166666649,4.54,"Valid",7.23,21.94,"Valid",21.7,null,null,4.54,7.23,21.94,21.7,21.94,21.7,4.54,7.23]
[2019,10,4,2,43742.083333333154,6.87,"Valid",7.21,27.92,"Valid",22.01,null,null,6.87,7.21,27.92,22.01,27.92,22.01,6.87,7.21]
[2019,10,4,3,43742.124999999818,4.9000000000000004,"Valid",7.16,20.38,"Valid",22.06,null,null,4.9000000000000004,7.16,20.38,22.06,20.38,22.06,4.9000000000000004,7.16]
[2019,10,4,4,43742.166666666482,6.7,"Valid",7.25,19.98,"Valid",22.03,null,null,6.7,7.25,19.98,22.03,19.98,22.03,6.7,7.25]
[2019,10,4,5,43742.208333333147,13.48,"Valid",7.41,30.03,"Valid",22.31,null,null,13.48,7.41,30.03,22.31,30.03,22.31,13.48,7.41]
[2019,10,4,6,43742.249999999811,9.11,"Valid",7.62,32.380000000000003,"Valid",22.88,null,null,9.11,7.62,32.380000000000003,22.88,32.380000000000003,22.88,9.11,7.62]
[2019,10,4,7,43742.291666666475,9.27,"Valid",7.75,24.9,"Valid",22.89,null,null,9.27,7.75,24.9,22.89,24.9,22.89,9.27,7.75]
[2019,10,4,8,43742.333333333139,8.6999999999999993,"Valid",7.67,26.42,"Valid",22.69,null,null,8.6999999999999993,7.67,26.42,22.69,26.42,22.69,8.6999999999999993,7.67]
[2019,10,4,9,43742.374999999804,9.2200000000000006,"Valid",7.65,25.66,"Valid",22.67,null,null,9.2200000000000006,7.65,25.66,22.67,25.66,22.67,9.2200000000000006,7.65]
[2019,10,4,10,43742.416666666468,8.2200000000000006,"Valid",7.57,27.5,"Valid",22.83,null,null,8.2200000000000006,7.57,27.5,22.83,27.5,22.83,8.2200000000000006,7.57]
[2019,10,4,11,43742.458333333132,4.5199999999999996,"Valid",7.27,16.78,"Valid",22.5,null,null,4.5199999999999996,7.27,16.78,22.5,16.78,22.5,4.5199999999999996,7.27]
[2019,10,4,12,43742.499999999796,5.89,"Valid",7.24,22.09,"Valid",22.64,null,null,5.89,7.24,22.09,22.64,22.09,22.64,5.89,7.24]
[2019,10,4,13,43742.541666666461,5.98,"Valid",7.29,18.22,"Valid",22.74,null,null,5.98,7.29,18.22,22.74,18.22,22.74,5.98,7.29]
[2019,10,4,14,43742.583333333125,6.28,"Valid",7.41,33.270000000000003,"Valid",23.56,null,null,6.28,7.41,33.270000000000003,23.56,33.270000000000003,23.56,6.28,7.41]
[2019,10,4,15,43742.624999999789,11.5,"Valid",7.48,32.4,"Valid",24.07,null,null,11.5,7.48,32.4,24.07,32.4,24.07,11.5,7.48]
[2019,10,4,16,43742.666666666453,5.71,"Valid",7.43,26.82,"Valid",24.49,null,null,5.71,7.43,26.82,24.49,26.82,24.49,5.71,7.43]
[2019,{"$f":"B90","v":10},{"$f":"C67+1","v":4},17,43742.708333333117,8.08,"Valid",7.4,28.75,"Valid",24.89,null,null,8.08,7.4,28.75,24.89,28.75,24.89,8.08,7.4]
[2019,10,4,18,43742.749999999782,8.35,"Valid",7.4,31.42,"Valid",25.05,null,null,8.35,7.4,31.42,25.05,31.42,25.05,8.35,7.4]
[2019,10,4,19,43742.791666666446,6.65,"Valid",7.46,28.18,"Valid",25.06,null,null,6.65,7.46,28.18,25.06,28.18,25.06,6.65,7.46]
[2019,10,4,20,43742.83333333311,9.6999999999999993,"Valid",7.58,42.49,"Valid",25.86,null,null,9.6999999999999993,7.58,42.49,25.86,42.49,25.86,9.6999999999999993,7.58]
[2019,10,4,21,43742.874999999774,5.25,"Valid",7.59,28.33,"Valid",26.37,null,null,5.25,7.59,28.33,26.37,28.33,26.37,5.25,7.59]
[2019,10,4,22,43742.916666666439,4.8099999999999996,"Valid",7.57,25.47,"Valid",26.69,null,null,4.8099999999999996,7.57,25.47,26.69,25.47,26.69,4.8099999999999996,7.57]
[2019,10,4,23,43742.958333333103,3.65,"Valid",7.39,26.82,"Valid",26.85,null,null,3.65,7.39,26.82,26.85,26.82,26.85,3.65,7.39]
[2019,10,5,0,43742.999999999767,5.81,"Valid",7.22,30.36,"Valid",27.02,null,null,5.81,7.22,30.36,27.02,30.36,27.02,5.81,7.22]
[2019,10,5,1,43743.041666666431,6.54,"Valid",7.3,28.7,"Valid",27.3,null,null,6.54,7.3,28.7,27.3,28.7,27.3,6.54,7.3]
[2019,10,5,2,43743.083333333096,6.87,"Valid",7.3,28.49,"Valid",27.33,null,null,6.87,7.3,28.49,27.33,28.49,27.33,6.87,7.3]
[2019,10,5,3,43743.12499999976,3.89,"Valid",7.26,25.1,"Valid",27.52,null,null,3.89,7.26,25.1,27.52,25.1,27.52,3.89,7.26]
[2019,10,5,4,43743.166666666424,7.27,"Valid",7.28,26.39,"Valid",27.79,null,null,7.27,7.28,26.39,27.79,26.39,27.79,7.27,7.28]
[2019,10,5,5,43743.208333333088,16.309999999999999,"Valid",7.4,32.44,"Valid",27.89,null,null,16.309999999999999,7.4,32.44,27.89,32.44,27.89,16.309999999999999,7.4]
[2019,10,5,6,43743.249999999753,13.52,"Valid",7.58,27.87,"Valid",27.7,null,null,13.52,7.58,27.87,27.7,27.87,27.7,13.52,7.58]
[2019,10,5,7,43743.291666666417,17.760000000000002,"Valid",7.94,34.06,"Valid",28.08,null,null,17.760000000000002,7.94,34.06,28.08,34.06,28.08,17.760000000000002,7.94]
[2019,10,5,8,43743.333333333081,12.25,"Valid",8.08,28.57,"Valid",28.17,null,null,12.25,8.08,28.57,28.17,28.57,28.17,12.25,8.08]
[2019,10,5,9,43743.374999999745,14.89,"Valid",8.32,27.95,"Valid",28.27,null,null,14.89,8.32,27.95,28.27,27.95,28.27,14.89,8.32]
[2019,10,5,10,43743.41666666641,7.8,"Valid",8.3000000000000007,23.44,"Valid",28.1,null,null,7.8,8.3000000000000007,23.44,28.1,23.44,28.1,7.8,8.3000000000000007]
[2019,10,5,11,43743.458333333074,8.01,"Valid",8.4499999999999993,29.66,"Valid",28.64,null,null,8.01,8.4499999999999993,29.66,28.64,29.66,28.64,8.01,8.4499999999999993]
[2019,10,5,12,43743.499999999738,7.47,"Valid",8.51,20.64,"Valid",28.58,null,null,7.47,8.51,20.64,28.58,20.64,28.58,7.47,8.51]
[2019,10,5,13,43743.541666666402,13.72,"Valid",8.84,25.23,"Valid",28.87,null,null,13.72,8.84,25.23,28.87,25.23,28.87,13.72,8.84]
[2019,10,5,14,43743.583333333067,12.03,"Valid",9.08,19.850000000000001,"Valid",28.31,null,null,12.03,9.08,19.850000000000001,28.31,19.850000000000001,28.31,12.03,9.08]
[2019,10,5,15,43743.624999999731,9.75,"Valid",9,16.350000000000001,"Valid",27.64,null,null,9.75,9,16.350000000000001,27.64,16.350000000000001,27.64,9.75,9]
[2019,10,5,16,43743.666666666395,9.1,"Valid",9.15,18.13,"Valid",27.28,null,null,9.1,9.15,18.13,27.28,18.13,27.28,9.1,9.15]
[2019,10,5,17,43743.708333333059,9.82,"Valid",9.2200000000000006,20.94,"Valid",26.95,null,null,9.82,9.2200000000000006,20.94,26.95,20.94,26.95,9.82,9.2200000000000006]
[2019,10,5,18,43743.749999999724,12.02,"Valid",9.3699999999999992,21.6,"Valid",26.54,null,null,12.02,9.3699999999999992,21.6,26.54,21.6,26.54,12.02,9.3699999999999992]
[2019,10,5,19,43743.791666666388,10.55,"Valid",9.5299999999999994,20.83,"Valid",26.24,null,null,10.55,9.5299999999999994,20.83,26.24,20.83,26.24,10.55,9.5299999999999994]
[2019,10,5,20,43743.833333333052,7.29,"Valid",9.43,30.43,"Valid",25.74,null,null,7.29,9.43,30.43,25.74,30.43,25.74,7.29,9.43]
[2019,10,5,21,43743.874999999716,6.72,"Valid",9.49,16.420000000000002,"Valid",25.24,null,null,6.72,9.49,16.420000000000002,25.24,16.420000000000002,25.24,6.72,9.49]
[2019,10,5,22,43743.91666666638,3.7,"Valid",9.4499999999999993,9.44,"Valid",24.57,null,null,3.7,9.4499999999999993,9.44,24.57,9.44,24.57,3.7,9.4499999999999993]
[2019,10,5,23,43743.958333333045,4.45,"Valid",9.48,8.1,"Valid",23.79,null,null,4.45,9.48,8.1,23.79,8.1,23.79,4.45,9.48]
[2019,10,6,0,43743.999999999709,5.98,"Valid",9.49,10.78,"Valid",22.98,null,null,5.98,9.49,10.78,22.98,10.78,22.98,5.98,9.49]
[2019,10,6,1,43744.041666666373,6.13,"Valid",9.4700000000000006,12.63,"Valid",22.31,null,null,6.13,9.4700000000000006,12.63,22.31,12.63,22.31,6.13,9.4700000000000006]
[2019,10,6,2,43744.083333333037,{"$f":"NA()","v":{"$error":"#N/A"}},"Invalid",{"$f":"NA()","v":{"$error":"#N/A"}},{"$f":"NA()","v":{"$error":"#N/A"}},"Invalid",{"$f":"NA()","v":{"$error":"#N/A"}},"Pump Failure","Daylight savings time adjustment",{"$error":"#N/A"},{"$error":"#N/A"},{"$error":"#N/A"},{"$error":"#N/A"}]
[2019,10,6,3,43744.124999999702,6.49,"Valid",9.6999999999999993,12.36,"Valid",21.48,null,null,6.49,9.6999999999999993,12.36,21.48,12.36,21.48,6.49,9.6999999999999993]
[2019,10,6,4,43744.166666666366,4.96,"Valid",9.6,10.35,"Valid",20.79,null,null,4.96,9.6,10.35,20.79,10.35,20.79,4.96,9.6]
[2019,10,6,5,43744.20833333303,7.49,"Valid",9.2100000000000009,13.56,"Valid",19.96,null,null,7.49,9.2100000000000009,13.56,19.96,13.56,19.96,7.49,9.2100000000000009]
[2019,10,6,6,43744.249999999694,3.65,"Valid",8.7799999999999994,8,"Valid",19.100000000000001,null,null,3.65,8.7799999999999994,8,19.100000000000001,8,19.100000000000001,3.65,8.7799999999999994]
[2019,10,6,7,43744.291666666359,3.84,"Valid",8.18,13.62,"Valid",18.21,null,null,3.84,8.18,13.62,18.21,13.62,18.21,3.84,8.18]
[2019,10,6,8,43744.333333333023,4.7,"Valid",7.85,18.23,"Valid",17.760000000000002,null,null,{"$f":"IF(G130=\"Valid\", F130, NA())","v":4.7},{"$f":"IF(G130=\"Valid\", H130, NA())","v":7.85},{"$f":"IF(J130=\"Valid\", I130, NA())","v":18.23},{"$f":"IF(J130=\"Valid\", K130, NA())","v":17.760000000000002},18.23,17.760000000000002,4.7,7.85]
[2019,10,6,9,43744.374999999687,6.91,"Valid",7.5,28.26,"Valid",17.78,null,null,6.91,7.5,28.26,17.78,28.26,17.78,6.91,7.5]
[{"$f":"A131","v":2019},10,6,{"$f":"IF(D131=23,0,D131+1)","v":10},{"$f":"E131+0.0416666666666666","v":43744.416666666351},9.44,"Valid",7.57,23.11,"Valid",17.760000000000002,null,null,9.44,7.57,23.11,17.760000000000002,23.11,17.760000000000002,9.44,7.57]
[2019,10,6,11,43744.458333333016,10.74,"Valid",7.69,21.7,"Valid",17.420000000000002,null,null,10.74,7.69,21.7,17.420000000000002,21.7,17.420000000000002,10.74,7.69]
[2019,10,6,12,43744.49999999968,12.63,"Valid",7.92,22.63,"Valid",17.5,null,null,12.63,7.92,22.63,17.5,22.63,17.5,12.63,7.92]
[2019,10,6,13,43744.541666666344,12.6,"Valid",7.87,26.71,"Valid",17.57,null,null,12.6,7.87,26.71,17.57,26.71,17.57,12.6,7.87]
[2019,10,6,14,43744.583333333008,15.06,"Valid",8,28.77,"Valid",17.95,null,null,15.06,8,28.77,17.95,28.77,17.95,15.06,8]
[2019,10,6,15,43744.624999999673,12.34,"Valid",8.11,26.88,"Valid",18.41,null,null,12.34,8.11,26.88,18.41,26.88,18.41,12.34,8.11]
[2019,10,6,16,43744.666666666337,12.24,"Valid",8.25,29.61,"Valid",18.91,null,null,12.24,8.25,29.61,18.91,29.61,18.91,12.24,8.25]
[2019,10,6,17,43744.708333333001,11.04,"Valid",8.3000000000000007,26.47,"Valid",19.149999999999999,null,null,11.04,8.3000000000000007,26.47,19.149999999999999,26.47,19.149999999999999,11.04,8.3000000000000007]
[2019,10,6,18,43744.749999999665,10.67,"Valid",8.24,32.33,"Valid",19.62,null,null,10.67,8.24,32.33,19.62,32.33,19.62,10.67,8.24]
[2019,10,6,19,43744.79166666633,13.08,"Valid",8.35,34.94,"Valid",20.23,null,null,13.08,8.35,34.94,20.23,34.94,20.23,13.08,8.35]
[2019,10,6,20,43744.833333332994,9.5399999999999991,"Valid",8.4499999999999993,36.21,"Valid",20.48,null,null,9.5399999999999991,8.4499999999999993,36.21,20.48,36.21,20.48,9.5399999999999991,8.4499999999999993]
[2019,10,6,21,43744.874999999658,9.52,"Valid",8.57,31.42,"Valid",21.14,null,null,9.52,8.57,31.42,21.14,31.42,21.14,9.52,8.57]
[2019,10,6,22,43744.916666666322,9.07,"Valid",8.81,26.6,"Valid",21.88,null,null,9.07,8.81,26.6,21.88,26.6,21.88,9.07,8.81]
[2019,10,6,23,43744.958333332987,8.1999999999999993,"Valid",8.9700000000000006,27.23,"Valid",22.71,null,null,8.1999999999999993,8.9700000000000006,27.23,22.71,27.23,22.71,8.1999999999999993,8.9700000000000006]
[2019,10,7,0,43744.999999999651,8.76,"Valid",9.09,33.35,"Valid",23.69,null,null,8.76,9.09,33.35,23.69,33.35,23.69,8.76,9.09]
[2019,10,7,1,43745.041666666315,9.1199999999999992,"Valid",9.2200000000000006,37.82,"Valid",24.79,null,null,9.1199999999999992,9.2200000000000006,37.82,24.79,37.82,24.79,9.1199999999999992,9.2200000000000006]
[2019,10,7,2,43745.083333332979,9.76,"Valid",9.24,29.63,"Valid",24.99,null,null,9.76,9.24,29.63,24.99,29.63,24.99,9.76,9.24]
[2019,10,7,3,43745.124999999643,7.02,"Valid",9.27,22.26,"Valid",25.4,null,null,7.02,9.27,22.26,25.4,22.26,25.4,7.02,9.27]
[2019,10,7,4,43745.166666666308,3.02,"Valid",9.19,16.29,"Valid",25.65,null,null,3.02,9.19,16.29,25.65,16.29,25.65,3.02,9.19]
[2019,10,7,5,43745.208333332972,3.27,"Valid",9.01,18.34,"Valid",25.85,null,null,3.27,9.01,18.34,25.85,18.34,25.85,3.27,9.01]
[2019,10,7,6,43745.249999999636,10.23,"Valid",9.2799999999999994,25.54,"Valid",26.58,null,null,10.23,9.2799999999999994,25.54,26.58,25.54,26.58,10.23,9.2799999999999994]
[2019,10,7,7,43745.2916666663,12.69,"Valid",9.65,28.19,"Valid",27.19,null,null,12.69,9.65,28.19,27.19,28.19,27.19,12.69,9.65]
[2019,10,7,8,43745.333333332965,5.21,"Valid",9.67,26.63,"Valid",27.54,null,null,5.21,9.67,26.63,27.54,26.63,27.54,5.21,9.67]
[2019,{"$f":"B154","v":10},{"$f":"C131+1","v":7},9,43745.374999999629,9.6,"Valid",9.7899999999999991,38.96,"Valid",27.98,null,null,9.6,9.7899999999999991,38.96,27.98,38.96,27.98,9.6,9.7899999999999991]
[2019,10,7,10,43745.416666666293,10.36,"Valid",9.82,38.729999999999997,"Valid",28.64,null,null,10.36,9.82,38.729999999999997,28.64,38.729999999999997,28.64,10.36,9.82]
[2019,10,7,11,43745.458333332957,8.48,"Valid",9.73,51.7,"Valid",29.89,null,null,8.48,9.73,51.7,29.89,51.7,29.89,8.48,9.73]
[2019,10,7,12,43745.499999999622,21.92,"Valid",10.119999999999999,153.43,"Valid",35.340000000000003,null,null,21.92,10.119999999999999,153.43,35.340000000000003,153.43,35.340000000000003,21.92,10.119999999999999]
[2019,10,7,13,43745.541666666286,26.32,"Valid",10.69,323.79000000000002,"Valid",47.71,null,null,26.32,10.69,323.79000000000002,47.71,323.79000000000002,47.71,26.32,10.69]
[2019,10,7,14,43745.58333333295,19.36,"Valid",10.87,259.36,"Valid",57.32,null,null,19.36,10.87,259.36,57.32,259.36,57.32,19.36,10.87]
[2019,10,7,15,43745.624999999614,{"$f":"NA()","v":{"$error":"#N/A"}},"Invalid",{"$f":"NA()","v":{"$error":"#N/A"}},{"$f":"NA()","v":{"$error":"#N/A"}},"Invalid",{"$f":"NA()","v":{"$error":"#N/A"}},"Power Failure","machine outage and reset",{"$error":"#N/A"},{"$error":"#N/A"},{"$error":"#N/A"},{"$error":"#N/A"}]
[2019,10,7,16,43745.666666666279,{"$f":"NA()","v":{"$error":"#N/A"}},"Invalid",{"$f":"NA()","v":{"$error":"#N/A"}},{"$f":"NA()","v":{"$error":"#N/A"}},"Invalid",{"$f":"NA()","v":{"$error":"#N/A"}},"Power Failure","machine outage and reset",{"$error":"#N/A"},{"$error":"#N/A"},{"$error":"#N/A"},{"$error":"#N/A"}]
[2019,10,7,17,43745.708333332943,{"$f":"NA()","v":{"$error":"#N/A"}},"Invalid",{"$f":"NA()","v":{"$error":"#N/A"}},{"$f":"NA()","v":{"$error":"#N/A"}},"Invalid",{"$f":"NA()","v":{"$error":"#N/A"}},"Power Failure","machine outage and reset",{"$error":"#N/A"},{"$error":"#N/A"},{"$error":"#N/A"},{"$error":"#N/A"}]
[2019,10,7,18,43745.749999999607,{"$f":"NA()","v":{"$error":"#N/A"}},"Invalid",{"$f":"NA()","v":{"$error":"#N/A"}},{"$f":"NA()","v":{"$error":"#N/A"}},"Invalid",{"$f":"NA()","v":{"$error":"#N/A"}},"Power Failure","machine outage and reset",{"$error":"#N/A"},{"$error":"#N/A"},{"$error":"#N/A"},{"$error":"#N/A"}]
[2019,10,7,19,43745.791666666271,{"$f":"NA()","v":{"$error":"#N/A"}},"Invalid",{"$f":"NA()","v":{"$error":"#N/A"}},{"$f":"NA()","v":{"$error":"#N/A"}},"Invalid",{"$f":"NA()","v":{"$error":"#N/A"}},"Power Failure","machine outage and reset",{"$error":"#N/A"},{"$error":"#N/A"},{"$error":"#N/A"},{"$error":"#N/A"}]
[2019,10,7,20,43745.833333332936,8.77,"Valid",10.56,41.13,"Valid",64.760000000000005,null,null,8.77,10.56,41.13,64.760000000000005,41.13,64.760000000000005,8.77,10.56]
[2019,10,7,21,43745.8749999996,9.4700000000000006,"Valid",10.56,43.74,"Valid",65.41,null,null,9.4700000000000006,10.56,43.74,65.41,43.74,65.41,9.4700000000000006,10.56]
[2019,10,7,22,43745.916666666264,7.53,"Valid",10.48,46.15,"Valid",66.44,null,null,7.53,10.48,46.15,66.44,46.15,66.44,7.53,10.48]
[2019,10,7,23,43745.958333332928,9.68,"Valid",10.56,46.27,"Valid",67.44,null,null,9.68,10.56,46.27,67.44,46.27,67.44,9.68,10.56]
[2019,10,8,0,43745.999999999593,10.49,"Valid",10.65,50.26,"Valid",68.33,null,null,10.49,10.65,50.26,68.33,50.26,68.33,10.49,10.65]
[2019,10,8,1,43746.041666666257,7.6,"Valid",10.57,44.24,"Valid",68.67,null,null,7.6,10.57,44.24,68.67,44.24,68.67,7.6,10.57]
[2019,10,8,2,43746.083333332921,8.18,"Valid",10.48,45.55,"Valid",69.5,null,null,8.18,10.48,45.55,69.5,45.55,69.5,8.18,10.48]
[2019,10,8,3,43746.124999999585,12.1,"Valid",10.75,48.88,"Valid",70.900000000000006,null,null,12.1,10.75,48.88,70.900000000000006,48.88,70.900000000000006,12.1,10.75]
[2019,10,8,4,43746.16666666625,3.71,"Valid",10.79,31.44,"Valid",71.7,null,null,3.71,10.79,31.44,71.7,31.44,71.7,3.71,10.79]
[2019,10,8,5,43746.208333332914,5.14,"Valid",10.89,28.42,"Valid",72.23,null,null,5.14,10.89,28.42,72.23,28.42,72.23,5.14,10.89]
[2019,10,8,6,43746.249999999578,7.98,"Valid",10.77,30.5,"Valid",72.489999999999995,null,null,7.98,10.77,30.5,72.489999999999995,30.5,72.489999999999995,7.98,10.77]
[2019,10,8,7,43746.291666666242,4.66,"Valid",10.35,23.36,"Valid",72.239999999999995,null,null,4.66,10.35,23.36,72.239999999999995,23.36,72.239999999999995,4.66,10.35]
[2019,10,8,8,43746.333333332906,4.1900000000000004,"Valid",10.29,26.49,"Valid",72.23,null,null,4.1900000000000004,10.29,26.49,72.23,26.49,72.23,4.1900000000000004,10.29]
[2019,10,8,9,43746.374999999571,8.3800000000000008,"Valid",10.23,30.86,"Valid",71.81,null,null,8.3800000000000008,10.23,30.86,71.81,30.86,71.81,8.3800000000000008,10.23]
[2019,10,8,10,43746.416666666235,8.65,"Valid",10.14,26.5,"Valid",71.16,null,null,8.65,10.14,26.5,71.16,26.5,71.16,8.65,10.14]
[2019,10,8,11,43746.458333332899,2.62,"Valid",9.83,13.95,"Valid",69.17,null,null,2.62,9.83,13.95,69.17,13.95,69.17,2.62,9.83]
[2019,10,8,12,43746.499999999563,1.78,"Valid",8.77,16.03,"Valid",61.94,null,null,1.78,8.77,16.03,61.94,16.03,61.94,1.78,8.77]
[2019,10,8,13,43746.541666666228,4.5599999999999996,"Valid",7.62,29.43,"Valid",46.45,null,null,4.5599999999999996,7.62,29.43,46.45,29.43,46.45,4.5599999999999996,7.62]
[2019,10,8,14,43746.583333332892,6.18,"Valid",6.93,33.909999999999997,"Valid",34.58,null,null,6.18,6.93,33.909999999999997,34.58,33.909999999999997,34.58,6.18,6.93]
[2019,10,8,15,43746.624999999556,7.33,"Valid",6.95,129.19,"Valid",39.32,null,null,7.33,6.95,129.19,39.32,129.19,39.32,7.33,6.95]
[2019,10,8,16,43746.66666666622,7.25,"Valid",6.96,66.069999999999993,"Valid",40.590000000000003,null,null,7.25,6.96,66.069999999999993,40.590000000000003,66.069999999999993,40.590000000000003,7.25,6.96]
[2019,10,8,17,43746.708333332885,8.5500000000000007,"Valid",7.04,86.48,"Valid",42.68,null,null,8.5500000000000007,7.04,86.48,42.68,86.48,42.68,8.5500000000000007,7.04]
[2019,10,8,18,43746.749999999549,26.97,"Valid",7.9,352.88,"Valid",56.16,null,null,26.97,7.9,352.88,56.16,352.88,56.16,26.97,7.9]
[2019,10,8,19,43746.791666666213,44.12,"Valid",9.41,576.46,"Valid",77.84,null,null,44.12,9.41,576.46,77.84,576.46,77.84,44.12,9.41]
[2019,10,8,20,43746.833333332877,19.95,"Valid",9.8800000000000008,243.66,"Valid",86.28,null,null,19.95,9.8800000000000008,243.66,86.28,243.66,86.28,19.95,9.8800000000000008]
[2019,10,8,21,43746.874999999542,12.33,"Valid",10,153.56,"Valid",90.86,null,null,12.33,10,153.56,90.86,153.56,90.86,12.33,10]
[2019,10,8,22,43746.916666666206,15.22,"Valid",10.32,197.63,"Valid",97.17,null,null,15.22,10.32,197.63,97.17,197.63,97.17,15.22,10.32]
[2019,10,8,23,43746.95833333287,11.94,"Valid",10.41,84.91,"Valid",98.78,null,null,11.94,10.41,84.91,98.78,84.91,98.78,11.94,10.41]
[2019,10,9,0,43746.999999999534,6.08,"Valid",10.23,51.72,"Valid",98.84,null,null,{"$f":"IF(G194=\"Valid\", F194, NA())","v":6.08},{"$f":"IF(G194=\"Valid\", H194, NA())","v":10.23},{"$f":"IF(J194=\"Valid\", I194, NA())","v":51.72},{"$f":"IF(J194=\"Valid\", K194, NA())","v":98.84},51.72,98.84,6.08,10.23]
[2019,10,9,1,43747.041666666199,0.52,"Valid",9.93,34,"Valid",98.41,null,null,0.52,9.93,34,98.41,34,98.41,0.52,9.93]
[{"$f":"A195","v":2019},10,9,{"$f":"IF(D195=23,0,D195+1)","v":2},{"$f":"E195+0.0416666666666666","v":43747.083333332863},3.41,"Valid",9.73,28.99,"Valid",97.72,null,null,3.41,9.73,28.99,97.72,28.99,97.72,3.41,9.73]
[2019,10,9,3,43747.124999999527,2.08,"Valid",9.32,27.57,"Valid",96.83,null,null,2.08,9.32,27.57,96.83,27.57,96.83,2.08,9.32]
[2019,10,9,4,43747.166666666191,2.76,"Valid",9.2799999999999994,29.4,"Valid",96.75,null,null,2.76,9.2799999999999994,29.4,96.75,29.4,96.75,2.76,9.2799999999999994]
[2019,10,9,5,43747.208333332856,5.87,"Valid",9.31,33.15,"Valid",96.95,null,null,5.87,9.31,33.15,96.95,33.15,96.95,5.87,9.31]
[2019,10,9,6,43747.24999999952,0.66,"Valid",9,22.95,"Valid",96.63,null,null,0.66,9,22.95,96.63,22.95,96.63,0.66,9]
[2019,10,9,7,43747.291666666184,0.33,"Valid",8.82,21.17,"Valid",96.54,null,null,0.33,8.82,21.17,96.54,21.17,96.54,0.33,8.82]
[2019,10,9,8,43747.333333332848,6.94,"Valid",8.94,27.17,"Valid",96.57,null,null,6.94,8.94,27.17,96.57,27.17,96.57,6.94,8.94]
[2019,10,9,9,43747.374999999513,4.46,"Valid",8.77,16.97,"Valid",95.99,null,null,4.46,8.77,16.97,95.99,16.97,95.99,4.46,8.77]
[2019,10,9,10,43747.416666666177,3.05,"Valid",8.5399999999999991,8.41,"Valid",95.24,null,null,3.05,8.5399999999999991,8.41,95.24,8.41,95.24,3.05,8.5399999999999991]
[2019,10,9,11,43747.458333332841,1.81,"Valid",8.51,7.71,"Valid",94.98,null,null,1.81,8.51,7.71,94.98,7.71,94.98,1.81,8.51]
[2019,10,9,12,43747.499999999505,0.56999999999999995,"Valid",8.4600000000000009,3.69,"Valid",94.46,null,null,0.56999999999999995,8.4600000000000009,3.69,94.46,3.69,94.46,0.56999999999999995,8.4600000000000009]
[2019,10,9,13,43747.541666666169,2.14,"Valid",8.36,6.3,"Valid",93.5,null,null,2.14,8.36,6.3,93.5,6.3,93.5,2.14,8.36]
[2019,10,9,14,43747.583333332834,2.87,"Valid",8.2200000000000006,7.9,"Valid",92.41,null,null,2.87,8.2200000000000006,7.9,92.41,7.9,92.41,2.87,8.2200000000000006]
[2019,10,9,15,43747.624999999498,4.5,"Valid",8.1,8.5,"Valid",87.39,null,null,4.5,8.1,8.5,87.39,8.5,87.39,4.5,8.1]
[2019,10,9,16,43747.666666666162,2.3199999999999998,"Valid",7.89,6.59,"Valid",84.91,null,null,2.3199999999999998,7.89,6.59,84.91,6.59,84.91,2.3199999999999998,7.89]
[2019,10,9,17,43747.708333332826,4.9800000000000004,"Valid",7.75,10.65,"Valid",81.75,null,null,4.9800000000000004,7.75,10.65,81.75,10.65,81.75,4.9800000000000004,7.75]
[2019,10,9,18,43747.749999999491,0.63,"Valid",6.65,4.37,"Valid",67.23,null,null,0.63,6.65,4.37,67.23,4.37,67.23,0.63,6.65]
[2019,10,9,19,43747.791666666155,3.15,"Valid",4.9400000000000004,16.22,"Valid",43.88,null,null,3.15,4.9400000000000004,16.22,43.88,16.22,43.88,3.15,4.9400000000000004]
[2019,10,9,20,43747.833333332819,3.91,"Valid",4.2699999999999996,17.170000000000002,"Valid",34.450000000000003,null,null,3.91,4.2699999999999996,17.170000000000002,34.450000000000003,17.170000000000002,34.450000000000003,3.91,4.2699999999999996]
[2019,10,9,21,43747.874999999483,2.5299999999999998,"Valid",3.86,12.7,"Valid",28.58,null,null,2.5299999999999998,3.86,12.7,28.58,12.7,28.58,2.5299999999999998,3.86]
[2019,10,9,22,43747.916666666148,6.55,"Valid",3.5,17.25,"Valid",21.06,null,null,6.55,3.5,17.25,21.06,17.25,21.06,6.55,3.5]
[2019,10,9,23,43747.958333332812,2.58,"Valid",3.11,10.59,"Valid",17.96,null,null,2.58,3.11,10.59,17.96,10.59,17.96,2.58,3.11]
[2019,10,10,0,43747.999999999476,2.37,"Valid",2.96,12.91,"Valid",16.350000000000001,null,null,2.37,2.96,12.91,16.350000000000001,12.91,16.350000000000001,2.37,2.96]
[2019,{"$f":"B218","v":10},{"$f":"C195+1","v":10},1,43748.04166666614,4.16,"Valid",3.11,14.54,"Valid",15.54,null,null,4.16,3.11,14.54,15.54,14.54,15.54,4.16,3.11]
[2019,10,10,2,43748.083333332805,4.07,"Valid",3.14,11.66,"Valid",14.81,null,null,4.07,3.14,11.66,14.81,11.66,14.81,4.07,3.14]
[2019,10,10,3,43748.124999999469,3.11,"Valid",3.18,8.9700000000000006,"Valid",14.04,null,null,3.11,3.18,8.9700000000000006,14.04,8.9700000000000006,14.04,3.11,3.18]
[2019,10,10,4,43748.166666666133,4.9000000000000004,"Valid",3.27,11.65,"Valid",13.3,null,null,4.9000000000000004,3.27,11.65,13.3,11.65,13.3,4.9000000000000004,3.27]
[2019,10,10,5,43748.208333332797,6.76,"Valid",3.31,14.37,"Valid",12.52,null,null,6.76,3.31,14.37,12.52,14.37,12.52,6.76,3.31]
[2019,10,10,6,43748.249999999462,3.88,"Valid",3.44,10.18,"Valid",11.99,null,null,3.88,3.44,10.18,11.99,10.18,11.99,3.88,3.44]
[2019,10,10,7,43748.291666666126,2.96,"Valid",3.55,11.89,"Valid",11.6,null,null,2.96,3.55,11.89,11.6,11.89,11.6,2.96,3.55]
[2019,10,10,8,43748.33333333279,4.24,"Valid",3.44,11.95,"Valid",10.96,null,null,4.24,3.44,11.95,10.96,11.95,10.96,4.24,3.44]
[2019,10,10,9,43748.374999999454,4.17,"Valid",3.43,12.74,"Valid",10.79,null,null,4.17,3.43,12.74,10.79,12.74,10.79,4.17,3.43]
[2019,10,10,10,43748.416666666119,4.26,"Valid",3.48,14.34,"Valid",11.04,null,null,4.26,3.48,14.34,11.04,14.34,11.04,4.26,3.48]
[2019,10,10,11,43748.458333332783,1.4,"Valid",3.46,7.41,"Valid",11.02,null,null,1.4,3.46,7.41,11.02,7.41,11.02,1.4,3.46]
[2019,10,10,12,43748.499999999447,5.18,"Valid",3.65,12.81,"Valid",11.4,null,null,5.18,3.65,12.81,11.4,12.81,11.4,5.18,3.65]
[2019,10,10,13,43748.541666666111,5.34,"Valid",3.78,11.11,"Valid",11.6,null,null,5.34,3.78,11.11,11.6,11.11,11.6,5.34,3.78]
[2019,10,10,14,43748.583333332776,4.55,"Valid",3.85,11.13,"Valid",11.74,null,null,4.55,3.85,11.13,11.74,11.13,11.74,4.55,3.85]
[2019,10,10,15,43748.62499999944,3.87,"Valid",3.83,9.3800000000000008,"Valid",11.77,null,null,3.87,3.83,9.3800000000000008,11.77,9.3800000000000008,11.77,3.87,3.83]
[2019,10,10,16,43748.666666666104,7.97,"Valid",4.0599999999999996,14.7,"Valid",12.11,null,null,7.97,4.0599999999999996,14.7,12.11,14.7,12.11,7.97,4.0599999999999996]
[2019,10,10,17,43748.708333332768,5.14,"Valid",4.07,13.95,"Valid",12.25,null,null,5.14,4.07,13.95,12.25,13.95,12.25,5.14,4.07]
[2019,10,10,18,43748.749999999432,6.68,"Valid",4.32,12.99,"Valid",12.61,null,null,6.68,4.32,12.99,12.61,12.99,12.61,6.68,4.32]
[2019,10,10,19,43748.791666666097,5.77,"Valid",4.43,17.93,"Valid",12.68,null,null,5.77,4.43,17.93,12.68,17.93,12.68,5.77,4.43]
[2019,10,10,20,43748.833333332761,5.03,"Valid",4.4800000000000004,24.14,"Valid",12.97,null,null,5.03,4.4800000000000004,24.14,12.97,24.14,12.97,5.03,4.4800000000000004]
[2019,10,10,21,43748.874999999425,5.68,"Valid",4.6100000000000003,29,"Valid",13.65,null,null,5.68,4.6100000000000003,29,13.65,29,13.65,5.68,4.6100000000000003]
[2019,10,10,22,43748.916666666089,5.68,"Valid",4.57,19.11,"Valid",13.73,null,null,5.68,4.57,19.11,13.73,19.11,13.73,5.68,4.57]
[2019,10,10,23,43748.958333332754,5.18,"Valid",4.68,13.52,"Valid",13.85,null,null,5.18,4.68,13.52,13.85,13.52,13.85,5.18,4.68]
[2019,10,11,0,43748.999999999418,3.72,"Valid",4.74,10.28,"Valid",13.74,null,null,3.72,4.74,10.28,13.74,10.28,13.74,3.72,4.74]
[2019,10,11,1,43749.041666666082,3.55,"Valid",4.71,11.3,"Valid",13.6,null,null,3.55,4.71,11.3,13.6,11.3,13.6,3.55,4.71]
[2019,10,11,2,43749.083333332746,0.68,"Valid",4.57,8.33,"Valid",13.47,null,null,0.68,4.57,8.33,13.47,8.33,13.47,0.68,4.57]
[2019,10,11,3,43749.124999999411,-1.94,"Valid",4.3600000000000003,3.8,"Valid",13.25,null,null,-1.94,4.3600000000000003,3.8,13.25,3.8,13.25,-1.94,4.3600000000000003]
[2019,10,11,4,43749.166666666075,2.68,"Valid",4.2699999999999996,8.74,"Valid",13.13,null,null,2.68,4.2699999999999996,8.74,13.13,8.74,13.13,2.68,4.2699999999999996]
[2019,10,11,5,43749.208333332739,4.74,"Valid",4.18,11.32,"Valid",13,null,null,4.74,4.18,11.32,13,11.32,13,4.74,4.18]
[2019,10,11,6,43749.249999999403,3.81,"Valid",4.18,9.0299999999999994,"Valid",12.95,null,null,3.81,4.18,9.0299999999999994,12.95,9.0299999999999994,12.95,3.81,4.18]
[2019,10,11,7,43749.291666666068,2.13,"Valid",4.1500000000000004,8.25,"Valid",12.8,null,null,2.13,4.1500000000000004,8.25,12.8,8.25,12.8,2.13,4.1500000000000004]
[2019,10,11,8,43749.333333332732,3.49,"Valid",4.12,10.99,"Valid",12.76,null,null,3.49,4.12,10.99,12.76,10.99,12.76,3.49,4.12]
[2019,10,11,9,43749.374999999396,3.71,"Valid",4.0999999999999996,12.3,"Valid",12.74,null,null,3.71,4.0999999999999996,12.3,12.74,12.3,12.74,3.71,4.0999999999999996]
[2019,10,11,10,43749.41666666606,4.3,"Valid",4.0999999999999996,13.76,"Valid",12.72,null,null,4.3,4.0999999999999996,13.76,12.72,13.76,12.72,4.3,4.0999999999999996]
[2019,10,11,11,43749.458333332725,25.83,"Valid",5.12,32.71,"Valid",13.77,null,null,25.83,5.12,32.71,13.77,32.71,13.77,25.83,5.12]
[2019,10,11,12,43749.499999999389,39.17,"Valid",6.53,48.44,"Valid",15.26,null,null,39.17,6.53,48.44,15.26,48.44,15.26,39.17,6.53]
[2019,10,11,13,43749.541666666053,41.35,"Valid",8.0299999999999994,51.56,"Valid",16.940000000000001,null,null,41.35,8.0299999999999994,51.56,16.940000000000001,51.56,16.940000000000001,41.35,8.0299999999999994]
[2019,10,11,14,43749.583333332717,20.76,"Valid",8.7100000000000009,28.95,"Valid",17.690000000000001,null,null,20.76,8.7100000000000009,28.95,17.690000000000001,28.95,17.690000000000001,20.76,8.7100000000000009]
[2019,10,11,15,43749.624999999382,22.09,"Valid",9.4700000000000006,69.569999999999993,"Valid",20.190000000000001,null,null,22.09,9.4700000000000006,69.569999999999993,20.190000000000001,69.569999999999993,20.190000000000001,22.09,9.4700000000000006]
[2019,10,11,16,43749.666666666046,15.79,"Valid",9.7899999999999991,52.69,"Valid",21.78,null,null,{"$f":"IF(G258=\"Valid\", F258, NA())","v":15.79},{"$f":"IF(G258=\"Valid\", H258, NA())","v":9.7899999999999991},{"$f":"IF(J258=\"Valid\", I258, NA())","v":52.69},{"$f":"IF(J258=\"Valid\", K258, NA())","v":21.78},52.69,21.78,15.79,9.7899999999999991]
[2019,10,11,17,43749.70833333271,12.67,"Valid",10.11,29.33,"Valid",22.42,null,null,12.67,10.11,29.33,22.42,29.33,22.42,12.67,10.11]
[{"$f":"A259","v":2019},10,11,{"$f":"IF(D259=23,0,D259+1)","v":18},{"$f":"E259+0.0416666666666666","v":43749.749999999374},9.51,"Valid",10.220000000000001,21.24,"Valid",22.76,null,null,9.51,10.220000000000001,21.24,22.76,21.24,22.76,9.51,10.220000000000001]
[2019,10,11,19,43749.791666666039,5.47,"Valid",10.210000000000001,8.0399999999999991,"Valid",22.35,null,null,5.47,10.210000000000001,8.0399999999999991,22.35,8.0399999999999991,22.35,5.47,10.210000000000001]
[2019,10,11,20,43749.833333332703,8.2100000000000009,"Valid",10.34,8.56,"Valid",21.7,null,null,8.2100000000000009,10.34,8.56,21.7,8.56,21.7,8.2100000000000009,10.34]
[2019,10,11,21,43749.874999999367,8.41,"Valid",10.46,9.6300000000000008,"Valid",20.89,null,null,8.41,10.46,9.6300000000000008,20.89,9.6300000000000008,20.89,8.41,10.46]
[2019,10,11,22,43749.916666666031,7.73,"Valid",10.54,7.7,"Valid",20.420000000000002,null,null,7.73,10.54,7.7,20.420000000000002,7.7,20.420000000000002,7.73,10.54]
[2019,10,11,23,43749.958333332695,5.77,"Valid",10.57,7.83,"Valid",20.18,null,null,5.77,10.57,7.83,20.18,7.83,20.18,5.77,10.57]
[2019,10,12,0,43749.99999999936,4.3499999999999996,"Valid",10.59,5.78,"Valid",19.989999999999998,null,null,4.3499999999999996,10.59,5.78,19.989999999999998,5.78,19.989999999999998,4.3499999999999996,10.59]
[2019,10,12,1,43750.041666666024,5.41,"Valid",10.67,7.07,"Valid",19.82,null,null,5.41,10.67,7.07,19.82,7.07,19.82,5.41,10.67]
[2019,10,12,2,43750.083333332688,2.86,"Valid",10.76,3.36,"Valid",19.61,null,null,2.86,10.76,3.36,19.61,3.36,19.61,2.86,10.76]
[2019,10,12,3,43750.124999999352,4.46,"Valid",11.03,5.5,"Valid",19.68,null,null,4.46,11.03,5.5,19.68,5.5,19.68,4.46,11.03]
[2019,10,12,4,43750.166666666017,-1.1399999999999999,"Valid",10.87,0.75,"Valid",19.350000000000001,null,null,-1.1399999999999999,10.87,0.75,19.350000000000001,0.75,19.350000000000001,-1.1399999999999999,10.87]
[2019,10,12,5,43750.208333332681,2.5499999999999998,"Valid",10.78,4.18,"Valid",19.05,null,null,2.5499999999999998,10.78,4.18,19.05,4.18,19.05,2.5499999999999998,10.78]
[2019,10,12,6,43750.249999999345,0.98,"Valid",10.66,1.68,"Valid",18.739999999999998,null,null,0.98,10.66,1.68,18.739999999999998,1.68,18.739999999999998,0.98,10.66]
[2019,10,12,7,43750.291666666009,4.74,"Valid",10.77,4.55,"Valid",18.59,null,null,4.74,10.77,4.55,18.59,4.55,18.59,4.74,10.77]
[2019,10,12,8,43750.333333332674,2.64,"Valid",10.73,3.05,"Valid",18.260000000000002,null,null,2.64,10.73,3.05,18.260000000000002,3.05,18.260000000000002,2.64,10.73]
[2019,10,12,9,43750.374999999338,4.2300000000000004,"Valid",10.76,4.8099999999999996,"Valid",17.95,null,null,4.2300000000000004,10.76,4.8099999999999996,17.95,4.8099999999999996,17.95,4.2300000000000004,10.76]
[2019,10,12,10,43750.416666666002,2.23,"Valid",10.67,2.97,"Valid",17.5,null,null,2.23,10.67,2.97,17.5,2.97,17.5,2.23,10.67]
[2019,10,12,11,43750.458333332666,1.43,"Valid",9.65,3.73,"Valid",16.29,null,null,1.43,9.65,3.73,16.29,3.73,16.29,1.43,9.65]
[2019,10,12,12,43750.499999999331,2.62,"Valid",8.1300000000000008,4.42,"Valid",14.46,null,null,2.62,8.1300000000000008,4.42,14.46,4.42,14.46,2.62,8.1300000000000008]
[2019,10,12,13,43750.541666665995,0.62,"Valid",6.43,2.46,"Valid",12.41,null,null,0.62,6.43,2.46,12.41,2.46,12.41,0.62,6.43]
[2019,10,12,14,43750.583333332659,5.23,"Valid",5.79,6.5,"Valid",11.48,null,null,5.23,5.79,6.5,11.48,6.5,11.48,5.23,5.79]
[2019,10,12,15,43750.624999999323,5.68,"Valid",5.0999999999999996,8.5399999999999991,"Valid",8.93,null,null,5.68,5.0999999999999996,8.5399999999999991,8.93,8.5399999999999991,8.93,5.68,5.0999999999999996]
[2019,10,12,16,43750.666666665988,3.43,"Valid",4.59,10.25,"Valid",7.16,null,null,3.43,4.59,10.25,7.16,10.25,7.16,3.43,4.59]
[2019,{"$f":"B282","v":10},{"$f":"C259+1","v":12},17,43750.708333332652,1.8,"Valid",4.13,5.15,"Valid",6.16,null,null,1.8,4.13,5.15,6.16,5.15,6.16,1.8,4.13]
[2019,10,12,18,43750.749999999316,7.8,"Valid",4.0599999999999996,12.12,"Valid",5.78,null,null,7.8,4.0599999999999996,12.12,5.78,12.12,5.78,7.8,4.0599999999999996]
[2019,10,12,19,43750.79166666598,5.46,"Valid",4.0599999999999996,8.75,"Valid",5.81,null,null,5.46,4.0599999999999996,8.75,5.81,8.75,5.81,5.46,4.0599999999999996]
[2019,10,12,20,43750.833333332645,1.41,"Valid",3.78,6.9,"Valid",5.74,null,null,1.41,3.78,6.9,5.74,6.9,5.74,1.41,3.78]
[2019,10,12,21,43750.874999999309,0.59,"Valid",3.45,1.76,"Valid",5.41,null,null,0.59,3.45,1.76,5.41,1.76,5.41,0.59,3.45]
[2019,10,12,22,43750.916666665973,3.8,"Valid",3.29,4.2699999999999996,"Valid",5.27,null,null,3.8,3.29,4.2699999999999996,5.27,4.2699999999999996,5.27,3.8,3.29]
[2019,10,12,23,43750.958333332637,3.18,"Valid",3.18,4.01,"Valid",5.1100000000000003,null,null,3.18,3.18,4.01,5.1100000000000003,4.01,5.1100000000000003,3.18,3.18]
[2019,10,13,0,43750.999999999302,3.17,"Valid",3.13,5.05,"Valid",5.08,null,null,3.17,3.13,5.05,5.08,5.05,5.08,3.17,3.13]
[2019,10,13,1,43751.041666665966,0.2,"Valid",2.92,2.29,"Valid",4.88,null,null,0.2,2.92,2.29,4.88,2.29,4.88,0.2,2.92]
[2019,10,13,2,43751.08333333263,4.2699999999999996,"Valid",2.97,6.41,"Valid",5,null,null,4.2699999999999996,2.97,6.41,5,6.41,5,4.2699999999999996,2.97]
[2019,10,13,3,43751.124999999294,0.73,"Valid",2.82,1.52,"Valid",4.84,null,null,0.73,2.82,1.52,4.84,1.52,4.84,0.73,2.82]
[2019,10,13,4,43751.166666665958,-1.43,"Valid",2.81,-0.56000000000000005,"Valid",4.78,null,null,-1.43,2.81,-0.56000000000000005,4.78,-0.56000000000000005,4.78,-1.43,2.81]
[2019,10,13,5,43751.208333332623,4.09,"Valid",2.87,6.18,"Valid",4.87,null,null,4.09,2.87,6.18,4.87,6.18,4.87,4.09,2.87]
[2019,10,13,6,43751.249999999287,-1.77,"Valid",2.76,-0.24,"Valid",4.79,null,null,-1.77,2.76,-0.24,4.79,-0.24,4.79,-1.77,2.76]
[2019,10,13,7,43751.291666665951,6.02,"Valid",2.81,7.27,"Valid",4.9000000000000004,null,null,6.02,2.81,7.27,4.9000000000000004,7.27,4.9000000000000004,6.02,2.81]
[2019,10,13,8,43751.333333332615,3.94,"Valid",2.86,5.29,"Valid",4.99,null,null,3.94,2.86,5.29,4.99,5.29,4.99,3.94,2.86]
[2019,10,13,9,43751.37499999928,1.84,"Valid",2.76,5.15,"Valid",5.01,null,null,1.84,2.76,5.15,5.01,5.15,5.01,1.84,2.76]
[2019,10,13,10,43751.416666665944,0.62,"Valid",2.7,2.34,"Valid",4.9800000000000004,null,null,0.62,2.7,2.34,4.9800000000000004,2.34,4.9800000000000004,0.62,2.7]
[2019,10,13,11,43751.458333332608,2.92,"Valid",2.76,4.68,"Valid",5.0199999999999996,null,null,2.92,2.76,4.68,5.0199999999999996,4.68,5.0199999999999996,2.92,2.76]
[2019,10,13,12,43751.499999999272,2.76,"Valid",2.77,6.08,"Valid",5.09,null,null,2.76,2.77,6.08,5.09,6.08,5.09,2.76,2.77]
[2019,10,13,13,43751.541666665937,4.32,"Valid",2.92,7.47,"Valid",5.3,null,null,4.32,2.92,7.47,5.3,7.47,5.3,4.32,2.92]
[2019,10,13,14,43751.583333332601,-0.35,"Valid",2.69,2.04,"Valid",5.1100000000000003,null,null,-0.35,2.69,2.04,5.1100000000000003,2.04,5.1100000000000003,-0.35,2.69]
[2019,10,13,15,43751.624999999265,7.05,"Valid",2.74,8.8699999999999992,"Valid",5.13,null,null,7.05,2.74,8.8699999999999992,5.13,8.8699999999999992,5.13,7.05,2.74]
[2019,10,13,16,43751.666666665929,4.4800000000000004,"Valid",2.79,5.83,"Valid",4.9400000000000004,null,null,4.4800000000000004,2.79,5.83,4.9400000000000004,5.83,4.9400000000000004,4.4800000000000004,2.79]
[2019,10,13,17,43751.708333332594,5.21,"Valid",2.93,6.94,"Valid",5.0199999999999996,null,null,5.21,2.93,6.94,5.0199999999999996,6.94,5.0199999999999996,5.21,2.93]
[2019,10,13,18,43751.749999999258,6.81,"Valid",2.89,10,"Valid",4.93,null,null,6.81,2.89,10,4.93,10,4.93,6.81,2.89]
[2019,10,13,19,43751.791666665922,0.83,"Valid",2.7,4.49,"Valid",4.75,null,null,0.83,2.7,4.49,4.75,4.49,4.75,0.83,2.7]
[2019,10,13,20,43751.833333332586,5.88,"Valid",2.88,13.74,"Valid",5.04,null,null,5.88,2.88,13.74,5.04,13.74,5.04,5.88,2.88]
[2019,10,13,21,43751.874999999251,4.42,"Valid",3.04,8.48,"Valid",5.32,null,null,4.42,3.04,8.48,5.32,8.48,5.32,4.42,3.04]
[2019,10,13,22,43751.916666665915,5.77,"Valid",3.12,9.33,"Valid",5.53,null,null,5.77,3.12,9.33,5.53,9.33,5.53,5.77,3.12]
[2019,10,13,23,43751.958333332579,6.74,"Valid",3.27,9.18,"Valid",5.74,null,null,6.74,3.27,9.18,5.74,9.18,5.74,6.74,3.27]
[2019,10,14,0,43751.999999999243,5.73,"Valid",3.38,8.68,"Valid",5.89,null,null,5.73,3.38,8.68,5.89,8.68,5.89,5.73,3.38]
[2019,10,14,1,43752.041666665908,3.65,"Valid",3.52,6.45,"Valid",6.07,null,null,3.65,3.52,6.45,6.07,6.45,6.07,3.65,3.52]
[2019,10,14,2,43752.083333332572,4.05,"Valid",3.51,6.77,"Valid",6.08,null,null,4.05,3.51,6.77,6.08,6.77,6.08,4.05,3.51]
[2019,10,14,3,43752.124999999236,3.89,"Valid",3.64,8.6,"Valid",6.38,null,null,3.89,3.64,8.6,6.38,8.6,6.38,3.89,3.64]
[2019,10,14,4,43752.1666666659,3.09,"Valid",3.83,6.29,"Valid",6.66,null,null,3.09,3.83,6.29,6.66,6.29,6.66,3.09,3.83]
[2019,10,14,5,43752.208333332565,1.1499999999999999,"Valid",3.71,4.01,"Valid",6.57,null,null,1.1499999999999999,3.71,4.01,6.57,4.01,6.57,1.1499999999999999,3.71]
[2019,10,14,6,43752.249999999229,4.88,"Valid",3.99,8.4700000000000006,"Valid",6.94,null,null,4.88,3.99,8.4700000000000006,6.94,8.4700000000000006,6.94,4.88,3.99]
[2019,10,14,7,43752.291666665893,0.27,"Valid",3.75,6.94,"Valid",6.92,null,null,0.27,3.75,6.94,6.92,6.94,6.92,0.27,3.75]
[2019,10,14,8,43752.333333332557,5.32,"Valid",3.81,14.68,"Valid",7.31,null,null,{"$f":"IF(G322=\"Valid\", F322, NA())","v":5.32},{"$f":"IF(G322=\"Valid\", H322, NA())","v":3.81},{"$f":"IF(J322=\"Valid\", I322, NA())","v":14.68},{"$f":"IF(J322=\"Valid\", K322, NA())","v":7.31},14.68,7.31,5.32,3.81]
[2019,10,14,9,43752.374999999221,3.51,"Valid",3.88,7.14,"Valid",7.4,null,null,3.51,3.88,7.14,7.4,7.14,7.4,3.51,3.88]
[{"$f":"A323","v":2019},10,14,{"$f":"IF(D323=23,0,D323+1)","v":10},{"$f":"E323+0.0416666666666666","v":43752.416666665886},1.59,"Valid",3.92,5.03,"Valid",7.51,null,null,1.59,3.92,5.03,7.51,5.03,7.51,1.59,3.92]
[2019,10,14,11,43752.45833333255,6.17,"Valid",4.05,11.6,"Valid",7.8,null,null,6.17,4.05,11.6,7.8,11.6,7.8,6.17,4.05]
[2019,10,14,12,43752.499999999214,1.1200000000000001,"Valid",3.98,6.45,"Valid",7.81,null,null,1.1200000000000001,3.98,6.45,7.81,6.45,7.81,1.1200000000000001,3.98]
[2019,10,14,13,43752.541666665878,4.4800000000000004,"Valid",3.99,9.1199999999999992,"Valid",7.88,null,null,4.4800000000000004,3.99,9.1199999999999992,7.88,9.1199999999999992,7.88,4.4800000000000004,3.99]
[2019,10,14,14,43752.583333332543,6.71,"Valid",4.28,11.61,"Valid",8.2799999999999994,null,null,6.71,4.28,11.61,8.2799999999999994,11.61,8.2799999999999994,6.71,4.28]
[2019,10,14,15,43752.624999999207,6.82,"Valid",4.2699999999999996,11.61,"Valid",8.39,null,null,6.82,4.2699999999999996,11.61,8.39,11.61,8.39,6.82,4.2699999999999996]
[2019,10,14,16,43752.666666665871,10.039999999999999,"Valid",4.51,18.77,"Valid",8.93,null,null,10.039999999999999,4.51,18.77,8.93,18.77,8.93,10.039999999999999,4.51]
[2019,10,14,17,43752.708333332535,6.11,"Valid",4.54,12.94,"Valid",9.18,null,null,6.11,4.54,12.94,9.18,12.94,9.18,6.11,4.54]
[2019,10,14,18,43752.7499999992,8.9700000000000006,"Valid",4.63,18.48,"Valid",9.5399999999999991,null,null,8.9700000000000006,4.63,18.48,9.5399999999999991,18.48,9.5399999999999991,8.9700000000000006,4.63]
[2019,10,14,19,43752.791666665864,7.5,"Valid",4.91,15.7,"Valid",10,null,null,7.5,4.91,15.7,10,15.7,10,7.5,4.91]
[2019,10,14,20,43752.833333332528,5.52,"Valid",4.9000000000000004,13.83,"Valid",10.01,null,null,5.52,4.9000000000000004,13.83,10.01,13.83,10.01,5.52,4.9000000000000004]
[2019,10,14,21,43752.874999999192,7.88,"Valid",5.04,17.66,"Valid",10.39,null,null,7.88,5.04,17.66,10.39,17.66,10.39,7.88,5.04]
[2019,10,14,22,43752.916666665857,7.93,"Valid",5.13,18.920000000000002,"Valid",10.79,null,null,7.93,5.13,18.920000000000002,10.79,18.920000000000002,10.79,7.93,5.13]
[2019,10,14,23,43752.958333332521,4.0999999999999996,"Valid",5.0199999999999996,10.98,"Valid",10.86,null,null,4.0999999999999996,5.0199999999999996,10.98,10.86,10.98,10.86,4.0999999999999996,5.0199999999999996]
[2019,10,15,0,43752.999999999185,6.05,"Valid",5.03,14.41,"Valid",11.1,null,null,6.05,5.03,14.41,11.1,14.41,11.1,6.05,5.03]
[2019,10,15,1,43753.041666665849,2.36,"Valid",4.9800000000000004,13.96,"Valid",11.42,null,null,2.36,4.9800000000000004,13.96,11.42,13.96,11.42,2.36,4.9800000000000004]
[2019,10,15,2,43753.083333332514,4.38,"Valid",4.99,15.83,"Valid",11.79,null,null,4.38,4.99,15.83,11.79,15.83,11.79,4.38,4.99]
[2019,10,15,3,43753.124999999178,5.53,"Valid",5.0599999999999996,15.19,"Valid",12.07,null,null,5.53,5.0599999999999996,15.19,12.07,15.19,12.07,5.53,5.0599999999999996]
[2019,10,15,4,43753.166666665842,9,"Valid",5.31,19.98,"Valid",12.64,null,null,9,5.31,19.98,12.64,19.98,12.64,9,5.31]
[2019,10,15,5,43753.208333332506,4.6900000000000004,"Valid",5.46,16.09,"Valid",13.14,null,null,4.6900000000000004,5.46,16.09,13.14,16.09,13.14,4.6900000000000004,5.46]
[2019,10,15,6,43753.249999999171,-1.1200000000000001,"Valid",5.21,11.9,"Valid",13.28,null,null,-1.1200000000000001,5.21,11.9,13.28,11.9,13.28,-1.1200000000000001,5.21]
[2019,10,15,7,43753.291666665835,5.99,"Valid",5.44,16.05,"Valid",13.66,null,null,5.99,5.44,16.05,13.66,16.05,13.66,5.99,5.44]
[2019,10,15,8,43753.333333332499,7.3,"Valid",5.53,20.05,"Valid",13.89,null,null,7.3,5.53,20.05,13.89,20.05,13.89,7.3,5.53]
[2019,{"$f":"B346","v":10},{"$f":"C323+1","v":15},9,43753.374999999163,4.32,"Valid",5.56,27.82,"Valid",14.75,null,null,4.32,5.56,27.82,14.75,27.82,14.75,4.32,5.56]
[2019,10,15,10,43753.416666665828,6.27,"Valid",5.76,25.22,"Valid",15.59,null,null,6.27,5.76,25.22,15.59,25.22,15.59,6.27,5.76]
[2019,10,15,11,43753.458333332492,10.33,"Valid",5.93,25.74,"Valid",16.18,null,null,10.33,5.93,25.74,16.18,25.74,16.18,10.33,5.93]
[2019,10,15,12,43753.499999999156,13.09,"Valid",6.43,27.76,"Valid",17.07,null,null,13.09,6.43,27.76,17.07,27.76,17.07,13.09,6.43]
[2019,10,15,13,43753.54166666582,10.28,"Valid",6.67,22.56,"Valid",17.63,null,null,10.28,6.67,22.56,17.63,22.56,17.63,10.28,6.67]
[2019,10,15,14,43753.583333332484,16.52,"Valid",7.08,35.69,"Valid",18.63,null,null,16.52,7.08,35.69,18.63,35.69,18.63,16.52,7.08]
[2019,10,15,15,43753.624999999149,9.6199999999999992,"Valid",7.19,21.15,"Valid",19.03,null,null,9.6199999999999992,7.19,21.15,19.03,21.15,19.03,9.6199999999999992,7.19]
[2019,10,15,16,43753.666666665813,11.99,"Valid",7.28,26.82,"Valid",19.36,null,null,11.99,7.28,26.82,19.36,26.82,19.36,11.99,7.28]
[2019,10,15,17,43753.708333332477,8.2799999999999994,"Valid",7.37,23,"Valid",19.78,null,null,8.2799999999999994,7.37,23,19.78,23,19.78,8.2799999999999994,7.37]
[2019,10,15,18,43753.749999999141,8.33,"Valid",7.34,20.47,"Valid",19.87,null,null,8.33,7.34,20.47,19.87,20.47,19.87,8.33,7.34]
[2019,10,15,19,43753.791666665806,7.83,"Valid",7.35,21.87,"Valid",20.12,null,null,7.83,7.35,21.87,20.12,21.87,20.12,7.83,7.35]
[2019,10,15,20,43753.83333333247,8.73,"Valid",7.49,19.86,"Valid",20.37,null,null,8.73,7.49,19.86,20.37,19.86,20.37,8.73,7.49]
[2019,10,15,21,43753.874999999134,4.6100000000000003,"Valid",7.35,20.43,"Valid",20.49,null,null,4.6100000000000003,7.35,20.43,20.49,20.43,20.49,4.6100000000000003,7.35]
[2019,10,15,22,43753.916666665798,7.08,"Valid",7.32,24.26,"Valid",20.71,null,null,7.08,7.32,24.26,20.71,24.26,20.71,7.08,7.32]
[2019,10,15,23,43753.958333332463,3.89,"Valid",7.31,17.96,"Valid",21,null,null,3.89,7.31,17.96,21,17.96,21,3.89,7.31]
[2019,10,16,0,43753.999999999127,6.87,"Valid",7.34,19.71,"Valid",21.22,null,null,6.87,7.34,19.71,21.22,19.71,21.22,6.87,7.34]
[2019,10,16,1,43754.041666665791,6.46,"Valid",7.51,19.63,"Valid",21.46,null,null,6.46,7.51,19.63,21.46,19.63,21.46,6.46,7.51]
[2019,10,16,2,43754.083333332455,7.73,"Valid",7.65,24.47,"Valid",21.82,null,null,7.73,7.65,24.47,21.82,24.47,21.82,7.73,7.65]
[2019,10,16,3,43754.12499999912,3.75,"Valid",7.58,17.2,"Valid",21.9,null,null,3.75,7.58,17.2,21.9,17.2,21.9,3.75,7.58]
[2019,10,16,4,43754.166666665784,1.05,"Valid",7.25,14.12,"Valid",21.66,null,null,1.05,7.25,14.12,21.66,14.12,21.66,1.05,7.25]
[2019,10,16,5,43754.208333332448,0.61,"Valid",7.08,11.19,"Valid",21.46,null,null,0.61,7.08,11.19,21.46,11.19,21.46,0.61,7.08]
[2019,10,16,6,43754.249999999112,11.91,"Valid",7.62,25.87,"Valid",22.04,null,null,11.91,7.62,25.87,22.04,25.87,22.04,11.91,7.62]
[2019,10,16,7,43754.291666665777,7.73,"Valid",7.69,20.07,"Valid",22.21,null,null,7.73,7.69,20.07,22.21,20.07,22.21,7.73,7.69]
[2019,10,16,8,43754.333333332441,4.78,"Valid",7.59,19.62,"Valid",22.19,null,null,4.78,7.59,19.62,22.19,19.62,22.19,4.78,7.59]
[2019,10,16,9,43754.374999999105,10.02,"Valid",7.82,31.94,"Valid",22.36,null,null,10.02,7.82,31.94,22.36,31.94,22.36,10.02,7.82]
[2019,10,16,10,43754.416666665769,10.39,"Valid",8,27.96,"Valid",22.47,null,null,10.39,8,27.96,22.47,27.96,22.47,10.39,8]
[2019,10,16,11,43754.458333332434,9.56,"Valid",7.96,28.3,"Valid",22.58,null,null,9.56,7.96,28.3,22.58,28.3,22.58,9.56,7.96]
[2019,10,16,12,43754.499999999098,13.26,"Valid",7.97,38.15,"Valid",23.01,null,null,13.26,7.97,38.15,23.01,38.15,23.01,13.26,7.97]
[2019,10,16,13,43754.541666665762,12.29,"Valid",8.0500000000000007,39.92,"Valid",23.74,null,null,12.29,8.0500000000000007,39.92,23.74,39.92,23.74,12.29,8.0500000000000007]
[2019,10,16,14,43754.583333332426,13.98,"Valid",7.95,34.020000000000003,"Valid",23.67,null,null,13.98,7.95,34.020000000000003,23.67,34.020000000000003,23.67,13.98,7.95]
[2019,10,16,15,43754.624999999091,11.01,"Valid",8.01,36.01,"Valid",24.29,null,null,11.01,8.01,36.01,24.29,36.01,24.29,11.01,8.01]
[2019,10,16,16,43754.666666665755,12.66,"Valid",8.0299999999999994,32.119999999999997,"Valid",24.51,null,null,12.66,8.0299999999999994,32.119999999999997,24.51,32.119999999999997,24.51,12.66,8.0299999999999994]
[2019,10,16,17,43754.708333332419,15.38,"Valid",8.33,40.04,"Valid",25.22,null,null,15.38,8.33,40.04,25.22,40.04,25.22,15.38,8.33]
[2019,10,16,18,43754.749999999083,7.42,"Valid",8.2899999999999991,283.64999999999998,"Valid",36.18,null,null,7.42,8.2899999999999991,283.64999999999998,36.18,283.64999999999998,36.18,7.42,8.2899999999999991]
[2019,10,16,19,43754.791666665747,12.81,"Valid",8.5,23.03,"Valid",36.229999999999997,null,null,12.81,8.5,23.03,36.229999999999997,23.03,36.229999999999997,12.81,8.5]
[2019,10,16,20,43754.833333332412,13.3,"Valid",8.69,24.45,"Valid",36.42,null,null,13.3,8.69,24.45,36.42,24.45,36.42,13.3,8.69]
[2019,10,16,21,43754.874999999076,9.31,"Valid",8.89,36.270000000000003,"Valid",37.08,null,null,9.31,8.89,36.270000000000003,37.08,36.270000000000003,37.08,9.31,8.89]
[2019,10,16,22,43754.91666666574,8.83,"Valid",8.9600000000000009,27.18,"Valid",37.200000000000003,null,null,8.83,8.9600000000000009,27.18,37.200000000000003,27.18,37.200000000000003,8.83,8.9600000000000009]
[2019,10,16,23,43754.958333332404,8.91,"Valid",9.17,20.149999999999999,"Valid",37.29,null,null,8.91,9.17,20.149999999999999,37.29,20.149999999999999,37.29,8.91,9.17]
[2019,10,17,0,43754.999999999069,10.42,"Valid",9.32,24.04,"Valid",37.479999999999997,null,null,{"$f":"IF(G386=\"Valid\", F386, NA())","v":10.42},{"$f":"IF(G386=\"Valid\", H386, NA())","v":9.32},{"$f":"IF(J386=\"Valid\", I386, NA())","v":24.04},{"$f":"IF(J386=\"Valid\", K386, NA())","v":37.479999999999997},24.04,37.479999999999997,10.42,9.32]
[2019,10,17,1,43755.041666665733,9.11,"Valid",9.43,30.12,"Valid",37.909999999999997,null,null,9.11,9.43,30.12,37.909999999999997,30.12,37.909999999999997,9.11,9.43]
[{"$f":"A387","v":2019},10,17,{"$f":"IF(D387=23,0,D387+1)","v":2},{"$f":"E387+0.0416666666666666","v":43755.083333332397},7.61,"Valid",9.42,26.07,"Valid",37.979999999999997,null,null,7.61,9.42,26.07,37.979999999999997,26.07,37.979999999999997,7.61,9.42]
[2019,10,17,3,43755.124999999061,8.8000000000000007,"Valid",9.6300000000000008,27.38,"Valid",38.4,null,null,8.8000000000000007,9.6300000000000008,27.38,38.4,27.38,38.4,8.8000000000000007,9.6300000000000008]
[2019,10,17,4,43755.166666665726,6.67,"Valid",9.8699999999999992,30.59,"Valid",39.090000000000003,null,null,6.67,9.8699999999999992,30.59,39.090000000000003,30.59,39.090000000000003,6.67,9.8699999999999992]
[2019,10,17,5,43755.20833333239,10.34,"Valid",10.27,30.53,"Valid",39.9,null,null,10.34,10.27,30.53,39.9,30.53,39.9,10.34,10.27]
[2019,10,17,6,43755.249999999054,10.92,"Valid",10.23,27.87,"Valid",39.979999999999997,null,null,10.92,10.23,27.87,39.979999999999997,27.87,39.979999999999997,10.92,10.23]
[2019,10,17,7,43755.291666665718,6.9,"Valid",10.199999999999999,22.91,"Valid",40.1,null,null,6.9,10.199999999999999,22.91,40.1,22.91,40.1,6.9,10.199999999999999]
[2019,10,17,8,43755.333333332383,10.220000000000001,"Valid",10.42,27.89,"Valid",40.44,null,null,10.220000000000001,10.42,27.89,40.44,27.89,40.44,10.220000000000001,10.42]
[2019,10,17,9,43755.374999999047,12.19,"Valid",10.51,27.09,"Valid",40.24,null,null,12.19,10.51,27.09,40.24,27.09,40.24,12.19,10.51]
[2019,10,17,10,43755.416666665711,11.59,"Valid",10.56,39.090000000000003,"Valid",40.700000000000003,null,null,11.59,10.56,39.090000000000003,40.700000000000003,39.090000000000003,40.700000000000003,11.59,10.56]
[2019,10,17,11,43755.458333332375,14.59,"Valid",10.77,83.2,"Valid",42.99,null,null,14.59,10.77,83.2,42.99,83.2,42.99,14.59,10.77]
[2019,10,17,12,43755.49999999904,3.88,"Valid",10.38,23.46,"Valid",42.38,null,null,3.88,10.38,23.46,42.38,23.46,42.38,3.88,10.38]
[2019,10,17,13,43755.541666665704,7.63,"Valid",10.19,32.22,"Valid",42.06,null,null,7.63,10.19,32.22,42.06,32.22,42.06,7.63,10.19]
[2019,10,17,14,43755.583333332368,11.87,"Valid",10.1,51.48,"Valid",42.79,null,null,11.87,10.1,51.48,42.79,51.48,42.79,11.87,10.1]
[2019,10,17,15,43755.624999999032,9.17,"Valid",10.02,74.61,"Valid",44.39,null,null,9.17,10.02,74.61,44.39,74.61,44.39,9.17,10.02]
[2019,10,17,16,43755.666666665697,11.9,"Valid",9.99,106.52,"Valid",47.49,null,null,11.9,9.99,106.52,47.49,106.52,47.49,11.9,9.99]
[2019,10,17,17,43755.708333332361,0.83,"Valid",9.3800000000000008,126.03,"Valid",51.08,null,null,0.83,9.3800000000000008,126.03,51.08,126.03,51.08,0.83,9.3800000000000008]
[2019,10,17,18,43755.749999999025,8.19,"Valid",9.42,155.29,"Valid",45.73,null,null,8.19,9.42,155.29,45.73,155.29,45.73,8.19,9.42]
[2019,10,17,19,43755.791666665689,13.06,"Valid",9.43,189.49,"Valid",52.66,null,null,13.06,9.43,189.49,52.66,189.49,52.66,13.06,9.43]
[2019,10,17,20,43755.833333332354,12.66,"Valid",9.4,156.19999999999999,"Valid",58.15,null,null,12.66,9.4,156.19999999999999,58.15,156.19999999999999,58.15,12.66,9.4]
[2019,10,17,21,43755.874999999018,10.16,"Valid",9.44,123.5,"Valid",61.79,null,null,10.16,9.44,123.5,61.79,123.5,61.79,10.16,9.44]
[2019,10,17,22,43755.916666665682,8.58,"Valid",9.43,94.09,"Valid",64.58,null,null,8.58,9.43,94.09,64.58,94.09,64.58,8.58,9.43]
[2019,10,17,23,43755.958333332346,7.2,"Valid",9.35,79.5,"Valid",67.05,null,null,7.2,9.35,79.5,67.05,79.5,67.05,7.2,9.35]
[2019,10,18,0,43755.99999999901,7.25,"Valid",9.2200000000000006,69.099999999999994,"Valid",68.930000000000007,null,null,7.25,9.2200000000000006,69.099999999999994,68.930000000000007,69.099999999999994,68.930000000000007,7.25,9.2200000000000006]
[2019,{"$f":"B410","v":10},{"$f":"C387+1","v":18},1,43756.041666665675,8.5299999999999994,"Valid",9.1999999999999993,68.180000000000007,"Valid",70.510000000000005,null,null,8.5299999999999994,9.1999999999999993,68.180000000000007,70.510000000000005,68.180000000000007,70.510000000000005,8.5299999999999994,9.1999999999999993]
[2019,10,18,2,43756.083333332339,6.63,"Valid",9.16,54.28,"Valid",71.69,null,null,6.63,9.16,54.28,71.69,54.28,71.69,6.63,9.16]
[2019,10,18,3,43756.124999999003,6.46,"Valid",9.06,57.57,"Valid",72.95,null,null,6.46,9.06,57.57,72.95,57.57,72.95,6.46,9.06]
[2019,10,18,4,43756.166666665667,4.83,"Valid",8.98,56.22,"Valid",74.010000000000005,null,null,4.83,8.98,56.22,74.010000000000005,56.22,74.010000000000005,4.83,8.98]
[2019,10,18,5,43756.208333332332,7.32,"Valid",8.86,59.87,"Valid",75.239999999999995,null,null,7.32,8.86,59.87,75.239999999999995,59.87,75.239999999999995,7.32,8.86]
[2019,10,18,6,43756.249999998996,6.32,"Valid",8.67,57.1,"Valid",76.45,null,null,6.32,8.67,57.1,76.45,57.1,76.45,6.32,8.67]
[2019,10,18,7,43756.29166666566,7.83,"Valid",8.6999999999999993,49.28,"Valid",77.55,null,null,7.83,8.6999999999999993,49.28,77.55,49.28,77.55,7.83,8.6999999999999993]
[2019,10,18,8,43756.333333332324,5.0199999999999996,"Valid",8.49,46.05,"Valid",78.31,null,null,5.0199999999999996,8.49,46.05,78.31,46.05,78.31,5.0199999999999996,8.49]
[2019,10,18,9,43756.374999998989,6.34,"Valid",8.24,28.67,"Valid",78.38,null,null,6.34,8.24,28.67,78.38,28.67,78.38,6.34,8.24]
[2019,10,18,10,43756.416666665653,2.15,"Valid",7.85,13.99,"Valid",77.33,null,null,2.15,7.85,13.99,77.33,13.99,77.33,2.15,7.85]
[2019,10,18,11,43756.458333332317,4.66,"Valid",7.44,13.22,"Valid",74.41,null,null,4.66,7.44,13.22,74.41,13.22,74.41,4.66,7.44]
[2019,10,18,12,43756.499999998981,2.17,"Valid",7.37,10.85,"Valid",73.89,null,null,2.17,7.37,10.85,73.89,10.85,73.89,2.17,7.37]
[2019,10,18,13,43756.541666665646,3.99,"Valid",7.21,13.19,"Valid",73.099999999999994,null,null,3.99,7.21,13.19,73.099999999999994,13.19,73.099999999999994,3.99,7.21]
[2019,10,18,14,43756.58333333231,3.36,"Valid",6.86,10.130000000000001,"Valid",71.37,null,null,3.36,6.86,10.130000000000001,71.37,10.130000000000001,71.37,3.36,6.86]
[2019,10,18,15,43756.624999998974,5.28,"Valid",6.7,15.9,"Valid",68.930000000000007,null,null,5.28,6.7,15.9,68.930000000000007,15.9,68.930000000000007,5.28,6.7]
[2019,10,18,16,43756.666666665638,3.67,"Valid",6.35,14.79,"Valid",65.099999999999994,null,null,3.67,6.35,14.79,65.099999999999994,14.79,65.099999999999994,3.67,6.35]
[2019,10,18,17,43756.708333332303,5.0599999999999996,"Valid",6.53,10.52,"Valid",60.29,null,null,5.0599999999999996,6.53,10.52,60.29,10.52,60.29,5.0599999999999996,6.53]
[2019,10,18,18,43756.749999998967,4.49,"Valid",6.38,16.12,"Valid",54.49,null,null,4.49,6.38,16.12,54.49,16.12,54.49,4.49,6.38]
[2019,10,18,19,43756.791666665631,5.53,"Valid",6.06,12.57,"Valid",47.12,null,null,5.53,6.06,12.57,47.12,12.57,47.12,5.53,6.06]
[2019,10,18,20,43756.833333332295,4.33,"Valid",5.72,12.02,"Valid",41.11,null,null,4.33,5.72,12.02,41.11,12.02,41.11,4.33,5.72]
[2019,10,18,21,43756.87499999896,1.43,"Valid",5.35,11.18,"Valid",36.43,null,null,1.43,5.35,11.18,36.43,11.18,36.43,1.43,5.35]
[2019,10,18,22,43756.916666665624,-0.28000000000000003,"Valid",4.9800000000000004,8.93,"Valid",32.880000000000003,null,null,-0.28000000000000003,4.9800000000000004,8.93,32.880000000000003,8.93,32.880000000000003,-0.28000000000000003,4.9800000000000004]
[2019,10,18,23,43756.958333332288,2.11,"Valid",4.7699999999999996,19.78,"Valid",30.4,null,null,2.11,4.7699999999999996,19.78,30.4,19.78,30.4,2.11,4.7699999999999996]
[2019,10,19,0,43756.999999998952,2.4500000000000002,"Valid",4.57,17.510000000000002,"Valid",28.25,null,null,2.4500000000000002,4.57,17.510000000000002,28.25,17.510000000000002,28.25,2.4500000000000002,4.57]
[2019,10,19,1,43757.041666665617,{"$f":"NA()","v":{"$error":"#N/A"}},"Invalid",{"$f":"NA()","v":{"$error":"#N/A"}},{"$f":"NA()","v":{"$error":"#N/A"}},"Invalid",{"$f":"NA()","v":{"$error":"#N/A"}},"Pump Failure","High PM2.5 negative removed",{"$error":"#N/A"},{"$error":"#N/A"},{"$error":"#N/A"},{"$error":"#N/A"}]
[2019,10,19,2,43757.083333332281,2.0099999999999998,"Valid",4.2,11.35,"Valid",23.94,null,null,2.0099999999999998,4.2,11.35,23.94,11.35,23.94,2.0099999999999998,4.2]
[2019,10,19,3,43757.124999998945,4.74,"Valid",4.12,15.1,"Valid",22.17,null,null,4.74,4.12,15.1,22.17,15.1,22.17,4.74,4.12]
[2019,10,19,4,43757.166666665609,2.29,"Valid",4.01,13.97,"Valid",20.41,null,null,2.29,4.01,13.97,20.41,13.97,20.41,2.29,4.01]
[2019,10,19,5,43757.208333332273,-0.05,"Valid",3.69,11.47,"Valid",18.399999999999999,null,null,-0.05,3.69,11.47,18.399999999999999,11.47,18.399999999999999,-0.05,3.69]
[2019,10,19,6,43757.249999998938,1.6,"Valid",3.49,10.92,"Valid",16.47,null,null,1.6,3.49,10.92,16.47,10.92,16.47,1.6,3.49]
[2019,10,19,7,43757.291666665602,2.12,"Valid",3.24,12.11,"Valid",14.92,null,null,2.12,3.24,12.11,14.92,12.11,14.92,2.12,3.24]
[2019,10,19,8,43757.333333332266,2.2799999999999998,"Valid",3.12,14.64,"Valid",13.62,null,null,2.2799999999999998,3.12,14.64,13.62,14.64,13.62,2.2799999999999998,3.12]
[2019,10,19,9,43757.37499999893,4.3899999999999997,"Valid",3.03,19,"Valid",13.21,null,null,4.3899999999999997,3.03,19,13.21,19,13.21,4.3899999999999997,3.03]
[2019,10,19,10,43757.416666665595,3.54,"Valid",3.09,24.33,"Valid",13.64,null,null,3.54,3.09,24.33,13.64,24.33,13.64,3.54,3.09]
[2019,10,19,11,43757.458333332259,9.49,"Valid",3.3,28.46,"Valid",14.28,null,null,9.49,3.3,28.46,14.28,28.46,14.28,9.49,3.3]
[2019,10,19,12,43757.499999998923,3.21,"Valid",3.35,29.21,"Valid",15.04,null,null,3.21,3.35,29.21,15.04,29.21,15.04,3.21,3.35]
[2019,10,19,13,43757.541666665587,9.6300000000000008,"Valid",3.59,39.61,"Valid",16.14,null,null,9.6300000000000008,3.59,39.61,16.14,39.61,16.14,9.6300000000000008,3.59]
[2019,10,19,14,43757.583333332252,3.87,"Valid",3.62,29.74,"Valid",16.96,null,null,3.87,3.62,29.74,16.96,29.74,16.96,3.87,3.62]
[2019,10,19,15,43757.624999998916,3.88,"Valid",3.56,30.22,"Valid",17.559999999999999,null,null,3.88,3.56,30.22,17.559999999999999,30.22,17.559999999999999,3.88,3.56]
[2019,10,19,16,43757.66666666558,2.0699999999999998,"Valid",3.49,28.54,"Valid",18.13,null,null,{"$f":"IF(G450=\"Valid\", F450, NA())","v":2.0699999999999998},{"$f":"IF(G450=\"Valid\", H450, NA())","v":3.49},{"$f":"IF(J450=\"Valid\", I450, NA())","v":28.54},{"$f":"IF(J450=\"Valid\", K450, NA())","v":18.13},28.54,18.13,2.0699999999999998,3.49]
[2019,10,19,17,43757.708333332244,6.21,"Valid",3.54,32.270000000000003,"Valid",19.04,null,null,6.21,3.54,32.270000000000003,19.04,32.270000000000003,19.04,6.21,3.54]
[{"$f":"A451","v":2019},10,19,{"$f":"IF(D451=23,0,D451+1)","v":18},{"$f":"E451+0.0416666666666666","v":43757.749999998909},6.36,"Valid",3.62,33.14,"Valid",19.75,null,null,6.36,3.62,33.14,19.75,33.14,19.75,6.36,3.62]
[2019,10,19,19,43757.791666665573,7.31,"Valid",3.7,44.52,"Valid",21.08,null,null,7.31,3.7,44.52,21.08,44.52,21.08,7.31,3.7]
[2019,10,19,20,43757.833333332237,6.12,"Valid",3.77,52.04,"Valid",22.75,null,null,6.12,3.77,52.04,22.75,52.04,22.75,6.12,3.77]
[2019,10,19,21,43757.874999998901,7.52,"Valid",4.04,50.12,"Valid",24.37,null,null,7.52,4.04,50.12,24.37,50.12,24.37,7.52,4.04]
[2019,10,19,22,43757.916666665566,4.22,"Valid",4.2300000000000004,58.58,"Valid",26.44,null,null,4.22,4.2300000000000004,58.58,26.44,58.58,26.44,4.22,4.2300000000000004]
[2019,10,19,23,43757.95833333223,11.69,"Valid",4.6500000000000004,97.53,"Valid",29.68,null,null,11.69,4.6500000000000004,97.53,29.68,97.53,29.68,11.69,4.6500000000000004]
[2019,10,20,0,43757.999999998894,8.83,"Valid",4.93,61.29,"Valid",31.5,null,null,8.83,4.93,61.29,31.5,61.29,31.5,8.83,4.93]
[2019,10,20,1,43758.041666665558,6.24,"Valid",4.9800000000000004,38.619999999999997,"Valid",32.78,null,null,6.24,4.9800000000000004,38.619999999999997,32.78,38.619999999999997,32.78,6.24,4.9800000000000004]
[2019,10,20,2,43758.083333332223,6.4,"Valid",5.17,29.23,"Valid",33.53,null,null,6.4,5.17,29.23,33.53,29.23,33.53,6.4,5.17]
[2019,10,20,3,43758.124999998887,5.2,"Valid",5.18,26.72,"Valid",34.01,null,null,5.2,5.18,26.72,34.01,26.72,34.01,5.2,5.18]
[2019,10,20,4,43758.166666665551,1.67,"Valid",5.16,21.65,"Valid",34.33,null,null,1.67,5.16,21.65,34.33,21.65,34.33,1.67,5.16]
[2019,10,20,5,43758.208333332215,1.66,"Valid",5.23,20.63,"Valid",34.71,null,null,1.66,5.23,20.63,34.71,20.63,34.71,1.66,5.23]
[2019,10,20,6,43758.24999999888,0.86,"Valid",5.2,17.170000000000002,"Valid",34.97,null,null,0.86,5.2,17.170000000000002,34.97,17.170000000000002,34.97,0.86,5.2]
[2019,10,20,7,43758.291666665544,4.76,"Valid",5.31,20.72,"Valid",35.33,null,null,4.76,5.31,20.72,35.33,20.72,35.33,4.76,5.31]
[2019,10,20,8,43758.333333332208,3.02,"Valid",5.34,16.440000000000001,"Valid",35.409999999999997,null,null,3.02,5.34,16.440000000000001,35.409999999999997,16.440000000000001,35.409999999999997,3.02,5.34]
[2019,10,20,9,43758.374999998872,8.3000000000000007,"Valid",5.5,30.06,"Valid",35.869999999999997,null,null,8.3000000000000007,5.5,30.06,35.869999999999997,30.06,35.869999999999997,8.3000000000000007,5.5]
[2019,10,20,10,43758.416666665536,9.02,"Valid",5.73,31.05,"Valid",36.15,null,null,9.02,5.73,31.05,36.15,31.05,36.15,9.02,5.73]
[2019,10,20,11,43758.458333332201,4.26,"Valid",5.51,18.45,"Valid",35.729999999999997,null,null,4.26,5.51,18.45,35.729999999999997,18.45,35.729999999999997,4.26,5.51]
[2019,10,20,12,43758.499999998865,6.14,"Valid",5.64,22.39,"Valid",35.450000000000003,null,null,6.14,5.64,22.39,35.450000000000003,22.39,35.450000000000003,6.14,5.64]
[2019,10,20,13,43758.541666665529,4.8,"Valid",5.43,11.83,"Valid",34.29,null,null,4.8,5.43,11.83,34.29,11.83,34.29,4.8,5.43]
[2019,10,20,14,43758.583333332193,9.51,"Valid",5.67,21.32,"Valid",33.94,null,null,9.51,5.67,21.32,33.94,21.32,33.94,9.51,5.67]
[2019,10,20,15,43758.624999998858,6.41,"Valid",5.77,17.899999999999999,"Valid",33.43,null,null,6.41,5.77,17.899999999999999,33.43,17.899999999999999,33.43,6.41,5.77]
[2019,10,20,16,43758.666666665522,5.88,"Valid",5.93,12.04,"Valid",32.74,null,null,5.88,5.93,12.04,32.74,12.04,32.74,5.88,5.93]
[2019,{"$f":"B474","v":10},{"$f":"C451+1","v":20},17,43758.708333332186,7.65,"Valid",5.99,18.440000000000001,"Valid",32.159999999999997,null,null,7.65,5.99,18.440000000000001,32.159999999999997,18.440000000000001,32.159999999999997,7.65,5.99]
[2019,10,20,18,43758.74999999885,1.26,"Valid",5.78,10.16,"Valid",31.2,null,null,1.26,5.78,10.16,31.2,10.16,31.2,1.26,5.78]
[2019,10,20,19,43758.791666665515,4.87,"Valid",5.68,24.04,"Valid",30.35,null,null,4.87,5.68,24.04,30.35,24.04,30.35,4.87,5.68]
[2019,10,20,20,43758.833333332179,2.19,"Valid",5.52,13.11,"Valid",28.73,null,null,2.19,5.52,13.11,28.73,13.11,28.73,2.19,5.52]
[2019,10,20,21,43758.874999998843,1.72,"Valid",5.27,11.96,"Valid",27.14,null,null,1.72,5.27,11.96,27.14,11.96,27.14,1.72,5.27]
[2019,10,20,22,43758.916666665507,5.36,"Valid",5.32,17.27,"Valid",25.42,null,null,5.36,5.32,17.27,25.42,17.27,25.42,5.36,5.32]
[2019,10,20,23,43758.958333332172,2.29,"Valid",4.93,14.85,"Valid",21.97,null,null,2.29,4.93,14.85,21.97,14.85,21.97,2.29,4.93]
[2019,10,21,0,43758.999999998836,7.23,"Valid",4.8600000000000003,20.190000000000001,"Valid",20.260000000000002,null,null,7.23,4.8600000000000003,20.190000000000001,20.260000000000002,20.190000000000001,20.260000000000002,7.23,4.8600000000000003]
[2019,10,21,1,43759.0416666655,4.4800000000000004,"Valid",4.79,16.64,"Valid",19.34,null,null,4.4800000000000004,4.79,16.64,19.34,16.64,19.34,4.4800000000000004,4.79]
[2019,10,21,2,43759.083333332164,4.55,"Valid",4.71,18.05,"Valid",18.88,null,null,4.55,4.71,18.05,18.88,18.05,18.88,4.55,4.71]
[2019,10,21,3,43759.124999998829,3.71,"Valid",4.6500000000000004,21.78,"Valid",18.670000000000002,null,null,3.71,4.6500000000000004,21.78,18.670000000000002,21.78,18.670000000000002,3.71,4.6500000000000004]
[2019,10,21,4,43759.166666665493,3.22,"Valid",4.71,14.77,"Valid",18.39,null,null,3.22,4.71,14.77,18.39,14.77,18.39,3.22,4.71]
[2019,10,21,5,43759.208333332157,1.93,"Valid",4.7300000000000004,13.13,"Valid",18.07,null,null,1.93,4.7300000000000004,13.13,18.07,13.13,18.07,1.93,4.7300000000000004]
[2019,10,21,6,43759.249999998821,0.18,"Valid",4.7,9.0500000000000007,"Valid",17.739999999999998,null,null,0.18,4.7,9.0500000000000007,17.739999999999998,9.0500000000000007,17.739999999999998,0.18,4.7]
[2019,10,21,7,43759.291666665486,5.07,"Valid",4.71,16.03,"Valid",17.54,null,null,5.07,4.71,16.03,17.54,16.03,17.54,5.07,4.71]
[2019,10,21,8,43759.33333333215,4.32,"Valid",4.76,18.47,"Valid",17.62,null,null,4.32,4.76,18.47,17.62,18.47,17.62,4.32,4.76]
[2019,10,21,9,43759.374999998814,11.28,"Valid",4.8899999999999997,26.89,"Valid",17.489999999999998,null,null,11.28,4.8899999999999997,26.89,17.489999999999998,26.89,17.489999999999998,11.28,4.8899999999999997]
[2019,10,21,10,43759.416666665478,19.88,"Valid",5.34,35.57,"Valid",17.68,null,null,19.88,5.34,35.57,17.68,35.57,17.68,19.88,5.34]
[2019,10,21,11,43759.458333332143,25.33,"Valid",6.22,43.43,"Valid",18.72,null,null,25.33,6.22,43.43,18.72,43.43,18.72,25.33,6.22]
[2019,10,21,12,43759.499999998807,15.2,"Valid",6.6,24.16,"Valid",18.8,null,null,15.2,6.6,24.16,18.8,24.16,18.8,15.2,6.6]
[2019,10,21,13,43759.541666665471,{"$f":"NA()","v":{"$error":"#N/A"}},"Invalid",{"$f":"NA()","v":{"$error":"#N/A"}},{"$f":"NA()","v":{"$error":"#N/A"}},"Invalid",{"$f":"NA()","v":{"$error":"#N/A"}},"Power Failure","Machine outage and reset",{"$error":"#N/A"},{"$error":"#N/A"},{"$error":"#N/A"},{"$error":"#N/A"}]
[2019,10,21,14,43759.583333332135,{"$f":"NA()","v":{"$error":"#N/A"}},"Invalid",{"$f":"NA()","v":{"$error":"#N/A"}},{"$f":"NA()","v":{"$error":"#N/A"}},"Invalid",{"$f":"NA()","v":{"$error":"#N/A"}},"Power Failure","Machine outage and reset",{"$error":"#N/A"},{"$error":"#N/A"},{"$error":"#N/A"},{"$error":"#N/A"}]
[2019,10,21,15,43759.624999998799,6.68,"Valid",6.56,10.32,"Valid",18.649999999999999,null,null,6.68,6.56,10.32,18.649999999999999,10.32,18.649999999999999,6.68,6.56]
[2019,10,21,16,43759.666666665464,7.29,"Valid",6.62,12.82,"Valid",18.690000000000001,null,null,7.29,6.62,12.82,18.690000000000001,12.82,18.690000000000001,7.29,6.62]
[2019,10,21,17,43759.708333332128,11.21,"Valid",6.78,17.71,"Valid",18.649999999999999,null,null,11.21,6.78,17.71,18.649999999999999,17.71,18.649999999999999,11.21,6.78]
[2019,10,21,18,43759.749999998792,11.88,"Valid",7.27,18.77,"Valid",19.05,null,null,11.88,7.27,18.77,19.05,18.77,19.05,11.88,7.27]
[2019,10,21,19,43759.791666665456,12.36,"Valid",7.61,25.29,"Valid",19.100000000000001,null,null,12.36,7.61,25.29,19.100000000000001,25.29,19.100000000000001,12.36,7.61]
[2019,10,21,20,43759.833333332121,6.51,"Valid",7.8,16.88,"Valid",19.27,null,null,6.51,7.8,16.88,19.27,16.88,19.27,6.51,7.8]
[2019,10,21,21,43759.874999998785,7.02,"Valid",8.0399999999999991,23.48,"Valid",19.8,null,null,7.02,8.0399999999999991,23.48,19.8,23.48,19.8,7.02,8.0399999999999991]
[2019,10,21,22,43759.916666665449,4.58,"Valid",8.01,14.33,"Valid",19.66,null,null,4.58,8.01,14.33,19.66,14.33,19.66,4.58,8.01]
[2019,10,21,23,43759.958333332113,6.24,"Valid",8.19,13.57,"Valid",19.61,null,null,6.24,8.19,13.57,19.61,13.57,19.61,6.24,8.19]
[2019,10,22,0,43759.999999998778,5.47,"Valid",8.11,12.37,"Valid",19.25,null,null,5.47,8.11,12.37,19.25,12.37,19.25,5.47,8.11]
[2019,10,22,1,43760.041666665442,7.01,"Valid",8.2200000000000006,17.05,"Valid",19.27,null,null,7.01,8.2200000000000006,17.05,19.27,17.05,19.27,7.01,8.2200000000000006]
[2019,10,22,2,43760.083333332106,3.57,"Valid",8.18,10.37,"Valid",18.920000000000002,null,null,3.57,8.18,10.37,18.920000000000002,10.37,18.920000000000002,3.57,8.18]
[2019,10,22,3,43760.12499999877,-0.18,"Valid",8,9.4600000000000009,"Valid",18.36,null,null,-0.18,8,9.4600000000000009,18.36,9.4600000000000009,18.36,-0.18,8]
[2019,10,22,4,43760.166666665435,2.0099999999999998,"Valid",7.95,8.14,"Valid",18.059999999999999,null,null,2.0099999999999998,7.95,8.14,18.059999999999999,8.14,18.059999999999999,2.0099999999999998,7.95]
[2019,10,22,5,43760.208333332099,5.94,"Valid",8.1300000000000008,12.03,"Valid",18.010000000000002,null,null,5.94,8.1300000000000008,12.03,18.010000000000002,12.03,18.010000000000002,5.94,8.1300000000000008]
[2019,10,22,6,43760.249999998763,7.09,"Valid",8.44,13.78,"Valid",18.22,null,null,7.09,8.44,13.78,18.22,13.78,18.22,7.09,8.44]
[2019,10,22,7,43760.291666665427,4.2300000000000004,"Valid",8.41,12.65,"Valid",18.07,null,null,4.2300000000000004,8.41,12.65,18.07,12.65,18.07,4.2300000000000004,8.41]
[2019,10,22,8,43760.333333332092,9.98,"Valid",8.66,19.440000000000001,"Valid",18.11,null,null,{"$f":"IF(G514=\"Valid\", F514, NA())","v":9.98},{"$f":"IF(G514=\"Valid\", H514, NA())","v":8.66},{"$f":"IF(J514=\"Valid\", I514, NA())","v":19.440000000000001},{"$f":"IF(J514=\"Valid\", K514, NA())","v":18.11},19.440000000000001,18.11,9.98,8.66]
[2019,10,22,9,43760.374999998756,11,"Valid",8.65,23.33,"Valid",17.95,null,null,11,8.65,23.33,17.95,23.33,17.95,11,8.65]
[{"$f":"A515","v":2019},10,22,{"$f":"IF(D515=23,0,D515+1)","v":10},{"$f":"E515+0.0416666666666666","v":43760.41666666542},38.840000000000003,"Valid",9.51,47.51,"Valid",18.5,null,null,38.840000000000003,9.51,47.51,18.5,47.51,18.5,38.840000000000003,9.51]
[2019,10,22,11,43760.458333332084,18.79,"Valid",9.2100000000000009,25.65,"Valid",17.690000000000001,null,null,18.79,9.2100000000000009,25.65,17.690000000000001,25.65,17.690000000000001,18.79,9.2100000000000009]
[2019,10,22,12,43760.499999998749,15.84,"Valid",9.24,25.08,"Valid",17.73,null,null,15.84,9.24,25.08,17.73,25.08,17.73,15.84,9.24]
[2019,10,22,13,43760.541666665413,14.07,"Valid",9.4499999999999993,20.71,"Valid",17.86,null,null,14.07,9.4499999999999993,20.71,17.86,20.71,17.86,14.07,9.4499999999999993]
[2019,10,22,14,43760.583333332077,6.99,"Valid",9.35,17.010000000000002,"Valid",17.82,null,null,6.99,9.35,17.010000000000002,17.82,17.010000000000002,17.82,6.99,9.35]
[2019,10,22,15,43760.624999998741,9.33,"Valid",9.4600000000000009,12.86,"Valid",17.93,null,null,9.33,9.4600000000000009,12.86,17.93,12.86,17.93,9.33,9.4600000000000009]
[2019,10,22,16,43760.666666665406,8.27,"Valid",9.5,12.41,"Valid",17.91,null,null,8.27,9.5,12.41,17.91,12.41,17.91,8.27,9.5]
[2019,10,22,17,43760.70833333207,8.4499999999999993,"Valid",9.39,22.54,"Valid",18.11,null,null,8.4499999999999993,9.39,22.54,18.11,22.54,18.11,8.4499999999999993,9.39]
[2019,10,22,18,43760.749999998734,8.3000000000000007,"Valid",9.24,15.8,"Valid",17.989999999999998,null,null,8.3000000000000007,9.24,15.8,17.989999999999998,15.8,17.989999999999998,8.3000000000000007,9.24]
[2019,10,22,19,43760.791666665398,10.23,"Valid",9.15,19.47,"Valid",17.75,null,null,10.23,9.15,19.47,17.75,19.47,17.75,10.23,9.15]
[2019,10,22,20,43760.833333332062,7.54,"Valid",9.19,14.01,"Valid",17.63,null,null,7.54,9.19,14.01,17.63,14.01,17.63,7.54,9.19]
[2019,10,22,21,43760.874999998727,5.52,"Valid",9.1300000000000008,15.16,"Valid",17.28,null,null,5.52,9.1300000000000008,15.16,17.28,15.16,17.28,5.52,9.1300000000000008]
[2019,10,22,22,43760.916666665391,4.41,"Valid",9.1199999999999992,15.7,"Valid",17.34,null,null,4.41,9.1199999999999992,15.7,17.34,15.7,17.34,4.41,9.1199999999999992]
[2019,10,22,23,43760.958333332055,4.9800000000000004,"Valid",9.07,12.76,"Valid",17.3,null,null,4.9800000000000004,9.07,12.76,17.3,12.76,17.3,4.9800000000000004,9.07]
[2019,10,23,0,43760.999999998719,36.94,"Valid",10.38,47.35,"Valid",18.760000000000002,null,null,36.94,10.38,47.35,18.760000000000002,47.35,18.760000000000002,36.94,10.38]
[2019,10,23,1,43761.041666665384,82.96,"Valid",13.55,93.93,"Valid",21.96,null,null,82.96,13.55,93.93,21.96,93.93,21.96,82.96,13.55]
[2019,10,23,2,43761.083333332048,88.51,"Valid",17.09,96.69,"Valid",25.56,null,null,88.51,17.09,96.69,25.56,96.69,25.56,88.51,17.09]
[2019,10,23,3,43761.124999998712,40.659999999999997,"Valid",18.79,53.15,"Valid",27.38,null,null,40.659999999999997,18.79,53.15,27.38,53.15,27.38,40.659999999999997,18.79]
[2019,10,23,4,43761.166666665376,22.07,"Valid",19.62,28.32,"Valid",28.22,null,null,22.07,19.62,28.32,28.22,28.32,28.22,22.07,19.62]
[2019,10,23,5,43761.208333332041,40.119999999999997,"Valid",21.05,49.17,"Valid",29.77,null,null,40.119999999999997,21.05,49.17,29.77,49.17,29.77,40.119999999999997,21.05]
[2019,10,23,6,43761.249999998705,51.76,"Valid",22.91,58.19,"Valid",31.62,null,null,51.76,22.91,58.19,31.62,58.19,31.62,51.76,22.91]
[2019,10,23,7,43761.291666665369,32.119999999999997,"Valid",24.07,50.28,"Valid",33.19,null,null,32.119999999999997,24.07,50.28,33.19,50.28,33.19,32.119999999999997,24.07]
[2019,10,23,8,43761.333333332033,26.44,"Valid",24.76,43.54,"Valid",34.19,null,null,26.44,24.76,43.54,34.19,43.54,34.19,26.44,24.76]
[2019,{"$f":"B538","v":10},{"$f":"C515+1","v":23},9,43761.374999998698,27.17,"Valid",25.43,48.22,"Valid",35.229999999999997,null,null,27.17,25.43,48.22,35.229999999999997,48.22,35.229999999999997,27.17,25.43]
[2019,10,23,10,43761.416666665362,39.299999999999997,"Valid",25.45,51.73,"Valid",35.409999999999997,null,null,39.299999999999997,25.45,51.73,35.409999999999997,51.73,35.409999999999997,39.299999999999997,25.45]
[2019,10,23,11,43761.458333332026,38.24,"Valid",26.26,48.75,"Valid",36.369999999999997,null,null,38.24,26.26,48.75,36.369999999999997,48.75,36.369999999999997,38.24,26.26]
[2019,10,23,12,43761.49999999869,29.19,"Valid",26.82,42.17,"Valid",37.08,null,null,29.19,26.82,42.17,37.08,42.17,37.08,29.19,26.82]
[2019,10,23,13,43761.541666665355,23.33,"Valid",27.2,36.090000000000003,"Valid",37.72,null,null,23.33,27.2,36.090000000000003,37.72,36.090000000000003,37.72,23.33,27.2]
[2019,10,23,14,43761.583333332019,19.649999999999999,"Valid",27.73,35.54,"Valid",38.49,null,null,19.649999999999999,27.73,35.54,38.49,35.54,38.49,19.649999999999999,27.73]
[2019,10,23,15,43761.624999998683,12.06,"Valid",27.84,23.99,"Valid",38.96,null,null,12.06,27.84,23.99,38.96,23.99,38.96,12.06,27.84]
[2019,10,23,16,43761.666666665347,10.69,"Valid",27.94,20.010000000000002,"Valid",39.270000000000003,null,null,10.69,27.94,20.010000000000002,39.270000000000003,20.010000000000002,39.270000000000003,10.69,27.94]
[2019,10,23,17,43761.708333332012,18.93,"Valid",28.38,26.96,"Valid",39.46,null,null,18.93,28.38,26.96,39.46,26.96,39.46,18.93,28.38]
[2019,10,23,18,43761.749999998676,21.54,"Valid",28.93,30.64,"Valid",40.08,null,null,21.54,28.93,30.64,40.08,30.64,40.08,21.54,28.93]
[2019,10,23,19,43761.79166666534,16.04,"Valid",29.17,22.47,"Valid",40.200000000000003,null,null,16.04,29.17,22.47,40.200000000000003,22.47,40.200000000000003,16.04,29.17]
[2019,10,23,20,43761.833333332004,16.170000000000002,"Valid",29.53,26.12,"Valid",40.71,null,null,16.170000000000002,29.53,26.12,40.71,26.12,40.71,16.170000000000002,29.53]
[2019,10,23,21,43761.874999998668,15.97,"Valid",29.97,32.06,"Valid",41.41,null,null,15.97,29.97,32.06,41.41,32.06,41.41,15.97,29.97]
[2019,10,23,22,43761.916666665333,14.49,"Valid",30.39,29.27,"Valid",41.98,null,null,14.49,30.39,29.27,41.98,29.27,41.98,14.49,30.39]
[2019,10,23,23,43761.958333331997,10.72,"Valid",30.63,30.55,"Valid",42.72,null,null,10.72,30.63,30.55,42.72,30.55,42.72,10.72,30.63]
[2019,10,24,0,43761.999999998661,13.6,"Valid",29.66,32.49,"Valid",42.1,null,null,13.6,29.66,32.49,42.1,32.49,42.1,13.6,29.66]
[2019,10,24,1,43762.041666665325,13.74,"Valid",26.77,38.93,"Valid",39.81,null,null,13.74,26.77,38.93,39.81,38.93,39.81,13.74,26.77]
[2019,10,24,2,43762.08333333199,14.98,"Valid",23.71,32.54,"Valid",37.130000000000003,null,null,14.98,23.71,32.54,37.130000000000003,32.54,37.130000000000003,14.98,23.71]
[2019,10,24,3,43762.124999998654,13.79,"Valid",22.59,31.79,"Valid",36.24,null,null,13.79,22.59,31.79,36.24,31.79,36.24,13.79,22.59]
[2019,10,24,4,43762.166666665318,27.27,"Valid",22.8,41.34,"Valid",36.79,null,null,27.27,22.8,41.34,36.79,41.34,36.79,27.27,22.8]
[2019,10,24,5,43762.208333331982,29.84,"Valid",22.38,43.09,"Valid",36.53,null,null,29.84,22.38,43.09,36.53,43.09,36.53,29.84,22.38]
[2019,10,24,6,43762.249999998647,10.75,"Valid",20.67,26.02,"Valid",35.19,null,null,10.75,20.67,26.02,35.19,26.02,35.19,10.75,20.67]
[2019,10,24,7,43762.291666665311,10.9,"Valid",19.78,26.67,"Valid",34.21,null,null,10.9,19.78,26.67,34.21,26.67,34.21,10.9,19.78]
[2019,10,24,8,43762.333333331975,17.52,"Valid",19.41,34.46,"Valid",33.83,null,null,17.52,19.41,34.46,33.83,34.46,33.83,17.52,19.41]
[2019,10,24,9,43762.374999998639,25.66,"Valid",19.350000000000001,44.8,"Valid",33.69,null,null,25.66,19.350000000000001,44.8,33.69,44.8,33.69,25.66,19.350000000000001]
[2019,10,24,10,43762.416666665304,21.23,"Valid",18.600000000000001,36.29,"Valid",33.04,null,null,21.23,18.600000000000001,36.29,33.04,36.29,33.04,21.23,18.600000000000001]
[2019,10,24,11,43762.458333331968,14.25,"Valid",17.600000000000001,25.9,"Valid",32.090000000000003,null,null,14.25,17.600000000000001,25.9,32.090000000000003,25.9,32.090000000000003,14.25,17.600000000000001]
[2019,10,24,12,43762.499999998632,10.31,"Valid",16.809999999999999,32.44,"Valid",31.69,null,null,10.31,16.809999999999999,32.44,31.69,32.44,31.69,10.31,16.809999999999999]
[2019,10,24,13,43762.541666665296,12.85,"Valid",16.37,25.64,"Valid",31.25,null,null,12.85,16.37,25.64,31.25,25.64,31.25,12.85,16.37]
[2019,10,24,14,43762.583333331961,16.61,"Valid",16.25,31.77,"Valid",31.09,null,null,16.61,16.25,31.77,31.09,31.77,31.09,16.61,16.25]
[2019,10,24,15,43762.624999998625,15.39,"Valid",16.39,29.34,"Valid",31.32,null,null,15.39,16.39,29.34,31.32,29.34,31.32,15.39,16.39]
[2019,10,24,16,43762.666666665289,13.52,"Valid",16.5,22.26,"Valid",31.41,null,null,13.52,16.5,22.26,31.41,22.26,31.41,13.52,16.5]
[2019,10,24,17,43762.708333331953,14.9,"Valid",16.34,37.35,"Valid",31.84,null,null,14.9,16.34,37.35,31.84,37.35,31.84,14.9,16.34]
[2019,10,24,18,43762.749999998618,18.350000000000001,"Valid",16.2,36.369999999999997,"Valid",32.08,null,null,18.350000000000001,16.2,36.369999999999997,32.08,36.369999999999997,32.08,18.350000000000001,16.2]
[2019,10,24,19,43762.791666665282,17.8,"Valid",16.28,35.08,"Valid",32.61,null,null,17.8,16.28,35.08,32.61,35.08,32.61,17.8,16.28]
[2019,10,24,20,43762.833333331946,14.87,"Valid",16.22,41.57,"Valid",33.25,null,null,14.87,16.22,41.57,33.25,41.57,33.25,14.87,16.22]
[2019,10,24,21,43762.87499999861,9.67,"Valid",15.96,29.33,"Valid",33.14,null,null,9.67,15.96,29.33,33.14,29.33,33.14,9.67,15.96]
[2019,10,24,22,43762.916666665275,10.47,"Valid",15.79,21.69,"Valid",32.82,null,null,10.47,15.79,21.69,32.82,21.69,32.82,10.47,15.79]
[2019,10,24,23,43762.958333331939,11.55,"Valid",15.83,21.04,"Valid",32.43,null,null,11.55,15.83,21.04,32.43,21.04,32.43,11.55,15.83]
[2019,10,25,0,43762.999999998603,15.54,"Valid",15.91,25.58,"Valid",32.14,null,null,{"$f":"IF(G578=\"Valid\", F578, NA())","v":15.54},{"$f":"IF(G578=\"Valid\", H578, NA())","v":15.91},{"$f":"IF(J578=\"Valid\", I578, NA())","v":25.58},{"$f":"IF(J578=\"Valid\", K578, NA())","v":32.14},25.58,32.14,15.54,15.91]
[2019,10,25,1,43763.041666665267,39.83,"Valid",16.989999999999998,48.89,"Valid",32.549999999999997,null,null,39.83,16.989999999999998,48.89,32.549999999999997,48.89,32.549999999999997,39.83,16.989999999999998]
[{"$f":"A579","v":2019},10,25,{"$f":"IF(D579=23,0,D579+1)","v":2},{"$f":"E579+0.0416666666666666","v":43763.083333331931},45.16,"Valid",18.25,54.81,"Valid",33.479999999999997,null,null,45.16,18.25,54.81,33.479999999999997,54.81,33.479999999999997,45.16,18.25]
[2019,10,25,3,43763.124999998596,32.979999999999997,"Valid",19.05,43.1,"Valid",33.950000000000003,null,null,32.979999999999997,19.05,43.1,33.950000000000003,43.1,33.950000000000003,32.979999999999997,19.05]
[2019,10,25,4,43763.16666666526,25.4,"Valid",18.97,30.71,"Valid",33.51,null,null,25.4,18.97,30.71,33.51,30.71,33.51,25.4,18.97]
[2019,10,25,5,43763.208333331924,24.38,"Valid",18.75,31.99,"Valid",33.049999999999997,null,null,24.38,18.75,31.99,33.049999999999997,31.99,33.049999999999997,24.38,18.75]
[2019,10,25,6,43763.249999998588,29.73,"Valid",19.54,36.79,"Valid",33.49,null,null,29.73,19.54,36.79,33.49,36.79,33.49,29.73,19.54]
[2019,10,25,7,43763.291666665253,29.84,"Valid",20.329999999999998,38.549999999999997,"Valid",33.99,null,null,29.84,20.329999999999998,38.549999999999997,33.99,38.549999999999997,33.99,29.84,20.329999999999998]
[2019,10,25,8,43763.333333331917,34.270000000000003,"Valid",21.02,46.31,"Valid",34.479999999999997,null,null,34.270000000000003,21.02,46.31,34.479999999999997,46.31,34.479999999999997,34.270000000000003,21.02]
[2019,10,25,9,43763.374999998581,34.33,"Valid",21.38,47.28,"Valid",34.590000000000003,null,null,34.33,21.38,47.28,34.590000000000003,47.28,34.590000000000003,34.33,21.38]
[2019,10,25,10,43763.416666665245,17.34,"Valid",21.22,31.12,"Valid",34.369999999999997,null,null,17.34,21.22,31.12,34.369999999999997,31.12,34.369999999999997,17.34,21.22]
[2019,10,25,11,43763.45833333191,13.42,"Valid",21.19,38.15,"Valid",34.880000000000003,null,null,13.42,21.19,38.15,34.880000000000003,38.15,34.880000000000003,13.42,21.19]
[2019,10,25,12,43763.499999998574,7.91,"Valid",21.09,36.299999999999997,"Valid",35.04,null,null,7.91,21.09,36.299999999999997,35.04,36.299999999999997,35.04,7.91,21.09]
[2019,10,25,13,43763.541666665238,16.52,"Valid",21.24,68.38,"Valid",36.82,null,null,16.52,21.24,68.38,36.82,68.38,36.82,16.52,21.24]
[2019,10,25,14,43763.583333331902,9.39,"Valid",20.94,38.92,"Valid",37.119999999999997,null,null,9.39,20.94,38.92,37.119999999999997,38.92,37.119999999999997,9.39,20.94]
[2019,10,25,15,43763.624999998567,10.41,"Valid",20.73,32.67,"Valid",37.26,null,null,10.41,20.73,32.67,37.26,32.67,37.26,10.41,20.73]
[2019,10,25,16,43763.666666665231,8.01,"Valid",20.5,27.14,"Valid",37.46,null,null,8.01,20.5,27.14,37.46,27.14,37.46,8.01,20.5]
[2019,10,25,17,43763.708333331895,13.02,"Valid",20.420000000000002,33.03,"Valid",37.28,null,null,13.02,20.420000000000002,33.03,37.28,33.03,37.28,13.02,20.420000000000002]
[2019,10,25,18,43763.749999998559,11.83,"Valid",20.149999999999999,31.3,"Valid",37.07,null,null,11.83,20.149999999999999,31.3,37.07,31.3,37.07,11.83,20.149999999999999]
[2019,10,25,19,43763.791666665224,10.37,"Valid",19.84,31.45,"Valid",36.92,null,null,10.37,19.84,31.45,36.92,31.45,36.92,10.37,19.84]
[2019,10,25,20,43763.833333331888,7.51,"Valid",19.54,34.54,"Valid",36.630000000000003,null,null,7.51,19.54,34.54,36.630000000000003,34.54,36.630000000000003,7.51,19.54]
[2019,10,25,21,43763.874999998552,6.31,"Valid",19.399999999999999,27.85,"Valid",36.57,null,null,6.31,19.399999999999999,27.85,36.57,27.85,36.57,6.31,19.399999999999999]
[2019,10,25,22,43763.916666665216,7.13,"Valid",19.260000000000002,27.8,"Valid",36.82,null,null,7.13,19.260000000000002,27.8,36.82,27.8,36.82,7.13,19.260000000000002]
[2019,10,25,23,43763.958333331881,19.97,"Valid",19.61,48.76,"Valid",37.979999999999997,null,null,19.97,19.61,48.76,37.979999999999997,48.76,37.979999999999997,19.97,19.61]
[2019,10,26,0,43763.999999998545,38.28,"Valid",20.56,62.44,"Valid",39.51,null,null,38.28,20.56,62.44,39.51,62.44,39.51,38.28,20.56]
[2019,{"$f":"B602","v":10},{"$f":"C579+1","v":26},1,43764.041666665209,24.26,"Valid",19.91,72.33,"Valid",40.49,null,null,24.26,19.91,72.33,40.49,72.33,40.49,24.26,19.91]
[2019,10,26,2,43764.083333331873,18.670000000000002,"Valid",18.8,97.54,"Valid",42.27,null,null,18.670000000000002,18.8,97.54,42.27,97.54,42.27,18.670000000000002,18.8]
[2019,10,26,3,43764.124999998538,20.399999999999999,"Valid",18.28,175.87,"Valid",47.8,null,null,20.399999999999999,18.28,175.87,47.8,175.87,47.8,20.399999999999999,18.28]
[2019,10,26,4,43764.166666665202,14.38,"Valid",17.82,45.87,"Valid",48.43,null,null,14.38,17.82,45.87,48.43,45.87,48.43,14.38,17.82]
[2019,10,26,5,43764.208333331866,23.26,"Valid",17.77,40.99,"Valid",48.81,null,null,23.26,17.77,40.99,48.81,40.99,48.81,23.26,17.77]
[2019,10,26,6,43764.24999999853,61.22,"Valid",19.09,839.8,"Valid",82.27,null,null,61.22,19.09,839.8,82.27,839.8,82.27,61.22,19.09]
[2019,10,26,7,43764.291666665194,52.57,"Valid",20.03,877.16,"Valid",117.21,null,null,52.57,20.03,877.16,117.21,877.16,117.21,52.57,20.03]
[2019,10,26,8,43764.333333331859,32.9,"Valid",19.98,611.39,"Valid",140.75,null,null,32.9,19.98,611.39,140.75,611.39,140.75,32.9,19.98]
[2019,10,26,9,43764.374999998523,29.69,"Valid",19.78,472.49,"Valid",158.47,null,null,29.69,19.78,472.49,158.47,472.49,158.47,29.69,19.78]
[2019,10,26,10,43764.416666665187,53.17,"Valid",21.28,1011.84,"Valid",199.33,null,null,53.17,21.28,1011.84,199.33,1011.84,199.33,53.17,21.28]
[2019,10,26,11,43764.458333331851,102.92,"Valid",25,1404.22,"Valid",256.25,null,null,102.92,25,1404.22,256.25,1404.22,256.25,102.92,25]
[2019,10,26,12,43764.499999998516,49.82,"Valid",26.75,847.47,"Valid",290.05,null,null,49.82,26.75,847.47,290.05,847.47,290.05,49.82,26.75]
[2019,10,26,13,43764.54166666518,48.09,"Valid",28.07,555.1,"Valid",310.33,null,null,48.09,28.07,555.1,310.33,555.1,310.33,48.09,28.07]
[2019,10,26,14,43764.583333331844,71.7,"Valid",30.66,721.78,"Valid",338.78,null,null,71.7,30.66,721.78,338.78,721.78,338.78,71.7,30.66]
[2019,10,26,15,43764.624999998508,27.3,"Valid",31.37,248.64,"Valid",347.78,null,null,27.3,31.37,248.64,347.78,248.64,347.78,27.3,31.37]
[2019,10,26,16,43764.666666665173,{"$f":"NA()","v":{"$error":"#N/A"}},"Invalid",{"$f":"NA()","v":{"$error":"#N/A"}},{"$f":"NA()","v":{"$error":"#N/A"}},"Invalid",{"$f":"NA()","v":{"$error":"#N/A"}},"Power Failure","Machine outage and reset",{"$error":"#N/A"},{"$f":"IF(G618=\"Valid\", H619, NA())","v":{"$error":"#N/A"}},{"$f":"IF(J618=\"Valid\", I619, NA())","v":{"$error":"#N/A"}},{"$error":"#N/A"}]
[2019,10,26,17,43764.708333331837,{"$f":"NA()","v":{"$error":"#N/A"}},"Invalid",{"$f":"NA()","v":{"$error":"#N/A"}},{"$f":"NA()","v":{"$error":"#N/A"}},"Invalid",{"$f":"NA()","v":{"$error":"#N/A"}},"Power Failure","Machine outage and reset",{"$error":"#N/A"},{"$f":"IF(G619=\"Valid\",#REF!, NA())","v":{"$error":"#N/A"}},{"$f":"IF(J619=\"Valid\",#REF!, NA())","v":{"$error":"#N/A"}},{"$error":"#N/A"}]
[2019,10,26,18,43764.749999998501,17.059999999999999,"Valid",33.5,106.28,"Valid",380.07,null,null,17.059999999999999,33.5,106.28,380.07,106.28,380.07,17.059999999999999,33.5]
[2019,10,26,19,43764.791666665165,16.97,"Valid",33.799999999999997,88.95,"Valid",382.69,null,null,16.97,33.799999999999997,88.95,382.69,88.95,382.69,16.97,33.799999999999997]
[2019,10,26,20,43764.83333333183,12.31,"Valid",34.020000000000003,46.1,"Valid",383.21,null,null,12.31,34.020000000000003,46.1,383.21,46.1,383.21,12.31,34.020000000000003]
[2019,10,26,21,43764.874999998494,7.31,"Valid",34.06,59.28,"Valid",384.64,null,null,7.31,34.06,59.28,384.64,59.28,384.64,7.31,34.06]
[2019,10,26,22,43764.916666665158,9.7100000000000009,"Valid",34.18,77.34,"Valid",386.89,null,null,9.7100000000000009,34.18,77.34,386.89,77.34,386.89,9.7100000000000009,34.18]
[2019,10,26,23,43764.958333331822,8.7100000000000009,"Valid",33.67,96.58,"Valid",389.07,null,null,8.7100000000000009,33.67,96.58,389.07,96.58,389.07,8.7100000000000009,33.67]
[2019,10,27,0,43764.999999998487,11.42,"Valid",32.450000000000003,113.37,"Valid",391.38,null,null,11.42,32.450000000000003,113.37,391.38,113.37,391.38,11.42,32.450000000000003]
[2019,10,27,1,43765.041666665151,14.56,"Valid",32.01,111.72,"Valid",393.17,null,null,14.56,32.01,111.72,393.17,111.72,393.17,14.56,32.01]
[2019,10,27,2,43765.083333331815,{"$f":"NA()","v":{"$error":"#N/A"}},"Invalid",{"$f":"NA()","v":{"$error":"#N/A"}},{"$f":"NA()","v":{"$error":"#N/A"}},"Invalid",{"$f":"NA()","v":{"$error":"#N/A"}},null,"Machine outage and reset. ",{"$error":"#N/A"},{"$error":"#N/A"},{"$error":"#N/A"},{"$error":"#N/A"}]
[2019,10,27,3,43765.124999998479,{"$f":"NA()","v":{"$error":"#N/A"}},"Invalid",{"$f":"NA()","v":{"$error":"#N/A"}},{"$f":"NA()","v":{"$error":"#N/A"}},"Invalid",{"$f":"NA()","v":{"$error":"#N/A"}},null,"Machine outage and reset",{"$error":"#N/A"},{"$error":"#N/A"},{"$error":"#N/A"},{"$error":"#N/A"}]
[2019,10,27,4,43765.166666665144,{"$f":"NA()","v":{"$error":"#N/A"}},"Invalid",{"$f":"NA()","v":{"$error":"#N/A"}},{"$f":"NA()","v":{"$error":"#N/A"}},"Invalid",{"$f":"NA()","v":{"$error":"#N/A"}},null,"Machine outage and reset",{"$error":"#N/A"},{"$error":"#N/A"},{"$error":"#N/A"},{"$error":"#N/A"}]
[2019,10,27,5,43765.208333331808,{"$f":"NA()","v":{"$error":"#N/A"}},"Invalid",{"$f":"NA()","v":{"$error":"#N/A"}},{"$f":"NA()","v":{"$error":"#N/A"}},"Invalid",{"$f":"NA()","v":{"$error":"#N/A"}},null,"Machine outage and reset",{"$error":"#N/A"},{"$error":"#N/A"},{"$error":"#N/A"},{"$error":"#N/A"}]
[2019,10,27,6,43765.249999998472,{"$f":"NA()","v":{"$error":"#N/A"}},"Invalid",{"$f":"NA()","v":{"$error":"#N/A"}},{"$f":"NA()","v":{"$error":"#N/A"}},"Invalid",{"$f":"NA()","v":{"$error":"#N/A"}},"Power Failure","Machine outage and reset. 24Hr average lost due to data interruption",{"$error":"#N/A"},{"$error":"#N/A"},{"$error":"#N/A"},{"$error":"#N/A"}]
[2019,10,27,7,43765.291666665136,{"$f":"NA()","v":{"$error":"#N/A"}},"Invalid",{"$f":"NA()","v":{"$error":"#N/A"}},{"$f":"NA()","v":{"$error":"#N/A"}},"Invalid",{"$f":"NA()","v":{"$error":"#N/A"}},"Power Failure","Machine outage and reset. 24Hr average lost due to data interruption",{"$error":"#N/A"},{"$error":"#N/A"},{"$error":"#N/A"},{"$error":"#N/A"}]
[2019,10,27,8,43765.333333331801,{"$f":"NA()","v":{"$error":"#N/A"}},"Invalid",{"$f":"NA()","v":{"$error":"#N/A"}},{"$f":"NA()","v":{"$error":"#N/A"}},"Invalid",{"$f":"NA()","v":{"$error":"#N/A"}},"Power Failure","Machine outage and reset. 24Hr average lost due to data interruption",{"$error":"#N/A"},{"$error":"#N/A"},{"$error":"#N/A"},{"$error":"#N/A"}]
[2019,10,27,9,43765.374999998465,{"$f":"NA()","v":{"$error":"#N/A"}},"Invalid",{"$f":"NA()","v":{"$error":"#N/A"}},{"$f":"NA()","v":{"$error":"#N/A"}},"Invalid",{"$f":"NA()","v":{"$error":"#N/A"}},"Power Failure","Machine outage and reset. 24Hr average lost due to data interruption",{"$error":"#N/A"},{"$error":"#N/A"},{"$error":"#N/A"},{"$error":"#N/A"}]
[2019,10,27,10,43765.416666665129,{"$f":"NA()","v":{"$error":"#N/A"}},"Invalid",{"$f":"NA()","v":{"$error":"#N/A"}},{"$f":"NA()","v":{"$error":"#N/A"}},"Invalid",{"$f":"NA()","v":{"$error":"#N/A"}},"Power Failure","Machine outage and reset. 24Hr average lost due to data interruption",{"$error":"#N/A"},{"$error":"#N/A"},{"$error":"#N/A"},{"$error":"#N/A"}]
[2019,10,27,11,43765.458333331793,{"$f":"NA()","v":{"$error":"#N/A"}},"Invalid",{"$f":"NA()","v":{"$error":"#N/A"}},{"$f":"NA()","v":{"$error":"#N/A"}},"Invalid",{"$f":"NA()","v":{"$error":"#N/A"}},"Power Failure","Machine outage and reset. 24Hr average lost due to data interruption",{"$error":"#N/A"},{"$error":"#N/A"},{"$error":"#N/A"},{"$error":"#N/A"}]
[2019,10,27,12,43765.499999998457,{"$f":"NA()","v":{"$error":"#N/A"}},"Invalid",{"$f":"NA()","v":{"$error":"#N/A"}},{"$f":"NA()","v":{"$error":"#N/A"}},"Invalid",{"$f":"NA()","v":{"$error":"#N/A"}},"Power Failure","Machine outage and reset. 24Hr average lost due to data interruption",{"$error":"#N/A"},{"$error":"#N/A"},{"$error":"#N/A"},{"$error":"#N/A"}]
[2019,10,27,13,43765.541666665122,{"$f":"NA()","v":{"$error":"#N/A"}},"Invalid",{"$f":"NA()","v":{"$error":"#N/A"}},{"$f":"NA()","v":{"$error":"#N/A"}},"Invalid",{"$f":"NA()","v":{"$error":"#N/A"}},"Power Failure","Machine outage and reset. 24Hr average lost due to data interruption",{"$error":"#N/A"},{"$error":"#N/A"},{"$error":"#N/A"},{"$error":"#N/A"}]
[2019,10,27,14,43765.583333331786,{"$f":"NA()","v":{"$error":"#N/A"}},"Invalid",{"$f":"NA()","v":{"$error":"#N/A"}},{"$f":"NA()","v":{"$error":"#N/A"}},"Invalid",{"$f":"NA()","v":{"$error":"#N/A"}},"Power Failure","Machine outage and reset. 24Hr average lost due to data interruption",{"$error":"#N/A"},{"$error":"#N/A"},{"$error":"#N/A"},{"$error":"#N/A"}]
[2019,10,27,15,43765.62499999845,{"$f":"NA()","v":{"$error":"#N/A"}},"Invalid",{"$f":"NA()","v":{"$error":"#N/A"}},{"$f":"NA()","v":{"$error":"#N/A"}},"Invalid",{"$f":"NA()","v":{"$error":"#N/A"}},"Power Failure","Machine outage and reset. 24Hr average lost due to data interruption",{"$error":"#N/A"},{"$error":"#N/A"},{"$error":"#N/A"},{"$error":"#N/A"}]
[2019,10,27,16,43765.666666665114,{"$f":"NA()","v":{"$error":"#N/A"}},"Invalid",{"$f":"NA()","v":{"$error":"#N/A"}},{"$f":"NA()","v":{"$error":"#N/A"}},"Invalid",{"$f":"NA()","v":{"$error":"#N/A"}},"Power Failure","Machine outage and reset. 24Hr average lost due to data interruption",{"$f":"IF(G642=\"Valid\", F642, NA())","v":{"$error":"#N/A"}},{"$f":"IF(G642=\"Valid\", H642, NA())","v":{"$error":"#N/A"}},{"$f":"IF(J642=\"Valid\", I642, NA())","v":{"$error":"#N/A"}},{"$f":"IF(J642=\"Valid\", K642, NA())","v":{"$error":"#N/A"}}]
[2019,10,27,17,43765.708333331779,{"$f":"NA()","v":{"$error":"#N/A"}},"Invalid",{"$f":"NA()","v":{"$error":"#N/A"}},{"$f":"NA()","v":{"$error":"#N/A"}},"Invalid",{"$f":"NA()","v":{"$error":"#N/A"}},"Power Failure","24Hr average lost due to data interruption",{"$error":"#N/A"},{"$error":"#N/A"},{"$error":"#N/A"},{"$error":"#N/A"}]
[{"$f":"A643","v":2019},10,27,{"$f":"IF(D643=23,0,D643+1)","v":18},{"$f":"E643+0.0416666666666666","v":43765.749999998443},{"$f":"NA()","v":{"$error":"#N/A"}},"Invalid",{"$f":"NA()","v":{"$error":"#N/A"}},{"$f":"NA()","v":{"$error":"#N/A"}},"Invalid",{"$f":"NA()","v":{"$error":"#N/A"}},"Power Failure","24Hr average lost due to data interruption",{"$error":"#N/A"},{"$error":"#N/A"},{"$error":"#N/A"},{"$error":"#N/A"}]
[2019,10,27,19,43765.791666665107,{"$f":"NA()","v":{"$error":"#N/A"}},"Invalid",{"$f":"NA()","v":{"$error":"#N/A"}},{"$f":"NA()","v":{"$error":"#N/A"}},"Invalid",{"$f":"NA()","v":{"$error":"#N/A"}},"Power Failure","24Hr average lost due to data interruption",{"$error":"#N/A"},{"$error":"#N/A"},{"$error":"#N/A"},{"$error":"#N/A"}]
[2019,10,27,20,43765.833333331771,{"$f":"NA()","v":{"$error":"#N/A"}},"Invalid",{"$f":"NA()","v":{"$error":"#N/A"}},{"$f":"NA()","v":{"$error":"#N/A"}},"Invalid",{"$f":"NA()","v":{"$error":"#N/A"}},"Power Failure","24Hr average lost due to data interruption",{"$error":"#N/A"},{"$error":"#N/A"},{"$error":"#N/A"},{"$error":"#N/A"}]
[2019,10,27,21,43765.874999998436,{"$f":"NA()","v":{"$error":"#N/A"}},"Invalid",{"$f":"NA()","v":{"$error":"#N/A"}},{"$f":"NA()","v":{"$error":"#N/A"}},"Invalid",{"$f":"NA()","v":{"$error":"#N/A"}},"Power Failure","24Hr average lost due to data interruption",{"$error":"#N/A"},{"$error":"#N/A"},{"$error":"#N/A"},{"$error":"#N/A"}]
[2019,10,27,22,43765.9166666651,{"$f":"NA()","v":{"$error":"#N/A"}},"Invalid",{"$f":"NA()","v":{"$error":"#N/A"}},{"$f":"NA()","v":{"$error":"#N/A"}},"Invalid",{"$f":"NA()","v":{"$error":"#N/A"}},"Power Failure","24Hr average lost due to data interruption",{"$error":"#N/A"},{"$error":"#N/A"},{"$error":"#N/A"},{"$error":"#N/A"}]
[2019,10,27,23,43765.958333331764,{"$f":"NA()","v":{"$error":"#N/A"}},"Invalid",{"$f":"NA()","v":{"$error":"#N/A"}},{"$f":"NA()","v":{"$error":"#N/A"}},"Invalid",{"$f":"NA()","v":{"$error":"#N/A"}},"Power Failure","24Hr average lost due to data interruption",{"$error":"#N/A"},{"$error":"#N/A"},{"$error":"#N/A"},{"$error":"#N/A"}]
[2019,10,28,0,43765.999999998428,2.4300000000000002,"Valid",{"$f":"NA()","v":{"$error":"#N/A"}},13.8,"Valid",{"$f":"NA()","v":{"$error":"#N/A"}},null,"24Hr average lost due to data interruption",2.4300000000000002,{"$error":"#N/A"},13.8,{"$error":"#N/A"},13.8,null,2.4300000000000002]
[2019,10,28,1,43766.041666665093,-0.84,"Valid",{"$f":"NA()","v":{"$error":"#N/A"}},9.99,"Valid",{"$f":"NA()","v":{"$error":"#N/A"}},null,"24Hr average lost due to data interruption",-0.84,{"$error":"#N/A"},9.99,{"$error":"#N/A"},9.99,null,-0.84]
[2019,10,28,2,43766.083333331757,2.61,"Valid",{"$f":"NA()","v":{"$error":"#N/A"}},12.87,"Valid",{"$f":"NA()","v":{"$error":"#N/A"}},null,"24Hr average lost due to data interruption",2.61,{"$error":"#N/A"},12.87,{"$error":"#N/A"},12.87,null,2.61]
[2019,10,28,3,43766.124999998421,6.48,"Valid",{"$f":"NA()","v":{"$error":"#N/A"}},21.37,"Valid",{"$f":"NA()","v":{"$error":"#N/A"}},null,"24Hr average lost due to data interruption",6.48,{"$error":"#N/A"},21.37,{"$error":"#N/A"},21.37,null,6.48]
[2019,10,28,4,43766.166666665085,{"$f":"NA()","v":{"$error":"#N/A"}},"Invalid",{"$f":"NA()","v":{"$error":"#N/A"}},{"$f":"NA()","v":{"$error":"#N/A"}},"Invalid",{"$f":"NA()","v":{"$error":"#N/A"}},"Pump Failure","24Hr average lost due to data interruption, High PM2.5 negative removed",{"$error":"#N/A"},{"$error":"#N/A"},{"$error":"#N/A"},{"$error":"#N/A"}]
[2019,10,28,5,43766.20833333175,0.7,"Valid",{"$f":"NA()","v":{"$error":"#N/A"}},10.1,"Valid",{"$f":"NA()","v":{"$error":"#N/A"}},null,"24Hr average lost due to data interruption",0.7,{"$error":"#N/A"},10.1,{"$error":"#N/A"},10.1,null,0.7]
[2019,10,28,6,43766.249999998414,-0.81,"Valid",{"$f":"NA()","v":{"$error":"#N/A"}},8.5399999999999991,"Valid",{"$f":"NA()","v":{"$error":"#N/A"}},null,"24Hr average lost due to data interruption",-0.81,{"$error":"#N/A"},8.5399999999999991,{"$error":"#N/A"},8.5399999999999991,null,-0.81]
[2019,10,28,7,43766.291666665078,5.66,"Valid",{"$f":"NA()","v":{"$error":"#N/A"}},18.760000000000002,"Valid",{"$f":"NA()","v":{"$error":"#N/A"}},null,"24Hr average lost due to data interruption",5.66,{"$error":"#N/A"},18.760000000000002,{"$error":"#N/A"},18.760000000000002,null,5.66]
[2019,10,28,8,43766.333333331742,{"$f":"NA()","v":{"$error":"#N/A"}},"Invalid",{"$f":"NA()","v":{"$error":"#N/A"}},{"$f":"NA()","v":{"$error":"#N/A"}},"Invalid",{"$f":"NA()","v":{"$error":"#N/A"}},"Pump Failure","24Hr average lost due to data interruption, High PM2.5 negative removed",{"$error":"#N/A"},{"$error":"#N/A"},{"$error":"#N/A"},{"$error":"#N/A"}]
[2019,10,28,9,43766.374999998407,8.68,"Valid",{"$f":"NA()","v":{"$error":"#N/A"}},28.66,"Valid",{"$f":"NA()","v":{"$error":"#N/A"}},null,"24Hr average lost due to data interruption",8.68,{"$error":"#N/A"},28.66,{"$error":"#N/A"},28.66,null,8.68]
[2019,10,28,10,43766.416666665071,9.0299999999999994,"Valid",{"$f":"NA()","v":{"$error":"#N/A"}},27.69,"Valid",16.36,null,"PM2.5 24Hr average lost due to data interruption",9.0299999999999994,{"$error":"#N/A"},27.69,16.36,27.69,16.36,9.0299999999999994]
[2019,10,28,11,43766.458333331735,10.34,"Valid",{"$f":"NA()","v":{"$error":"#N/A"}},32.58,"Valid",17.21,null,"PM2.5 24Hr average lost due to data interruption",10.34,{"$error":"#N/A"},32.58,17.21,32.58,17.21,10.34]
[2019,10,28,12,43766.499999998399,6.2,"Valid",4.8,29.22,"Valid",17.809999999999999,null,null,6.2,4.8,29.22,17.809999999999999,29.22,17.809999999999999,6.2,4.8]
[2019,10,28,13,43766.541666665064,15.05,"Valid",5.34,27.04,"Valid",18.25,null,null,15.05,5.34,27.04,18.25,27.04,18.25,15.05,5.34]
[2019,10,28,14,43766.583333331728,8.4,"Valid",5.49,25.05,"Valid",18.559999999999999,null,null,8.4,5.49,25.05,18.559999999999999,25.05,18.559999999999999,8.4,5.49]
[2019,10,28,15,43766.624999998392,12.53,"Valid",5.82,22.35,"Valid",18.73,null,null,12.53,5.82,22.35,18.73,22.35,18.73,12.53,5.82]
[2019,10,28,16,43766.666666665056,16.420000000000002,"Valid",6.31,29.12,"Valid",19.16,null,null,16.420000000000002,6.31,29.12,19.16,29.12,19.16,16.420000000000002,6.31]
[2019,{"$f":"B666","v":10},{"$f":"C643+1","v":28},17,43766.70833333172,19.899999999999999,"Valid",6.91,37.840000000000003,"Valid",19.760000000000002,null,null,19.899999999999999,6.91,37.840000000000003,19.760000000000002,37.840000000000003,19.760000000000002,19.899999999999999,6.91]
[2019,10,28,18,43766.749999998385,33.770000000000003,"Valid",8.1,60.28,"Valid",21.43,null,null,33.770000000000003,8.1,60.28,21.43,60.28,21.43,33.770000000000003,8.1]
[2019,10,28,19,43766.791666665049,44.52,"Valid",9.8800000000000008,71.47,"Valid",23.72,null,null,44.52,9.8800000000000008,71.47,23.72,71.47,23.72,44.52,9.8800000000000008]
[2019,10,28,20,43766.833333331713,34.33,"Valid",11.23,64.040000000000006,"Valid",25.82,null,null,34.33,11.23,64.040000000000006,25.82,64.040000000000006,25.82,34.33,11.23]
[2019,10,28,21,43766.874999998377,31.31,"Valid",12.56,66.61,"Valid",28.08,null,null,31.31,12.56,66.61,28.08,66.61,28.08,31.31,12.56]
[2019,10,28,22,43766.916666665042,30.45,"Valid",13.77,56.22,"Valid",29.84,null,null,30.45,13.77,56.22,29.84,56.22,29.84,30.45,13.77]
[2019,10,28,23,43766.958333331706,17.55,"Valid",14.31,37.369999999999997,"Valid",30.72,null,null,17.55,14.31,37.369999999999997,30.72,37.369999999999997,30.72,17.55,14.31]
[2019,10,29,0,43766.99999999837,20.329999999999998,"Valid",15.12,38.74,"Valid",31.76,null,null,20.329999999999998,15.12,38.74,31.76,38.74,31.76,20.329999999999998,15.12]
[2019,10,29,1,43767.041666665034,43.08,"Valid",17.12,61.34,"Valid",33.9,null,null,43.08,17.12,61.34,33.9,61.34,33.9,43.08,17.12]
[2019,10,29,2,43767.083333331699,58.66,"Valid",19.66,76.89,"Valid",36.56,null,null,58.66,19.66,76.89,36.56,76.89,36.56,58.66,19.66]
[2019,10,29,3,43767.124999998363,34.04,"Valid",20.92,51.75,"Valid",37.83,null,null,34.04,20.92,51.75,37.83,51.75,37.83,34.04,20.92]
[2019,10,29,4,43767.166666665027,30.02,"Valid",21.31,41.85,"Valid",39.28,null,null,30.02,21.31,41.85,39.28,41.85,39.28,30.02,21.31]
[2019,10,29,5,43767.208333331691,30.61,"Valid",22.61,44.8,"Valid",40.72,null,null,30.61,22.61,44.8,40.72,44.8,40.72,30.61,22.61]
[2019,10,29,6,43767.249999998356,31.66,"Valid",24.02,45.52,"Valid",42.26,null,null,31.66,24.02,45.52,42.26,45.52,42.26,31.66,24.02]
[2019,10,29,7,43767.29166666502,31.18,"Valid",25.13,45.81,"Valid",43.39,null,null,31.18,25.13,45.81,43.39,45.81,43.39,31.18,25.13]
[2019,10,29,8,43767.333333331684,40.58,"Valid",25.78,56.95,"Valid",44.97,null,null,40.58,25.78,56.95,44.97,56.95,44.97,40.58,25.78]
[2019,10,29,9,43767.374999998348,62.16,"Valid",28.01,77.83,"Valid",47.02,null,null,62.16,28.01,77.83,47.02,77.83,47.02,62.16,28.01]
[2019,10,29,10,43767.416666665013,61.5,"Valid",30.19,78.48,"Valid",49.13,null,null,61.5,30.19,78.48,49.13,78.48,49.13,61.5,30.19]
[2019,10,29,11,43767.458333331677,64.81,"Valid",32.46,82.43,"Valid",51.21,null,null,64.81,32.46,82.43,51.21,82.43,51.21,64.81,32.46]
[2019,10,29,12,43767.499999998341,64.59,"Valid",34.89,86.97,"Valid",53.61,null,null,64.59,34.89,86.97,53.61,86.97,53.61,64.59,34.89]
[2019,10,29,13,43767.541666665005,63.53,"Valid",36.909999999999997,86.52,"Valid",56.09,null,null,63.53,36.909999999999997,86.52,56.09,86.52,56.09,63.53,36.909999999999997]
[2019,10,29,14,43767.58333333167,44.82,"Valid",38.43,59.81,"Valid",57.54,null,null,44.82,38.43,59.81,57.54,59.81,57.54,44.82,38.43]
[2019,10,29,15,43767.624999998334,42.97,"Valid",39.700000000000003,60.65,"Valid",59.14,null,null,42.97,39.700000000000003,60.65,59.14,60.65,59.14,42.97,39.700000000000003]
[2019,10,29,16,43767.666666664998,45.65,"Valid",40.92,66.239999999999995,"Valid",60.68,null,null,45.65,40.92,66.239999999999995,60.68,66.239999999999995,60.68,45.65,40.92]
[2019,10,29,17,43767.708333331662,41.37,"Valid",41.81,59.17,"Valid",61.57,null,null,41.37,41.81,59.17,61.57,59.17,61.57,41.37,41.81]
[2019,10,29,18,43767.749999998327,38.130000000000003,"Valid",41.99,54.4,"Valid",61.33,null,null,38.130000000000003,41.99,54.4,61.33,54.4,61.33,38.130000000000003,41.99]
[2019,10,29,19,43767.791666664991,33.92,"Valid",41.55,52.63,"Valid",60.54,null,null,33.92,41.55,52.63,60.54,52.63,60.54,33.92,41.55]
[2019,10,29,20,43767.833333331655,23.78,"Valid",41.11,51.09,"Valid",60,null,null,23.78,41.11,51.09,60,51.09,60,23.78,41.11]
[2019,10,29,21,43767.874999998319,23.92,"Valid",40.799999999999997,46.82,"Valid",59.18,null,null,23.92,40.799999999999997,46.82,59.18,46.82,59.18,23.92,40.799999999999997]
[2019,10,29,22,43767.916666664983,20.49,"Valid",40.39,37.14,"Valid",58.38,null,null,20.49,40.39,37.14,58.38,37.14,58.38,20.49,40.39]
[2019,10,29,23,43767.958333331648,23.06,"Valid",40.619999999999997,37.090000000000003,"Valid",58.37,null,null,23.06,40.619999999999997,37.090000000000003,58.37,37.090000000000003,58.37,23.06,40.619999999999997]
[2019,10,30,0,43767.999999998312,21.65,"Valid",40.67,38.25,"Valid",58.35,null,null,21.65,40.67,38.25,58.35,38.25,58.35,21.65,40.67]
[2019,10,30,1,43768.041666664976,21.4,"Valid",39.770000000000003,37.799999999999997,"Valid",57.37,null,null,21.4,39.770000000000003,37.799999999999997,57.37,37.799999999999997,57.37,21.4,39.770000000000003]
[2019,10,30,2,43768.08333333164,19.88,"Valid",38.159999999999997,35.799999999999997,"Valid",55.66,null,null,19.88,38.159999999999997,35.799999999999997,55.66,35.799999999999997,55.66,19.88,38.159999999999997]
[2019,10,30,3,43768.124999998305,21.25,"Valid",37.619999999999997,35.58,"Valid",54.98,null,null,21.25,37.619999999999997,35.58,54.98,35.58,54.98,21.25,37.619999999999997]
[2019,10,30,4,43768.166666664969,18.29,"Valid",37.130000000000003,34.6,"Valid",54.68,null,null,18.29,37.130000000000003,34.6,54.68,34.6,54.68,18.29,37.130000000000003]
[2019,10,30,5,43768.208333331633,21.99,"Valid",36.770000000000003,39.46,"Valid",54.46,null,null,21.99,36.770000000000003,39.46,54.46,39.46,54.46,21.99,36.770000000000003]
[2019,10,30,6,43768.249999998297,20.78,"Valid",36.32,40.409999999999997,"Valid",54.25,null,null,20.78,36.32,40.409999999999997,54.25,40.409999999999997,54.25,20.78,36.32]
[2019,10,30,7,43768.291666664962,23.57,"Valid",36,44.29,"Valid",54.18,null,null,23.57,36,44.29,54.18,44.29,54.18,23.57,36]
[2019,10,30,8,43768.333333331626,22.63,"Valid",35.26,59.51,"Valid",54.29,null,null,{"$f":"IF(G706=\"Valid\", F706, NA())","v":22.63},{"$f":"IF(G706=\"Valid\", H706, NA())","v":35.26},{"$f":"IF(J706=\"Valid\", I706, NA())","v":59.51},{"$f":"IF(J706=\"Valid\", K706, NA())","v":54.29},59.51,54.29,22.63,35.26]
[2019,10,30,9,43768.37499999829,26.03,"Valid",33.75,54.09,"Valid",53.3,null,null,26.03,33.75,54.09,53.3,54.09,53.3,26.03,33.75]
[{"$f":"A707","v":2019},10,30,{"$f":"IF(D707=23,0,D707+1)","v":10},{"$f":"E707+0.0416666666666666","v":43768.416666664954},30.62,"Valid",32.46,55.47,"Valid",52.34,null,null,30.62,32.46,55.47,52.34,55.47,52.34,30.62,32.46]
[2019,10,30,11,43768.458333331619,28.43,"Valid",30.95,49.74,"Valid",50.98,null,null,28.43,30.95,49.74,50.98,49.74,50.98,28.43,30.95]
[2019,10,30,12,43768.499999998283,23.24,"Valid",29.23,43.93,"Valid",49.19,null,null,23.24,29.23,43.93,49.19,43.93,49.19,23.24,29.23]
[2019,10,30,13,43768.541666664947,20.239999999999998,"Valid",27.42,45.32,"Valid",47.47,null,null,20.239999999999998,27.42,45.32,47.47,45.32,47.47,20.239999999999998,27.42]
[2019,10,30,14,43768.583333331611,9.76,"Valid",25.96,37.08,"Valid",46.52,null,null,9.76,25.96,37.08,46.52,37.08,46.52,9.76,25.96]
[2019,10,30,15,43768.624999998276,12.04,"Valid",24.67,39.81,"Valid",45.66,null,null,12.04,24.67,39.81,45.66,39.81,45.66,12.04,24.67]
[2019,10,30,16,43768.66666666494,15.79,"Valid",23.43,45.89,"Valid",44.81,null,null,15.79,23.43,45.89,44.81,45.89,44.81,15.79,23.43]
[2019,10,30,17,43768.708333331604,15.19,"Valid",22.34,43.45,"Valid",44.15,null,null,15.19,22.34,43.45,44.15,43.45,44.15,15.19,22.34]
[2019,10,30,18,43768.749999998268,19.05,"Valid",21.54,49.47,"Valid",43.95,null,null,19.05,21.54,49.47,43.95,49.47,43.95,19.05,21.54]
[2019,10,30,19,43768.791666664933,15.64,"Valid",20.78,43.78,"Valid",43.58,null,null,15.64,20.78,43.78,43.58,43.78,43.58,15.64,20.78]
[2019,10,30,20,43768.833333331597,18.329999999999998,"Valid",20.55,46.75,"Valid",43.4,null,null,18.329999999999998,20.55,46.75,43.4,46.75,43.4,18.329999999999998,20.55]
[2019,10,30,21,43768.874999998261,11.24,"Valid",20.02,32.909999999999997,"Valid",42.82,null,null,11.24,20.02,32.909999999999997,42.82,32.909999999999997,42.82,11.24,20.02]
[2019,10,30,22,43768.916666664925,10.58,"Valid",19.61,28.83,"Valid",42.47,null,null,10.58,19.61,28.83,42.47,28.83,42.47,10.58,19.61]
[2019,10,30,23,43768.95833333159,11.52,"Valid",19.13,32.68,"Valid",42.29,null,null,11.52,19.13,32.68,42.29,32.68,42.29,11.52,19.13]
[2019,10,31,0,43768.999999998254,15.27,"Valid",18.87,41.26,"Valid",42.41,null,null,15.27,18.87,41.26,42.41,41.26,42.41,15.27,18.87]
[2019,10,31,1,43769.041666664918,8.65,"Valid",18.329999999999998,31.09,"Valid",42.13,null,null,8.65,18.329999999999998,31.09,42.13,31.09,42.13,8.65,18.329999999999998]
[2019,10,31,2,43769.083333331582,12.3,"Valid",18.02,32.340000000000003,"Valid",41.99,null,null,12.3,18.02,32.340000000000003,41.99,32.340000000000003,41.99,12.3,18.02]
[2019,10,31,3,43769.124999998246,12.42,"Valid",17.649999999999999,30.67,"Valid",41.78,null,null,12.42,17.649999999999999,30.67,41.78,30.67,41.78,12.42,17.649999999999999]
[2019,10,31,4,43769.166666664911,8.91,"Valid",17.260000000000002,29.21,"Valid",41.56,null,null,8.91,17.260000000000002,29.21,41.56,29.21,41.56,8.91,17.260000000000002]
[2019,10,31,5,43769.208333331575,9.11,"Valid",16.72,28.9,"Valid",41.12,null,null,9.11,16.72,28.9,41.12,28.9,41.12,9.11,16.72]
[2019,10,31,6,43769.249999998239,15.64,"Valid",16.510000000000002,35.130000000000003,"Valid",40.9,null,null,15.64,16.510000000000002,35.130000000000003,40.9,35.130000000000003,40.9,15.64,16.510000000000002]
[2019,10,31,7,43769.291666664903,13.38,"Valid",16.079999999999998,37.26,"Valid",40.61,null,null,13.38,16.079999999999998,37.26,40.61,37.26,40.61,13.38,16.079999999999998]
[2019,10,31,8,43769.333333331568,12.89,"Valid",15.68,36.57,"Valid",39.65,null,null,12.89,15.68,36.57,39.65,36.57,39.65,12.89,15.68]
[2019,{"$f":"B730","v":10},{"$f":"C707+1","v":31},9,43769.374999998232,13.89,"Valid",15.17,53.87,"Valid",39.64,null,null,13.89,15.17,53.87,39.64,53.87,39.64,13.89,15.17]
[2019,10,31,10,43769.416666664896,12.5,"Valid",14.42,45.8,"Valid",39.24,null,null,12.5,14.42,45.8,39.24,45.8,39.24,12.5,14.42]
[2019,10,31,11,43769.45833333156,10.72,"Valid",13.68,38.61,"Valid",38.78,null,null,10.72,13.68,38.61,38.78,38.61,38.78,10.72,13.68]
[2019,10,31,12,43769.499999998225,13.86,"Valid",13.29,53.94,"Valid",39.19,null,null,13.86,13.29,53.94,39.19,53.94,39.19,13.86,13.29]
[2019,10,31,13,43769.541666664889,9.7200000000000006,"Valid",12.85,36.380000000000003,"Valid",38.82,null,null,9.7200000000000006,12.85,36.380000000000003,38.82,36.380000000000003,38.82,9.7200000000000006,12.85]
[2019,10,31,14,43769.583333331553,27.02,"Valid",13.57,49.83,"Valid",39.35,null,null,27.02,13.57,49.83,39.35,49.83,39.35,27.02,13.57]
[2019,10,31,15,43769.624999998217,24.76,"Valid",14.1,51.13,"Valid",39.82,null,null,24.76,14.1,51.13,39.82,51.13,39.82,24.76,14.1]
[2019,10,31,16,43769.666666664882,27.97,"Valid",14.61,53.47,"Valid",40.14,null,null,27.97,14.61,53.47,40.14,53.47,40.14,27.97,14.61]
[2019,10,31,17,43769.708333331546,30.72,"Valid",15.25,249.26,"Valid",48.71,null,null,30.72,15.25,249.26,48.71,249.26,48.71,30.72,15.25]
[2019,10,31,18,43769.74999999821,19.57,"Valid",15.28,58.49,"Valid",49.09,null,null,19.57,15.28,58.49,49.09,58.49,49.09,19.57,15.28]
[2019,10,31,19,43769.791666664874,14.92,"Valid",15.25,27.83,"Valid",48.43,null,null,14.92,15.25,27.83,48.43,27.83,48.43,14.92,15.25]
[2019,10,31,20,43769.833333331539,24.37,"Valid",15.5,38.68,"Valid",48.09,null,null,24.37,15.5,38.68,48.09,38.68,48.09,24.37,15.5]
[2019,10,31,21,43769.874999998203,21.3,"Valid",15.92,50.75,"Valid",48.83,null,null,21.3,15.92,50.75,48.83,50.75,48.83,21.3,15.92]
[2019,10,31,22,43769.916666664867,24,"Valid",16.48,44.19,"Valid",49.47,null,null,24,16.48,44.19,49.47,44.19,49.47,24,16.48]
[2019,10,31,23,43769.958333331531,45.26,"Valid",17.88,59.04,"Valid",50.57,null,null,45.26,17.88,59.04,50.57,59.04,50.57,45.26,17.88]

{"sheet":"Raw data_format","index":4,"n_rows":8,"n_cols":6,"rows_kept":8,"cut":false,"hidden":false,"merged":[]}
["Parameter","Format","Comment","Units of measure","Minimum","Maximum"]
["Year","yyyy","4 integer format","Not applicable",2015,"Until reporting ceases"]
["Month","mm","2 integer format","Not applicable",1,12]
["Day","dd","2 integer format","Not applicable",1,31]
["Hour","hh","2 integer format","Not applicable",0,23]
["PM10",0,"1 decimal place resolution","µg/m3","Negative","Instrument specific"]
["PM2.5",0,"2 decimal place resolution","µg/m3","Negative","Instrument specific"]
["Status","Text","7 character format","Not applicable","Valid","Invalid"]