{"text_format":"1","workbook":"xlsx","n_sheets":8,"sheets":["Instructions","Meta data_sheet","Meta data_lookup","Raw data_sheet","Raw data_format","24hr_PM10_chart","24hr_PM2.5_chart","Sheet1"],"not_rendered":{"charts":4,"images":0,"macros":1,"external_links":0,"defined_names":16,"comments":0,"pivot_tables":0},"unopened":[{"sheet":"24hr_PM10_chart","index":5,"reason":"not_a_worksheet"},{"sheet":"24hr_PM2.5_chart","index":6,"reason":"not_a_worksheet"}],"bounds":{"document_bytes":16777216,"sheet_cells":100000,"rows_first":2000,"rows_last":500,"rows_between":2000,"halvings":0,"cell_chars":16384,"cell_head_chars":4096},"cells_cut":0,"cells_raw":0,"read":"whole","date_system":"1900"}

{"sheet":"Instructions","index":0,"n_rows":0,"n_cols":0,"rows_kept":0,"cut":false,"hidden":false,"merged":[]}

{"sheet":"Meta data_sheet","index":1,"n_rows":17,"n_cols":5,"rows_kept":17,"cut":false,"hidden":false,"merged":[[18,0,18,1],[16,0,16,1]]}
["Ambient Monitoring Station","Details",null,"Ambient Monitoring Results","Details"]
["Location","Maules Creek",null,"PM2.5 monitoring start (dd/mm/yyyy hh:mm)","2025-06-01"]
["Easting",{"$f":"VLOOKUP($B$2,'Meta data_lookup'!$A$2:$D$5,2,FALSE)","v":225302},null,"PM2.5 monitoring end","2025-06-30"]
["Northing",{"$f":"VLOOKUP($B$2,'Meta data_lookup'!$A$2:$D$5,3,FALSE)","v":6623037},null,"PM2.5 monitoring period (h)",{"$f":"(E3-E2)*24","v":696}]
["Site elevation (m)",{"$f":"VLOOKUP($B$2,'Meta data_lookup'!$A$2:$D$5,4,FALSE)","v":"ND"},null,"Number of valid PM2.5 results",{"$f":"COUNTIF('Raw data_sheet'!G2:G745,\"Valid\")","v":614}]
["Description of surrounding land use","Agriculture/Mining",null,"Proportion of valid PM2.5 results (%)",{"$f":"E5/E4","v":0.88218390804597702}]
["Typical sources impacting on the site","Agriculture/Mining/Unsealed Roads",null,"PM10 monitoring start (dd/mm/yyyy hh:mm)","2025-06-01"]
["Site compliance with AS/NZS 3580.1.1:2007","Yes",null,"PM10 monitoring end","2025-06-30"]
["PM2.5 method compliance with AS/NZS 3580.9.13:2013\n","Yes",null,"PM10 monitoring period (h)",{"$f":"(E8-E7)*24","v":696}]
["PM2.5 instrument make","Thermo Scientific",null,"Number of valid PM10 results",{"$f":"COUNTIF('Raw data_sheet'!J2:J745,\"Valid\")","v":614}]
["PM2.5 instrument model","1405DF",null,"Proportion of valid PM10 results (%)",{"$f":"E10/E9","v":0.88218390804597702}]
["PM2.5 instrument intake height (m)",3.5]
["PM10 method compliance with AS 3580.9.8-2008\n","No*"]
["PM10 instrument make","Thermo Scientific"]
["PM10 instrument model","1405DF"]
["PM10 instrument intake height (m)",3.5]
["*The 1405DF TEOM used at this site measures PM10 indirectly rather than directly. The unit does however meet the intent of AS 3580.9.8-2008, and this method has been accredited by the USEPA. It is considered scientifically robust and is used extensively throughout NSW with EPA's knowledge and informal acceptance."]

{"sheet":"Meta data_lookup","index":2,"n_rows":5,"n_cols":4,"rows_kept":5,"cut":false,"hidden":false,"merged":[]}
["Location","Easting","Northing","Site elevation (m)"]
["Maules Creek",225302,6623037,"ND"]
["Breeza",237993,6542606,"ND"]
["Will-gai",231804,6596392,"ND"]
["Werris Creek",276783,6528734,"ND"]

{"sheet":"Raw data_sheet","index":3,"n_rows":745,"n_cols":21,"rows_kept":745,"cut":false,"hidden":false,"merged":[]}
["Year","Month","Day","Hour","Date and time","PM2.5_hourly","PM2.5_Data_Status","PM2.5_24hr_rolling_average","PM10_hourly","PM10_Data_Status","PM10_24hr_rolling_average","Cause of data invalidity, if applicable","Detailed comments","PM2.5_hourly_valid_plot","PM2.5_24hr_rolling_ave_valid_plot","PM10_hourly_valid_plot","PM10_24hr_rolling_ave_valid_plot","PM10_hourly_valid_plot_series","PM10_24hr_rolling_average_valid_plot_series","PM2.5_hourly_valid_plot_series","PM2.5_24hr_rolling_average_valid_plot_series"]
[2025,6,1,0,{"$f":"DATE(A2,B2,C2)+TIME(D2,0,0)","v":45809},4.17,"Valid",2.5745833333333334,4.28,"Valid",4.6495833333333341,"","",{"$f":"IF(G2=\"Valid\", F2, NA())","v":4.17},{"$f":"IF(G2=\"Valid\", H2, NA())","v":2.5745833333333334},{"$f":"IF(J2=\"Valid\", I2, NA())","v":4.28},{"$f":"IF(J2=\"Valid\", K2, NA())","v":4.6495833333333341},4.28,4.6495833333333341,4.17,2.5745833333333334]
[2025,6,{"$f":"C2","v":1},{"$f":"IF(D2=23,0,D2+1)","v":1},{"$f":"E2+0.0416666666666666","v":45809.041666666664},5.16,"Valid",2.7675000000000005,6.17,"Valid",4.8225000000000007,"","",5.16,{"$f":"IF(G3=\"Valid\", H3, NA())","v":2.7675000000000005},6.17,4.8225000000000007,6.17,4.8225000000000007,5.16,2.7675000000000005]
[2025,6,{"$f":"C3","v":1},{"$f":"IF(D3=23,0,D3+1)","v":2},{"$f":"E3+0.0416666666666666","v":45809.083333333328},0.41,"Valid",2.7583333333333333,2.5099999999999998,"Valid",4.8537500000000007,"","",0.41,2.7583333333333333,2.5099999999999998,4.8537500000000007,2.5099999999999998,4.8537500000000007,0.41,2.7583333333333333]
[2025,6,1,3,45809.124999999993,0.41,"Valid",2.6237499999999998,3.2,"Valid",4.7750000000000012,"","",0.41,2.6237499999999998,3.2,4.7750000000000012,3.2,4.7750000000000012,0.41,2.6237499999999998]
[2025,6,1,4,45809.166666666657,1.97,"Valid",2.6070833333333336,3.8,"Valid",4.8012500000000014,"","",1.97,2.6070833333333336,3.8,4.8012500000000014,3.8,4.8012500000000014,1.97,2.6070833333333336]
[2025,6,1,5,45809.208333333321,1.97,"Valid",2.6649999999999996,2.72,"Valid",4.8329166666666676,"","",1.97,2.6649999999999996,2.72,4.8329166666666676,2.72,4.8329166666666676,1.97,2.6649999999999996]
[2025,6,1,6,45809.249999999985,2.1800000000000002,"Valid",2.7316666666666669,3.57,"Valid",4.7354166666666675,"","",2.1800000000000002,2.7316666666666669,3.57,4.7354166666666675,3.57,4.7354166666666675,2.1800000000000002,2.7316666666666669]
[2025,6,1,7,45809.29166666665,-2.77,"Valid",2.4220833333333327,-2.08,"Valid",4.4612500000000006,"","",-2.77,2.4220833333333327,-2.08,4.4612500000000006,-2.08,4.4612500000000006,-2.77,2.4220833333333327]
[2025,6,1,8,45809.333333333314,2.0499999999999998,"Valid",2.2770833333333331,4.47,"Valid",4.3187500000000005,"","",2.0499999999999998,2.2770833333333331,4.47,4.3187500000000005,4.47,4.3187500000000005,2.0499999999999998,2.2770833333333331]
[2025,6,1,9,45809.374999999978,4.88,"Valid",2.2441666666666662,9.7799999999999994,"Valid",4.3108333333333331,"","",4.88,2.2441666666666662,9.7799999999999994,4.3108333333333331,9.7799999999999994,4.3108333333333331,4.88,2.2441666666666662]
[2025,6,1,10,45809.416666666642,6.23,"Valid",2.2674999999999996,14.18,"Valid",4.5987499999999999,"","",6.23,2.2674999999999996,14.18,4.5987499999999999,14.18,4.5987499999999999,6.23,2.2674999999999996]
[2025,6,1,11,45809.458333333307,4.22,"Valid",2.3099999999999992,17.489999999999998,"Valid",5.0370833333333325,"","",4.22,2.3099999999999992,17.489999999999998,5.0370833333333325,17.489999999999998,5.0370833333333325,4.22,2.3099999999999992]
[2025,6,1,12,45809.499999999971,3.45,"Valid",2.3920833333333325,11.24,"Valid",5.2149999999999999,"","",3.45,2.3920833333333325,11.24,5.2149999999999999,11.24,5.2149999999999999,3.45,2.3920833333333325]
[2025,6,1,13,45809.541666666635,3.81,"Valid",2.4441666666666664,11.24,"Valid",5.4645833333333336,"","",3.81,2.4441666666666664,11.24,5.4645833333333336,11.24,5.4645833333333336,3.81,2.4441666666666664]
[2025,6,1,14,45809.583333333299,4.0199999999999996,"Valid",2.4329166666666668,21.21,"Valid",6.0308333333333328,"","",4.0199999999999996,2.4329166666666668,21.21,6.0308333333333328,21.21,6.0308333333333328,4.0199999999999996,2.4329166666666668]
[2025,6,1,15,45809.624999999964,5.3,"Valid",2.5629166666666663,21.93,"Valid",6.6270833333333323,"","",5.3,2.5629166666666663,21.93,6.6270833333333323,21.93,6.6270833333333323,5.3,2.5629166666666663]
[2025,6,1,16,45809.666666666628,4.67,"Valid",2.6283333333333334,15.32,"Valid",6.9899999999999993,"","",4.67,2.6283333333333334,15.32,6.9899999999999993,15.32,6.9899999999999993,4.67,2.6283333333333334]
[2025,6,1,17,45809.708333333292,0.99,"Valid",2.5404166666666668,4.13,"Valid",6.9695833333333326,"","",0.99,2.5404166666666668,4.13,6.9695833333333326,4.13,6.9695833333333326,0.99,2.5404166666666668]
[2025,6,1,18,45809.749999999956,0.08,"Valid",2.4495833333333334,6.5,"Valid",7.1679166666666658,"","",0.08,2.4495833333333334,6.5,7.1679166666666658,6.5,7.1679166666666658,0.08,2.4495833333333334]
[2025,6,1,19,45809.791666666621,0.52,"Valid",2.51125,4.1500000000000004,"Valid",7.3554166666666667,"","",0.52,2.51125,4.1500000000000004,7.3554166666666667,4.1500000000000004,7.3554166666666667,0.52,2.51125]
[2025,6,1,20,45809.833333333285,2.64,"Valid",2.6595833333333334,5.19,"Valid",7.5716666666666663,"","",2.64,2.6595833333333334,5.19,7.5716666666666663,5.19,7.5716666666666663,2.64,2.6595833333333334]
[2025,6,1,21,45809.874999999949,1.78,"Valid",2.6987500000000004,5.19,"Valid",7.7879166666666668,"","",1.78,2.6987500000000004,5.19,7.7879166666666668,5.19,7.7879166666666668,1.78,2.6987500000000004]
[2025,6,1,22,45809.916666666613,2.2999999999999998,"Valid",2.6920833333333332,4.0199999999999996,"Valid",7.770833333333333,"","",2.2999999999999998,2.6920833333333332,4.0199999999999996,7.770833333333333,4.0199999999999996,7.770833333333333,2.2999999999999998,2.6920833333333332]
[2025,6,{"$f":"C24","v":1},23,45809.958333333278,1.76,"Valid",2.5916666666666672,2.82,"Valid",7.6262499999999998,"","",1.76,2.5916666666666672,2.82,7.6262499999999998,2.82,7.6262499999999998,1.76,2.5916666666666672]
[2025,6,{"$f":"C2+1","v":2},0,45809.999999999942,1.78,"Valid",2.492083333333333,3.81,"Valid",7.6066666666666665,"","",1.78,2.492083333333333,3.81,7.6066666666666665,3.81,7.6066666666666665,1.78,2.492083333333333]
[2025,6,{"$f":"C3+1","v":2},1,45810.041666666606,-1.93,"Valid",2.1966666666666668,-0.7,"Valid",7.3204166666666666,"","",-1.93,2.1966666666666668,-0.7,7.3204166666666666,-0.7,7.3204166666666666,-1.93,2.1966666666666668]
[2025,6,2,2,45810.08333333327,-1.5,"Valid",2.117083333333333,0.35,"Valid",7.2304166666666667,"","",-1.5,2.117083333333333,0.35,7.2304166666666667,0.35,7.2304166666666667,-1.5,2.117083333333333]
[2025,6,2,3,45810.124999999935,-0.69,"Valid",2.07125,0.48,"Valid",7.1170833333333325,"","",-0.69,2.07125,0.48,7.1170833333333325,0.48,7.1170833333333325,-0.69,2.07125]
[2025,6,2,4,45810.166666666599,-2.0299999999999998,"Valid",1.9045833333333333,-0.79,"Valid",6.9258333333333333,"","",-2.0299999999999998,1.9045833333333333,-0.79,6.9258333333333333,-0.79,6.9258333333333333,-2.0299999999999998,1.9045833333333333]
[2025,6,2,5,45810.208333333263,0.04,"Valid",1.8241666666666667,1.5,"Valid",6.875,"","",0.04,1.8241666666666667,1.5,6.875,1.5,6.875,0.04,1.8241666666666667]
[2025,6,2,6,45810.249999999927,1.01,"Valid",1.7754166666666666,2.35,"Valid",6.8241666666666667,"","",1.01,1.7754166666666666,2.35,6.8241666666666667,2.35,6.8241666666666667,1.01,1.7754166666666666]
[2025,6,2,7,45810.291666666591,0.61,"Valid",1.9162499999999998,3.78,"Valid",7.0683333333333342,"","",0.61,1.9162499999999998,3.78,7.0683333333333342,3.78,7.0683333333333342,0.61,1.9162499999999998]
[2025,6,2,8,45810.333333333256,1.72,"Valid",1.9024999999999999,4.34,"Valid",7.0629166666666672,"","",1.72,1.9024999999999999,4.34,7.0629166666666672,4.34,7.0629166666666672,1.72,1.9024999999999999]
[2025,6,2,9,45810.37499999992,4.1399999999999997,"Valid",1.8716666666666664,7.13,"Valid",6.9524999999999997,"","",4.1399999999999997,1.8716666666666664,7.13,6.9524999999999997,7.13,6.9524999999999997,4.1399999999999997,1.8716666666666664]
[2025,6,2,10,45810.416666666584,5.16,"Valid",1.8270833333333332,10.17,"Valid",6.7854166666666664,"","",5.16,1.8270833333333332,10.17,6.7854166666666664,10.17,6.7854166666666664,5.16,1.8270833333333332]
[2025,6,2,11,45810.458333333248,4.7699999999999996,"Valid",1.8499999999999996,9.92,"Valid",6.469999999999998,"","",4.7699999999999996,1.8499999999999996,9.92,6.469999999999998,9.92,6.469999999999998,4.7699999999999996,1.8499999999999996]
[2025,6,2,12,45810.499999999913,4.7699999999999996,"Valid",1.9049999999999994,7.4,"Valid",6.3099999999999987,"","",4.7699999999999996,1.9049999999999994,7.4,6.3099999999999987,7.4,6.3099999999999987,4.7699999999999996,1.9049999999999994]
[2025,6,2,13,45810.541666666577,2.79,"Valid",1.8624999999999998,19,"Valid",6.6333333333333329,"","",2.79,1.8624999999999998,19,6.6333333333333329,19,6.6333333333333329,2.79,1.8624999999999998]
[2025,6,2,14,45810.583333333241,0.88,"Valid",1.7316666666666667,7.99,"Valid",6.0824999999999996,"","",0.88,1.7316666666666667,7.99,6.0824999999999996,7.99,6.0824999999999996,0.88,1.7316666666666667]
[2025,6,2,15,45810.624999999905,1.0900000000000001,"Valid",1.5562500000000004,3.18,"Valid",5.3012500000000005,"","",1.0900000000000001,1.5562500000000004,3.18,5.3012500000000005,3.18,5.3012500000000005,1.0900000000000001,1.5562500000000004]
[2025,6,2,16,45810.66666666657,1.0900000000000001,"Valid",1.4070833333333335,3.61,"Valid",4.8133333333333335,"","",1.0900000000000001,1.4070833333333335,3.61,4.8133333333333335,3.61,4.8133333333333335,1.0900000000000001,1.4070833333333335]
[2025,6,2,17,45810.708333333234,3.77,"Valid",1.5229166666666669,12.19,"Valid",5.1491666666666669,"","",3.77,1.5229166666666669,12.19,5.1491666666666669,12.19,5.1491666666666669,3.77,1.5229166666666669]
[2025,6,2,18,45810.749999999898,1.57,"Valid",1.5850000000000002,8.4499999999999993,"Valid",5.2304166666666676,"","",{"$f":"IF(G44=\"Valid\", F44, NA())","v":1.57},1.5850000000000002,8.4499999999999993,5.2304166666666676,8.4499999999999993,5.2304166666666676,1.57,1.5850000000000002]
[2025,6,2,19,45810.791666666562,2.14,"Valid",1.6525000000000001,6.04,"Valid",5.309166666666667,"","",2.14,1.6525000000000001,6.04,5.309166666666667,6.04,5.309166666666667,2.14,1.6525000000000001]
[2025,6,2,20,45810.833333333227,1.84,"Valid",1.6191666666666669,5.0599999999999996,"Valid",5.3037500000000009,"","",1.84,{"$f":"IF(G46=\"Valid\", H46, NA())","v":1.6191666666666669},{"$f":"IF(J46=\"Valid\", I46, NA())","v":5.0599999999999996},5.3037500000000009,5.0599999999999996,5.3037500000000009,1.84,1.6191666666666669]
[2025,6,2,21,45810.874999999891,1.64,"Valid",1.6133333333333333,2.95,"Valid",5.2104166666666671,"","",1.64,1.6133333333333333,2.95,5.2104166666666671,2.95,5.2104166666666671,1.64,1.6133333333333333]
[2025,6,2,22,45810.916666666555,-0.7,"Valid",1.4883333333333333,0.73,"Valid",5.0733333333333341,"","",-0.7,1.4883333333333333,0.73,5.0733333333333341,0.73,5.0733333333333341,-0.7,1.4883333333333333]
[2025,6,2,23,45810.958333333219,3.48,"Valid",1.5599999999999998,4.6900000000000004,"Valid",5.151250000000001,"","",3.48,1.5599999999999998,4.6900000000000004,5.151250000000001,4.6900000000000004,5.151250000000001,3.48,1.5599999999999998]
[2025,6,3,0,45810.999999999884,-7.0000000000000007E-2,"Valid",1.4829166666666662,1.76,"Valid",5.0658333333333347,"","",-7.0000000000000007E-2,1.4829166666666662,1.76,5.0658333333333347,1.76,5.0658333333333347,-7.0000000000000007E-2,1.4829166666666662]
[2025,6,3,1,45811.041666666548,-0.44,"Valid",1.5449999999999999,1.0900000000000001,"Valid",5.1404166666666677,"","",-0.44,1.5449999999999999,1.0900000000000001,5.1404166666666677,1.0900000000000001,5.1404166666666677,-0.44,1.5449999999999999]
[2025,6,3,2,45811.083333333212,-0.44,"Valid",1.5891666666666666,-0.55000000000000004,"Valid",5.1029166666666681,"","",-0.44,1.5891666666666666,-0.55000000000000004,5.1029166666666681,-0.55000000000000004,5.1029166666666681,-0.44,1.5891666666666666]
[2025,6,3,3,45811.124999999876,1.76,"Valid",1.6912499999999999,4.1100000000000003,"Valid",5.2541666666666673,"","",1.76,1.6912499999999999,4.1100000000000003,5.2541666666666673,4.1100000000000003,5.2541666666666673,1.76,1.6912499999999999]
[2025,6,3,4,45811.166666666541,1.76,"Valid",1.8491666666666664,-3,"Valid",5.1620833333333342,"","",1.76,1.8491666666666664,-3,5.1620833333333342,-3,5.1620833333333342,1.76,1.8491666666666664]
[2025,6,3,5,45811.208333333205,-3.26,"Valid",1.7116666666666667,-2.42,"Valid",4.9987500000000011,"","",-3.26,1.7116666666666667,-2.42,4.9987500000000011,-2.42,4.9987500000000011,-3.26,1.7116666666666667]
[2025,6,3,6,45811.249999999869,2.23,"Valid",1.7624999999999995,2.9,"Valid",5.0216666666666683,"","",2.23,1.7624999999999995,2.9,5.0216666666666683,2.9,5.0216666666666683,2.23,1.7624999999999995]
[2025,6,3,7,45811.291666666533,-3.17,"Valid",1.6049999999999995,-2.4300000000000002,"Valid",4.7629166666666682,"","",-3.17,1.6049999999999995,-2.4300000000000002,4.7629166666666682,-2.4300000000000002,4.7629166666666682,-3.17,1.6049999999999995]
[2025,6,3,8,45811.333333333198,3.8,"Valid",1.6916666666666662,4.57,"Valid",4.7725000000000009,"","",3.8,1.6916666666666662,4.57,4.7725000000000009,4.57,4.7725000000000009,3.8,1.6916666666666662]
[2025,6,3,9,45811.374999999862,-1.48,"Valid",1.4574999999999998,-0.67,"Valid",4.4475000000000007,"","",-1.48,1.4574999999999998,-0.67,4.4475000000000007,-0.67,4.4475000000000007,-1.48,1.4574999999999998]
[2025,6,3,10,45811.416666666526,2.11,"Valid",1.330416666666667,-0.67,"Valid",3.9958333333333336,"","",2.11,1.330416666666667,-0.67,3.9958333333333336,-0.67,3.9958333333333336,2.11,1.330416666666667]
[2025,6,3,11,45811.45833333319,-0.06,"Valid",1.1291666666666669,0.19,"Valid",3.5904166666666675,"","",-0.06,1.1291666666666669,0.19,3.5904166666666675,0.19,3.5904166666666675,-0.06,1.1291666666666669]
[2025,6,3,12,45811.499999999854,0.32,"Valid",0.94375000000000009,1.42,"Valid",3.3412500000000005,"","",0.32,0.94375000000000009,1.42,3.3412500000000005,1.42,3.3412500000000005,0.32,0.94375000000000009]
[2025,6,3,13,45811.541666666519,0.32,"Valid",0.84083333333333332,6.99,"Valid",2.8408333333333329,"","",0.32,0.84083333333333332,6.99,2.8408333333333329,6.99,2.8408333333333329,0.32,0.84083333333333332]
[2025,6,3,14,45811.583333333183,4.7,"Valid",1.0000000000000002,5.62,"Valid",2.7420833333333334,"","",4.7,1.0000000000000002,5.62,2.7420833333333334,5.62,2.7420833333333334,4.7,1.0000000000000002]
[2025,6,3,15,45811.624999999847,4.7,"Valid",1.1504166666666666,5.62,"Valid",2.84375,"","",4.7,1.1504166666666666,5.62,2.84375,5.62,2.84375,4.7,1.1504166666666666]
[2025,6,3,16,45811.666666666511,4.21,"Valid",1.2804166666666668,6.18,"Valid",2.9508333333333332,"","",4.21,{"$f":"IF(G66=\"Valid\", H66, NA())","v":1.2804166666666668},{"$f":"IF(J66=\"Valid\", I66, NA())","v":6.18},{"$f":"IF(J66=\"Valid\", K66, NA())","v":2.9508333333333332},6.18,2.9508333333333332,4.21,1.2804166666666668]
[2025,6,3,17,45811.708333333176,-1.81,"Valid",1.0479166666666668,-0.05,"Valid",2.440833333333333,"","",-1.81,1.0479166666666668,-0.05,2.440833333333333,-0.05,2.440833333333333,-1.81,1.0479166666666668]
[2025,6,3,{"$f":"IF(D67=23,0,D67+1)","v":18},{"$f":"E67+0.0416666666666666","v":45811.74999999984},3.23,"Valid",1.1170833333333334,4.45,"Valid",2.2741666666666664,"","",3.23,1.1170833333333334,4.45,2.2741666666666664,4.45,2.2741666666666664,3.23,1.1170833333333334]
[2025,6,3,19,45811.791666666504,5.16,"Valid",1.2429166666666667,5.87,"Valid",2.2670833333333333,"","",5.16,1.2429166666666667,5.87,2.2670833333333333,5.87,2.2670833333333333,5.16,1.2429166666666667]
[2025,6,3,20,45811.833333333168,2.61,"Valid",1.2750000000000001,3.87,"Valid",2.2175000000000002,"","",2.61,1.2750000000000001,3.87,2.2175000000000002,3.87,2.2175000000000002,2.61,1.2750000000000001]
[2025,6,3,21,45811.874999999833,-4.0999999999999996,"Valid",1.0358333333333336,-2.52,"Valid",1.9895833333333333,"","",-4.0999999999999996,1.0358333333333336,-2.52,1.9895833333333333,-2.52,1.9895833333333333,-4.0999999999999996,1.0358333333333336]
[2025,6,3,22,45811.916666666497,4.6500000000000004,"Valid",1.25875,6.09,"Valid",2.2129166666666666,"","",4.6500000000000004,1.25875,6.09,2.2129166666666666,6.09,2.2129166666666666,4.6500000000000004,1.25875]
[2025,6,3,23,45811.958333333161,4.32,"Valid",1.29375,5.78,"Valid",2.2583333333333329,"","",4.32,1.29375,5.78,2.2583333333333329,5.78,2.2583333333333329,4.32,1.29375]
[2025,6,4,0,45811.999999999825,-0.32,"Valid",1.2833333333333332,1.18,"Valid",2.2341666666666664,"","",-0.32,1.2833333333333332,1.18,2.2341666666666664,1.18,2.2341666666666664,-0.32,1.2833333333333332]
[2025,6,4,1,45812.04166666649,3.38,"Valid",1.4424999999999999,4.83,"Valid",2.3899999999999997,"","",3.38,1.4424999999999999,4.83,2.3899999999999997,4.83,2.3899999999999997,3.38,1.4424999999999999]
[2025,6,4,2,45812.083333333154,2.31,"Valid",1.5570833333333336,3.24,"Valid",2.5479166666666662,"","",2.31,1.5570833333333336,3.24,2.5479166666666662,3.24,2.5479166666666662,2.31,1.5570833333333336]
[2025,6,4,3,45812.124999999818,2.31,"Valid",1.58,1.34,"Valid",2.4324999999999997,"","",2.31,1.58,1.34,2.4324999999999997,1.34,2.4324999999999997,2.31,1.58]
[2025,6,4,4,45812.166666666482,0.88,"Valid",1.5433333333333332,1.36,"Valid",2.6141666666666663,"","",0.88,1.5433333333333332,1.36,2.6141666666666663,1.36,2.6141666666666663,0.88,1.5433333333333332]
[2025,6,4,5,45812.208333333147,0.88,"Valid",1.7158333333333335,2.6,"Valid",2.8233333333333328,"","",0.88,1.7158333333333335,2.6,2.8233333333333328,2.6,2.8233333333333328,0.88,1.7158333333333335]
[2025,6,4,6,45812.249999999811,1.68,"Valid",1.6929166666666671,3.53,"Valid",2.8495833333333329,"","",1.68,1.6929166666666671,3.53,2.8495833333333329,3.53,2.8495833333333329,1.68,1.6929166666666671]
[2025,6,4,7,45812.291666666475,4.13,"Valid",1.997083333333334,5.56,"Valid",3.1824999999999997,"","",4.13,1.997083333333334,5.56,3.1824999999999997,5.56,3.1824999999999997,4.13,1.997083333333334]
[2025,6,4,8,45812.333333333139,0.97,"Valid",1.8791666666666667,4.16,"Valid",3.1654166666666659,"","",0.97,1.8791666666666667,4.16,3.1654166666666659,4.16,3.1654166666666659,0.97,1.8791666666666667]
[2025,6,4,9,45812.374999999804,3.27,"Valid",2.0770833333333338,6.45,"Valid",3.4620833333333327,"","",3.27,2.0770833333333338,6.45,3.4620833333333327,6.45,3.4620833333333327,3.27,2.0770833333333338]
[2025,6,4,10,45812.416666666468,5.14,"Valid",2.2033333333333336,8.23,"Valid",3.8329166666666663,"","",5.14,2.2033333333333336,8.23,3.8329166666666663,8.23,3.8329166666666663,5.14,2.2033333333333336]
[2025,6,4,11,45812.458333333132,1.8,"Valid",2.2808333333333333,5.13,"Valid",4.0387499999999994,"","",1.8,2.2808333333333333,5.13,4.0387499999999994,5.13,4.0387499999999994,1.8,2.2808333333333333]
[2025,6,4,12,45812.499999999796,7.57,"Valid",2.5829166666666667,10.85,"Valid",4.4316666666666658,"","",7.57,2.5829166666666667,10.85,4.4316666666666658,10.85,4.4316666666666658,7.57,2.5829166666666667]
[2025,6,4,13,45812.541666666461,2.6,"Valid",2.6779166666666665,5.53,"Valid",4.3708333333333336,"","",2.6,2.6779166666666665,5.53,4.3708333333333336,5.53,4.3708333333333336,2.6,2.6779166666666665]
[2025,6,4,14,45812.583333333125,2.04,"Valid",2.5670833333333332,3.2,"Valid",4.2700000000000005,"","",2.04,2.5670833333333332,3.2,4.2700000000000005,3.2,4.2700000000000005,2.04,2.5670833333333332]
[2025,6,4,15,45812.624999999789,4.76,"Valid",2.5695833333333331,7.58,"Valid",4.3516666666666675,"","",4.76,2.5695833333333331,7.58,4.3516666666666675,7.58,4.3516666666666675,4.76,2.5695833333333331]
[2025,6,4,16,45812.666666666453,1.46,"Valid",2.4549999999999996,6.31,"Valid",4.3570833333333336,"","",1.46,2.4549999999999996,6.31,4.3570833333333336,6.31,4.3570833333333336,1.46,2.4549999999999996]
[2025,6,{"$f":"C67+1","v":4},17,45812.708333333117,2.41,"Valid",2.6308333333333334,4.3099999999999996,"Valid",4.5387500000000012,"","",2.41,2.6308333333333334,4.3099999999999996,4.5387500000000012,4.3099999999999996,4.5387500000000012,2.41,2.6308333333333334]
[2025,6,4,18,45812.749999999782,3.26,"Valid",2.6320833333333331,4.59,"Valid",4.5445833333333336,"","",3.26,2.6320833333333331,4.59,4.5445833333333336,4.59,4.5445833333333336,3.26,2.6320833333333331]
[2025,6,4,19,45812.791666666446,-0.55000000000000004,"Valid",2.3941666666666661,-0.36,"Valid",4.285000000000001,"","",-0.55000000000000004,2.3941666666666661,-0.36,4.285000000000001,-0.36,4.285000000000001,-0.55000000000000004,2.3941666666666661]
[2025,6,4,20,45812.83333333311,3.24,"Valid",2.4204166666666667,3.59,"Valid",4.2733333333333343,"","",3.24,2.4204166666666667,3.59,4.2733333333333343,3.59,4.2733333333333343,3.24,2.4204166666666667]
[2025,6,4,21,45812.874999999774,1.91,"Valid",2.6708333333333329,2.21,"Valid",4.4704166666666678,"","",1.91,2.6708333333333329,2.21,4.4704166666666678,2.21,4.4704166666666678,1.91,2.6708333333333329]
[2025,6,4,22,45812.916666666439,-0.26,"Valid",2.4662500000000001,0.14000000000000001,"Valid",4.222500000000001,"","",-0.26,2.4662500000000001,0.14000000000000001,4.222500000000001,0.14000000000000001,4.222500000000001,-0.26,2.4662500000000001]
[2025,6,4,23,45812.958333333103,-0.26,"Valid",2.2754166666666666,4.7300000000000004,"Valid",4.1787500000000009,"","",-0.26,2.2754166666666666,4.7300000000000004,4.1787500000000009,4.7300000000000004,4.1787500000000009,-0.26,2.2754166666666666]
[2025,6,5,0,45812.999999999767,-0.62,"Valid",2.2629166666666669,-0.21,"Valid",4.1208333333333345,"","",-0.62,2.2629166666666669,-0.21,4.1208333333333345,-0.21,4.1208333333333345,-0.62,2.2629166666666669]
[2025,6,5,1,45813.041666666431,-0.62,"Valid",2.0962500000000008,2.06,"Valid",4.005416666666668,"","",-0.62,2.0962500000000008,2.06,4.005416666666668,2.06,4.005416666666668,-0.62,2.0962500000000008]
[2025,6,5,2,45813.083333333096,4.91,"Valid",2.2045833333333338,4.28,"Valid",4.048750000000001,"","",4.91,2.2045833333333338,4.28,4.048750000000001,4.28,4.048750000000001,4.91,2.2045833333333338]
[2025,6,5,3,45813.12499999976,1.32,"Valid",2.1633333333333336,1.95,"Valid",4.0741666666666676,"","",1.32,2.1633333333333336,1.95,4.0741666666666676,1.95,4.0741666666666676,1.32,2.1633333333333336]
[2025,6,5,4,45813.166666666424,4.47,"Valid",2.3129166666666672,4.87,"Valid",4.2204166666666678,"","",4.47,2.3129166666666672,4.87,4.2204166666666678,4.87,4.2204166666666678,4.47,2.3129166666666672]
[2025,6,5,5,45813.208333333088,2.88,"Valid",2.3962500000000002,2.83,"Valid",4.2300000000000013,"","",2.88,2.3962500000000002,2.83,4.2300000000000013,2.83,4.2300000000000013,2.88,2.3962500000000002]
[2025,6,5,6,45813.249999999753,4.53,"Valid",2.5150000000000006,4.17,"Valid",4.2566666666666677,"","",4.53,2.5150000000000006,4.17,4.2566666666666677,4.17,4.2566666666666677,4.53,2.5150000000000006]
[2025,6,5,7,45813.291666666417,2.64,"Valid",2.4529166666666669,2.84,"Valid",4.1433333333333344,"","",2.64,2.4529166666666669,2.84,4.1433333333333344,2.84,4.1433333333333344,2.64,2.4529166666666669]
[2025,6,5,8,45813.333333333081,{"$f":"NA()","v":{"$error":"#N/A"}},"Invalid",{"$f":"NA()","v":{"$error":"#N/A"}},{"$f":"NA()","v":{"$error":"#N/A"}},"Invalid",{"$f":"NA()","v":{"$error":"#N/A"}},"Power Failure","Power outage - system reset",{"$error":"#N/A"},{"$error":"#N/A"},{"$error":"#N/A"},{"$error":"#N/A"}]
[2025,6,5,9,45813.374999999745,{"$f":"NA()","v":{"$error":"#N/A"}},"Invalid",{"$f":"NA()","v":{"$error":"#N/A"}},{"$f":"NA()","v":{"$error":"#N/A"}},"Invalid",{"$f":"NA()","v":{"$error":"#N/A"}},"Power Failure","Power outage - system reset",{"$error":"#N/A"},{"$error":"#N/A"},{"$error":"#N/A"},{"$error":"#N/A"}]
[2025,6,5,10,45813.41666666641,{"$f":"NA()","v":{"$error":"#N/A"}},"Invalid",{"$f":"NA()","v":{"$error":"#N/A"}},{"$f":"NA()","v":{"$error":"#N/A"}},"Invalid",{"$f":"NA()","v":{"$error":"#N/A"}},"Power Failure","Power outage - system reset",{"$f":"IF(G108=\"Valid\", F108, NA())","v":{"$error":"#N/A"}},{"$error":"#N/A"},{"$error":"#N/A"},{"$error":"#N/A"}]
[2025,6,5,11,45813.458333333074,{"$f":"NA()","v":{"$error":"#N/A"}},"Invalid",{"$f":"NA()","v":{"$error":"#N/A"}},{"$f":"NA()","v":{"$error":"#N/A"}},"Invalid",{"$f":"NA()","v":{"$error":"#N/A"}},"Power Failure","Power outage - system reset",{"$error":"#N/A"},{"$error":"#N/A"},{"$error":"#N/A"},{"$error":"#N/A"}]
[2025,6,5,12,45813.499999999738,{"$f":"NA()","v":{"$error":"#N/A"}},"Invalid",{"$f":"NA()","v":{"$error":"#N/A"}},{"$f":"NA()","v":{"$error":"#N/A"}},"Invalid",{"$f":"NA()","v":{"$error":"#N/A"}},"Power Failure","Power outage - system reset",{"$error":"#N/A"},{"$error":"#N/A"},{"$error":"#N/A"},{"$error":"#N/A"}]
[2025,6,5,13,45813.541666666402,{"$f":"NA()","v":{"$error":"#N/A"}},"Invalid",{"$f":"NA()","v":{"$error":"#N/A"}},{"$f":"NA()","v":{"$error":"#N/A"}},"Invalid",{"$f":"NA()","v":{"$error":"#N/A"}},"Power Failure","Power outage - system reset",{"$error":"#N/A"},{"$error":"#N/A"},{"$error":"#N/A"},{"$error":"#N/A"}]
[2025,6,5,14,45813.583333333067,{"$f":"NA()","v":{"$error":"#N/A"}},"Invalid",{"$f":"NA()","v":{"$error":"#N/A"}},{"$f":"NA()","v":{"$error":"#N/A"}},"Invalid",{"$f":"NA()","v":{"$error":"#N/A"}},"Power Failure","Power outage - system reset & <18hrs of valid 1hr data for 24hr rolling average ",{"$error":"#N/A"},{"$error":"#N/A"},{"$error":"#N/A"},{"$error":"#N/A"}]
[2025,6,5,15,45813.624999999731,{"$f":"NA()","v":{"$error":"#N/A"}},"Invalid",{"$f":"NA()","v":{"$error":"#N/A"}},{"$f":"NA()","v":{"$error":"#N/A"}},"Invalid",{"$f":"NA()","v":{"$error":"#N/A"}},"Power Failure","Power outage - system reset & <18hrs of valid 1hr data for 24hr rolling average ",{"$error":"#N/A"},{"$error":"#N/A"},{"$error":"#N/A"},{"$error":"#N/A"}]
[2025,6,5,16,45813.666666666395,{"$f":"NA()","v":{"$error":"#N/A"}},"Invalid",{"$f":"NA()","v":{"$error":"#N/A"}},{"$f":"NA()","v":{"$error":"#N/A"}},"Invalid",{"$f":"NA()","v":{"$error":"#N/A"}},"Power Failure","Power outage - system reset & <18hrs of valid 1hr data for 24hr rolling average ",{"$error":"#N/A"},{"$error":"#N/A"},{"$error":"#N/A"},{"$error":"#N/A"}]
[2025,6,5,17,45813.708333333059,{"$f":"NA()","v":{"$error":"#N/A"}},"Invalid",{"$f":"NA()","v":{"$error":"#N/A"}},{"$f":"NA()","v":{"$error":"#N/A"}},"Invalid",{"$f":"NA()","v":{"$error":"#N/A"}},"Power Failure","Power outage - system reset & <18hrs of valid 1hr data for 24hr rolling average ",{"$error":"#N/A"},{"$error":"#N/A"},{"$error":"#N/A"},{"$error":"#N/A"}]
[2025,6,5,18,45813.749999999724,{"$f":"NA()","v":{"$error":"#N/A"}},"Invalid",{"$f":"NA()","v":{"$error":"#N/A"}},{"$f":"NA()","v":{"$error":"#N/A"}},"Invalid",{"$f":"NA()","v":{"$error":"#N/A"}},"Calibration Error","System Reset & <18hr of valid 1hr data for 24-hr rolling average",{"$error":"#N/A"},{"$error":"#N/A"},{"$error":"#N/A"},{"$error":"#N/A"}]
[2025,6,5,19,45813.791666666388,{"$f":"NA()","v":{"$error":"#N/A"}},"Invalid",{"$f":"NA()","v":{"$error":"#N/A"}},{"$f":"NA()","v":{"$error":"#N/A"}},"Invalid",{"$f":"NA()","v":{"$error":"#N/A"}},"Calibration Error","System Reset & <18hr of valid 1hr data for 24-hr rolling average",{"$error":"#N/A"},{"$error":"#N/A"},{"$error":"#N/A"},{"$error":"#N/A"}]
[2025,6,5,20,45813.833333333052,{"$f":"NA()","v":{"$error":"#N/A"}},"Invalid",{"$f":"NA()","v":{"$error":"#N/A"}},{"$f":"NA()","v":{"$error":"#N/A"}},"Invalid",{"$f":"NA()","v":{"$error":"#N/A"}},"Calibration Error","System Reset & <18hr of valid 1hr data for 24-hr rolling average",{"$error":"#N/A"},{"$error":"#N/A"},{"$error":"#N/A"},{"$error":"#N/A"}]
[2025,6,5,21,45813.874999999716,{"$f":"NA()","v":{"$error":"#N/A"}},"Invalid",{"$f":"NA()","v":{"$error":"#N/A"}},{"$f":"NA()","v":{"$error":"#N/A"}},"Invalid",{"$f":"NA()","v":{"$error":"#N/A"}},"Calibration Error","System Reset & <18hr of valid 1hr data for 24-hr rolling average",{"$error":"#N/A"},{"$error":"#N/A"},{"$error":"#N/A"},{"$error":"#N/A"}]
[2025,6,5,22,45813.91666666638,{"$f":"NA()","v":{"$error":"#N/A"}},"Invalid",{"$f":"NA()","v":{"$error":"#N/A"}},{"$f":"NA()","v":{"$error":"#N/A"}},"Invalid",{"$f":"NA()","v":{"$error":"#N/A"}},"Calibration Error","System Reset & <18hr of valid 1hr data for 24-hr rolling average",{"$error":"#N/A"},{"$error":"#N/A"},{"$error":"#N/A"},{"$error":"#N/A"}]
[2025,6,5,23,45813.958333333045,{"$f":"NA()","v":{"$error":"#N/A"}},"Invalid",{"$f":"NA()","v":{"$error":"#N/A"}},{"$f":"NA()","v":{"$error":"#N/A"}},"Invalid",{"$f":"NA()","v":{"$error":"#N/A"}},"Calibration Error","System Reset & <18hr of valid 1hr data for 24-hr rolling average",{"$error":"#N/A"},{"$error":"#N/A"},{"$error":"#N/A"},{"$error":"#N/A"}]
[2025,6,6,0,45813.999999999709,{"$f":"NA()","v":{"$error":"#N/A"}},"Invalid",{"$f":"NA()","v":{"$error":"#N/A"}},{"$f":"NA()","v":{"$error":"#N/A"}},"Invalid",{"$f":"NA()","v":{"$error":"#N/A"}},"Calibration Error","System Reset & <18hr of valid 1hr data for 24-hr rolling average",{"$f":"IF(G122=\"Valid\", F122, NA())","v":{"$error":"#N/A"}},{"$error":"#N/A"},{"$error":"#N/A"},{"$error":"#N/A"}]
[2025,6,6,1,45814.041666666373,{"$f":"NA()","v":{"$error":"#N/A"}},"Invalid",{"$f":"NA()","v":{"$error":"#N/A"}},{"$f":"NA()","v":{"$error":"#N/A"}},"Invalid",{"$f":"NA()","v":{"$error":"#N/A"}},"Calibration Error","System Reset & <18hr of valid 1hr data for 24-hr rolling average",{"$error":"#N/A"},{"$error":"#N/A"},{"$error":"#N/A"},{"$error":"#N/A"}]
[2025,6,6,2,45814.083333333037,{"$f":"NA()","v":{"$error":"#N/A"}},"Invalid",{"$f":"NA()","v":{"$error":"#N/A"}},{"$f":"NA()","v":{"$error":"#N/A"}},"Invalid",{"$f":"NA()","v":{"$error":"#N/A"}},"Calibration Error","System Reset & <18hr of valid 1hr data for 24-hr rolling average",{"$error":"#N/A"},{"$error":"#N/A"},{"$error":"#N/A"},{"$error":"#N/A"}]
[2025,6,6,3,45814.124999999702,{"$f":"NA()","v":{"$error":"#N/A"}},"Invalid",{"$f":"NA()","v":{"$error":"#N/A"}},{"$f":"NA()","v":{"$error":"#N/A"}},"Invalid",{"$f":"NA()","v":{"$error":"#N/A"}},"Calibration Error","System Reset & <18hr of valid 1hr data for 24-hr rolling average",{"$error":"#N/A"},{"$error":"#N/A"},{"$error":"#N/A"},{"$error":"#N/A"}]
[2025,6,6,4,45814.166666666366,{"$f":"NA()","v":{"$error":"#N/A"}},"Invalid",{"$f":"NA()","v":{"$error":"#N/A"}},{"$f":"NA()","v":{"$error":"#N/A"}},"Invalid",{"$f":"NA()","v":{"$error":"#N/A"}},"Calibration Error","System Reset & <18hr of valid 1hr data for 24-hr rolling average",{"$error":"#N/A"},{"$error":"#N/A"},{"$error":"#N/A"},{"$error":"#N/A"}]
[2025,6,6,5,45814.20833333303,{"$f":"NA()","v":{"$error":"#N/A"}},"Invalid",{"$f":"NA()","v":{"$error":"#N/A"}},{"$f":"NA()","v":{"$error":"#N/A"}},"Invalid",{"$f":"NA()","v":{"$error":"#N/A"}},"Calibration Error","System Reset & <18hr of valid 1hr data for 24-hr rolling average",{"$error":"#N/A"},{"$error":"#N/A"},{"$error":"#N/A"},{"$error":"#N/A"}]
[2025,6,6,6,45814.249999999694,{"$f":"NA()","v":{"$error":"#N/A"}},"Invalid",{"$f":"NA()","v":{"$error":"#N/A"}},{"$f":"NA()","v":{"$error":"#N/A"}},"Invalid",{"$f":"NA()","v":{"$error":"#N/A"}},"Calibration Error","System Reset & <18hr of valid 1hr data for 24-hr rolling average",{"$error":"#N/A"},{"$error":"#N/A"},{"$error":"#N/A"},{"$error":"#N/A"}]
[2025,6,6,7,45814.291666666359,{"$f":"NA()","v":{"$error":"#N/A"}},"Invalid",{"$f":"NA()","v":{"$error":"#N/A"}},{"$f":"NA()","v":{"$error":"#N/A"}},"Invalid",{"$f":"NA()","v":{"$error":"#N/A"}},"Calibration Error","System Reset & <18hr of valid 1hr data for 24-hr rolling average",{"$error":"#N/A"},{"$error":"#N/A"},{"$error":"#N/A"},{"$error":"#N/A"}]
[2025,6,6,8,45814.333333333023,{"$f":"NA()","v":{"$error":"#N/A"}},"Invalid",{"$f":"NA()","v":{"$error":"#N/A"}},{"$f":"NA()","v":{"$error":"#N/A"}},"Invalid",{"$f":"NA()","v":{"$error":"#N/A"}},"Power Failure","Power outage - system reset & <18hrs of valid 1hr data for 24hr rolling average ",{"$f":"IF(G130=\"Valid\", F130, NA())","v":{"$error":"#N/A"}},{"$f":"IF(G130=\"Valid\", H130, NA())","v":{"$error":"#N/A"}},{"$f":"IF(J130=\"Valid\", I130, NA())","v":{"$error":"#N/A"}},{"$f":"IF(J130=\"Valid\", K130, NA())","v":{"$error":"#N/A"}}]
[2025,6,6,9,45814.374999999687,{"$f":"NA()","v":{"$error":"#N/A"}},"Invalid",{"$f":"NA()","v":{"$error":"#N/A"}},{"$f":"NA()","v":{"$error":"#N/A"}},"Invalid",{"$f":"NA()","v":{"$error":"#N/A"}},"Power Failure","Power outage - system reset & <18hrs of valid 1hr data for 24hr rolling average ",{"$error":"#N/A"},{"$error":"#N/A"},{"$error":"#N/A"},{"$error":"#N/A"}]
[2025,6,6,{"$f":"IF(D131=23,0,D131+1)","v":10},{"$f":"E131+0.0416666666666666","v":45814.416666666351},{"$f":"NA()","v":{"$error":"#N/A"}},"Invalid",{"$f":"NA()","v":{"$error":"#N/A"}},{"$f":"NA()","v":{"$error":"#N/A"}},"Invalid",{"$f":"NA()","v":{"$error":"#N/A"}},"Power Failure","Power outage - system reset & <18hrs of valid 1hr data for 24hr rolling average ",{"$error":"#N/A"},{"$error":"#N/A"},{"$error":"#N/A"},{"$error":"#N/A"}]
[2025,6,6,11,45814.458333333016,{"$f":"NA()","v":{"$error":"#N/A"}},"Invalid",{"$f":"NA()","v":{"$error":"#N/A"}},{"$f":"NA()","v":{"$error":"#N/A"}},"Invalid",{"$f":"NA()","v":{"$error":"#N/A"}},"Power Failure","Power outage - system reset & <18hrs of valid 1hr data for 24hr rolling average ",{"$error":"#N/A"},{"$error":"#N/A"},{"$error":"#N/A"},{"$error":"#N/A"}]
[2025,6,6,12,45814.49999999968,{"$f":"NA()","v":{"$error":"#N/A"}},"Invalid",{"$f":"NA()","v":{"$error":"#N/A"}},{"$f":"NA()","v":{"$error":"#N/A"}},"Invalid",{"$f":"NA()","v":{"$error":"#N/A"}},"Power Failure","Power outage - system reset & <18hrs of valid 1hr data for 24hr rolling average ",{"$error":"#N/A"},{"$error":"#N/A"},{"$error":"#N/A"},{"$error":"#N/A"}]
[2025,6,6,13,45814.541666666344,{"$f":"NA()","v":{"$error":"#N/A"}},"Invalid",{"$f":"NA()","v":{"$error":"#N/A"}},{"$f":"NA()","v":{"$error":"#N/A"}},"Invalid",{"$f":"NA()","v":{"$error":"#N/A"}},"Power Failure","Power outage - system reset & <18hrs of valid 1hr data for 24hr rolling average ",{"$error":"#N/A"},{"$error":"#N/A"},{"$error":"#N/A"},{"$error":"#N/A"}]
[2025,6,6,14,45814.583333333008,{"$f":"NA()","v":{"$error":"#N/A"}},"Invalid",{"$f":"NA()","v":{"$error":"#N/A"}},{"$f":"NA()","v":{"$error":"#N/A"}},"Invalid",{"$f":"NA()","v":{"$error":"#N/A"}},"Power Failure","Power outage - system reset & <18hrs of valid 1hr data for 24hr rolling average ",{"$error":"#N/A"},{"$error":"#N/A"},{"$error":"#N/A"},{"$error":"#N/A"}]
[2025,6,6,15,45814.624999999673,{"$f":"NA()","v":{"$error":"#N/A"}},"Invalid",{"$f":"NA()","v":{"$error":"#N/A"}},{"$f":"NA()","v":{"$error":"#N/A"}},"Invalid",{"$f":"NA()","v":{"$error":"#N/A"}},"Power Failure","Power outage - system reset & <18hrs of valid 1hr data for 24hr rolling average ",{"$error":"#N/A"},{"$error":"#N/A"},{"$error":"#N/A"},{"$error":"#N/A"}]
[2025,6,6,16,45814.666666666337,{"$f":"NA()","v":{"$error":"#N/A"}},"Invalid",{"$f":"NA()","v":{"$error":"#N/A"}},{"$f":"NA()","v":{"$error":"#N/A"}},"Invalid",{"$f":"NA()","v":{"$error":"#N/A"}},"Calibration Error","System Reset & <18hr of valid 1hr data for 24-hr rolling average",{"$error":"#N/A"},{"$error":"#N/A"},{"$error":"#N/A"},{"$error":"#N/A"}]
[2025,6,6,17,45814.708333333001,{"$f":"NA()","v":{"$error":"#N/A"}},"Invalid",{"$f":"NA()","v":{"$error":"#N/A"}},{"$f":"NA()","v":{"$error":"#N/A"}},"Invalid",{"$f":"NA()","v":{"$error":"#N/A"}},"Calibration Error","System Reset & <18hr of valid 1hr data for 24-hr rolling average",{"$error":"#N/A"},{"$error":"#N/A"},{"$error":"#N/A"},{"$error":"#N/A"}]
[2025,6,6,18,45814.749999999665,{"$f":"NA()","v":{"$error":"#N/A"}},"Invalid",{"$f":"NA()","v":{"$error":"#N/A"}},{"$f":"NA()","v":{"$error":"#N/A"}},"Invalid",{"$f":"NA()","v":{"$error":"#N/A"}},"Calibration Error","System Reset & <18hr of valid 1hr data for 24-hr rolling average",{"$error":"#N/A"},{"$error":"#N/A"},{"$error":"#N/A"},{"$error":"#N/A"}]
[2025,6,6,19,45814.79166666633,{"$f":"NA()","v":{"$error":"#N/A"}},"Invalid",{"$f":"NA()","v":{"$error":"#N/A"}},{"$f":"NA()","v":{"$error":"#N/A"}},"Invalid",{"$f":"NA()","v":{"$error":"#N/A"}},"Calibration Error","System Reset & <18hr of valid 1hr data for 24-hr rolling average",{"$error":"#N/A"},{"$error":"#N/A"},{"$error":"#N/A"},{"$error":"#N/A"}]
[2025,6,6,20,45814.833333332994,{"$f":"NA()","v":{"$error":"#N/A"}},"Invalid",{"$f":"NA()","v":{"$error":"#N/A"}},{"$f":"NA()","v":{"$error":"#N/A"}},"Invalid",{"$f":"NA()","v":{"$error":"#N/A"}},"Calibration Error","System Reset & <18hr of valid 1hr data for 24-hr rolling average",{"$error":"#N/A"},{"$error":"#N/A"},{"$error":"#N/A"},{"$error":"#N/A"}]
[2025,6,6,21,45814.874999999658,{"$f":"NA()","v":{"$error":"#N/A"}},"Invalid",{"$f":"NA()","v":{"$error":"#N/A"}},{"$f":"NA()","v":{"$error":"#N/A"}},"Invalid",{"$f":"NA()","v":{"$error":"#N/A"}},"Calibration Error","System Reset & <18hr of valid 1hr data for 24-hr rolling average",{"$error":"#N/A"},{"$error":"#N/A"},{"$error":"#N/A"},{"$error":"#N/A"}]
[2025,6,6,22,45814.916666666322,{"$f":"NA()","v":{"$error":"#N/A"}},"Invalid",{"$f":"NA()","v":{"$error":"#N/A"}},{"$f":"NA()","v":{"$error":"#N/A"}},"Invalid",{"$f":"NA()","v":{"$error":"#N/A"}},"Calibration Error","System Reset & <18hr of valid 1hr data for 24-hr rolling average",{"$error":"#N/A"},{"$error":"#N/A"},{"$error":"#N/A"},{"$error":"#N/A"}]
[2025,6,6,23,45814.958333332987,{"$f":"NA()","v":{"$error":"#N/A"}},"Invalid",{"$f":"NA()","v":{"$error":"#N/A"}},{"$f":"NA()","v":{"$error":"#N/A"}},"Invalid",{"$f":"NA()","v":{"$error":"#N/A"}},"Calibration Error","System Reset & <18hr of valid 1hr data for 24-hr rolling average",{"$error":"#N/A"},{"$error":"#N/A"},{"$error":"#N/A"},{"$error":"#N/A"}]
[2025,6,7,0,45814.999999999651,{"$f":"NA()","v":{"$error":"#N/A"}},"Invalid",{"$f":"NA()","v":{"$error":"#N/A"}},{"$f":"NA()","v":{"$error":"#N/A"}},"Invalid",{"$f":"NA()","v":{"$error":"#N/A"}},"Calibration Error","System Reset & <18hr of valid 1hr data for 24-hr rolling average",{"$error":"#N/A"},{"$error":"#N/A"},{"$error":"#N/A"},{"$error":"#N/A"}]
[2025,6,7,1,45815.041666666315,{"$f":"NA()","v":{"$error":"#N/A"}},"Invalid",{"$f":"NA()","v":{"$error":"#N/A"}},{"$f":"NA()","v":{"$error":"#N/A"}},"Invalid",{"$f":"NA()","v":{"$error":"#N/A"}},"Calibration Error","System Reset & <18hr of valid 1hr data for 24-hr rolling average",{"$error":"#N/A"},{"$error":"#N/A"},{"$error":"#N/A"},{"$error":"#N/A"}]
[2025,6,7,2,45815.083333332979,{"$f":"NA()","v":{"$error":"#N/A"}},"Invalid",{"$f":"NA()","v":{"$error":"#N/A"}},{"$f":"NA()","v":{"$error":"#N/A"}},"Invalid",{"$f":"NA()","v":{"$error":"#N/A"}},"Calibration Error","System Reset & <18hr of valid 1hr data for 24-hr rolling average",{"$error":"#N/A"},{"$error":"#N/A"},{"$error":"#N/A"},{"$error":"#N/A"}]
[2025,6,7,3,45815.124999999643,{"$f":"NA()","v":{"$error":"#N/A"}},"Invalid",{"$f":"NA()","v":{"$error":"#N/A"}},{"$f":"NA()","v":{"$error":"#N/A"}},"Invalid",{"$f":"NA()","v":{"$error":"#N/A"}},"Calibration Error","System Reset & <18hr of valid 1hr data for 24-hr rolling average",{"$error":"#N/A"},{"$error":"#N/A"},{"$error":"#N/A"},{"$error":"#N/A"}]
[2025,6,7,4,45815.166666666308,{"$f":"NA()","v":{"$error":"#N/A"}},"Invalid",{"$f":"NA()","v":{"$error":"#N/A"}},{"$f":"NA()","v":{"$error":"#N/A"}},"Invalid",{"$f":"NA()","v":{"$error":"#N/A"}},"Calibration Error","System Reset & <18hr of valid 1hr data for 24-hr rolling average",{"$error":"#N/A"},{"$error":"#N/A"},{"$error":"#N/A"},{"$error":"#N/A"}]
[2025,6,7,5,45815.208333332972,{"$f":"NA()","v":{"$error":"#N/A"}},"Invalid",{"$f":"NA()","v":{"$error":"#N/A"}},{"$f":"NA()","v":{"$error":"#N/A"}},"Invalid",{"$f":"NA()","v":{"$error":"#N/A"}},"Calibration Error","System Reset & <18hr of valid 1hr data for 24-hr rolling average",{"$error":"#N/A"},{"$error":"#N/A"},{"$error":"#N/A"},{"$error":"#N/A"}]
[2025,6,7,6,45815.249999999636,{"$f":"NA()","v":{"$error":"#N/A"}},"Invalid",{"$f":"NA()","v":{"$error":"#N/A"}},{"$f":"NA()","v":{"$error":"#N/A"}},"Invalid",{"$f":"NA()","v":{"$error":"#N/A"}},"Calibration Error","System Reset & <18hr of valid 1hr data for 24-hr rolling average",{"$error":"#N/A"},{"$error":"#N/A"},{"$error":"#N/A"},{"$error":"#N/A"}]
[2025,6,7,7,45815.2916666663,{"$f":"NA()","v":{"$error":"#N/A"}},"Invalid",{"$f":"NA()","v":{"$error":"#N/A"}},{"$f":"NA()","v":{"$error":"#N/A"}},"Invalid",{"$f":"NA()","v":{"$error":"#N/A"}},"Calibration Error","System Reset & <18hr of valid 1hr data for 24-hr rolling average",{"$error":"#N/A"},{"$error":"#N/A"},{"$error":"#N/A"},{"$error":"#N/A"}]
[2025,6,7,8,45815.333333332965,{"$f":"NA()","v":{"$error":"#N/A"}},"Invalid",{"$f":"NA()","v":{"$error":"#N/A"}},{"$f":"NA()","v":{"$error":"#N/A"}},"Invalid",{"$f":"NA()","v":{"$error":"#N/A"}},"Calibration Error","System Reset & <18hr of valid 1hr data for 24-hr rolling average",{"$error":"#N/A"},{"$error":"#N/A"},{"$error":"#N/A"},{"$error":"#N/A"}]
[2025,6,{"$f":"C131+1","v":7},9,45815.374999999629,2.2400000000000002,"Valid",0.81555555555555548,5.04,"Valid",2.2588888888888889,"","",2.2400000000000002,0.81555555555555548,5.04,2.2588888888888889,5.04,2.2588888888888889,2.2400000000000002,0.81555555555555548]
[2025,6,7,10,45815.416666666293,2.39,"Valid",0.89842105263157879,5.62,"Valid",2.4357894736842107,"","",2.39,0.89842105263157879,5.62,2.4357894736842107,5.62,2.4357894736842107,2.39,0.89842105263157879]
[2025,6,7,11,45815.458333332957,1.43,"Valid",0.92499999999999982,4.5,"Valid",2.5390000000000001,"","",1.43,0.92499999999999982,4.5,2.5390000000000001,4.5,2.5390000000000001,1.43,0.92499999999999982]
[2025,6,7,12,45815.499999999622,3.2,"Valid",1.0333333333333332,6.86,"Valid",2.744761904761905,"","",3.2,1.0333333333333332,6.86,2.744761904761905,6.86,2.744761904761905,3.2,1.0333333333333332]
[2025,6,7,13,45815.541666666286,3.2,"Valid",1.1318181818181816,6.45,"Valid",2.9131818181818185,"","",3.2,1.1318181818181816,6.45,2.9131818181818185,6.45,2.9131818181818185,3.2,1.1318181818181816]
[2025,6,7,14,45815.58333333295,-0.02,"Valid",1.0817391304347823,2.35,"Valid",2.8886956521739129,"","",-0.02,1.0817391304347823,2.35,2.8886956521739129,2.35,2.8886956521739129,-0.02,1.0817391304347823]
[2025,6,7,15,45815.624999999614,1.37,"Valid",1.0937499999999998,3.88,"Valid",2.9299999999999997,"","",1.37,1.0937499999999998,3.88,2.9299999999999997,3.88,2.9299999999999997,1.37,1.0937499999999998]
[2025,6,7,16,45815.666666666279,1.59,"Valid",1.1299999999999999,4.21,"Valid",2.9229166666666662,"","",1.59,1.1299999999999999,4.21,2.9229166666666662,4.21,2.9229166666666662,1.59,1.1299999999999999]
[2025,6,7,17,45815.708333332943,1.59,"Valid",1.1104166666666666,3.3,"Valid",2.8654166666666665,"","",1.59,1.1104166666666666,3.3,2.8654166666666665,3.3,2.8654166666666665,1.59,1.1104166666666666]
[2025,6,7,18,45815.749999999607,4.62,"Valid",1.2170833333333333,6.71,"Valid",2.9995833333333333,"","",4.62,1.2170833333333333,6.71,2.9995833333333333,6.71,2.9995833333333333,4.62,1.2170833333333333]
[2025,6,7,19,45815.791666666271,1.2,"Valid",1.2966666666666666,3.51,"Valid",3.1262500000000002,"","",1.2,1.2966666666666666,3.51,3.1262500000000002,3.51,3.1262500000000002,1.2,1.2966666666666666]
[2025,6,7,20,45815.833333332936,4.34,"Valid",1.5912499999999998,5.67,"Valid",3.40625,"","",4.34,1.5912499999999998,5.67,3.40625,5.67,3.40625,4.34,1.5912499999999998]
[2025,6,7,21,45815.8749999996,-1.93,"Valid",1.4012500000000001,-0.66,"Valid",3.2108333333333339,"","",-1.93,1.4012500000000001,-0.66,3.2108333333333339,-0.66,3.2108333333333339,-1.93,1.4012500000000001]
[2025,6,7,22,45815.916666666264,2.15,"Valid",1.4941666666666666,5.64,"Valid",3.4062500000000004,"","",2.15,1.4941666666666666,5.64,3.4062500000000004,5.64,3.4062500000000004,2.15,1.4941666666666666]
[2025,6,7,23,45815.958333332928,0.95,"Valid",1.4087500000000002,4.42,"Valid",3.4191666666666674,"","",0.95,1.4087500000000002,4.42,3.4191666666666674,4.42,3.4191666666666674,0.95,1.4087500000000002]
[2025,6,8,0,45815.999999999593,1.29,"Valid",1.5191666666666668,4.1399999999999997,"Valid",3.5950000000000006,"","",1.29,1.5191666666666668,4.1399999999999997,3.5950000000000006,4.1399999999999997,3.5950000000000006,1.29,1.5191666666666668]
[2025,6,8,1,45816.041666666257,5.36,"Valid",1.7933333333333332,7.15,"Valid",3.8862500000000009,"","",5.36,1.7933333333333332,7.15,3.8862500000000009,7.15,3.8862500000000009,5.36,1.7933333333333332]
[2025,6,8,2,45816.083333332921,10.34,"Valid",2.1495833333333336,12.41,"Valid",4.2925000000000013,"","",10.34,2.1495833333333336,12.41,4.2925000000000013,12.41,4.2925000000000013,10.34,2.1495833333333336]
[2025,6,8,3,45816.124999999585,9.25,"Valid",2.5,10.35,"Valid",4.6633333333333331,"","",9.25,2.5,10.35,4.6633333333333331,10.35,4.6633333333333331,9.25,2.5]
[2025,6,8,4,45816.16666666625,1.21,"Valid",2.4712499999999999,2.91,"Valid",4.6820833333333338,"","",1.21,2.4712499999999999,2.91,4.6820833333333338,2.91,4.6820833333333338,1.21,2.4712499999999999]
[2025,6,8,5,45816.208333332914,3.32,"Valid",2.6095833333333331,4.4800000000000004,"Valid",4.8250000000000002,"","",3.32,2.6095833333333331,4.4800000000000004,4.8250000000000002,4.4800000000000004,4.8250000000000002,3.32,2.6095833333333331]
[2025,6,8,6,45816.249999999578,3.64,"Valid",2.6945833333333336,5.01,"Valid",4.9387500000000006,"","",3.64,2.6945833333333336,5.01,4.9387500000000006,5.01,4.9387500000000006,3.64,2.6945833333333336]
[2025,6,8,7,45816.291666666242,3.65,"Valid",2.8154166666666671,5.25,"Valid",5.0741666666666667,"","",3.65,2.8154166666666671,5.25,5.0741666666666667,5.25,5.0741666666666667,3.65,2.8154166666666671]
[2025,6,8,8,45816.333333332906,4.18,"Valid",2.94,7.24,"Valid",5.2683333333333335,"","",4.18,2.94,7.24,5.2683333333333335,7.24,5.2683333333333335,4.18,2.94]
[2025,6,8,9,45816.374999999571,4.18,"Valid",3.0208333333333335,9.93,"Valid",5.472083333333333,"","",4.18,3.0208333333333335,9.93,5.472083333333333,9.93,5.472083333333333,4.18,3.0208333333333335]
[2025,6,8,10,45816.416666666235,4.3600000000000003,"Valid",3.1029166666666659,10.72,"Valid",5.6845833333333333,"","",4.3600000000000003,3.1029166666666659,10.72,5.6845833333333333,10.72,5.6845833333333333,4.3600000000000003,3.1029166666666659]
[2025,6,8,11,45816.458333332899,4.55,"Valid",3.2329166666666667,10.48,"Valid",5.9337499999999999,"","",4.55,3.2329166666666667,10.48,5.9337499999999999,10.48,5.9337499999999999,4.55,3.2329166666666667]
[2025,6,8,12,45816.499999999563,5.37,"Valid",3.3233333333333328,11.43,"Valid",6.1241666666666665,"","",5.37,3.3233333333333328,11.43,6.1241666666666665,11.43,6.1241666666666665,5.37,3.3233333333333328]
[2025,6,8,13,45816.541666666228,3.92,"Valid",3.3533333333333335,9.51,"Valid",6.251666666666666,"","",3.92,3.3533333333333335,9.51,6.251666666666666,9.51,6.251666666666666,3.92,3.3533333333333335]
[2025,6,8,14,45816.583333332892,5.87,"Valid",3.5987500000000003,11.33,"Valid",6.6258333333333326,"","",5.87,3.5987500000000003,11.33,6.6258333333333326,11.33,6.6258333333333326,5.87,3.5987500000000003]
[2025,6,8,15,45816.624999999556,4.3099999999999996,"Valid",3.7212500000000008,9.06,"Valid",6.8416666666666659,"","",4.3099999999999996,3.7212500000000008,9.06,6.8416666666666659,9.06,6.8416666666666659,4.3099999999999996,3.7212500000000008]
[2025,6,8,16,45816.66666666622,0.3,"Valid",3.6675000000000004,3.75,"Valid",6.8225000000000007,"","",0.3,3.6675000000000004,3.75,6.8225000000000007,3.75,6.8225000000000007,0.3,3.6675000000000004]
[2025,6,8,17,45816.708333332885,2.12,"Valid",3.6895833333333337,5.37,"Valid",6.9087500000000004,"","",2.12,3.6895833333333337,5.37,6.9087500000000004,5.37,6.9087500000000004,2.12,3.6895833333333337]
[2025,6,8,18,45816.749999999549,3.01,"Valid",3.6225000000000005,4.8899999999999997,"Valid",6.8329166666666667,"","",3.01,3.6225000000000005,4.8899999999999997,6.8329166666666667,4.8899999999999997,6.8329166666666667,3.01,3.6225000000000005]
[2025,6,8,19,45816.791666666213,3.83,"Valid",3.7320833333333336,5.61,"Valid",6.9204166666666671,"","",3.83,3.7320833333333336,5.61,6.9204166666666671,5.61,6.9204166666666671,3.83,3.7320833333333336]
[2025,6,8,20,45816.833333332877,0.89,"Valid",3.5883333333333334,2.2999999999999998,"Valid",6.7800000000000011,"","",0.89,3.5883333333333334,2.2999999999999998,6.7800000000000011,2.2999999999999998,6.7800000000000011,0.89,3.5883333333333334]
[2025,6,8,21,45816.874999999542,-0.96,"Valid",3.6287500000000001,0.05,"Valid",6.8095833333333351,"","",-0.96,3.6287500000000001,0.05,6.8095833333333351,0.05,6.8095833333333351,-0.96,3.6287500000000001]
[2025,6,8,22,45816.916666666206,0.19,"Valid",3.5470833333333336,1.27,"Valid",6.6275000000000013,"","",0.19,3.5470833333333336,1.27,6.6275000000000013,1.27,6.6275000000000013,0.19,3.5470833333333336]
[2025,6,8,23,45816.95833333287,1.67,"Valid",3.5770833333333338,3.01,"Valid",6.5687500000000014,"","",1.67,3.5770833333333338,3.01,6.5687500000000014,3.01,6.5687500000000014,1.67,3.5770833333333338]
[2025,6,9,0,45816.999999999534,2.34,"Valid",3.6208333333333336,3.37,"Valid",6.5366666666666688,"","",{"$f":"IF(G194=\"Valid\", F194, NA())","v":2.34},{"$f":"IF(G194=\"Valid\", H194, NA())","v":3.6208333333333336},{"$f":"IF(J194=\"Valid\", I194, NA())","v":3.37},{"$f":"IF(J194=\"Valid\", K194, NA())","v":6.5366666666666688},3.37,6.5366666666666688,2.34,3.6208333333333336]
[2025,6,9,1,45817.041666666199,0.74,"Valid",3.4283333333333332,2.61,"Valid",6.3475000000000028,"","",0.74,3.4283333333333332,2.61,6.3475000000000028,2.61,6.3475000000000028,0.74,3.4283333333333332]
[2025,6,9,{"$f":"IF(D195=23,0,D195+1)","v":2},{"$f":"E195+0.0416666666666666","v":45817.083333332863},0.79,"Valid",3.030416666666667,2.37,"Valid",5.9291666666666698,"","",0.79,3.030416666666667,2.37,5.9291666666666698,2.37,5.9291666666666698,0.79,3.030416666666667]
[2025,6,9,3,45817.124999999527,1.99,"Valid",2.7279166666666659,3.6,"Valid",5.6479166666666671,"","",1.99,2.7279166666666659,3.6,5.6479166666666671,3.6,5.6479166666666671,1.99,2.7279166666666659]
[2025,6,9,4,45817.166666666191,5.09,"Valid",2.8895833333333329,5.36,"Valid",5.75,"","",5.09,2.8895833333333329,5.36,5.75,5.36,5.75,5.09,2.8895833333333329]
[2025,6,9,5,45817.208333332856,3.56,"Valid",2.8995833333333327,3.91,"Valid",5.7262500000000003,"","",3.56,2.8995833333333327,3.91,5.7262500000000003,3.91,5.7262500000000003,3.56,2.8995833333333327]
[2025,6,9,6,45817.24999999952,1.66,"Valid",2.8170833333333327,2.92,"Valid",5.6391666666666671,"","",1.66,2.8170833333333327,2.92,5.6391666666666671,2.92,5.6391666666666671,1.66,2.8170833333333327]
[2025,6,9,7,45817.291666666184,3.8,"Valid",2.8233333333333328,4.72,"Valid",5.6170833333333334,"","",3.8,2.8233333333333328,4.72,5.6170833333333334,4.72,5.6170833333333334,3.8,2.8233333333333328]
[2025,6,9,8,45817.333333332848,2.35,"Valid",2.7470833333333324,3.85,"Valid",5.4758333333333331,"","",2.35,2.7470833333333324,3.85,5.4758333333333331,3.85,5.4758333333333331,2.35,2.7470833333333324]
[2025,6,9,9,45817.374999999513,1.44,"Valid",2.6329166666666661,3.13,"Valid",5.1924999999999999,"","",1.44,2.6329166666666661,3.13,5.1924999999999999,3.13,5.1924999999999999,1.44,2.6329166666666661]
[2025,6,9,10,45817.416666666177,4.75,"Valid",2.6491666666666664,6.67,"Valid",5.0237499999999988,"","",4.75,2.6491666666666664,6.67,5.0237499999999988,6.67,5.0237499999999988,4.75,2.6491666666666664]
[2025,6,9,11,45817.458333332841,-0.93,"Valid",2.4208333333333329,1.03,"Valid",4.63,"","",-0.93,2.4208333333333329,1.03,4.63,1.03,4.63,-0.93,2.4208333333333329]
[2025,6,9,12,45817.499999999505,-0.73,"Valid",2.1666666666666665,2.14,"Valid",4.2429166666666651,"","",-0.73,2.1666666666666665,2.14,4.2429166666666651,2.14,4.2429166666666651,-0.73,2.1666666666666665]
[2025,6,9,13,45817.541666666169,-1.37,"Valid",1.94625,1.06,"Valid",3.8908333333333327,"","",-1.37,1.94625,1.06,3.8908333333333327,1.06,3.8908333333333327,-1.37,1.94625]
[2025,6,9,14,45817.583333332834,-1.44,"Valid",1.6416666666666666,0.03,"Valid",3.42,"","",-1.44,1.6416666666666666,0.03,3.42,0.03,3.42,-1.44,1.6416666666666666]
[2025,6,9,15,45817.624999999498,-0.2,"Valid",1.4537500000000001,1.97,"Valid",3.1245833333333337,"","",-0.2,1.4537500000000001,1.97,3.1245833333333337,1.97,3.1245833333333337,-0.2,1.4537500000000001]
[2025,6,9,16,45817.666666666162,-0.92,"Valid",1.4029166666666668,0.69,"Valid",2.9970833333333338,"","",-0.92,1.4029166666666668,0.69,2.9970833333333338,0.69,2.9970833333333338,-0.92,1.4029166666666668]
[2025,6,9,17,45817.708333332826,-1.6,"Valid",1.2479166666666668,0.1,"Valid",2.7775000000000003,"","",-1.6,1.2479166666666668,0.1,2.7775000000000003,0.1,2.7775000000000003,-1.6,1.2479166666666668]
[2025,6,9,18,45817.749999999491,1.17,"Valid",1.1712499999999999,2.02,"Valid",2.6579166666666674,"","",1.17,1.1712499999999999,2.02,2.6579166666666674,2.02,2.6579166666666674,1.17,1.1712499999999999]
[2025,6,9,19,45817.791666666155,0.54,"Valid",1.0341666666666667,0.72,"Valid",2.4541666666666671,"","",0.54,1.0341666666666667,0.72,2.4541666666666671,0.72,2.4541666666666671,0.54,1.0341666666666667]
[2025,6,9,20,45817.833333332819,-0.26,"Valid",0.98624999999999996,0.04,"Valid",2.3600000000000003,"","",-0.26,0.98624999999999996,0.04,2.3600000000000003,0.04,2.3600000000000003,-0.26,0.98624999999999996]
[2025,6,9,21,45817.874999999483,-3.4,"Valid",0.88458333333333306,-2.09,"Valid",2.2708333333333339,"","",-3.4,0.88458333333333306,-2.09,2.2708333333333339,-2.09,2.2708333333333339,-3.4,0.88458333333333306]
[2025,6,9,22,45817.916666666148,0.7,"Valid",0.90583333333333316,1.51,"Valid",2.2808333333333333,"","",0.7,0.90583333333333316,1.51,2.2808333333333333,1.51,2.2808333333333333,0.7,0.90583333333333316]
[2025,6,9,23,45817.958333332812,-0.79,"Valid",0.80333333333333312,-0.26,"Valid",2.1445833333333337,"","",-0.79,0.80333333333333312,-0.26,2.1445833333333337,-0.26,2.1445833333333337,-0.79,0.80333333333333312]
[2025,6,10,0,45817.999999999476,0.32,"Valid",0.71916666666666662,1.1100000000000001,"Valid",2.050416666666667,"","",0.32,0.71916666666666662,1.1100000000000001,2.050416666666667,1.1100000000000001,2.050416666666667,0.32,0.71916666666666662]
[2025,6,{"$f":"C195+1","v":10},1,45818.04166666614,-0.56000000000000005,"Valid",0.66499999999999981,0.27,"Valid",1.9529166666666671,"","",-0.56000000000000005,0.66499999999999981,0.27,1.9529166666666671,0.27,1.9529166666666671,-0.56000000000000005,0.66499999999999981]
[2025,6,10,2,45818.083333332805,-0.96,"Valid",0.59208333333333318,0.06,"Valid",1.8566666666666671,"","",-0.96,0.59208333333333318,0.06,1.8566666666666671,0.06,1.8566666666666671,-0.96,0.59208333333333318]
[2025,6,10,3,45818.124999999469,3.75,"Valid",0.66541666666666643,4.6900000000000004,"Valid",1.9020833333333338,"","",3.75,0.66541666666666643,4.6900000000000004,1.9020833333333338,4.6900000000000004,1.9020833333333338,3.75,0.66541666666666643]
[2025,6,10,4,45818.166666666133,1.2,"Valid",0.5033333333333333,2.21,"Valid",1.7708333333333339,"","",1.2,0.5033333333333333,2.21,1.7708333333333339,2.21,1.7708333333333339,1.2,0.5033333333333333]
[2025,6,10,5,45818.208333332797,0.86,"Valid",0.39083333333333331,1.89,"Valid",1.6866666666666665,"","",0.86,0.39083333333333331,1.89,1.6866666666666665,1.89,1.6866666666666665,0.86,0.39083333333333331]
[2025,6,10,6,45818.249999999462,2.57,"Valid",0.42874999999999996,3.79,"Valid",1.7229166666666664,"","",2.57,0.42874999999999996,3.79,1.7229166666666664,3.79,1.7229166666666664,2.57,0.42874999999999996]
[2025,6,10,7,45818.291666666126,-1.01,"Valid",0.22833333333333325,0.74,"Valid",1.5570833333333332,"","",-1.01,0.22833333333333325,0.74,1.5570833333333332,0.74,1.5570833333333332,-1.01,0.22833333333333325]
[2025,6,10,8,45818.33333333279,2.21,"Valid",0.22249999999999995,3.86,"Valid",1.5575000000000001,"","",2.21,0.22249999999999995,3.86,1.5575000000000001,3.86,1.5575000000000001,2.21,0.22249999999999995]
[2025,6,10,9,45818.374999999454,2.66,"Valid",0.27333333333333332,5,"Valid",1.6354166666666667,"","",2.66,0.27333333333333332,5,1.6354166666666667,5,1.6354166666666667,2.66,0.27333333333333332]
[2025,6,10,10,45818.416666666119,2.86,"Valid",0.19458333333333333,4.5999999999999996,"Valid",1.5491666666666666,"","",2.86,0.19458333333333333,4.5999999999999996,1.5491666666666666,4.5999999999999996,1.5491666666666666,2.86,0.19458333333333333]
[2025,6,10,11,45818.458333332783,0.16,"Valid",0.24,1.76,"Valid",1.5795833333333331,"","",0.16,0.24,1.76,1.5795833333333331,1.76,1.5795833333333331,0.16,0.24]
[2025,6,10,12,45818.499999999447,1.33,"Valid",0.32583333333333336,3.43,"Valid",1.6333333333333331,"","",1.33,0.32583333333333336,3.43,1.6333333333333331,3.43,1.6333333333333331,1.33,0.32583333333333336]
[2025,6,10,13,45818.541666666111,2.82,"Valid",0.50041666666666673,4.29,"Valid",1.7679166666666664,"","",2.82,0.50041666666666673,4.29,1.7679166666666664,4.29,1.7679166666666664,2.82,0.50041666666666673]
[2025,6,10,14,45818.583333332776,1.64,"Valid",0.62875000000000003,3.18,"Valid",1.8991666666666662,"","",1.64,0.62875000000000003,3.18,1.8991666666666662,3.18,1.8991666666666662,1.64,0.62875000000000003]
[2025,6,10,15,45818.62499999944,-0.38,"Valid",0.62125000000000008,0.72,"Valid",1.847083333333333,"","",-0.38,0.62125000000000008,0.72,1.847083333333333,0.72,1.847083333333333,-0.38,0.62125000000000008]
[2025,6,10,16,45818.666666666104,2.17,"Valid",0.75,4.22,"Valid",1.9941666666666664,"","",2.17,0.75,4.22,1.9941666666666664,4.22,1.9941666666666664,2.17,0.75]
[2025,6,10,17,45818.708333332768,-2.93,"Valid",0.69458333333333344,-0.27,"Valid",1.9787499999999998,"","",-2.93,0.69458333333333344,-0.27,1.9787499999999998,-0.27,1.9787499999999998,-2.93,0.69458333333333344]
[2025,6,10,18,45818.749999999432,3.94,"Valid",0.81,5.52,"Valid",2.1245833333333333,"","",3.94,0.81,5.52,2.1245833333333333,5.52,2.1245833333333333,3.94,0.81]
[2025,6,10,19,45818.791666666097,2.63,"Valid",0.89708333333333334,4.51,"Valid",2.2824999999999998,"","",2.63,0.89708333333333334,4.51,2.2824999999999998,4.51,2.2824999999999998,2.63,0.89708333333333334]
[2025,6,10,20,45818.833333332761,-0.89,"Valid",0.87083333333333324,0.28999999999999998,"Valid",2.2929166666666667,"","",-0.89,0.87083333333333324,0.28999999999999998,2.2929166666666667,0.28999999999999998,2.2929166666666667,-0.89,0.87083333333333324]
[2025,6,10,21,45818.874999999425,0.78,"Valid",1.0449999999999999,1.06,"Valid",2.4241666666666664,"","",0.78,1.0449999999999999,1.06,2.4241666666666664,1.06,2.4241666666666664,0.78,1.0449999999999999]
[2025,6,10,22,45818.916666666089,3.74,"Valid",1.1716666666666669,4.58,"Valid",2.5520833333333335,"","",3.74,1.1716666666666669,4.58,2.5520833333333335,4.58,2.5520833333333335,3.74,1.1716666666666669]
[2025,6,10,23,45818.958333332754,-1.06,"Valid",1.1604166666666669,0.28999999999999998,"Valid",2.5749999999999997,"","",-1.06,1.1604166666666669,0.28999999999999998,2.5749999999999997,0.28999999999999998,2.5749999999999997,-1.06,1.1604166666666669]
[2025,6,11,0,45818.999999999418,2.34,"Valid",1.2445833333333336,3.03,"Valid",2.6549999999999998,"","",2.34,1.2445833333333336,3.03,2.6549999999999998,3.03,2.6549999999999998,2.34,1.2445833333333336]
[2025,6,11,1,45819.041666666082,-1.19,"Valid",1.2183333333333335,-0.26,"Valid",2.6329166666666666,"","",-1.19,1.2183333333333335,-0.26,2.6329166666666666,-0.26,2.6329166666666666,-1.19,1.2183333333333335]
[2025,6,11,2,45819.083333332746,-1.01,"Valid",1.2162500000000003,0.17,"Valid",2.6374999999999997,"","",-1.01,1.2162500000000003,0.17,2.6374999999999997,0.17,2.6374999999999997,-1.01,1.2162500000000003]
[2025,6,11,3,45819.124999999411,0.02,"Valid",1.0608333333333335,0.42,"Valid",2.4595833333333332,"","",0.02,1.0608333333333335,0.42,2.4595833333333332,0.42,2.4595833333333332,0.02,1.0608333333333335]
[2025,6,11,4,45819.166666666075,-1.84,"Valid",0.9341666666666667,-0.99,"Valid",2.3262499999999995,"","",-1.84,0.9341666666666667,-0.99,2.3262499999999995,-0.99,2.3262499999999995,-1.84,0.9341666666666667]
[2025,6,11,5,45819.208333332739,1.1499999999999999,"Valid",0.94625000000000004,1.81,"Valid",2.322916666666667,"","",1.1499999999999999,0.94625000000000004,1.81,2.322916666666667,1.81,2.322916666666667,1.1499999999999999,0.94625000000000004]
[2025,6,11,6,45819.249999999403,1.67,"Valid",0.90875000000000006,2.65,"Valid",2.2754166666666666,"","",1.67,0.90875000000000006,2.65,{"$f":"IF(J248=\"Valid\", K248, NA())","v":2.2754166666666666},2.65,2.2754166666666666,1.67,0.90875000000000006]
[2025,6,11,7,45819.291666666068,-1.61,"Valid",0.88375000000000004,-0.28000000000000003,"Valid",2.2329166666666667,"","",-1.61,0.88375000000000004,-0.28000000000000003,2.2329166666666667,-0.28000000000000003,2.2329166666666667,-1.61,0.88375000000000004]
[2025,6,11,8,45819.333333332732,-2.54,"Valid",0.68583333333333341,-1.08,"Valid",2.0270833333333331,"","",-2.54,0.68583333333333341,-1.08,2.0270833333333331,-1.08,2.0270833333333331,-2.54,0.68583333333333341]
[2025,6,11,9,45819.374999999396,4.88,"Valid",0.77833333333333321,6.11,"Valid",2.0733333333333333,"","",4.88,0.77833333333333321,6.11,2.0733333333333333,6.11,2.0733333333333333,4.88,0.77833333333333321]
[2025,6,11,10,45819.41666666606,2.81,"Valid",0.77625,3.97,"Valid",2.0470833333333336,"","",2.81,0.77625,3.97,2.0470833333333336,3.97,2.0470833333333336,2.81,0.77625]
[2025,6,11,11,45819.458333332725,2.11,"Valid",0.85749999999999982,3.2,"Valid",2.1070833333333336,"","",2.11,0.85749999999999982,3.2,2.1070833333333336,3.2,2.1070833333333336,2.11,0.85749999999999982]
[2025,6,11,12,45819.499999999389,3.25,"Valid",0.93749999999999989,4.7,"Valid",2.1600000000000006,"","",3.25,0.93749999999999989,4.7,2.1600000000000006,4.7,2.1600000000000006,3.25,0.93749999999999989]
[2025,6,11,13,45819.541666666053,1.66,"Valid",0.88916666666666666,2.73,"Valid",2.0950000000000002,"","",1.66,0.88916666666666666,2.73,2.0950000000000002,2.73,2.0950000000000002,1.66,0.88916666666666666]
[2025,6,11,14,45819.583333332717,1.56,"Valid",0.88583333333333325,2.71,"Valid",2.0754166666666665,"","",1.56,0.88583333333333325,2.71,2.0754166666666665,2.71,2.0754166666666665,1.56,0.88583333333333325]
[2025,6,11,15,45819.624999999382,4.96,"Valid",1.1083333333333334,6.08,"Valid",2.2987499999999996,"","",4.96,1.1083333333333334,6.08,2.2987499999999996,6.08,2.2987499999999996,4.96,1.1083333333333334]
[2025,6,11,16,45819.666666666046,1.3,"Valid",1.0720833333333333,2.4500000000000002,"Valid",2.2250000000000001,"","",{"$f":"IF(G258=\"Valid\", F258, NA())","v":1.3},{"$f":"IF(G258=\"Valid\", H258, NA())","v":1.0720833333333333},{"$f":"IF(J258=\"Valid\", I258, NA())","v":2.4500000000000002},{"$f":"IF(J258=\"Valid\", K258, NA())","v":2.2250000000000001},2.4500000000000002,2.2250000000000001,1.3,1.0720833333333333]
[2025,6,11,17,45819.70833333271,-1.52,"Valid",1.1308333333333334,0.02,"Valid",2.2370833333333335,"","",-1.52,1.1308333333333334,0.02,2.2370833333333335,0.02,2.2370833333333335,-1.52,1.1308333333333334]
[2025,6,11,{"$f":"IF(D259=23,0,D259+1)","v":18},{"$f":"E259+0.0416666666666666","v":45819.749999999374},-0.24,"Valid",0.95666666666666667,0.66,"Valid",2.034583333333333,"","",-0.24,0.95666666666666667,0.66,2.034583333333333,0.66,2.034583333333333,-0.24,0.95666666666666667]
[2025,6,11,19,45819.791666666039,-0.89,"Valid",0.81,-0.51,"Valid",1.8254166666666667,"","",-0.89,0.81,-0.51,1.8254166666666667,-0.51,1.8254166666666667,-0.89,0.81]
[2025,6,11,20,45819.833333332703,3.71,"Valid",1.0016666666666667,4.4000000000000004,"Valid",1.9966666666666668,"","",3.71,1.0016666666666667,4.4000000000000004,1.9966666666666668,4.4000000000000004,1.9966666666666668,3.71,1.0016666666666667]
[2025,6,11,21,45819.874999999367,0.35,"Valid",0.98375000000000012,0.79,"Valid",1.9854166666666666,"","",0.35,0.98375000000000012,0.79,1.9854166666666666,0.79,1.9854166666666666,0.35,0.98375000000000012]
[2025,6,11,22,45819.916666666031,3.21,"Valid",0.96166666666666689,3.44,"Valid",1.9379166666666665,"","",3.21,0.96166666666666689,3.44,1.9379166666666665,3.44,1.9379166666666665,3.21,0.96166666666666689]
[2025,6,11,23,45819.958333332695,2.8,"Valid",1.1225000000000003,3.71,"Valid",2.0804166666666668,"","",2.8,1.1225000000000003,3.71,2.0804166666666668,3.71,2.0804166666666668,2.8,1.1225000000000003]
[2025,6,12,0,45819.99999999936,3.95,"Valid",1.1895833333333334,4.2,"Valid",2.1291666666666669,"","",3.95,1.1895833333333334,4.2,2.1291666666666669,4.2,2.1291666666666669,3.95,1.1895833333333334]
[2025,6,12,1,45820.041666666024,3.75,"Valid",1.395416666666667,3.28,"Valid",2.2766666666666668,"","",3.75,1.395416666666667,3.28,2.2766666666666668,3.28,2.2766666666666668,3.75,1.395416666666667]
[2025,6,12,2,45820.083333332688,0.85,"Valid",1.4729166666666667,1.43,"Valid",2.3291666666666671,"","",0.85,1.4729166666666667,1.43,2.3291666666666671,1.43,2.3291666666666671,0.85,1.4729166666666667]
[2025,6,12,3,45820.124999999352,0.34,"Valid",1.4862500000000003,0.54,"Valid",2.3341666666666669,"","",0.34,1.4862500000000003,0.54,2.3341666666666669,0.54,2.3341666666666669,0.34,1.4862500000000003]
[2025,6,12,4,45820.166666666017,-0.49,"Valid",1.5425000000000004,0.6,"Valid",2.4004166666666671,"","",-0.49,1.5425000000000004,0.6,2.4004166666666671,0.6,2.4004166666666671,-0.49,1.5425000000000004]
[2025,6,12,5,45820.208333332681,2.2000000000000002,"Valid",1.5862500000000004,1.51,"Valid",2.3879166666666669,"","",2.2000000000000002,1.5862500000000004,1.51,2.3879166666666669,1.51,2.3879166666666669,2.2000000000000002,1.5862500000000004]
[2025,6,12,6,45820.249999999345,6.39,"Valid",1.7829166666666669,5.84,"Valid",2.5208333333333335,"","",6.39,1.7829166666666669,5.84,2.5208333333333335,5.84,2.5208333333333335,6.39,1.7829166666666669]
[2025,6,12,7,45820.291666666009,2.4900000000000002,"Valid",1.9537500000000005,2.8,"Valid",2.6491666666666664,"","",2.4900000000000002,1.9537500000000005,2.8,2.6491666666666664,2.8,2.6491666666666664,2.4900000000000002,1.9537500000000005]
[2025,6,12,8,45820.333333332674,-1.31,"Valid",2.0050000000000003,-0.1,"Valid",2.69,"","",-1.31,2.0050000000000003,-0.1,2.69,-0.1,2.69,-1.31,2.0050000000000003]
[2025,6,12,9,45820.374999999338,4.3,"Valid",1.9808333333333337,4.9000000000000004,"Valid",2.6395833333333329,"","",4.3,1.9808333333333337,4.9000000000000004,2.6395833333333329,4.9000000000000004,2.6395833333333329,4.3,1.9808333333333337]
[2025,6,12,10,45820.416666666002,5.93,"Valid",2.1108333333333333,6.78,"Valid",2.7566666666666664,"","",5.93,2.1108333333333333,6.78,2.7566666666666664,6.78,2.7566666666666664,5.93,2.1108333333333333]
[2025,6,12,11,45820.458333332666,2.4700000000000002,"Valid",2.125833333333333,3.67,"Valid",2.7762499999999997,"","",2.4700000000000002,2.125833333333333,3.67,2.7762499999999997,3.67,2.7762499999999997,2.4700000000000002,2.125833333333333]
[2025,6,12,12,45820.499999999331,1.74,"Valid",2.0629166666666667,3.48,"Valid",2.7254166666666664,"","",1.74,2.0629166666666667,3.48,2.7254166666666664,3.48,2.7254166666666664,1.74,2.0629166666666667]
[2025,6,12,13,45820.541666665995,2.44,"Valid",2.0954166666666665,3.55,"Valid",2.7595833333333335,"","",2.44,2.0954166666666665,3.55,2.7595833333333335,3.55,2.7595833333333335,2.44,2.0954166666666665]
[2025,6,12,14,45820.583333332659,2.84,"Valid",2.1487500000000002,4.21,"Valid",2.8220833333333331,"","",2.84,2.1487500000000002,4.21,2.8220833333333331,4.21,2.8220833333333331,2.84,2.1487500000000002]
[2025,6,12,15,45820.624999999323,0.99,"Valid",1.9833333333333334,2.57,"Valid",2.6758333333333328,"","",0.99,1.9833333333333334,2.57,2.6758333333333328,2.57,2.6758333333333328,0.99,1.9833333333333334]
[2025,6,12,16,45820.666666665988,1.84,"Valid",2.0058333333333338,6.77,"Valid",2.855833333333333,"","",1.84,2.0058333333333338,6.77,2.855833333333333,6.77,2.855833333333333,1.84,2.0058333333333338]
[2025,6,{"$f":"C259+1","v":12},17,45820.708333332652,3.97,"Valid",2.2345833333333336,7.17,"Valid",3.1537500000000001,"","",3.97,2.2345833333333336,7.17,3.1537500000000001,7.17,3.1537500000000001,3.97,2.2345833333333336]
[2025,6,12,18,45820.749999999316,2.85,"Valid",2.3633333333333337,5.42,"Valid",3.3520833333333333,"","",2.85,2.3633333333333337,5.42,3.3520833333333333,5.42,3.3520833333333333,2.85,2.3633333333333337]
[2025,6,12,19,45820.79166666598,0.8,"Valid",2.4337500000000003,2.0299999999999998,"Valid",3.4579166666666663,"","",0.8,2.4337500000000003,2.0299999999999998,3.4579166666666663,2.0299999999999998,3.4579166666666663,0.8,2.4337500000000003]
[2025,6,12,20,45820.833333332645,1.3,"Valid",2.3333333333333335,2.21,"Valid",3.3666666666666667,"","",1.3,2.3333333333333335,2.21,3.3666666666666667,2.21,3.3666666666666667,1.3,2.3333333333333335]
[2025,6,12,21,45820.874999999309,0.88,"Valid",2.3554166666666672,1.73,"Valid",3.4058333333333337,"","",0.88,2.3554166666666672,1.73,3.4058333333333337,1.73,3.4058333333333337,0.88,2.3554166666666672]
[2025,6,12,22,45820.916666665973,0.66,"Valid",2.2491666666666665,0.93,"Valid",3.30125,"","",0.66,2.2491666666666665,0.93,3.30125,0.93,3.30125,0.66,2.2491666666666665]
[2025,6,12,23,45820.958333332637,-1.4,"Valid",2.0741666666666667,-1.62,"Valid",3.0791666666666671,"","",-1.4,2.0741666666666667,-1.62,3.0791666666666671,-1.62,3.0791666666666671,-1.4,2.0741666666666667]
[2025,6,13,0,45820.999999999302,3.14,"Valid",2.0404166666666668,2.64,"Valid",3.0141666666666667,"","",3.14,2.0404166666666668,2.64,3.0141666666666667,2.64,3.0141666666666667,3.14,2.0404166666666668]
[2025,6,13,1,45821.041666665966,-7.0000000000000007E-2,"Valid",1.8812499999999996,-0.2,"Valid",2.8691666666666666,"","",-7.0000000000000007E-2,1.8812499999999996,-0.2,2.8691666666666666,-0.2,2.8691666666666666,-7.0000000000000007E-2,1.8812499999999996]
[2025,6,13,2,45821.08333333263,2.5,"Valid",1.9499999999999995,2.54,"Valid",2.9154166666666672,"","",2.5,1.9499999999999995,2.54,2.9154166666666672,2.54,2.9154166666666672,2.5,1.9499999999999995]
[2025,6,13,3,45821.124999999294,4.87,"Valid",2.1387499999999995,4.6500000000000004,"Valid",3.0866666666666673,"","",4.87,2.1387499999999995,4.6500000000000004,3.0866666666666673,4.6500000000000004,3.0866666666666673,4.87,2.1387499999999995]
[2025,6,13,4,45821.166666665958,4.13,"Valid",2.3312499999999998,3.03,"Valid",3.1879166666666676,"","",4.13,2.3312499999999998,3.03,3.1879166666666676,3.03,3.1879166666666676,4.13,2.3312499999999998]
[2025,6,13,5,45821.208333332623,3.46,"Valid",2.3837499999999996,2.94,"Valid",3.2475000000000005,"","",3.46,2.3837499999999996,2.94,3.2475000000000005,2.94,3.2475000000000005,3.46,2.3837499999999996]
[2025,6,13,6,45821.249999999287,1.31,"Valid",2.1720833333333336,2.12,"Valid",3.0924999999999998,"","",1.31,2.1720833333333336,2.12,3.0924999999999998,2.12,3.0924999999999998,1.31,2.1720833333333336]
[2025,6,13,7,45821.291666665951,1.63,"Valid",2.13625,1.79,"Valid",3.050416666666667,"","",1.63,2.13625,1.79,3.050416666666667,1.79,3.050416666666667,1.63,2.13625]
[2025,6,13,8,45821.333333332615,3.59,"Valid",2.3404166666666666,3.73,"Valid",3.2100000000000004,"","",3.59,2.3404166666666666,3.73,3.2100000000000004,3.73,3.2100000000000004,3.59,2.3404166666666666]
[2025,6,13,9,45821.37499999928,2.93,"Valid",2.2833333333333337,3.89,"Valid",3.1679166666666672,"","",2.93,2.2833333333333337,3.89,3.1679166666666672,3.89,3.1679166666666672,2.93,2.2833333333333337]
[2025,6,13,10,45821.416666665944,3.1,"Valid",2.1654166666666672,4.9800000000000004,"Valid",3.092916666666667,"","",3.1,2.1654166666666672,4.9800000000000004,3.092916666666667,4.9800000000000004,3.092916666666667,3.1,2.1654166666666672]
[2025,6,13,11,45821.458333332608,3.89,"Valid",2.2245833333333338,4.92,"Valid",3.1449999999999996,"","",3.89,2.2245833333333338,4.92,3.1449999999999996,4.92,3.1449999999999996,3.89,2.2245833333333338]
[2025,6,13,12,45821.499999999272,2.38,"Valid",2.2512500000000002,3.94,"Valid",3.1641666666666666,"","",2.38,2.2512500000000002,3.94,3.1641666666666666,3.94,3.1641666666666666,2.38,2.2512500000000002]
[2025,6,13,13,45821.541666665937,1.79,"Valid",2.2241666666666671,4.76,"Valid",3.2145833333333331,"","",1.79,2.2241666666666671,4.76,3.2145833333333331,4.76,3.2145833333333331,1.79,2.2241666666666671]
[2025,6,13,14,45821.583333332601,4.82,"Valid",2.3066666666666671,16.89,"Valid",3.7429166666666664,"","",{"$f":"IF(G304=\"Valid\", F304, NA())","v":4.82},{"$f":"IF(G304=\"Valid\", H304, NA())","v":2.3066666666666671},16.89,3.7429166666666664,16.89,3.7429166666666664,4.82,2.3066666666666671]
[2025,6,13,15,45821.624999999265,2.27,"Valid",2.3600000000000003,12.94,"Valid",4.1749999999999998,"","",{"$f":"N308","v":4.6900000000000004},2.3600000000000003,12.94,4.1749999999999998,12.94,4.1749999999999998,4.6900000000000004,2.3600000000000003]
[2025,6,13,16,45821.666666665929,3.81,"Valid",2.4420833333333336,12.04,"Valid",4.3945833333333324,"","",3.81,2.4420833333333336,12.04,4.3945833333333324,12.04,4.3945833333333324,3.81,2.4420833333333336]
[2025,6,13,17,45821.708333332594,2.06,"Valid",2.3625000000000003,10.42,"Valid",4.5299999999999994,"","",2.06,2.3625000000000003,10.42,4.5299999999999994,10.42,4.5299999999999994,2.06,2.3625000000000003]
[2025,6,13,18,45821.749999999258,4.6900000000000004,"Valid",2.4391666666666669,8.07,"Valid",4.6404166666666669,"","",4.6900000000000004,2.4391666666666669,8.07,4.6404166666666669,8.07,4.6404166666666669,4.6900000000000004,2.4391666666666669]
[2025,6,13,19,45821.791666665922,2.5299999999999998,"Valid",2.51125,4.38,"Valid",4.7383333333333333,"","",2.5299999999999998,2.51125,4.38,4.7383333333333333,4.38,4.7383333333333333,2.5299999999999998,2.51125]
[2025,6,13,20,45821.833333332586,4.21,"Valid",2.6325000000000003,5.46,"Valid",4.8737500000000002,"","",4.21,2.6325000000000003,5.46,4.8737500000000002,5.46,4.8737500000000002,4.21,2.6325000000000003]
[2025,6,13,21,45821.874999999251,3.63,"Valid",2.7470833333333338,3.74,"Valid",4.9574999999999996,"","",3.63,2.7470833333333338,3.74,4.9574999999999996,3.74,4.9574999999999996,3.63,2.7470833333333338]
[2025,6,13,22,45821.916666665915,1.06,"Valid",2.7637500000000004,1.1599999999999999,"Valid",4.9670833333333322,"","",1.06,2.7637500000000004,1.1599999999999999,4.9670833333333322,1.1599999999999999,4.9670833333333322,1.06,2.7637500000000004]
[2025,6,13,23,45821.958333332579,1.65,"Valid",2.8908333333333336,1.91,"Valid",5.1141666666666659,"","",1.65,2.8908333333333336,1.91,5.1141666666666659,1.91,5.1141666666666659,1.65,2.8908333333333336]
[2025,6,14,0,45821.999999999243,8.58,"Valid",3.1175000000000002,8.76,"Valid",5.3691666666666658,"","",8.58,3.1175000000000002,8.76,5.3691666666666658,8.76,5.3691666666666658,8.58,3.1175000000000002]
[2025,6,14,1,45822.041666665908,4.17,"Valid",3.2941666666666674,5.08,"Valid",5.5891666666666664,"","",4.17,3.2941666666666674,5.08,5.5891666666666664,5.08,5.5891666666666664,4.17,3.2941666666666674]
[2025,6,14,2,45822.083333332572,4.93,"Valid",3.3954166666666672,5.79,"Valid",5.7245833333333325,"","",4.93,3.3954166666666672,5.79,5.7245833333333325,5.79,5.7245833333333325,4.93,3.3954166666666672]
[2025,6,14,3,45822.124999999236,3.75,"Valid",3.3487500000000003,4.28,"Valid",5.7091666666666656,"","",3.75,3.3487500000000003,4.28,5.7091666666666656,4.28,5.7091666666666656,3.75,3.3487500000000003]
[2025,6,14,4,45822.1666666659,6.34,"Valid",3.4408333333333339,6.84,"Valid",5.867916666666666,"","",6.34,3.4408333333333339,6.84,5.867916666666666,6.84,5.867916666666666,6.34,3.4408333333333339]
[2025,6,14,5,45822.208333332565,-0.12,"Valid",3.2916666666666665,0.18,"Valid",5.7529166666666667,"","",-0.12,3.2916666666666665,0.18,5.7529166666666667,0.18,5.7529166666666667,-0.12,3.2916666666666665]
[2025,6,14,6,45822.249999999229,0.83,"Valid",3.2716666666666665,1.29,"Valid",5.7183333333333328,"","",0.83,3.2716666666666665,1.29,5.7183333333333328,1.29,5.7183333333333328,0.83,3.2716666666666665]
[2025,6,14,7,45822.291666665893,0.75,"Valid",3.2349999999999999,1.1299999999999999,"Valid",5.690833333333333,"","",0.75,3.2349999999999999,1.1299999999999999,5.690833333333333,1.1299999999999999,5.690833333333333,0.75,3.2349999999999999]
[2025,6,14,8,45822.333333332557,2.0699999999999998,"Valid",3.1716666666666664,2.41,"Valid",5.6358333333333315,"","",{"$f":"IF(G322=\"Valid\", F322, NA())","v":2.0699999999999998},{"$f":"IF(G322=\"Valid\", H322, NA())","v":3.1716666666666664},{"$f":"IF(J322=\"Valid\", I322, NA())","v":2.41},{"$f":"IF(J322=\"Valid\", K322, NA())","v":5.6358333333333315},2.41,5.6358333333333315,2.0699999999999998,3.1716666666666664]
[2025,6,14,9,45822.374999999221,-0.11,"Valid",3.0449999999999995,0.99,"Valid",5.5150000000000006,"","",-0.11,3.0449999999999995,0.99,5.5150000000000006,0.99,5.5150000000000006,-0.11,3.0449999999999995]
[2025,6,14,{"$f":"IF(D323=23,0,D323+1)","v":10},{"$f":"E323+0.0416666666666666","v":45822.416666665886},4.4800000000000004,"Valid",3.1024999999999996,7.24,"Valid",5.609166666666666,"","",4.4800000000000004,3.1024999999999996,7.24,5.609166666666666,7.24,5.609166666666666,4.4800000000000004,3.1024999999999996]
[2025,6,14,11,45822.45833333255,0.5,"Valid",2.9612499999999997,2.98,"Valid",5.5283333333333324,"","",0.5,2.9612499999999997,2.98,5.5283333333333324,2.98,5.5283333333333324,0.5,2.9612499999999997]
[2025,6,14,12,45822.499999999214,3.53,"Valid",3.0091666666666672,10.94,"Valid",5.8199999999999994,"","",3.53,3.0091666666666672,10.94,5.8199999999999994,10.94,5.8199999999999994,3.53,3.0091666666666672]
[2025,6,14,13,45822.541666665878,5.89,"Valid",3.18,18.14,"Valid",6.3775000000000004,"","",5.89,3.18,18.14,6.3775000000000004,18.14,6.3775000000000004,5.89,3.18]
[2025,6,14,14,45822.583333332543,2.85,"Valid",3.0979166666666664,14.08,"Valid",6.2604166666666679,"","",2.85,3.0979166666666664,14.08,6.2604166666666679,14.08,6.2604166666666679,2.85,3.0979166666666664]
[2025,6,14,15,45822.624999999207,2.13,"Valid",3.0920833333333331,15.5,"Valid",6.3670833333333334,"","",2.13,3.0920833333333331,15.5,6.3670833333333334,15.5,6.3670833333333334,2.13,3.0920833333333331]
[2025,6,14,16,45822.666666665871,4.2699999999999996,"Valid",3.1112499999999996,7.37,"Valid",6.1724999999999994,"","",4.2699999999999996,3.1112499999999996,7.37,6.1724999999999994,7.37,6.1724999999999994,4.2699999999999996,3.1112499999999996]
[2025,6,14,17,45822.708333332535,2.9,"Valid",3.1462499999999998,6.4,"Valid",6.0050000000000017,"","",2.9,3.1462499999999998,6.4,6.0050000000000017,6.4,6.0050000000000017,2.9,3.1462499999999998]
[2025,6,14,18,45822.7499999992,0.74,"Valid",2.9816666666666674,4.97,"Valid",5.8758333333333335,"","",0.74,2.9816666666666674,4.97,5.8758333333333335,4.97,5.8758333333333335,0.74,2.9816666666666674]
[2025,6,14,19,45822.791666665864,4.46,"Valid",3.0620833333333337,8.1300000000000008,"Valid",6.0320833333333335,"","",4.46,3.0620833333333337,8.1300000000000008,6.0320833333333335,8.1300000000000008,6.0320833333333335,4.46,3.0620833333333337]
[2025,6,14,20,45822.833333332528,-0.21,"Valid",2.8779166666666671,0.4,"Valid",5.8212500000000018,"","",-0.21,2.8779166666666671,0.4,5.8212500000000018,0.4,5.8212500000000018,-0.21,2.8779166666666671]
[2025,6,14,21,45822.874999999192,4.62,"Valid",2.9191666666666669,4.67,"Valid",5.86,"","",4.62,2.9191666666666669,4.67,5.86,4.67,5.86,4.62,2.9191666666666669]
[2025,6,14,22,45822.916666665857,4.47,"Valid",3.0612499999999998,4.8499999999999996,"Valid",6.0137500000000008,"","",4.47,3.0612499999999998,4.8499999999999996,6.0137500000000008,4.8499999999999996,6.0137500000000008,4.47,3.0612499999999998]
[2025,6,14,23,45822.958333332521,4.4400000000000004,"Valid",3.1775000000000002,3.89,"Valid",6.0962500000000004,"","",4.4400000000000004,3.1775000000000002,3.89,6.0962500000000004,3.89,6.0962500000000004,4.4400000000000004,3.1775000000000002]
[2025,6,15,0,45822.999999999185,0.33,"Valid",2.8337500000000002,0.5,"Valid",5.7520833333333323,"","",0.33,2.8337500000000002,0.5,5.7520833333333323,0.5,5.7520833333333323,0.33,2.8337500000000002]
[2025,6,15,1,45823.041666665849,0.44,"Valid",2.6783333333333332,0.83,"Valid",5.5750000000000002,"","",0.44,2.6783333333333332,0.83,5.5750000000000002,0.83,5.5750000000000002,0.44,2.6783333333333332]
[2025,6,15,2,45823.083333332514,4.21,"Valid",2.6483333333333334,4.07,"Valid",5.5033333333333339,"","",4.21,2.6483333333333334,4.07,5.5033333333333339,4.07,5.5033333333333339,4.21,2.6483333333333334]
[2025,6,15,3,45823.124999999178,4.32,"Valid",2.6720833333333331,4.7300000000000004,"Valid",5.5220833333333337,"","",4.32,2.6720833333333331,4.7300000000000004,5.5220833333333337,4.7300000000000004,5.5220833333333337,4.32,2.6720833333333331]
[2025,6,15,4,45823.166666665842,7.52,"Valid",2.7212499999999995,7.23,"Valid",5.538333333333334,"","",7.52,2.7212499999999995,7.23,5.538333333333334,7.23,5.538333333333334,7.52,2.7212499999999995]
[2025,6,15,5,45823.208333332506,4.91,"Valid",2.9308333333333323,4.6500000000000004,"Valid",5.7245833333333342,"","",4.91,2.9308333333333323,4.6500000000000004,5.7245833333333342,4.6500000000000004,5.7245833333333342,4.91,2.9308333333333323]
[2025,6,15,6,45823.249999999171,8.06,"Valid",3.2320833333333323,7.14,"Valid",5.9683333333333337,"","",8.06,3.2320833333333323,7.14,5.9683333333333337,7.14,5.9683333333333337,8.06,3.2320833333333323]
[2025,6,15,7,45823.291666665835,0.32,"Valid",3.2141666666666655,0.9,"Valid",5.9587500000000011,"","",0.32,3.2141666666666655,0.9,5.9587500000000011,0.9,5.9587500000000011,0.32,3.2141666666666655]
[2025,6,15,8,45823.333333332499,3.26,"Valid",3.2637499999999995,3.98,"Valid",6.0241666666666669,"","",3.26,3.2637499999999995,3.98,6.0241666666666669,3.98,6.0241666666666669,3.26,3.2637499999999995]
[2025,6,{"$f":"C323+1","v":15},9,45823.374999999163,-0.14000000000000001,"Valid",3.2624999999999993,1.69,"Valid",6.0533333333333337,"","",-0.14000000000000001,3.2624999999999993,1.69,6.0533333333333337,1.69,6.0533333333333337,-0.14000000000000001,3.2624999999999993]
[2025,6,15,10,45823.416666665828,3.01,"Valid",3.2012499999999999,5.37,"Valid",5.9754166666666668,"","",3.01,3.2012499999999999,5.37,5.9754166666666668,5.37,5.9754166666666668,3.01,3.2012499999999999]
[2025,6,15,11,45823.458333332492,3.27,"Valid",3.3166666666666664,5.74,"Valid",6.090416666666667,"","",3.27,3.3166666666666664,5.74,6.090416666666667,5.74,6.090416666666667,3.27,3.3166666666666664]
[2025,6,15,12,45823.499999999156,5.13,"Valid",3.3833333333333329,7.49,"Valid",5.9466666666666681,"","",5.13,3.3833333333333329,7.49,5.9466666666666681,7.49,5.9466666666666681,5.13,3.3833333333333329]
[2025,6,15,13,45823.54166666582,1.8,"Valid",3.2129166666666662,3.76,"Valid",5.3475000000000001,"","",1.8,3.2129166666666662,3.76,5.3475000000000001,3.76,5.3475000000000001,1.8,3.2129166666666662]
[2025,6,15,14,45823.583333332484,1.67,"Valid",3.1637499999999998,3.61,"Valid",4.9112500000000008,"","",1.67,3.1637499999999998,3.61,4.9112500000000008,3.61,4.9112500000000008,1.67,3.1637499999999998]
[2025,6,15,15,45823.624999999149,0.16,"Valid",3.0816666666666666,2.94,"Valid",4.3879166666666665,"","",0.16,3.0816666666666666,2.94,4.3879166666666665,2.94,4.3879166666666665,0.16,3.0816666666666666]
[2025,6,15,16,45823.666666665813,2.57,"Valid",3.0108333333333328,5.65,"Valid",4.3162500000000001,"","",2.57,3.0108333333333328,5.65,4.3162500000000001,5.65,4.3162500000000001,2.57,3.0108333333333328]
[2025,6,15,17,45823.708333332477,5.63,"Valid",3.1245833333333333,8.16,"Valid",4.3895833333333334,"","",5.63,3.1245833333333333,8.16,4.3895833333333334,8.16,4.3895833333333334,5.63,3.1245833333333333]
[2025,6,15,18,45823.749999999141,-0.77,"Valid",3.061666666666667,1.29,"Valid",4.2362499999999992,"","",-0.77,3.061666666666667,1.29,4.2362499999999992,1.29,4.2362499999999992,-0.77,3.061666666666667]
[2025,6,15,19,45823.791666665806,1.89,"Valid",2.9545833333333333,3.24,"Valid",4.0324999999999998,"","",1.89,2.9545833333333333,3.24,4.0324999999999998,3.24,4.0324999999999998,1.89,2.9545833333333333]
[2025,6,15,20,45823.83333333247,5.0199999999999996,"Valid",3.1724999999999999,5.86,"Valid",4.26,"","",5.0199999999999996,3.1724999999999999,5.86,4.26,5.86,4.26,5.0199999999999996,3.1724999999999999]
[2025,6,15,21,45823.874999999134,1.75,"Valid",3.0529166666666665,2.56,"Valid",4.1720833333333331,"","",1.75,3.0529166666666665,2.56,4.1720833333333331,2.56,4.1720833333333331,1.75,3.0529166666666665]
[2025,6,15,22,45823.916666665798,6.72,"Valid",3.1466666666666665,6.9,"Valid",4.2575000000000003,"","",6.72,3.1466666666666665,6.9,4.2575000000000003,6.9,4.2575000000000003,6.72,3.1466666666666665]
[2025,6,15,23,45823.958333332463,2.08,"Valid",3.0483333333333333,2.25,"Valid",4.1891666666666669,"","",2.08,3.0483333333333333,2.25,4.1891666666666669,2.25,4.1891666666666669,2.08,3.0483333333333333]
[2025,6,16,0,45823.999999999127,3.66,"Valid",3.1870833333333333,3.87,"Valid",4.3295833333333338,"","",3.66,3.1870833333333333,3.87,4.3295833333333338,3.87,4.3295833333333338,3.66,3.1870833333333333]
[2025,6,16,1,45824.041666665791,2.98,"Valid",3.2929166666666667,2.79,"Valid",4.4112499999999999,"","",2.98,3.2929166666666667,2.79,4.4112499999999999,2.79,4.4112499999999999,2.98,3.2929166666666667]
[2025,6,16,2,45824.083333332455,4.6500000000000004,"Valid",3.3112499999999998,4.4400000000000004,"Valid",4.4266666666666667,"","",4.6500000000000004,3.3112499999999998,4.4400000000000004,4.4266666666666667,4.4400000000000004,4.4266666666666667,4.6500000000000004,3.3112499999999998]
[2025,6,16,3,45824.12499999912,4.99,"Valid",3.339166666666666,4.78,"Valid",4.4287500000000009,"","",4.99,3.339166666666666,4.78,4.4287500000000009,4.78,4.4287500000000009,4.99,3.339166666666666]
[2025,6,16,4,45824.166666665784,8.4700000000000006,"Valid",3.3787499999999988,8.6199999999999992,"Valid",4.4866666666666672,"","",8.4700000000000006,3.3787499999999988,8.6199999999999992,4.4866666666666672,8.6199999999999992,4.4866666666666672,8.4700000000000006,3.3787499999999988]
[2025,6,16,5,45824.208333332448,5.1100000000000003,"Valid",3.3870833333333326,5.18,"Valid",4.50875,"","",5.1100000000000003,3.3870833333333326,5.18,4.50875,5.18,4.50875,5.1100000000000003,3.3870833333333326]
[2025,6,16,6,45824.249999999112,3.69,"Valid",3.2050000000000001,3.48,"Valid",4.3562500000000011,"","",3.69,3.2050000000000001,3.48,4.3562500000000011,3.48,4.3562500000000011,3.69,3.2050000000000001]
[2025,6,16,7,45824.291666665777,4.66,"Valid",3.3858333333333328,4.6900000000000004,"Valid",4.5141666666666671,"","",4.66,3.3858333333333328,4.6900000000000004,4.5141666666666671,4.6900000000000004,4.5141666666666671,4.66,3.3858333333333328]
[2025,6,16,8,45824.333333332441,2.0499999999999998,"Valid",3.3354166666666667,3.2,"Valid",4.4816666666666682,"","",2.0499999999999998,3.3354166666666667,3.2,4.4816666666666682,3.2,4.4816666666666682,2.0499999999999998,3.3354166666666667]
[2025,6,16,9,45824.374999999105,-0.89,"Valid",3.3041666666666667,1,"Valid",4.4529166666666669,"","",-0.89,3.3041666666666667,1,4.4529166666666669,1,4.4529166666666669,-0.89,3.3041666666666667]
[2025,6,16,10,45824.416666665769,0.82,"Valid",3.2129166666666662,2.59,"Valid",4.337083333333335,"","",0.82,3.2129166666666662,2.59,4.337083333333335,2.59,4.337083333333335,0.82,3.2129166666666662]
[2025,6,16,11,45824.458333332434,-0.82,"Valid",3.0425,1.55,"Valid",4.1625000000000005,"","",-0.82,3.0425,1.55,4.1625000000000005,1.55,4.1625000000000005,-0.82,3.0425]
[2025,6,16,12,45824.499999999098,2.04,"Valid",2.9137499999999998,7.17,"Valid",4.1491666666666669,"","",2.04,2.9137499999999998,7.17,4.1491666666666669,7.17,4.1491666666666669,2.04,2.9137499999999998]
[2025,6,16,13,45824.541666665762,5.47,"Valid",3.0666666666666664,16.75,"Valid",4.6904166666666667,"","",5.47,3.0666666666666664,16.75,4.6904166666666667,16.75,4.6904166666666667,5.47,3.0666666666666664]
[2025,6,16,14,45824.583333332426,5.38,"Valid",3.2212499999999995,15.8,"Valid",5.1983333333333333,"","",5.38,3.2212499999999995,15.8,5.1983333333333333,15.8,5.1983333333333333,5.38,3.2212499999999995]
[2025,6,16,15,45824.624999999091,2.33,"Valid",3.3116666666666661,16.149999999999999,"Valid",5.7487500000000002,"","",2.33,3.3116666666666661,16.149999999999999,5.7487500000000002,16.149999999999999,5.7487500000000002,2.33,3.3116666666666661]
[2025,6,16,16,45824.666666665755,3.5,"Valid",3.3504166666666664,18.86,"Valid",6.2991666666666672,"","",3.5,3.3504166666666664,18.86,6.2991666666666672,18.86,6.2991666666666672,3.5,3.3504166666666664]
[2025,6,16,17,45824.708333332419,6.22,"Valid",3.3749999999999996,24.99,"Valid",7.0004166666666663,"","",6.22,3.3749999999999996,24.99,7.0004166666666663,24.99,7.0004166666666663,6.22,3.3749999999999996]
[2025,6,16,18,45824.749999999083,1.2,"Valid",3.4570833333333333,4.96,"Valid",7.1533333333333351,"","",1.2,3.4570833333333333,4.96,7.1533333333333351,4.96,7.1533333333333351,1.2,3.4570833333333333]
[2025,6,16,19,45824.791666665747,2.72,"Valid",3.4916666666666667,5.69,"Valid",7.255416666666668,"","",2.72,3.4916666666666667,5.69,7.255416666666668,5.69,7.255416666666668,2.72,3.4916666666666667]
[2025,6,16,20,45824.833333332412,5.04,"Valid",3.4924999999999997,7.08,"Valid",7.3062500000000012,"","",5.04,3.4924999999999997,7.08,7.3062500000000012,7.08,7.3062500000000012,5.04,3.4924999999999997]
[2025,6,16,21,45824.874999999076,1.7,"Valid",3.4904166666666669,3.46,"Valid",7.3437500000000009,"","",1.7,3.4904166666666669,3.46,7.3437500000000009,3.46,7.3437500000000009,1.7,3.4904166666666669]
[2025,6,16,22,45824.91666666574,2.13,"Valid",3.2991666666666664,3.57,"Valid",7.205000000000001,"","",2.13,3.2991666666666664,3.57,7.205000000000001,3.57,7.205000000000001,2.13,3.2991666666666664]
[2025,6,16,23,45824.958333332404,1.1299999999999999,"Valid",3.2595833333333331,3.91,"Valid",7.2741666666666669,"","",1.1299999999999999,3.2595833333333331,3.91,7.2741666666666669,3.91,7.2741666666666669,1.1299999999999999,3.2595833333333331]
[2025,6,17,0,45824.999999999069,4.62,"Valid",3.299583333333334,6.59,"Valid",7.3875000000000002,"","",{"$f":"IF(G386=\"Valid\", F386, NA())","v":4.62},{"$f":"IF(G386=\"Valid\", H386, NA())","v":3.299583333333334},{"$f":"IF(J386=\"Valid\", I386, NA())","v":6.59},{"$f":"IF(J386=\"Valid\", K386, NA())","v":7.3875000000000002},6.59,7.3875000000000002,4.62,3.299583333333334]
[2025,6,17,1,45825.041666665733,0.56000000000000005,"Valid",3.19875,2.71,"Valid",7.3841666666666681,"","",0.56000000000000005,3.19875,2.71,7.3841666666666681,2.71,7.3841666666666681,0.56000000000000005,3.19875]
[2025,6,17,{"$f":"IF(D387=23,0,D387+1)","v":2},{"$f":"E387+0.0416666666666666","v":45825.083333332397},5.68,"Valid",3.2416666666666671,8.1199999999999992,"Valid",7.5375000000000014,"","",5.68,3.2416666666666671,8.1199999999999992,7.5375000000000014,8.1199999999999992,7.5375000000000014,5.68,3.2416666666666671]
[2025,6,17,3,45825.124999999061,2.76,"Valid",3.1487500000000002,4.49,"Valid",7.5254166666666684,"","",2.76,3.1487500000000002,4.49,7.5254166666666684,4.49,7.5254166666666684,2.76,3.1487500000000002]
[2025,6,17,4,45825.166666665726,2.94,"Valid",2.9183333333333334,4.83,"Valid",7.3675000000000024,"","",2.94,2.9183333333333334,4.83,7.3675000000000024,4.83,7.3675000000000024,2.94,2.9183333333333334]
[2025,6,17,5,45825.20833333239,0.5,"Valid",2.7262500000000003,1.56,"Valid",7.2166666666666677,"","",0.5,2.7262500000000003,1.56,7.2166666666666677,1.56,7.2166666666666677,0.5,2.7262500000000003]
[2025,6,17,6,45825.249999999054,-0.96,"Valid",2.5325000000000002,0.17,"Valid",7.0787500000000003,"","",-0.96,2.5325000000000002,0.17,7.0787500000000003,0.17,7.0787500000000003,-0.96,2.5325000000000002]
[2025,6,17,7,45825.291666665718,3.64,"Valid",2.4900000000000002,5.0599999999999996,"Valid",7.0941666666666672,"","",3.64,2.4900000000000002,5.0599999999999996,7.0941666666666672,5.0599999999999996,7.0941666666666672,3.64,2.4900000000000002]
[2025,6,17,8,45825.333333332383,3.43,"Valid",2.5474999999999999,4.38,"Valid",7.1433333333333335,"","",3.43,2.5474999999999999,4.38,7.1433333333333335,4.38,7.1433333333333335,3.43,2.5474999999999999]
[2025,6,17,9,45825.374999999047,-1.73,"Valid",2.5125000000000002,-0.2,"Valid",7.0933333333333337,"","",-1.73,2.5125000000000002,-0.2,7.0933333333333337,-0.2,7.0933333333333337,-1.73,2.5125000000000002]
[2025,6,17,10,45825.416666665711,5.13,"Valid",2.6920833333333332,7.03,"Valid",7.2783333333333333,"","",5.13,2.6920833333333332,7.03,7.2783333333333333,7.03,7.2783333333333333,5.13,2.6920833333333332]
[2025,6,17,11,45825.458333332375,1.52,"Valid",2.7895833333333333,4.03,"Valid",7.3816666666666668,"","",1.52,2.7895833333333333,4.03,7.3816666666666668,4.03,7.3816666666666668,1.52,2.7895833333333333]
[2025,6,17,12,45825.49999999904,2.93,"Valid",2.8266666666666667,7.09,"Valid",7.3783333333333339,"","",2.93,2.8266666666666667,7.09,7.3783333333333339,7.09,7.3783333333333339,2.93,2.8266666666666667]
[2025,6,17,13,45825.541666665704,4.05,"Valid",2.7675000000000001,9.23,"Valid",7.0649999999999986,"","",4.05,2.7675000000000001,9.23,7.0649999999999986,9.23,7.0649999999999986,4.05,2.7675000000000001]
[2025,6,17,14,45825.583333332368,1.6,"Valid",2.61,8.27,"Valid",6.7512499999999989,"","",1.6,2.61,8.27,6.7512499999999989,8.27,6.7512499999999989,1.6,2.61]
[2025,6,17,15,45825.624999999032,2.21,"Valid",2.605,8.35,"Valid",6.4262499999999987,"","",2.21,2.605,8.35,6.4262499999999987,8.35,6.4262499999999987,2.21,2.605]
[2025,6,17,16,45825.666666665697,2.38,"Valid",2.5583333333333336,9.6999999999999993,"Valid",6.0445833333333328,"","",2.38,2.5583333333333336,9.6999999999999993,6.0445833333333328,9.6999999999999993,6.0445833333333328,2.38,2.5583333333333336]
[2025,6,17,17,45825.708333332361,4.49,"Valid",2.4862500000000005,17.149999999999999,"Valid",5.7179166666666674,"","",4.49,2.4862500000000005,17.149999999999999,5.7179166666666674,17.149999999999999,5.7179166666666674,4.49,2.4862500000000005]
[2025,6,17,18,45825.749999999025,1.43,"Valid",2.4958333333333336,6.18,"Valid",5.7687500000000007,"","",1.43,2.4958333333333336,6.18,5.7687500000000007,6.18,5.7687500000000007,1.43,2.4958333333333336]
[2025,6,17,19,45825.791666665689,-0.43,"Valid",2.3645833333333335,1.91,"Valid",5.611250000000001,"","",-0.43,2.3645833333333335,1.91,5.611250000000001,1.91,5.611250000000001,-0.43,2.3645833333333335]
[2025,6,17,20,45825.833333332354,8.3699999999999992,"Valid",2.5033333333333334,9.68,"Valid",5.7195833333333335,"","",8.3699999999999992,2.5033333333333334,9.68,5.7195833333333335,9.68,5.7195833333333335,8.3699999999999992,2.5033333333333334]
[2025,6,17,21,45825.874999999018,2.37,"Valid",2.53125,3.41,"Valid",5.7175000000000002,"","",2.37,2.53125,3.41,5.7175000000000002,3.41,5.7175000000000002,2.37,2.53125]
[2025,6,17,22,45825.916666665682,7.15,"Valid",2.7404166666666665,7.77,"Valid",5.892500000000001,"","",7.15,2.7404166666666665,7.77,5.892500000000001,7.77,5.892500000000001,7.15,2.7404166666666665]
[2025,6,17,23,45825.958333332346,7.88,"Valid",3.0216666666666665,7.99,"Valid",6.0625000000000009,"","",7.88,3.0216666666666665,7.99,6.0625000000000009,7.99,6.0625000000000009,7.88,3.0216666666666665]
[2025,6,18,0,45825.99999999901,3.44,"Valid",2.9724999999999997,3.87,"Valid",5.9491666666666676,"","",3.44,2.9724999999999997,3.87,5.9491666666666676,3.87,5.9491666666666676,3.44,2.9724999999999997]
[2025,6,{"$f":"C387+1","v":18},1,45826.041666665675,5.51,"Valid",3.1787499999999995,5.56,"Valid",6.067916666666668,"","",5.51,3.1787499999999995,5.56,6.067916666666668,5.56,6.067916666666668,5.51,3.1787499999999995]
[2025,6,18,2,45826.083333332339,0.42,"Valid",2.9595833333333332,0.74,"Valid",5.760416666666667,"","",0.42,2.9595833333333332,0.74,5.760416666666667,0.74,5.760416666666667,0.42,2.9595833333333332]
[2025,6,18,3,45826.124999999003,2.79,"Valid",2.9608333333333334,3.2,"Valid",5.706666666666667,"","",2.79,2.9608333333333334,3.2,5.706666666666667,3.2,5.706666666666667,2.79,2.9608333333333334]
[2025,6,18,4,45826.166666665667,3.78,"Valid",2.9958333333333336,4.29,"Valid",5.6841666666666661,"","",3.78,2.9958333333333336,4.29,5.6841666666666661,4.29,5.6841666666666661,3.78,2.9958333333333336]
[2025,6,18,5,45826.208333332332,2.39,"Valid",3.0745833333333334,2.85,"Valid",5.7379166666666661,"","",2.39,3.0745833333333334,2.85,5.7379166666666661,2.85,5.7379166666666661,2.39,3.0745833333333334]
[2025,6,18,6,45826.249999998996,4.59,"Valid",3.3058333333333336,4.68,"Valid",5.9258333333333333,"","",4.59,3.3058333333333336,4.68,5.9258333333333333,4.68,5.9258333333333333,4.59,3.3058333333333336]
[2025,6,18,7,45826.29166666566,0.75,"Valid",3.1854166666666668,1.98,"Valid",5.7974999999999994,"","",0.75,3.1854166666666668,1.98,5.7974999999999994,1.98,5.7974999999999994,0.75,3.1854166666666668]
[2025,6,18,8,45826.333333332324,-1.17,"Valid",2.9937499999999999,0.19,"Valid",5.6229166666666677,"","",-1.17,2.9937499999999999,0.19,5.6229166666666677,0.19,5.6229166666666677,-1.17,2.9937499999999999]
[2025,6,18,9,45826.374999998989,-2.9,"Valid",2.944999999999999,1.74,"Valid",5.7037500000000003,"","",-2.9,2.944999999999999,1.74,5.7037500000000003,1.74,5.7037500000000003,-2.9,2.944999999999999]
[2025,6,18,10,45826.416666665653,3.98,"Valid",2.8970833333333332,9.6,"Valid",5.810833333333334,"","",3.98,{"$f":"IF(G420=\"Valid\", H420, NA())","v":2.8970833333333332},9.6,5.810833333333334,9.6,5.810833333333334,3.98,2.8970833333333332]
[2025,6,18,11,45826.458333332317,6.79,"Valid",3.1166666666666667,14.13,"Valid",6.2316666666666656,"","",6.79,3.1166666666666667,14.13,6.2316666666666656,14.13,6.2316666666666656,6.79,3.1166666666666667]
[2025,6,18,12,45826.499999998981,2.72,"Valid",3.1079166666666667,10.92,"Valid",6.3912499999999985,"","",2.72,3.1079166666666667,10.92,6.3912499999999985,10.92,6.3912499999999985,2.72,3.1079166666666667]
[2025,6,18,13,45826.541666665646,6.98,"Valid",3.2300000000000004,24.39,"Valid",7.0229166666666645,"","",6.98,3.2300000000000004,24.39,7.0229166666666645,24.39,7.0229166666666645,6.98,3.2300000000000004]
[2025,6,18,14,45826.58333333231,7,"Valid",3.4550000000000001,28.94,"Valid",7.8841666666666654,"","",7,3.4550000000000001,28.94,7.8841666666666654,28.94,7.8841666666666654,7,3.4550000000000001]
[2025,6,18,15,45826.624999998974,5.77,"Valid",3.6033333333333335,19.940000000000001,"Valid",8.3670833333333317,"","",5.77,3.6033333333333335,19.940000000000001,8.3670833333333317,19.940000000000001,8.3670833333333317,5.77,3.6033333333333335]
[2025,6,18,16,45826.666666665638,6.58,"Valid",3.7783333333333338,22.42,"Valid",8.8970833333333328,"","",6.58,3.7783333333333338,22.42,8.8970833333333328,22.42,8.8970833333333328,6.58,3.7783333333333338]
[2025,6,18,17,45826.708333332303,5.15,"Valid",3.8058333333333327,17.21,"Valid",8.8995833333333341,"","",5.15,3.8058333333333327,17.21,8.8995833333333341,17.21,8.8995833333333341,5.15,3.8058333333333327]
[2025,6,18,18,45826.749999998967,5.42,"Valid",3.9720833333333334,20.98,"Valid",9.5162499999999994,"","",5.42,3.9720833333333334,20.98,9.5162499999999994,20.98,9.5162499999999994,5.42,3.9720833333333334]
[2025,6,18,19,45826.791666665631,2.13,"Valid",4.0787499999999994,7.02,"Valid",9.7291666666666679,"","",2.13,4.0787499999999994,7.02,9.7291666666666679,7.02,9.7291666666666679,2.13,4.0787499999999994]
[2025,6,18,20,45826.833333332295,6.69,"Valid",4.00875,9.52,"Valid",9.7225000000000019,"","",6.69,4.00875,9.52,9.7225000000000019,9.52,9.7225000000000019,6.69,4.00875]
[2025,6,18,21,45826.87499999896,3.7,"Valid",4.064166666666666,5.88,"Valid",9.8254166666666674,"","",3.7,4.064166666666666,5.88,9.8254166666666674,5.88,9.8254166666666674,3.7,4.064166666666666]
[2025,6,18,22,45826.916666665624,9.1300000000000008,"Valid",4.1466666666666665,12.04,"Valid",10.003333333333334,"","",9.1300000000000008,4.1466666666666665,12.04,10.003333333333334,12.04,10.003333333333334,9.1300000000000008,4.1466666666666665]
[2025,6,18,23,45826.958333332288,4.78,"Valid",4.0175000000000001,5.98,"Valid",9.9195833333333336,"","",4.78,4.0175000000000001,5.98,9.9195833333333336,5.98,9.9195833333333336,4.78,4.0175000000000001]
[2025,6,19,0,45826.999999998952,2.87,"Valid",3.993749999999999,3.77,"Valid",9.9154166666666672,"","",2.87,3.993749999999999,3.77,9.9154166666666672,3.77,9.9154166666666672,2.87,3.993749999999999]
[2025,6,19,1,45827.041666665617,4.16,"Valid",3.9375,5.76,"Valid",9.9237500000000001,"","",4.16,3.9375,5.76,9.9237500000000001,5.76,9.9237500000000001,4.16,3.9375]
[2025,6,19,2,45827.083333332281,-1.46,"Valid",3.8591666666666669,0.46,"Valid",9.9120833333333334,"","",-1.46,3.8591666666666669,0.46,9.9120833333333334,0.46,9.9120833333333334,-1.46,3.8591666666666669]
[2025,6,19,3,45827.124999998945,2.79,"Valid",3.8591666666666669,4.0599999999999996,"Valid",9.9479166666666661,"","",2.79,3.8591666666666669,4.0599999999999996,9.9479166666666661,4.0599999999999996,9.9479166666666661,2.79,3.8591666666666669]
[2025,6,19,4,45827.166666665609,2.1800000000000002,"Valid",3.7925000000000004,3.44,"Valid",9.9124999999999996,"","",2.1800000000000002,3.7925000000000004,3.44,9.9124999999999996,3.44,9.9124999999999996,2.1800000000000002,3.7925000000000004]
[2025,6,19,5,45827.208333332273,-1.89,"Valid",3.6141666666666676,-0.87,"Valid",9.7575000000000003,"","",-1.89,3.6141666666666676,-0.87,9.7575000000000003,-0.87,9.7575000000000003,-1.89,3.6141666666666676]
[2025,6,19,6,45827.249999998938,1.45,"Valid",3.4833333333333343,3.37,"Valid",9.7029166666666669,"","",1.45,3.4833333333333343,3.37,9.7029166666666669,3.37,9.7029166666666669,1.45,3.4833333333333343]
[2025,6,19,7,45827.291666665602,0.66,"Valid",3.4795833333333341,3.35,"Valid",9.76,"","",0.66,3.4795833333333341,3.35,9.76,3.35,9.76,0.66,3.4795833333333341]
[2025,6,19,8,45827.333333332266,2.11,"Valid",3.6162500000000009,5.35,"Valid",9.9749999999999996,"","",2.11,3.6162500000000009,5.35,9.9749999999999996,5.35,9.9749999999999996,2.11,3.6162500000000009]
[2025,6,19,9,45827.37499999893,5.12,"Valid",3.9504166666666674,6.83,"Valid",10.187083333333334,"","",5.12,3.9504166666666674,6.83,10.187083333333334,6.83,10.187083333333334,5.12,3.9504166666666674]
[2025,6,19,10,45827.416666665595,8.36,"Valid",4.1329166666666675,12.31,"Valid",10.299999999999999,"","",8.36,4.1329166666666675,12.31,10.299999999999999,12.31,10.299999999999999,8.36,4.1329166666666675]
[2025,6,19,11,45827.458333332259,7.65,"Valid",4.168750000000002,18.22,"Valid",10.470416666666667,"","",7.65,4.168750000000002,18.22,10.470416666666667,18.22,10.470416666666667,7.65,4.168750000000002]
[2025,6,19,12,45827.499999998923,6.48,"Valid",4.3254166666666682,16.37,"Valid",10.6975,"","",6.48,4.3254166666666682,16.37,10.6975,16.37,10.6975,6.48,4.3254166666666682]
[2025,6,19,13,45827.541666665587,4.66,"Valid",4.2287500000000007,16.29,"Valid",10.360000000000001,"","",4.66,4.2287500000000007,16.29,10.360000000000001,16.29,10.360000000000001,4.66,4.2287500000000007]
[2025,6,19,14,45827.583333332252,4.87,"Valid",4.1400000000000006,20.350000000000001,"Valid",10.002083333333333,"","",4.87,4.1400000000000006,20.350000000000001,10.002083333333333,20.350000000000001,10.002083333333333,4.87,4.1400000000000006]
[2025,6,19,15,45827.624999998916,3.57,"Valid",4.0483333333333329,27.76,"Valid",10.327916666666665,"","",3.57,4.0483333333333329,27.76,10.327916666666665,27.76,10.327916666666665,3.57,4.0483333333333329]
[2025,6,19,16,45827.66666666558,4.1100000000000003,"Valid",3.9454166666666666,19.850000000000001,"Valid",10.220833333333331,"","",{"$f":"IF(G450=\"Valid\", F450, NA())","v":4.1100000000000003},{"$f":"IF(G450=\"Valid\", H450, NA())","v":3.9454166666666666},{"$f":"IF(J450=\"Valid\", I450, NA())","v":19.850000000000001},{"$f":"IF(J450=\"Valid\", K450, NA())","v":10.220833333333331},19.850000000000001,10.220833333333331,4.1100000000000003,3.9454166666666666]
[2025,6,19,17,45827.708333332244,5.01,"Valid",3.9395833333333332,20.3,"Valid",10.349583333333332,"","",5.01,3.9395833333333332,20.3,10.349583333333332,20.3,10.349583333333332,5.01,3.9395833333333332]
[2025,6,19,{"$f":"IF(D451=23,0,D451+1)","v":18},{"$f":"E451+0.0416666666666666","v":45827.749999998909},7.65,"Valid",4.0324999999999998,21.25,"Valid",10.360833333333334,"","",7.65,4.0324999999999998,21.25,10.360833333333334,21.25,10.360833333333334,7.65,4.0324999999999998]
[2025,6,19,19,45827.791666665573,3.08,"Valid",4.0720833333333335,11.34,"Valid",10.540833333333333,"","",3.08,4.0720833333333335,11.34,10.540833333333333,11.34,10.540833333333333,3.08,4.0720833333333335]
[2025,6,19,20,45827.833333332237,2.74,"Valid",3.9075000000000002,4.5,"Valid",10.331666666666667,"","",2.74,3.9075000000000002,4.5,10.331666666666667,4.5,10.331666666666667,2.74,3.9075000000000002]
[2025,6,19,21,45827.874999998901,0.82,"Valid",3.7874999999999996,2.17,"Valid",10.177083333333332,"","",0.82,3.7874999999999996,2.17,10.177083333333332,2.17,10.177083333333332,0.82,3.7874999999999996]
[2025,6,19,22,45827.916666665566,6.72,"Valid",3.6870833333333333,7.51,"Valid",9.9883333333333315,"","",6.72,3.6870833333333333,7.51,9.9883333333333315,7.51,9.9883333333333315,6.72,3.6870833333333333]
[2025,6,19,23,45827.95833333223,2.75,"Valid",3.6024999999999991,3.68,"Valid",9.8925000000000001,"","",{"$f":"IF(G457=\"Valid\", F457, NA())","v":2.75},3.6024999999999991,3.68,9.8925000000000001,3.68,9.8925000000000001,2.75,3.6024999999999991]
[2025,6,20,0,45827.999999998894,0.92,"Valid",3.5212499999999989,2.5299999999999998,"Valid",9.8408333333333324,"","",0.92,3.5212499999999989,2.5299999999999998,9.8408333333333324,2.5299999999999998,9.8408333333333324,0.92,3.5212499999999989]
[2025,6,20,1,45828.041666665558,0.77,"Valid",3.379999999999999,1.58,"Valid",9.6666666666666661,"","",0.77,3.379999999999999,1.58,9.6666666666666661,1.58,9.6666666666666661,0.77,3.379999999999999]
[2025,6,20,2,45828.083333332223,3.71,"Valid",3.5954166666666652,4.84,"Valid",9.8491666666666671,"","",3.71,3.5954166666666652,4.84,9.8491666666666671,4.84,9.8491666666666671,3.71,3.5954166666666652]
[2025,6,20,3,45828.124999998887,1.0900000000000001,"Valid",3.5245833333333323,2.2999999999999998,"Valid",9.7758333333333329,"","",1.0900000000000001,3.5245833333333323,2.2999999999999998,9.7758333333333329,2.2999999999999998,9.7758333333333329,1.0900000000000001,3.5245833333333323]
[2025,6,20,4,45828.166666665551,1.28,"Valid",3.4870833333333326,2.35,"Valid",9.7304166666666667,"","",1.28,3.4870833333333326,2.35,9.7304166666666667,2.35,9.7304166666666667,1.28,3.4870833333333326]
[2025,6,20,5,45828.208333332215,0.23,"Valid",3.575416666666666,1.25,"Valid",9.8187499999999996,"","",0.23,3.575416666666666,1.25,9.8187499999999996,1.25,9.8187499999999996,0.23,3.575416666666666]
[2025,6,20,6,45828.24999999888,1.1299999999999999,"Valid",3.5620833333333324,1.46,"Valid",9.7391666666666676,"","",1.1299999999999999,3.5620833333333324,1.46,9.7391666666666676,1.46,9.7391666666666676,1.1299999999999999,3.5620833333333324]
[2025,6,20,7,45828.291666665544,{"$f":"NA()","v":{"$error":"#N/A"}},"Invalid",{"$f":"NA()","v":{"$error":"#N/A"}},{"$f":"NA()","v":{"$error":"#N/A"}},"Invalid",{"$f":"NA()","v":{"$error":"#N/A"}},"Calibration Error","High negatives removed",{"$error":"#N/A"},{"$error":"#N/A"},{"$error":"#N/A"},{"$error":"#N/A"}]
[2025,6,20,8,45828.333333332208,-0.28999999999999998,"Valid",3.58391304347826,0.51,"Valid",9.8065217391304369,"","",-0.28999999999999998,3.58391304347826,0.51,9.8065217391304369,0.51,9.8065217391304369,-0.28999999999999998,3.58391304347826]
[2025,6,20,9,45828.374999998872,5.4,"Valid",3.5960869565217388,8.52,"Valid",9.8800000000000008,"","",5.4,3.5960869565217388,8.52,9.8800000000000008,8.52,9.8800000000000008,5.4,3.5960869565217388]
[2025,6,20,10,45828.416666665536,4.25,"Valid",3.4173913043478263,6.76,"Valid",9.6386956521739133,"","",4.25,3.4173913043478263,6.76,9.6386956521739133,6.76,9.6386956521739133,4.25,3.4173913043478263]
[2025,6,20,11,45828.458333332201,5.07,"Valid",3.3052173913043483,7.84,"Valid",9.1873913043478268,"","",5.07,3.3052173913043483,7.84,9.1873913043478268,7.84,9.1873913043478268,5.07,3.3052173913043483]
[2025,6,20,12,45828.499999998865,3.04,"Valid",3.1556521739130434,8.42,"Valid",8.8417391304347817,"","",3.04,3.1556521739130434,8.42,8.8417391304347817,8.42,8.8417391304347817,3.04,3.1556521739130434]
[2025,6,20,13,45828.541666665529,3.85,"Valid",3.120434782608696,9.08,"Valid",8.5282608695652193,"","",3.85,3.120434782608696,9.08,8.5282608695652193,9.08,8.5282608695652193,3.85,3.120434782608696]
[2025,6,20,14,45828.583333332193,4.33,"Valid",3.0969565217391306,9.65,"Valid",8.0630434782608695,"","",4.33,3.0969565217391306,9.65,8.0630434782608695,9.65,8.0630434782608695,4.33,3.0969565217391306]
[2025,6,20,15,45828.624999998858,5.85,"Valid",3.1960869565217394,10.14,"Valid",7.2969565217391326,"","",5.85,3.1960869565217394,10.14,7.2969565217391326,10.14,7.2969565217391326,5.85,3.1960869565217394]
[2025,6,20,16,45828.666666665522,7.21,"Valid",3.3308695652173914,21.42,"Valid",7.3652173913043493,"","",7.21,3.3308695652173914,21.42,7.3652173913043493,21.42,7.3652173913043493,7.21,3.3308695652173914]
[2025,6,{"$f":"C451+1","v":20},17,45828.708333332186,5.86,"Valid",3.3678260869565215,21.78,"Valid",7.4295652173913052,"","",5.86,3.3678260869565215,21.78,7.4295652173913052,21.78,7.4295652173913052,5.86,3.3678260869565215]
[2025,6,20,18,45828.74999999885,6.96,"Valid",3.3378260869565217,14.36,"Valid",7.1300000000000008,"","",6.96,3.3378260869565217,14.36,7.1300000000000008,14.36,7.1300000000000008,6.96,3.3378260869565217]
[2025,6,20,19,45828.791666665515,5.86,"Valid",3.4586956521739127,9.59,"Valid",7.0539130434782624,"","",5.86,3.4586956521739127,9.59,7.0539130434782624,9.59,7.0539130434782624,5.86,3.4586956521739127]
[2025,6,20,20,45828.833333332179,4.8600000000000003,"Valid",3.5508695652173912,11.02,"Valid",7.337391304347828,"","",4.8600000000000003,3.5508695652173912,11.02,7.337391304347828,11.02,7.337391304347828,4.8600000000000003,3.5508695652173912]
[2025,6,20,21,45828.874999998843,3.26,"Valid",3.6569565217391302,5.92,"Valid",7.5004347826086963,"","",3.26,3.6569565217391302,5.92,7.5004347826086963,5.92,7.5004347826086963,3.26,3.6569565217391302]
[2025,6,20,22,45828.916666665507,1.33,"Valid",3.4226086956521744,3.72,"Valid",7.3356521739130445,"","",1.33,3.4226086956521744,3.72,7.3356521739130445,3.72,7.3356521739130445,1.33,3.4226086956521744]
[2025,6,20,23,45828.958333332172,3.1,"Valid",3.4378260869565223,4.8099999999999996,"Valid",7.3847826086956534,"","",3.1,3.4378260869565223,4.8099999999999996,7.3847826086956534,4.8099999999999996,7.3847826086956534,3.1,3.4378260869565223]
[2025,6,21,0,45828.999999998836,3.3,"Valid",3.5413043478260873,4.1399999999999997,"Valid",7.454782608695651,"","",3.3,3.5413043478260873,4.1399999999999997,7.454782608695651,4.1399999999999997,7.454782608695651,3.3,3.5413043478260873]
[2025,6,21,1,45829.0416666655,2.58,"Valid",3.62,3.6,"Valid",7.5426086956521736,"","",2.58,3.62,3.6,7.5426086956521736,3.6,7.5426086956521736,2.58,3.62]
[2025,6,21,2,45829.083333332164,2.94,"Valid",3.5865217391304345,3.57,"Valid",7.4873913043478248,"","",2.94,3.5865217391304345,3.57,7.4873913043478248,3.57,7.4873913043478248,2.94,3.5865217391304345]
[2025,6,21,3,45829.124999998829,11.68,"Valid",4.0469565217391299,11.67,"Valid",7.8947826086956505,"","",11.68,4.0469565217391299,11.67,7.8947826086956505,11.67,7.8947826086956505,11.68,4.0469565217391299]
[2025,6,21,4,45829.166666665493,4.96,"Valid",4.2069565217391292,5.92,"Valid",8.0499999999999972,"","",4.96,4.2069565217391292,5.92,8.0499999999999972,5.92,8.0499999999999972,4.96,4.2069565217391292]
[2025,6,21,5,45829.208333332157,5.03,"Valid",4.4156521739130428,5.45,"Valid",8.2326086956521713,"","",5.03,4.4156521739130428,5.45,8.2326086956521713,5.45,8.2326086956521713,5.03,4.4156521739130428]
[2025,6,21,6,45829.249999998821,0.86,"Valid",4.4039130434782603,1.86,"Valid",8.2499999999999982,"","",0.86,4.4039130434782603,1.86,8.2499999999999982,1.86,8.2499999999999982,0.86,4.4039130434782603]
[2025,6,21,7,45829.291666665486,4.4400000000000004,"Valid",4.4054166666666665,4.87,"Valid",8.1091666666666651,"","",4.4400000000000004,4.4054166666666665,4.87,8.1091666666666651,4.87,8.1091666666666651,4.4400000000000004,4.4054166666666665]
[2025,6,21,8,45829.33333333215,2.4300000000000002,"Valid",4.5187499999999998,3.65,"Valid",8.2399999999999984,"","",2.4300000000000002,4.5187499999999998,3.65,8.2399999999999984,3.65,8.2399999999999984,2.4300000000000002,4.5187499999999998]
[2025,6,21,9,45829.374999998814,0.9,"Valid",4.3312499999999998,3.21,"Valid",8.0187499999999989,"","",0.9,4.3312499999999998,3.21,8.0187499999999989,3.21,8.0187499999999989,0.9,4.3312499999999998]
[2025,6,21,10,45829.416666665478,4.12,"Valid",4.3258333333333328,7.46,"Valid",8.0479166666666657,"","",4.12,4.3258333333333328,7.46,8.0479166666666657,7.46,8.0479166666666657,4.12,4.3258333333333328]
[2025,6,21,11,45829.458333332143,3.69,"Valid",4.2683333333333335,8.18,"Valid",8.0620833333333319,"","",3.69,4.2683333333333335,8.18,8.0620833333333319,8.18,8.0620833333333319,3.69,4.2683333333333335]
[2025,6,21,12,45829.499999998807,2.37,"Valid",4.2404166666666665,9.43,"Valid",8.1041666666666679,"","",2.37,4.2404166666666665,9.43,8.1041666666666679,9.43,8.1041666666666679,2.37,4.2404166666666665]
[2025,6,21,13,45829.541666665471,4.7300000000000004,"Valid",4.2770833333333336,15.58,"Valid",8.3750000000000018,"","",4.7300000000000004,4.2770833333333336,15.58,8.3750000000000018,15.58,8.3750000000000018,4.7300000000000004,4.2770833333333336]
[2025,6,21,14,45829.583333332135,3.41,"Valid",4.2387500000000005,21.46,"Valid",8.8670833333333352,"","",3.41,4.2387500000000005,21.46,8.8670833333333352,21.46,8.8670833333333352,3.41,4.2387500000000005]
[2025,6,21,15,45829.624999998799,5.56,"Valid",4.2266666666666675,18.68,"Valid",9.22291666666667,"","",5.56,4.2266666666666675,18.68,9.22291666666667,18.68,9.22291666666667,5.56,4.2266666666666675]
[2025,6,21,16,45829.666666665464,7.01,"Valid",4.2183333333333346,18.16,"Valid",9.0870833333333341,"","",7.01,4.2183333333333346,18.16,9.0870833333333341,18.16,9.0870833333333341,7.01,4.2183333333333346]
[2025,6,21,17,45829.708333332128,7.21,"Valid",4.2745833333333332,23.83,"Valid",9.1725000000000012,"","",7.21,4.2745833333333332,23.83,9.1725000000000012,23.83,9.1725000000000012,7.21,4.2745833333333332]
[2025,6,21,18,45829.749999998792,4.2699999999999996,"Valid",4.1624999999999996,12.85,"Valid",9.1095833333333349,"","",4.2699999999999996,4.1624999999999996,12.85,9.1095833333333349,12.85,9.1095833333333349,4.2699999999999996,4.1624999999999996]
[2025,6,21,19,45829.791666665456,5.3,"Valid",4.1391666666666653,8.27,"Valid",9.0545833333333334,"","",5.3,4.1391666666666653,8.27,9.0545833333333334,8.27,9.0545833333333334,5.3,4.1391666666666653]
[2025,6,21,20,45829.833333332121,1.1599999999999999,"Valid",3.984999999999999,2.99,"Valid",8.7200000000000006,"","",1.1599999999999999,3.984999999999999,2.99,8.7200000000000006,2.99,8.7200000000000006,1.1599999999999999,3.984999999999999]
[2025,6,21,21,45829.874999998785,3.73,"Valid",4.0045833333333327,4.99,"Valid",8.6812500000000004,"","",3.73,4.0045833333333327,4.99,8.6812500000000004,4.99,8.6812500000000004,3.73,4.0045833333333327]
[2025,6,21,22,45829.916666665449,3.94,"Valid",4.1133333333333324,4.5999999999999996,"Valid",8.7179166666666656,"","",3.94,4.1133333333333324,4.5999999999999996,8.7179166666666656,4.5999999999999996,8.7179166666666656,3.94,4.1133333333333324]
[2025,6,21,23,45829.958333332113,4.34,"Valid",4.1649999999999991,4.71,"Valid",8.7137499999999992,"","",4.34,4.1649999999999991,4.71,8.7137499999999992,4.71,8.7137499999999992,4.34,4.1649999999999991]
[2025,6,22,0,45829.999999998778,1.73,"Valid",4.0995833333333325,2.36,"Valid",8.6395833333333343,"","",1.73,4.0995833333333325,2.36,8.6395833333333343,2.36,8.6395833333333343,1.73,4.0995833333333325]
[2025,6,22,1,45830.041666665442,8.09,"Valid",4.3291666666666666,8,"Valid",8.8229166666666696,"","",8.09,4.3291666666666666,8,8.8229166666666696,8,8.8229166666666696,8.09,4.3291666666666666]
[2025,6,22,2,45830.083333332106,8.23,"Valid",4.5495833333333335,8.14,"Valid",9.0133333333333354,"","",8.23,4.5495833333333335,8.14,9.0133333333333354,8.14,9.0133333333333354,8.23,4.5495833333333335]
[2025,6,22,3,45830.12499999877,5.27,"Valid",4.2824999999999998,5.68,"Valid",8.7637500000000017,"","",5.27,4.2824999999999998,5.68,8.7637500000000017,5.68,8.7637500000000017,5.27,4.2824999999999998]
[2025,6,22,4,45830.166666665435,5.55,"Valid",4.3070833333333338,5.51,"Valid",8.7466666666666679,"","",5.55,4.3070833333333338,5.51,8.7466666666666679,5.51,8.7466666666666679,5.55,4.3070833333333338]
[2025,6,22,5,45830.208333332099,4.29,"Valid",4.2762500000000001,4.41,"Valid",8.7033333333333349,"","",4.29,4.2762500000000001,4.41,8.7033333333333349,4.41,8.7033333333333349,4.29,4.2762500000000001]
[2025,6,22,6,45830.249999998763,4.5999999999999996,"Valid",4.4320833333333338,4.57,"Valid",8.8162500000000001,"","",4.5999999999999996,4.4320833333333338,4.57,8.8162500000000001,4.57,8.8162500000000001,4.5999999999999996,4.4320833333333338]
[2025,6,22,7,45830.291666665427,1.21,"Valid",4.2974999999999994,1.03,"Valid",8.65625,"","",1.21,4.2974999999999994,1.03,8.65625,1.03,8.65625,1.21,4.2974999999999994]
[2025,6,22,8,45830.333333332092,-1.1499999999999999,"Valid",4.1483333333333317,-0.25,"Valid",8.4937500000000004,"","",{"$f":"IF(G514=\"Valid\", F514, NA())","v":-1.1499999999999999},{"$f":"IF(G514=\"Valid\", H514, NA())","v":4.1483333333333317},{"$f":"IF(J514=\"Valid\", I514, NA())","v":-0.25},{"$f":"IF(J514=\"Valid\", K514, NA())","v":8.4937500000000004},-0.25,8.4937500000000004,-1.1499999999999999,4.1483333333333317]
[2025,6,22,9,45830.374999998756,3.16,"Valid",4.2424999999999988,7.1,"Valid",8.6558333333333355,"","",3.16,4.2424999999999988,7.1,8.6558333333333355,7.1,8.6558333333333355,3.16,4.2424999999999988]
[2025,6,22,{"$f":"IF(D515=23,0,D515+1)","v":10},{"$f":"E515+0.0416666666666666","v":45830.41666666542},4.78,"Valid",4.2699999999999987,13.35,"Valid",8.9012499999999992,"","",4.78,4.2699999999999987,13.35,8.9012499999999992,13.35,8.9012499999999992,4.78,4.2699999999999987]
[2025,6,22,11,45830.458333332084,7.03,"Valid",4.4091666666666649,14.54,"Valid",9.1662499999999998,"","",7.03,4.4091666666666649,14.54,9.1662499999999998,14.54,9.1662499999999998,7.03,4.4091666666666649]
[2025,6,22,12,45830.499999998749,6.19,"Valid",4.5683333333333316,18.66,"Valid",9.5508333333333315,"","",6.19,4.5683333333333316,18.66,9.5508333333333315,18.66,9.5508333333333315,6.19,4.5683333333333316]
[2025,6,22,13,45830.541666665413,4.04,"Valid",4.539583333333332,17.5,"Valid",9.6308333333333298,"","",4.04,4.539583333333332,17.5,9.6308333333333298,17.5,9.6308333333333298,4.04,4.539583333333332]
[2025,6,22,14,45830.583333332077,3.14,"Valid",4.5283333333333324,21.96,"Valid",9.6516666666666637,"","",3.14,4.5283333333333324,21.96,9.6516666666666637,21.96,9.6516666666666637,3.14,4.5283333333333324]
[2025,6,22,15,45830.624999998741,3.62,"Valid",4.4474999999999989,21.29,"Valid",9.7604166666666661,"","",3.62,4.4474999999999989,21.29,9.7604166666666661,21.29,9.7604166666666661,3.62,4.4474999999999989]
[2025,6,22,16,45830.666666665406,3.43,"Valid",4.2983333333333329,20.6,"Valid",9.8620833333333326,"","",3.43,4.2983333333333329,20.6,9.8620833333333326,20.6,9.8620833333333326,3.43,4.2983333333333329]
[2025,6,22,17,45830.70833333207,3.57,"Valid",4.1466666666666674,16.87,"Valid",9.5720833333333335,"","",3.57,4.1466666666666674,16.87,9.5720833333333335,16.87,9.5720833333333335,3.57,4.1466666666666674]
[2025,6,22,18,45830.749999998734,-0.65,"Valid",3.9416666666666664,7.07,"Valid",9.3312499999999989,"","",-0.65,3.9416666666666664,7.07,9.3312499999999989,7.07,9.3312499999999989,-0.65,3.9416666666666664]
[2025,6,22,19,45830.791666665398,0.13,"Valid",3.7262500000000003,5.25,"Valid",9.2054166666666664,"","",0.13,3.7262500000000003,5.25,9.2054166666666664,5.25,9.2054166666666664,0.13,3.7262500000000003]
[2025,6,22,20,45830.833333332062,4.1500000000000004,"Valid",3.8508333333333336,6.5,"Valid",9.3516666666666648,"","",4.1500000000000004,3.8508333333333336,6.5,9.3516666666666648,6.5,9.3516666666666648,4.1500000000000004,3.8508333333333336]
[2025,6,22,21,45830.874999998727,5.24,"Valid",3.9137500000000003,6.57,"Valid",9.4174999999999986,"","",5.24,3.9137500000000003,6.57,9.4174999999999986,6.57,9.4174999999999986,5.24,3.9137500000000003]
[2025,6,22,22,45830.916666665391,0.52,"Valid",3.7712500000000002,2.67,"Valid",9.3370833333333323,"","",0.52,3.7712500000000002,2.67,9.3370833333333323,2.67,9.3370833333333323,0.52,3.7712500000000002]
[2025,6,22,23,45830.958333332055,-0.48,"Valid",3.5704166666666661,0.17,"Valid",9.1479166666666654,"","",-0.48,3.5704166666666661,0.17,9.1479166666666654,0.17,9.1479166666666654,-0.48,3.5704166666666661]
[2025,6,23,0,45830.999999998719,4.18,"Valid",3.6724999999999994,4.25,"Valid",9.2266666666666648,"","",4.18,3.6724999999999994,4.25,9.2266666666666648,4.25,9.2266666666666648,4.18,3.6724999999999994]
[2025,6,23,1,45831.041666665384,1.23,"Valid",3.3866666666666663,2.21,"Valid",8.9854166666666639,"","",1.23,3.3866666666666663,2.21,8.9854166666666639,2.21,8.9854166666666639,1.23,3.3866666666666663]
[2025,6,23,2,45831.083333332048,0.24,"Valid",3.0537499999999995,0.65,"Valid",8.673333333333332,"","",0.24,3.0537499999999995,0.65,8.673333333333332,0.65,8.673333333333332,0.24,3.0537499999999995]
[2025,6,23,3,45831.124999998712,0.77,"Valid",2.8662500000000004,1.0900000000000001,"Valid",8.4820833333333319,"","",0.77,2.8662500000000004,1.0900000000000001,8.4820833333333319,1.0900000000000001,8.4820833333333319,0.77,2.8662500000000004]
[2025,6,23,4,45831.166666665376,1.05,"Valid",2.6787500000000009,1.52,"Valid",8.3158333333333321,"","",1.05,2.6787500000000009,1.52,8.3158333333333321,1.52,8.3158333333333321,1.05,2.6787500000000009]
[2025,6,23,5,45831.208333332041,1.86,"Valid",2.5775000000000001,1.91,"Valid",8.211666666666666,"","",1.86,2.5775000000000001,1.91,8.211666666666666,1.91,8.211666666666666,1.86,2.5775000000000001]
[2025,6,23,6,45831.249999998705,5.09,"Valid",2.5979166666666669,5.58,"Valid",8.2537499999999984,"","",5.09,2.5979166666666669,5.58,8.2537499999999984,5.58,8.2537499999999984,5.09,2.5979166666666669]
[2025,6,23,7,45831.291666665369,3.7,"Valid",2.7016666666666675,4.03,"Valid",8.3787499999999984,"","",3.7,2.7016666666666675,4.03,8.3787499999999984,4.03,8.3787499999999984,3.7,2.7016666666666675]
[2025,6,23,8,45831.333333332033,6.03,"Valid",3.0008333333333339,6.68,"Valid",8.6674999999999986,"","",6.03,3.0008333333333339,6.68,8.6674999999999986,6.68,8.6674999999999986,6.03,3.0008333333333339]
[2025,6,{"$f":"C515+1","v":23},9,45831.374999998698,5.1100000000000003,"Valid",3.0820833333333337,7.97,"Valid",8.7037499999999994,"","",5.1100000000000003,3.0820833333333337,7.97,8.7037499999999994,7.97,8.7037499999999994,5.1100000000000003,3.0820833333333337]
[2025,6,23,10,45831.416666665362,4.78,"Valid",3.0820833333333337,12.29,"Valid",8.6595833333333321,"","",4.78,3.0820833333333337,12.29,8.6595833333333321,12.29,8.6595833333333321,4.78,3.0820833333333337]
[2025,6,23,11,45831.458333332026,3.81,"Valid",2.9479166666666674,9.2100000000000009,"Valid",8.4375,"","",3.81,2.9479166666666674,9.2100000000000009,8.4375,9.2100000000000009,8.4375,3.81,2.9479166666666674]
[2025,6,23,12,45831.49999999869,2.59,"Valid",2.7979166666666671,8.1199999999999992,"Valid",7.9983333333333348,"","",2.59,2.7979166666666671,8.1199999999999992,7.9983333333333348,8.1199999999999992,7.9983333333333348,2.59,2.7979166666666671]
[2025,6,23,13,45831.541666665355,3.94,"Valid",2.7937500000000006,8.82,"Valid",7.6366666666666658,"","",3.94,2.7937500000000006,8.82,7.6366666666666658,8.82,7.6366666666666658,3.94,2.7937500000000006]
[2025,6,23,14,45831.583333332019,4.57,"Valid",2.8533333333333339,9.14,"Valid",7.1024999999999991,"","",4.57,2.8533333333333339,9.14,7.1024999999999991,9.14,7.1024999999999991,4.57,2.8533333333333339]
[2025,6,23,15,45831.624999998683,4.8600000000000003,"Valid",2.9050000000000007,8.0500000000000007,"Valid",6.5508333333333342,"","",4.8600000000000003,2.9050000000000007,8.0500000000000007,6.5508333333333342,8.0500000000000007,6.5508333333333342,4.8600000000000003,2.9050000000000007]
[2025,6,23,16,45831.666666665347,1.86,"Valid",2.8395833333333336,5.34,"Valid",5.915,"","",1.86,2.8395833333333336,5.34,5.915,5.34,5.915,1.86,2.8395833333333336]
[2025,6,23,17,45831.708333332012,1.31,"Valid",2.7454166666666668,7.47,"Valid",5.5233333333333334,"","",1.31,2.7454166666666668,7.47,5.5233333333333334,7.47,5.5233333333333334,1.31,2.7454166666666668]
[2025,6,23,18,45831.749999998676,-1.04,"Valid",2.7291666666666665,2.83,"Valid",5.3466666666666676,"","",-1.04,2.7291666666666665,2.83,5.3466666666666676,2.83,5.3466666666666676,-1.04,2.7291666666666665]
[2025,6,23,19,45831.79166666534,2.16,"Valid",2.8137500000000002,3.55,"Valid",5.2758333333333338,"","",2.16,2.8137500000000002,3.55,5.2758333333333338,3.55,5.2758333333333338,2.16,2.8137500000000002]
[2025,6,23,20,45831.833333332004,0.92,"Valid",2.6791666666666667,1.67,"Valid",5.0745833333333339,"","",0.92,2.6791666666666667,1.67,5.0745833333333339,1.67,5.0745833333333339,0.92,2.6791666666666667]
[2025,6,23,21,45831.874999998668,4.43,"Valid",2.6454166666666667,7.63,"Valid",5.1187500000000004,"","",4.43,2.6454166666666667,7.63,5.1187500000000004,7.63,5.1187500000000004,4.43,2.6454166666666667]
[2025,6,23,22,45831.916666665333,-0.49,"Valid",2.6033333333333335,1.56,"Valid",5.0724999999999998,"","",-0.49,2.6033333333333335,1.56,5.0724999999999998,1.56,5.0724999999999998,-0.49,2.6033333333333335]
[2025,6,23,23,45831.958333331997,2.5099999999999998,"Valid",2.7279166666666668,3.76,"Valid",5.2220833333333339,"","",2.5099999999999998,2.7279166666666668,3.76,5.2220833333333339,3.76,5.2220833333333339,2.5099999999999998,2.7279166666666668]
[2025,6,24,0,45831.999999998661,-2.15,"Valid",2.4641666666666668,0.82,"Valid",5.0791666666666666,"","",-2.15,2.4641666666666668,0.82,5.0791666666666666,0.82,5.0791666666666666,-2.15,2.4641666666666668]
[2025,6,24,1,45832.041666665325,6.32,"Valid",2.6762499999999996,11.98,"Valid",5.4862499999999992,"","",6.32,2.6762499999999996,11.98,5.4862499999999992,11.98,5.4862499999999992,6.32,2.6762499999999996]
[2025,6,24,2,45832.08333333199,2.2799999999999998,"Valid",2.76125,7.17,"Valid",5.7579166666666657,"","",2.2799999999999998,2.76125,7.17,5.7579166666666657,7.17,5.7579166666666657,2.2799999999999998,2.76125]
[2025,6,24,3,45832.124999998654,5.43,"Valid",2.9554166666666659,9.6300000000000008,"Valid",6.1137499999999987,"","",5.43,2.9554166666666659,9.6300000000000008,6.1137499999999987,9.6300000000000008,6.1137499999999987,5.43,2.9554166666666659]
[2025,6,24,4,45832.166666665318,3.2,"Valid",3.0449999999999999,6.02,"Valid",6.3012499999999987,"","",3.2,3.0449999999999999,6.02,6.3012499999999987,6.02,6.3012499999999987,3.2,3.0449999999999999]
[2025,6,24,5,45832.208333331982,2.1800000000000002,"Valid",3.0583333333333336,5.41,"Valid",6.4470833333333326,"","",2.1800000000000002,3.0583333333333336,5.41,6.4470833333333326,5.41,6.4470833333333326,2.1800000000000002,3.0583333333333336]
[2025,6,24,6,45832.249999998647,5.04,"Valid",3.0562500000000008,6.77,"Valid",6.4966666666666661,"","",5.04,3.0562500000000008,6.77,6.4966666666666661,6.77,6.4966666666666661,5.04,3.0562500000000008]
[2025,6,24,7,45832.291666665311,4.55,"Valid",3.0916666666666672,8.0500000000000007,"Valid",6.6641666666666675,"","",4.55,3.0916666666666672,8.0500000000000007,6.6641666666666675,8.0500000000000007,6.6641666666666675,4.55,3.0916666666666672]
[2025,6,24,8,45832.333333331975,4.55,"Valid",3.03,8.0500000000000007,"Valid",6.7212500000000013,"","",4.55,3.03,8.0500000000000007,6.7212500000000013,8.0500000000000007,6.7212500000000013,4.55,3.03]
[2025,6,24,9,45832.374999998639,{"$f":"NA()","v":{"$error":"#N/A"}},"Invalid",{"$f":"NA()","v":{"$error":"#N/A"}},{"$f":"NA()","v":{"$error":"#N/A"}},"Invalid",{"$f":"NA()","v":{"$error":"#N/A"}},"Power Failure","Power outage - system reset",{"$error":"#N/A"},{"$error":"#N/A"},{"$error":"#N/A"},{"$error":"#N/A"}]
[2025,6,24,10,45832.416666665304,{"$f":"NA()","v":{"$error":"#N/A"}},"Invalid",{"$f":"NA()","v":{"$error":"#N/A"}},{"$f":"NA()","v":{"$error":"#N/A"}},"Invalid",{"$f":"NA()","v":{"$error":"#N/A"}},"Power Failure","Power outage - system reset",{"$error":"#N/A"},{"$error":"#N/A"},{"$error":"#N/A"},{"$error":"#N/A"}]
[2025,6,24,11,45832.458333331968,{"$f":"NA()","v":{"$error":"#N/A"}},"Invalid",{"$f":"NA()","v":{"$error":"#N/A"}},{"$f":"NA()","v":{"$error":"#N/A"}},"Invalid",{"$f":"NA()","v":{"$error":"#N/A"}},"Power Failure","Power outage - system reset",{"$error":"#N/A"},{"$error":"#N/A"},{"$error":"#N/A"},{"$error":"#N/A"}]
[2025,6,24,12,45832.499999998632,{"$f":"NA()","v":{"$error":"#N/A"}},"Invalid",{"$f":"NA()","v":{"$error":"#N/A"}},{"$f":"NA()","v":{"$error":"#N/A"}},"Invalid",{"$f":"NA()","v":{"$error":"#N/A"}},"Power Failure","Power outage - system reset",{"$error":"#N/A"},{"$error":"#N/A"},{"$error":"#N/A"},{"$error":"#N/A"}]
[2025,6,24,13,45832.541666665296,{"$f":"NA()","v":{"$error":"#N/A"}},"Invalid",{"$f":"NA()","v":{"$error":"#N/A"}},{"$f":"NA()","v":{"$error":"#N/A"}},"Invalid",{"$f":"NA()","v":{"$error":"#N/A"}},"Power Failure","Power outage - system reset",{"$error":"#N/A"},{"$error":"#N/A"},{"$error":"#N/A"},{"$error":"#N/A"}]
[2025,6,24,14,45832.583333331961,3.2,"Valid",2.6905263157894739,3.95,"Valid",5.7742105263157883,"","",3.2,2.6905263157894739,3.95,5.7742105263157883,3.95,5.7742105263157883,3.2,2.6905263157894739]
[2025,6,24,15,45832.624999998625,4.47,"Valid",2.67,5.8,"Valid",5.6557894736842105,"","",4.47,2.67,5.8,5.6557894736842105,5.8,5.6557894736842105,4.47,2.67]
[2025,6,24,16,45832.666666665289,0.55000000000000004,"Valid",2.6010526315789471,1.28,"Valid",5.4421052631578943,"","",0.55000000000000004,2.6010526315789471,1.28,5.4421052631578943,1.28,5.4421052631578943,0.55000000000000004,2.6010526315789471]
[2025,6,24,17,45832.708333331953,6.88,"Valid",2.8942105263157893,8.43,"Valid",5.4926315789473676,"","",6.88,2.8942105263157893,8.43,5.4926315789473676,8.43,5.4926315789473676,6.88,2.8942105263157893]
[2025,6,24,18,45832.749999998618,2.13,"Valid",3.061052631578947,3.23,"Valid",5.513684210526316,"","",2.13,3.061052631578947,3.23,5.513684210526316,3.23,5.513684210526316,2.13,3.061052631578947]
[2025,6,24,19,45832.791666665282,0.7,"Valid",2.9842105263157896,1.51,"Valid",5.406315789473684,"","",0.7,2.9842105263157896,1.51,5.406315789473684,1.51,5.406315789473684,0.7,2.9842105263157896]
[2025,6,24,20,45832.833333331946,1.37,"Valid",3.0078947368421054,3.81,"Valid",5.5189473684210535,"","",1.37,3.0078947368421054,3.81,5.5189473684210535,3.81,5.5189473684210535,1.37,3.0078947368421054]
[2025,6,24,21,45832.87499999861,1.57,"Valid",2.8573684210526316,3.33,"Valid",5.2926315789473675,"","",1.57,2.8573684210526316,3.33,5.2926315789473675,3.33,5.2926315789473675,1.57,2.8573684210526316]
[2025,6,24,22,45832.916666665275,5.7,"Valid",3.1831578947368424,7.63,"Valid",5.6121052631578952,"","",5.7,3.1831578947368424,7.63,5.6121052631578952,7.63,5.6121052631578952,5.7,3.1831578947368424]
[2025,6,24,23,45832.958333331939,4.7300000000000004,"Valid",3.3000000000000003,6.27,"Valid",5.744210526315789,"","",4.7300000000000004,3.3000000000000003,6.27,5.744210526315789,6.27,5.744210526315789,4.7300000000000004,3.3000000000000003]
[2025,6,25,0,45832.999999998603,3.24,"Valid",3.5836842105263158,4.51,"Valid",5.938421052631579,"","",{"$f":"IF(G578=\"Valid\", F578, NA())","v":3.24},{"$f":"IF(G578=\"Valid\", H578, NA())","v":3.5836842105263158},{"$f":"IF(J578=\"Valid\", I578, NA())","v":4.51},{"$f":"IF(J578=\"Valid\", K578, NA())","v":5.938421052631579},4.51,5.938421052631579,3.24,3.5836842105263158]
[2025,6,25,1,45833.041666665267,-1.89,"Valid",3.1515789473684213,0.78,"Valid",5.3489473684210536,"","",-1.89,3.1515789473684213,0.78,5.3489473684210536,0.78,5.3489473684210536,-1.89,3.1515789473684213]
[2025,6,25,{"$f":"IF(D579=23,0,D579+1)","v":2},{"$f":"E579+0.0416666666666666","v":45833.083333331931},0.82,"Valid",3.0747368421052634,3.54,"Valid",5.1578947368421062,"","",0.82,3.0747368421052634,3.54,5.1578947368421062,3.54,5.1578947368421062,0.82,3.0747368421052634]
[2025,6,25,3,45833.124999998596,-0.46,"Valid",2.7647368421052634,3.65,"Valid",4.8431578947368426,"","",-0.46,2.7647368421052634,3.65,4.8431578947368426,3.65,4.8431578947368426,-0.46,2.7647368421052634]
[2025,6,25,4,45833.16666666526,0.37,"Valid",2.6157894736842109,7.83,"Valid",4.9384210526315799,"","",0.37,2.6157894736842109,7.83,4.9384210526315799,7.83,4.9384210526315799,0.37,2.6157894736842109]
[2025,6,25,5,45833.208333331924,1.56,"Valid",2.5831578947368419,9.84,"Valid",5.1715789473684222,"","",1.56,2.5831578947368419,9.84,5.1715789473684222,9.84,5.1715789473684222,1.56,2.5831578947368419]
[2025,6,25,6,45833.249999998588,5.23,"Valid",2.5931578947368426,13.21,"Valid",5.5105263157894742,"","",5.23,2.5931578947368426,13.21,5.5105263157894742,13.21,5.5105263157894742,5.23,2.5931578947368426]
[2025,6,25,7,45833.291666665253,4.43,"Valid",2.5868421052631576,14.83,"Valid",5.8673684210526318,"","",4.43,2.5868421052631576,14.83,5.8673684210526318,14.83,5.8673684210526318,4.43,2.5868421052631576]
[2025,6,25,8,45833.333333331917,3.66,"Valid",2.5400000000000005,15.95,"Valid",6.2831578947368429,"","",3.66,2.5400000000000005,15.95,6.2831578947368429,15.95,6.2831578947368429,3.66,2.5400000000000005]
[2025,6,25,9,45833.374999998581,4.55,"Valid",2.6405000000000003,18.66,"Valid",6.902000000000001,"","",4.55,2.6405000000000003,18.66,6.902000000000001,18.66,6.902000000000001,4.55,2.6405000000000003]
[2025,6,25,10,45833.416666665245,1.1399999999999999,"Valid",2.5690476190476192,11.16,"Valid",7.1047619047619053,"","",1.1399999999999999,2.5690476190476192,11.16,7.1047619047619053,11.16,7.1047619047619053,1.1399999999999999,2.5690476190476192]
[2025,6,25,11,45833.45833333191,4.93,"Valid",2.6763636363636363,11.01,"Valid",7.2822727272727272,"","",4.93,2.6763636363636363,11.01,7.2822727272727272,11.01,7.2822727272727272,4.93,2.6763636363636363]
[2025,6,25,12,45833.499999998574,3.88,"Valid",2.7286956521739132,9.14,"Valid",7.3630434782608702,"","",3.88,2.7286956521739132,9.14,7.3630434782608702,9.14,7.3630434782608702,3.88,2.7286956521739132]
[2025,6,25,13,45833.541666665238,2.5099999999999998,"Valid",2.7195833333333339,9.9,"Valid",7.4687500000000009,"","",2.5099999999999998,2.7195833333333339,9.9,7.4687500000000009,9.9,7.4687500000000009,2.5099999999999998,2.7195833333333339]
[2025,6,25,14,45833.583333331902,4.79,"Valid",2.7858333333333332,11.99,"Valid",7.80375,"","",4.79,2.7858333333333332,11.99,7.80375,11.99,7.80375,4.79,2.7858333333333332]
[2025,6,25,15,45833.624999998567,2,"Valid",2.6829166666666668,7.9,"Valid",7.8912499999999994,"","",2,2.6829166666666668,7.9,7.8912499999999994,7.9,7.8912499999999994,2,2.6829166666666668]
[2025,6,25,16,45833.666666665231,3.87,"Valid",2.8212499999999996,9.51,"Valid",8.2341666666666669,"","",3.87,2.8212499999999996,9.51,8.2341666666666669,9.51,8.2341666666666669,3.87,2.8212499999999996]
[2025,6,25,17,45833.708333331895,-1.0900000000000001,"Valid",2.4891666666666663,4,"Valid",8.0495833333333326,"","",-1.0900000000000001,2.4891666666666663,4,8.0495833333333326,4,8.0495833333333326,-1.0900000000000001,2.4891666666666663]
[2025,6,25,18,45833.749999998559,1.64,"Valid",2.4687499999999996,5.24,"Valid",8.1333333333333329,"","",1.64,2.4687499999999996,5.24,8.1333333333333329,5.24,8.1333333333333329,1.64,2.4687499999999996]
[2025,6,25,19,45833.791666665224,0.09,"Valid",2.4433333333333329,3.36,"Valid",8.2104166666666671,"","",0.09,2.4433333333333329,3.36,8.2104166666666671,3.36,8.2104166666666671,0.09,2.4433333333333329]
[2025,6,25,20,45833.833333331888,-0.97,"Valid",2.3458333333333332,1.95,"Valid",8.1329166666666666,"","",-0.97,2.3458333333333332,1.95,8.1329166666666666,1.95,8.1329166666666666,-0.97,2.3458333333333332]
[2025,6,25,21,45833.874999998552,-0.91,"Valid",2.2425000000000002,1.75,"Valid",8.0670833333333345,"","",-0.91,2.2425000000000002,1.75,8.0670833333333345,1.75,8.0670833333333345,-0.91,2.2425000000000002]
[2025,6,25,22,45833.916666665216,3.82,"Valid",2.164166666666667,6.52,"Valid",8.0208333333333339,"","",3.82,2.164166666666667,6.52,8.0208333333333339,6.52,8.0208333333333339,3.82,2.164166666666667]
[2025,6,25,23,45833.958333331881,1.28,"Valid",2.0204166666666667,4.2699999999999996,"Valid",7.9375000000000009,"","",1.28,2.0204166666666667,4.2699999999999996,7.9375000000000009,4.2699999999999996,7.9375000000000009,1.28,2.0204166666666667]
[2025,6,26,0,45833.999999998545,1.33,"Valid",1.9408333333333332,4.47,"Valid",7.9358333333333348,"","",1.33,1.9408333333333332,4.47,7.9358333333333348,4.47,7.9358333333333348,1.33,1.9408333333333332]
[2025,6,{"$f":"C579+1","v":26},1,45834.041666665209,0.59,"Valid",2.0441666666666669,3.02,"Valid",8.0291666666666686,"","",0.59,2.0441666666666669,3.02,8.0291666666666686,3.02,8.0291666666666686,0.59,2.0441666666666669]
[2025,6,26,2,45834.083333331873,-4.71,"Valid",1.81375,-2.87,"Valid",7.7620833333333357,"","",-4.71,1.81375,-2.87,7.7620833333333357,-2.87,7.7620833333333357,-4.71,1.81375]
[2025,6,26,3,45834.124999998538,1.72,"Valid",1.9045833333333333,3.05,"Valid",7.7370833333333353,"","",1.72,1.9045833333333333,3.05,7.7370833333333353,3.05,7.7370833333333353,1.72,1.9045833333333333]
[2025,6,26,4,45834.166666665202,0.95,"Valid",1.9287500000000002,1.52,"Valid",7.4741666666666688,"","",0.95,1.9287500000000002,1.52,7.4741666666666688,1.52,7.4741666666666688,0.95,1.9287500000000002]
[2025,6,26,5,45834.208333331866,1.59,"Valid",1.9300000000000004,2.2400000000000002,"Valid",7.1575000000000024,"","",1.59,1.9300000000000004,2.2400000000000002,7.1575000000000024,2.2400000000000002,7.1575000000000024,1.59,1.9300000000000004]
[2025,6,26,6,45834.24999999853,1.07,"Valid",1.756666666666667,0.84,"Valid",6.6420833333333364,"","",1.07,1.756666666666667,0.84,6.6420833333333364,0.84,6.6420833333333364,1.07,1.756666666666667]
[2025,6,26,7,45834.291666665194,4.92,"Valid",1.7770833333333338,6.15,"Valid",6.2804166666666683,"","",4.92,1.7770833333333338,6.15,6.2804166666666683,6.15,6.2804166666666683,4.92,1.7770833333333338]
[2025,6,26,8,45834.333333331859,6.96,"Valid",1.9145833333333335,7.78,"Valid",5.9399999999999986,"","",6.96,1.9145833333333335,7.78,5.9399999999999986,7.78,5.9399999999999986,6.96,1.9145833333333335]
[2025,6,26,9,45834.374999998523,{"$f":"NA()","v":{"$error":"#N/A"}},"Invalid",{"$f":"NA()","v":{"$error":"#N/A"}},{"$f":"NA()","v":{"$error":"#N/A"}},"Invalid",{"$f":"NA()","v":{"$error":"#N/A"}},"Power Failure","Power outage - system reset",{"$error":"#N/A"},{"$error":"#N/A"},{"$error":"#N/A"},{"$error":"#N/A"}]
[2025,6,26,10,45834.416666665187,{"$f":"NA()","v":{"$error":"#N/A"}},"Invalid",{"$f":"NA()","v":{"$error":"#N/A"}},{"$f":"NA()","v":{"$error":"#N/A"}},"Invalid",{"$f":"NA()","v":{"$error":"#N/A"}},"Power Failure","Power outage - system reset",{"$error":"#N/A"},{"$error":"#N/A"},{"$error":"#N/A"},{"$error":"#N/A"}]
[2025,6,26,11,45834.458333331851,{"$f":"NA()","v":{"$error":"#N/A"}},"Invalid",{"$f":"NA()","v":{"$error":"#N/A"}},{"$f":"NA()","v":{"$error":"#N/A"}},"Invalid",{"$f":"NA()","v":{"$error":"#N/A"}},"Power Failure","Power outage - system reset",{"$error":"#N/A"},{"$error":"#N/A"},{"$error":"#N/A"},{"$error":"#N/A"}]
[2025,6,26,12,45834.499999998516,{"$f":"NA()","v":{"$error":"#N/A"}},"Invalid",{"$f":"NA()","v":{"$error":"#N/A"}},{"$f":"NA()","v":{"$error":"#N/A"}},"Invalid",{"$f":"NA()","v":{"$error":"#N/A"}},"Power Failure","Power outage - system reset",{"$error":"#N/A"},{"$error":"#N/A"},{"$error":"#N/A"},{"$error":"#N/A"}]
[2025,6,26,13,45834.54166666518,{"$f":"NA()","v":{"$error":"#N/A"}},"Invalid",{"$f":"NA()","v":{"$error":"#N/A"}},{"$f":"NA()","v":{"$error":"#N/A"}},"Invalid",{"$f":"NA()","v":{"$error":"#N/A"}},"Power Failure","Power outage - system reset",{"$error":"#N/A"},{"$error":"#N/A"},{"$error":"#N/A"},{"$error":"#N/A"}]
[2025,6,26,14,45834.583333331844,{"$f":"NA()","v":{"$error":"#N/A"}},"Invalid",{"$f":"NA()","v":{"$error":"#N/A"}},{"$f":"NA()","v":{"$error":"#N/A"}},"Invalid",{"$f":"NA()","v":{"$error":"#N/A"}},"Power Failure","Power outage - system reset",{"$error":"#N/A"},{"$error":"#N/A"},{"$error":"#N/A"},{"$error":"#N/A"}]
[2025,6,26,15,45834.624999998508,{"$f":"NA()","v":{"$error":"#N/A"}},"Invalid",{"$f":"NA()","v":{"$error":"#N/A"}},{"$f":"NA()","v":{"$error":"#N/A"}},"Invalid",{"$f":"NA()","v":{"$error":"#N/A"}},"Power Failure","Power outage - system reset & <18hrs of valid 1hr data for 24hr rolling average ",{"$error":"#N/A"},{"$error":"#N/A"},{"$error":"#N/A"},{"$error":"#N/A"}]
[2025,6,26,16,45834.666666665173,{"$f":"NA()","v":{"$error":"#N/A"}},"Invalid",{"$f":"NA()","v":{"$error":"#N/A"}},{"$f":"NA()","v":{"$error":"#N/A"}},"Invalid",{"$f":"NA()","v":{"$error":"#N/A"}},"Power Failure","Power outage - system reset & <18hrs of valid 1hr data for 24hr rolling average ",{"$error":"#N/A"},{"$error":"#N/A"},{"$error":"#N/A"},{"$error":"#N/A"}]
[2025,6,26,17,45834.708333331837,{"$f":"NA()","v":{"$error":"#N/A"}},"Invalid",{"$f":"NA()","v":{"$error":"#N/A"}},{"$f":"NA()","v":{"$error":"#N/A"}},"Invalid",{"$f":"NA()","v":{"$error":"#N/A"}},"Power Failure","Power outage - system reset & <18hrs of valid 1hr data for 24hr rolling average ",{"$error":"#N/A"},{"$error":"#N/A"},{"$error":"#N/A"},{"$error":"#N/A"}]
[2025,6,26,18,45834.749999998501,{"$f":"NA()","v":{"$error":"#N/A"}},"Invalid",{"$f":"NA()","v":{"$error":"#N/A"}},{"$f":"NA()","v":{"$error":"#N/A"}},"Invalid",{"$f":"NA()","v":{"$error":"#N/A"}},"Power Failure","Power outage - system reset & <18hrs of valid 1hr data for 24hr rolling average ",{"$error":"#N/A"},{"$error":"#N/A"},{"$error":"#N/A"},{"$error":"#N/A"}]
[2025,6,26,19,45834.791666665165,{"$f":"NA()","v":{"$error":"#N/A"}},"Invalid",{"$f":"NA()","v":{"$error":"#N/A"}},{"$f":"NA()","v":{"$error":"#N/A"}},"Invalid",{"$f":"NA()","v":{"$error":"#N/A"}},"Power Failure","Power outage - system reset & <18hrs of valid 1hr data for 24hr rolling average ",{"$error":"#N/A"},{"$error":"#N/A"},{"$error":"#N/A"},{"$error":"#N/A"}]
[2025,6,26,20,45834.83333333183,{"$f":"NA()","v":{"$error":"#N/A"}},"Invalid",{"$f":"NA()","v":{"$error":"#N/A"}},{"$f":"NA()","v":{"$error":"#N/A"}},"Invalid",{"$f":"NA()","v":{"$error":"#N/A"}},"Power Failure","Power outage - system reset & <18hrs of valid 1hr data for 24hr rolling average ",{"$error":"#N/A"},{"$error":"#N/A"},{"$error":"#N/A"},{"$error":"#N/A"}]
[2025,6,26,21,45834.874999998494,{"$f":"NA()","v":{"$error":"#N/A"}},"Invalid",{"$f":"NA()","v":{"$error":"#N/A"}},{"$f":"NA()","v":{"$error":"#N/A"}},"Invalid",{"$f":"NA()","v":{"$error":"#N/A"}},"Power Failure","Power outage - system reset & <18hrs of valid 1hr data for 24hr rolling average ",{"$error":"#N/A"},{"$error":"#N/A"},{"$error":"#N/A"},{"$error":"#N/A"}]
[2025,6,26,22,45834.916666665158,{"$f":"NA()","v":{"$error":"#N/A"}},"Invalid",{"$f":"NA()","v":{"$error":"#N/A"}},{"$f":"NA()","v":{"$error":"#N/A"}},"Invalid",{"$f":"NA()","v":{"$error":"#N/A"}},"Power Failure","Power outage - system reset & <18hrs of valid 1hr data for 24hr rolling average ",{"$error":"#N/A"},{"$error":"#N/A"},{"$error":"#N/A"},{"$error":"#N/A"}]
[2025,6,26,23,45834.958333331822,{"$f":"NA()","v":{"$error":"#N/A"}},"Invalid",{"$f":"NA()","v":{"$error":"#N/A"}},{"$f":"NA()","v":{"$error":"#N/A"}},"Invalid",{"$f":"NA()","v":{"$error":"#N/A"}},"Power Failure","Power outage - system reset & <18hrs of valid 1hr data for 24hr rolling average ",{"$error":"#N/A"},{"$error":"#N/A"},{"$error":"#N/A"},{"$error":"#N/A"}]
[2025,6,27,0,45834.999999998487,{"$f":"NA()","v":{"$error":"#N/A"}},"Invalid",{"$f":"NA()","v":{"$error":"#N/A"}},{"$f":"NA()","v":{"$error":"#N/A"}},"Invalid",{"$f":"NA()","v":{"$error":"#N/A"}},"Power Failure","Power outage - system reset & <18hrs of valid 1hr data for 24hr rolling average ",{"$error":"#N/A"},{"$error":"#N/A"},{"$error":"#N/A"},{"$error":"#N/A"}]
[2025,6,27,1,45835.041666665151,{"$f":"NA()","v":{"$error":"#N/A"}},"Invalid",{"$f":"NA()","v":{"$error":"#N/A"}},{"$f":"NA()","v":{"$error":"#N/A"}},"Invalid",{"$f":"NA()","v":{"$error":"#N/A"}},"Power Failure","Power outage - system reset & <18hrs of valid 1hr data for 24hr rolling average ",{"$error":"#N/A"},{"$error":"#N/A"},{"$error":"#N/A"},{"$error":"#N/A"}]
[2025,6,27,2,45835.083333331815,{"$f":"NA()","v":{"$error":"#N/A"}},"Invalid",{"$f":"NA()","v":{"$error":"#N/A"}},{"$f":"NA()","v":{"$error":"#N/A"}},"Invalid",{"$f":"NA()","v":{"$error":"#N/A"}},"Power Failure","Power outage - system reset & <18hrs of valid 1hr data for 24hr rolling average ",{"$error":"#N/A"},{"$error":"#N/A"},{"$error":"#N/A"},{"$error":"#N/A"}]
[2025,6,27,3,45835.124999998479,{"$f":"NA()","v":{"$error":"#N/A"}},"Invalid",{"$f":"NA()","v":{"$error":"#N/A"}},{"$f":"NA()","v":{"$error":"#N/A"}},"Invalid",{"$f":"NA()","v":{"$error":"#N/A"}},"Power Failure","Power outage - system reset & <18hrs of valid 1hr data for 24hr rolling average ",{"$error":"#N/A"},{"$error":"#N/A"},{"$error":"#N/A"},{"$error":"#N/A"}]
[2025,6,27,4,45835.166666665144,{"$f":"NA()","v":{"$error":"#N/A"}},"Invalid",{"$f":"NA()","v":{"$error":"#N/A"}},{"$f":"NA()","v":{"$error":"#N/A"}},"Invalid",{"$f":"NA()","v":{"$error":"#N/A"}},"Power Failure","Power outage - system reset & <18hrs of valid 1hr data for 24hr rolling average ",{"$error":"#N/A"},{"$error":"#N/A"},{"$error":"#N/A"},{"$error":"#N/A"}]
[2025,6,27,5,45835.208333331808,{"$f":"NA()","v":{"$error":"#N/A"}},"Invalid",{"$f":"NA()","v":{"$error":"#N/A"}},{"$f":"NA()","v":{"$error":"#N/A"}},"Invalid",{"$f":"NA()","v":{"$error":"#N/A"}},"Power Failure","Power outage - system reset & <18hrs of valid 1hr data for 24hr rolling average ",{"$error":"#N/A"},{"$error":"#N/A"},{"$error":"#N/A"},{"$error":"#N/A"}]
[2025,6,27,6,45835.249999998472,{"$f":"NA()","v":{"$error":"#N/A"}},"Invalid",{"$f":"NA()","v":{"$error":"#N/A"}},{"$f":"NA()","v":{"$error":"#N/A"}},"Invalid",{"$f":"NA()","v":{"$error":"#N/A"}},"Power Failure","Power outage - system reset & <18hrs of valid 1hr data for 24hr rolling average ",{"$error":"#N/A"},{"$error":"#N/A"},{"$error":"#N/A"},{"$error":"#N/A"}]
[2025,6,27,7,45835.291666665136,{"$f":"NA()","v":{"$error":"#N/A"}},"Invalid",{"$f":"NA()","v":{"$error":"#N/A"}},{"$f":"NA()","v":{"$error":"#N/A"}},"Invalid",{"$f":"NA()","v":{"$error":"#N/A"}},"Calibration Error","High negatives removed",{"$error":"#N/A"},{"$error":"#N/A"},{"$error":"#N/A"},{"$error":"#N/A"}]
[2025,6,27,8,45835.333333331801,{"$f":"NA()","v":{"$error":"#N/A"}},"Invalid",{"$f":"NA()","v":{"$error":"#N/A"}},{"$f":"NA()","v":{"$error":"#N/A"}},"Invalid",{"$f":"NA()","v":{"$error":"#N/A"}},"Power Failure","Power outage - system reset & <18hrs of valid 1hr data for 24hr rolling average ",{"$error":"#N/A"},{"$error":"#N/A"},{"$error":"#N/A"},{"$error":"#N/A"}]
[2025,6,27,9,45835.374999998465,{"$f":"NA()","v":{"$error":"#N/A"}},"Invalid",{"$f":"NA()","v":{"$error":"#N/A"}},{"$f":"NA()","v":{"$error":"#N/A"}},"Invalid",{"$f":"NA()","v":{"$error":"#N/A"}},"Power Failure","Power outage - system reset & <18hrs of valid 1hr data for 24hr rolling average ",{"$error":"#N/A"},{"$error":"#N/A"},{"$error":"#N/A"},{"$error":"#N/A"}]
[2025,6,27,10,45835.416666665129,{"$f":"NA()","v":{"$error":"#N/A"}},"Invalid",{"$f":"NA()","v":{"$error":"#N/A"}},{"$f":"NA()","v":{"$error":"#N/A"}},"Invalid",{"$f":"NA()","v":{"$error":"#N/A"}},"Power Failure","Power outage - system reset & <18hrs of valid 1hr data for 24hr rolling average ",{"$error":"#N/A"},{"$error":"#N/A"},{"$error":"#N/A"},{"$error":"#N/A"}]
[2025,6,27,11,45835.458333331793,{"$f":"NA()","v":{"$error":"#N/A"}},"Invalid",{"$f":"NA()","v":{"$error":"#N/A"}},{"$f":"NA()","v":{"$error":"#N/A"}},"Invalid",{"$f":"NA()","v":{"$error":"#N/A"}},"Power Failure","Power outage - system reset & <18hrs of valid 1hr data for 24hr rolling average ",{"$error":"#N/A"},{"$error":"#N/A"},{"$error":"#N/A"},{"$error":"#N/A"}]
[2025,6,27,12,45835.499999998457,3.13,"Valid",3.0838888888888896,21.01,"Valid",5.3133333333333335,"","",3.13,3.0838888888888896,21.01,5.3133333333333335,21.01,5.3133333333333335,3.13,3.0838888888888896]
[2025,6,27,13,45835.541666665122,2.2200000000000002,"Valid",3.0384210526315796,18.25,"Valid",5.9942105263157899,"","",2.2200000000000002,3.0384210526315796,18.25,5.9942105263157899,18.25,5.9942105263157899,2.2200000000000002,3.0384210526315796]
[2025,6,27,14,45835.583333331786,1.83,"Valid",2.9780000000000006,21.05,"Valid",6.7469999999999999,"","",1.83,2.9780000000000006,21.05,6.7469999999999999,21.05,6.7469999999999999,1.83,2.9780000000000006]
[2025,6,27,15,45835.62499999845,1.74,"Valid",2.9190476190476198,14.19,"Valid",7.1014285714285714,"","",1.74,2.9190476190476198,14.19,7.1014285714285714,14.19,7.1014285714285714,1.74,2.9190476190476198]
[2025,6,27,16,45835.666666665114,5.32,"Valid",3.0281818181818183,16.260000000000002,"Valid",7.5177272727272717,"","",{"$f":"IF(G642=\"Valid\", F642, NA())","v":5.32},{"$f":"IF(G642=\"Valid\", H642, NA())","v":3.0281818181818183},{"$f":"IF(J642=\"Valid\", I642, NA())","v":16.260000000000002},{"$f":"IF(J642=\"Valid\", K642, NA())","v":7.5177272727272717},16.260000000000002,7.5177272727272717,5.32,3.0281818181818183]
[2025,6,27,17,45835.708333331779,1.82,"Valid",2.9756521739130433,9.75,"Valid",7.6147826086956512,"","",1.82,2.9756521739130433,9.75,7.6147826086956512,9.75,7.6147826086956512,1.82,2.9756521739130433]
[2025,6,27,{"$f":"IF(D643=23,0,D643+1)","v":18},{"$f":"E643+0.0416666666666666","v":45835.749999998443},3.34,"Valid",2.9352173913043482,10.52,"Valid",7.8108695652173914,"","",3.34,2.9352173913043482,10.52,7.8108695652173914,10.52,7.8108695652173914,3.34,2.9352173913043482]
[2025,6,27,19,45835.791666665107,-0.95,"Valid",2.6791304347826088,0.97,"Valid",7.5986956521739133,"","",-0.95,2.6791304347826088,0.97,7.5986956521739133,0.97,7.5986956521739133,-0.95,2.6791304347826088]
[2025,6,27,20,45835.833333331771,2.73,"Valid",2.6713043478260867,3.36,"Valid",7.6478260869565231,"","",2.73,2.6713043478260867,3.36,7.6478260869565231,3.36,7.6478260869565231,2.73,2.6713043478260867]
[2025,6,27,21,45835.874999998436,3.5,"Valid",2.5873913043478258,3.3,"Valid",7.561739130434785,"","",3.5,2.5873913043478258,3.3,7.561739130434785,3.3,7.561739130434785,3.5,2.5873913043478258]
[2025,6,27,22,45835.9166666651,2.2799999999999998,"Valid",2.4534782608695651,2.14,"Valid",7.4391304347826095,"","",2.2799999999999998,2.4534782608695651,2.14,7.4391304347826095,2.14,7.4391304347826095,2.2799999999999998,2.4534782608695651]
[2025,6,27,23,45835.958333331764,2.0099999999999998,"Valid",2.3926086956521742,1.89,"Valid",7.3613043478260867,"","",2.0099999999999998,2.3926086956521742,1.89,7.3613043478260867,1.89,7.3613043478260867,2.0099999999999998,2.3926086956521742]
[2025,6,28,0,45835.999999998428,1.37,"Valid",2.0813043478260864,1.22,"Valid",7.0495652173913053,"","",1.37,2.0813043478260864,1.22,7.0495652173913053,1.22,7.0495652173913053,1.37,2.0813043478260864]
[2025,6,28,1,45836.041666665093,1.96,"Valid",2.092173913043478,1.82,"Valid",7.0582608695652178,"","",1.96,2.092173913043478,1.82,7.0582608695652178,1.82,7.0582608695652178,1.96,2.092173913043478]
[2025,6,28,2,45836.083333331757,5.83,"Valid",2.4282608695652166,5.24,"Valid",7.3373913043478272,"","",5.83,2.4282608695652166,5.24,7.3373913043478272,5.24,7.3373913043478272,5.83,2.4282608695652166]
[2025,6,28,3,45836.124999998421,3.3,"Valid",2.6221739130434769,3.44,"Valid",7.4747826086956533,"","",3.3,2.6221739130434769,3.44,7.4747826086956533,3.44,7.4747826086956533,3.3,2.6221739130434769]
[2025,6,28,4,45836.166666665085,4.57,"Valid",2.7991304347826071,4.59,"Valid",7.6147826086956529,"","",4.57,2.7991304347826071,4.59,7.6147826086956529,4.59,7.6147826086956529,4.57,2.7991304347826071]
[2025,6,28,5,45836.20833333175,0.67,"Valid",2.6634782608695646,0.73,"Valid",7.4739130434782615,"","",0.67,2.6634782608695646,0.73,7.4739130434782615,0.73,7.4739130434782615,0.67,2.6634782608695646]
[2025,6,28,6,45836.249999998414,3.61,"Valid",2.8208695652173903,3.6,"Valid",7.6121739130434776,"","",3.61,2.8208695652173903,3.6,7.6121739130434776,3.6,7.6121739130434776,3.61,2.8208695652173903]
[2025,6,28,7,45836.291666665078,3.37,"Valid",2.8437499999999996,3.63,"Valid",7.4462499999999991,"","",3.37,2.8437499999999996,3.63,7.4462499999999991,3.63,7.4462499999999991,3.37,2.8437499999999996]
[2025,6,28,8,45836.333333331742,0.42,"Valid",2.6695833333333332,0.91,"Valid",7.262083333333333,"","",0.42,2.6695833333333332,0.91,7.262083333333333,0.91,7.262083333333333,0.42,2.6695833333333332]
[2025,6,28,9,45836.374999998407,3.72,"Valid",2.7191666666666667,4.5599999999999996,"Valid",7.277499999999999,"","",3.72,2.7191666666666667,4.5599999999999996,7.277499999999999,4.5599999999999996,7.277499999999999,3.72,2.7191666666666667]
[2025,6,28,10,45836.416666665071,3.97,"Valid",2.8037499999999995,6.94,"Valid",7.3795833333333327,"","",3.97,2.8037499999999995,6.94,7.3795833333333327,6.94,7.3795833333333327,3.97,2.8037499999999995]
[2025,6,28,11,45836.458333331735,4.41,"Valid",2.7570833333333327,7.27,"Valid",6.9433333333333325,"","",4.41,2.7570833333333327,7.27,6.9433333333333325,7.27,6.9433333333333325,4.41,2.7570833333333327]
[2025,6,28,12,45836.499999998399,4.43,"Valid",2.8112499999999998,9.2200000000000006,"Valid",6.4520833333333316,"","",4.43,2.8112499999999998,9.2200000000000006,6.4520833333333316,9.2200000000000006,6.4520833333333316,4.43,2.8112499999999998]
[2025,6,28,13,45836.541666665064,8.6199999999999992,"Valid",3.0779166666666669,14.73,"Valid",6.3054166666666651,"","",8.6199999999999992,3.0779166666666669,14.73,6.3054166666666651,14.73,6.3054166666666651,8.6199999999999992,3.0779166666666669]
[2025,6,28,14,45836.583333331728,14.93,"Valid",3.6237499999999998,18.75,"Valid",6.2095833333333319,"","",14.93,3.6237499999999998,18.75,6.2095833333333319,18.75,6.2095833333333319,14.93,3.6237499999999998]
[2025,6,28,15,45836.624999998392,15.78,"Valid",4.2087499999999993,31.22,"Valid",6.9191666666666656,"","",15.78,4.2087499999999993,31.22,6.9191666666666656,31.22,6.9191666666666656,15.78,4.2087499999999993]
[2025,6,28,16,45836.666666665056,17.34,"Valid",4.7095833333333337,27.7,"Valid",7.395833333333333,"","",17.34,4.7095833333333337,27.7,7.395833333333333,27.7,7.395833333333333,17.34,4.7095833333333337]
[2025,6,{"$f":"C643+1","v":28},17,45836.70833333172,13.81,"Valid",5.2091666666666674,21.9,"Valid",7.9020833333333336,"","",13.81,5.2091666666666674,21.9,7.9020833333333336,21.9,7.9020833333333336,13.81,5.2091666666666674]
[2025,6,28,18,45836.749999998385,19.43,"Valid",5.8795833333333336,20.95,"Valid",8.336666666666666,"","",19.43,5.8795833333333336,20.95,8.336666666666666,20.95,8.336666666666666,19.43,5.8795833333333336]
[2025,6,28,19,45836.791666665049,17.68,"Valid",6.6558333333333337,19.3,"Valid",9.1004166666666659,"","",17.68,6.6558333333333337,19.3,9.1004166666666659,19.3,9.1004166666666659,17.68,6.6558333333333337]
[2025,6,28,20,45836.833333331713,25.58,"Valid",7.607916666666668,25.99,"Valid",10.043333333333335,"","",25.58,7.607916666666668,25.99,10.043333333333335,25.99,10.043333333333335,25.58,7.607916666666668]
[2025,6,28,21,45836.874999998377,22.95,"Valid",8.4183333333333348,22.94,"Valid",10.861666666666666,"","",22.95,8.4183333333333348,22.94,10.861666666666666,22.94,10.861666666666666,22.95,8.4183333333333348]
[2025,6,28,22,45836.916666665042,20.059999999999999,"Valid",9.1591666666666658,20.74,"Valid",11.636666666666668,"","",20.059999999999999,9.1591666666666658,20.74,11.636666666666668,20.74,11.636666666666668,20.059999999999999,9.1591666666666658]
[2025,6,28,23,45836.958333331706,22.81,"Valid",10.025833333333333,22.69,"Valid",12.503333333333336,"","",{"$f":"IF(G673=\"Valid\", F673, NA())","v":22.81},{"$f":"IF(G673=\"Valid\", H673, NA())","v":10.025833333333333},22.69,12.503333333333336,22.69,12.503333333333336,22.81,10.025833333333333]
[2025,6,29,0,45836.99999999837,19.22,"Valid",10.769583333333335,18.93,"Valid",13.241250000000001,"","",{"$f":"IF(G674=\"Valid\", F674, NA())","v":19.22},{"$f":"IF(G674=\"Valid\", H674, NA())","v":10.769583333333335},{"$f":"IF(J674=\"Valid\", I674, NA())","v":18.93},{"$f":"IF(J674=\"Valid\", K674, NA())","v":13.241250000000001},18.93,13.241250000000001,19.22,10.769583333333335]
[2025,6,29,1,45837.041666665034,18.27,"Valid",11.449166666666665,18.670000000000002,"Valid",13.943333333333335,"","",18.27,11.449166666666665,18.670000000000002,13.943333333333335,18.670000000000002,13.943333333333335,18.27,11.449166666666665]
[2025,6,29,2,45837.083333331699,19.420000000000002,"Valid",12.015416666666667,19.79,"Valid",14.549583333333336,"","",19.420000000000002,12.015416666666667,19.79,14.549583333333336,19.79,14.549583333333336,19.420000000000002,12.015416666666667]
[2025,6,29,3,45837.124999998363,19.850000000000001,"Valid",12.705000000000004,19.829999999999998,"Valid",15.232500000000002,"","",19.850000000000001,12.705000000000004,19.829999999999998,15.232500000000002,19.829999999999998,15.232500000000002,19.850000000000001,12.705000000000004]
[2025,6,29,4,45837.166666665027,19.36,"Valid",13.321250000000001,18.989999999999998,"Valid",15.832500000000001,"","",19.36,13.321250000000001,18.989999999999998,15.832500000000001,18.989999999999998,15.832500000000001,19.36,13.321250000000001]
[2025,6,29,5,45837.208333331691,16.63,"Valid",13.986250000000004,16.72,"Valid",16.498750000000001,"","",16.63,13.986250000000004,16.72,16.498750000000001,16.72,16.498750000000001,16.63,13.986250000000004]
[2025,6,29,6,45837.249999998356,19.309999999999999,"Valid",14.640416666666669,19.55,"Valid",17.163333333333334,"","",19.309999999999999,14.640416666666669,19.55,17.163333333333334,19.55,17.163333333333334,19.309999999999999,14.640416666666669]
[2025,6,29,7,45837.29166666502,19.43,"Valid",15.309583333333336,20.14,"Valid",17.85125,"","",19.43,15.309583333333336,20.14,17.85125,20.14,17.85125,19.43,15.309583333333336]
[2025,6,29,8,45837.333333331684,15.5,"Valid",15.937916666666668,16.670000000000002,"Valid",18.50791666666667,"","",15.5,15.937916666666668,16.670000000000002,18.50791666666667,16.670000000000002,18.50791666666667,15.5,15.937916666666668]
[2025,6,29,9,45837.374999998348,19.57,"Valid",16.598333333333336,20.72,"Valid",19.181250000000006,"","",19.57,16.598333333333336,20.72,19.181250000000006,20.72,19.181250000000006,19.57,16.598333333333336]
[2025,6,29,10,45837.416666665013,17.670000000000002,"Valid",17.169166666666669,22.85,"Valid",19.84416666666667,"","",17.670000000000002,17.169166666666669,22.85,19.84416666666667,22.85,19.84416666666667,17.670000000000002,17.169166666666669]
[2025,6,29,11,45837.458333331677,19.95,"Valid",17.81666666666667,28.57,"Valid",20.731666666666673,"","",19.95,17.81666666666667,28.57,20.731666666666673,28.57,20.731666666666673,19.95,17.81666666666667]
[2025,6,29,12,45837.499999998341,13.82,"Valid",18.207916666666669,18.100000000000001,"Valid",21.10166666666667,"","",13.82,18.207916666666669,18.100000000000001,21.10166666666667,18.100000000000001,21.10166666666667,13.82,18.207916666666669]
[2025,6,29,13,45837.541666665005,13.03,"Valid",18.391666666666669,15.88,"Valid",21.149583333333336,"","",13.03,18.391666666666669,15.88,21.149583333333336,15.88,21.149583333333336,13.03,18.391666666666669]
[2025,6,29,14,45837.58333333167,9.1999999999999993,"Valid",18.152916666666666,12.45,"Valid",20.887083333333337,"","",9.1999999999999993,18.152916666666666,12.45,20.887083333333337,12.45,20.887083333333337,9.1999999999999993,18.152916666666666]
[2025,6,29,15,45837.624999998334,8.68,"Valid",17.857083333333332,21.65,"Valid",20.488333333333333,"","",8.68,17.857083333333332,21.65,20.488333333333333,21.65,20.488333333333333,8.68,17.857083333333332]
[2025,6,29,16,45837.666666664998,11.05,"Valid",17.594999999999999,30.13,"Valid",20.589583333333337,"","",11.05,17.594999999999999,30.13,20.589583333333337,30.13,20.589583333333337,11.05,17.594999999999999]
[2025,6,29,17,45837.708333331662,5.94,"Valid",17.267083333333332,21.1,"Valid",20.556250000000002,"","",5.94,17.267083333333332,21.1,20.556250000000002,21.1,20.556250000000002,5.94,17.267083333333332]
[2025,6,29,18,45837.749999998327,8.2799999999999994,"Valid",16.802499999999998,12.4,"Valid",20.200000000000003,"","",8.2799999999999994,16.802499999999998,12.4,20.200000000000003,12.4,20.200000000000003,8.2799999999999994,16.802499999999998]
[2025,6,29,19,45837.791666664991,6.14,"Valid",16.321666666666662,7.48,"Valid",19.7075,"","",6.14,16.321666666666662,7.48,19.7075,7.48,19.7075,6.14,16.321666666666662]
[2025,6,29,20,45837.833333331655,6.26,"Valid",15.516666666666664,7.85,"Valid",18.951666666666672,"","",6.26,15.516666666666664,7.85,18.951666666666672,7.85,18.951666666666672,6.26,15.516666666666664]
[2025,6,29,21,45837.874999998319,8.4700000000000006,"Valid",14.913333333333332,9.5500000000000007,"Valid",18.393750000000001,"","",8.4700000000000006,14.913333333333332,9.5500000000000007,18.393750000000001,9.5500000000000007,18.393750000000001,8.4700000000000006,14.913333333333332]
[2025,6,29,22,45837.916666664983,5.22,"Valid",14.295,5.22,"Valid",17.747083333333336,"","",5.22,14.295,5.22,17.747083333333336,5.22,17.747083333333336,5.22,14.295]
[2025,6,29,23,45837.958333331648,5.78,"Valid",13.585416666666665,5.82,"Valid",17.044166666666669,"","",5.78,13.585416666666665,5.82,17.044166666666669,5.82,17.044166666666669,5.78,13.585416666666665]
[2025,6,30,0,45837.999999998312,null,null,null,null,null,null,"","",{"$error":"#N/A"},{"$error":"#N/A"},{"$error":"#N/A"},{"$error":"#N/A"},{"$error":"#N/A"},{"$error":"#N/A"},{"$error":"#N/A"},{"$error":"#N/A"}]
[2025,6,30,1,45838.041666664976,null,null,null,null,null,null,"","",{"$error":"#N/A"},{"$error":"#N/A"},{"$error":"#N/A"},{"$error":"#N/A"},{"$error":"#N/A"},{"$error":"#N/A"},{"$error":"#N/A"},{"$error":"#N/A"}]
[2025,6,30,2,45838.08333333164,null,null,null,null,null,null,"","",{"$error":"#N/A"},{"$error":"#N/A"},{"$error":"#N/A"},{"$error":"#N/A"},{"$error":"#N/A"},{"$error":"#N/A"},{"$error":"#N/A"},{"$error":"#N/A"}]
[2025,6,30,3,45838.124999998305,null,null,null,null,null,null,"","",{"$error":"#N/A"},{"$error":"#N/A"},{"$error":"#N/A"},{"$error":"#N/A"},{"$error":"#N/A"},{"$error":"#N/A"},{"$error":"#N/A"},{"$error":"#N/A"}]
[2025,6,30,4,45838.166666664969,null,null,null,null,null,null,"","",{"$error":"#N/A"},{"$error":"#N/A"},{"$error":"#N/A"},{"$error":"#N/A"},{"$error":"#N/A"},{"$error":"#N/A"},{"$error":"#N/A"},{"$error":"#N/A"}]
[2025,6,30,5,45838.208333331633,null,null,null,null,null,null,"","",{"$error":"#N/A"},{"$error":"#N/A"},{"$error":"#N/A"},{"$error":"#N/A"},{"$error":"#N/A"},{"$error":"#N/A"},{"$error":"#N/A"},{"$error":"#N/A"}]
[2025,6,30,6,45838.249999998297,null,null,null,null,null,null,"","",{"$error":"#N/A"},{"$error":"#N/A"},{"$error":"#N/A"},{"$error":"#N/A"},{"$error":"#N/A"},{"$error":"#N/A"},{"$error":"#N/A"},{"$error":"#N/A"}]
[2025,6,30,7,45838.291666664962,null,null,null,null,null,null,"","",{"$error":"#N/A"},{"$error":"#N/A"},{"$error":"#N/A"},{"$error":"#N/A"},{"$error":"#N/A"},{"$error":"#N/A"},{"$error":"#N/A"},{"$error":"#N/A"}]
[2025,6,30,8,45838.333333331626,null,null,null,null,null,null,"","",{"$error":"#N/A"},{"$error":"#N/A"},{"$error":"#N/A"},{"$error":"#N/A"},{"$error":"#N/A"},{"$error":"#N/A"},{"$error":"#N/A"},{"$error":"#N/A"}]
[2025,6,30,9,45838.37499999829,null,null,null,null,null,null,"","",{"$error":"#N/A"},{"$error":"#N/A"},{"$error":"#N/A"},{"$error":"#N/A"},{"$error":"#N/A"},{"$error":"#N/A"},{"$error":"#N/A"},{"$error":"#N/A"}]
[2025,6,30,{"$f":"IF(D707=23,0,D707+1)","v":10},{"$f":"E707+0.0416666666666666","v":45838.416666664954},null,null,null,null,null,null,"","",{"$error":"#N/A"},{"$error":"#N/A"},{"$error":"#N/A"},{"$error":"#N/A"},{"$error":"#N/A"},{"$error":"#N/A"},{"$error":"#N/A"},{"$error":"#N/A"}]
[2025,6,30,11,45838.458333331619,null,null,null,null,null,null,"","",{"$error":"#N/A"},{"$error":"#N/A"},{"$error":"#N/A"},{"$error":"#N/A"},{"$error":"#N/A"},{"$error":"#N/A"},{"$error":"#N/A"},{"$error":"#N/A"}]
[2025,6,30,12,45838.499999998283,null,null,null,null,null,null,"","",{"$error":"#N/A"},{"$error":"#N/A"},{"$error":"#N/A"},{"$error":"#N/A"},{"$error":"#N/A"},{"$error":"#N/A"},{"$error":"#N/A"},{"$error":"#N/A"}]
[2025,6,30,13,45838.541666664947,null,null,null,null,null,null,"","",{"$error":"#N/A"},{"$error":"#N/A"},{"$error":"#N/A"},{"$error":"#N/A"},{"$error":"#N/A"},{"$error":"#N/A"},{"$error":"#N/A"},{"$error":"#N/A"}]
[2025,6,30,14,45838.583333331611,null,null,null,null,null,null,"","",{"$error":"#N/A"},{"$error":"#N/A"},{"$error":"#N/A"},{"$error":"#N/A"},{"$error":"#N/A"},{"$error":"#N/A"},{"$error":"#N/A"},{"$error":"#N/A"}]
[2025,6,30,15,45838.624999998276,null,null,null,null,null,null,"","",{"$error":"#N/A"},{"$error":"#N/A"},{"$error":"#N/A"},{"$error":"#N/A"},{"$error":"#N/A"},{"$error":"#N/A"},{"$error":"#N/A"},{"$error":"#N/A"}]
[2025,6,30,16,45838.66666666494,null,null,null,null,null,null,"","",{"$error":"#N/A"},{"$error":"#N/A"},{"$error":"#N/A"},{"$error":"#N/A"},{"$error":"#N/A"},{"$error":"#N/A"},{"$error":"#N/A"},{"$error":"#N/A"}]
[2025,6,30,17,45838.708333331604,null,null,null,null,null,null,"","",{"$error":"#N/A"},{"$error":"#N/A"},{"$error":"#N/A"},{"$error":"#N/A"},{"$error":"#N/A"},{"$error":"#N/A"},{"$error":"#N/A"},{"$error":"#N/A"}]
[2025,6,30,18,45838.749999998268,null,null,null,null,null,null,"","",{"$error":"#N/A"},{"$error":"#N/A"},{"$error":"#N/A"},{"$error":"#N/A"},{"$error":"#N/A"},{"$error":"#N/A"},{"$error":"#N/A"},{"$error":"#N/A"}]
[2025,6,30,19,45838.791666664933,null,null,null,null,null,null,"","",{"$error":"#N/A"},{"$error":"#N/A"},{"$error":"#N/A"},{"$error":"#N/A"},{"$error":"#N/A"},{"$error":"#N/A"},{"$error":"#N/A"},{"$error":"#N/A"}]
[2025,6,30,20,45838.833333331597,null,null,null,null,null,null,"","",{"$error":"#N/A"},{"$error":"#N/A"},{"$error":"#N/A"},{"$error":"#N/A"},{"$error":"#N/A"},{"$error":"#N/A"},{"$error":"#N/A"},{"$error":"#N/A"}]
[2025,6,30,21,45838.874999998261,null,null,null,null,null,null,"","",{"$error":"#N/A"},{"$error":"#N/A"},{"$error":"#N/A"},{"$error":"#N/A"},{"$error":"#N/A"},{"$error":"#N/A"},{"$error":"#N/A"},{"$error":"#N/A"}]
[2025,6,30,22,45838.916666664925,null,null,null,null,null,null,"","",{"$error":"#N/A"},{"$error":"#N/A"},{"$error":"#N/A"},{"$error":"#N/A"},{"$error":"#N/A"},{"$error":"#N/A"},{"$error":"#N/A"},{"$error":"#N/A"}]
[2025,6,30,23,45838.95833333159,null,null,null,null,null,null,"","",{"$error":"#N/A"},{"$error":"#N/A"},{"$error":"#N/A"},{"$error":"#N/A"},{"$error":"#N/A"},{"$error":"#N/A"},{"$error":"#N/A"},{"$error":"#N/A"}]
[null,null,null,null,null,null,null,null,null,null,null,"","",{"$f":"IF(G722=\"Valid\", F722, NA())","v":{"$error":"#N/A"}},{"$f":"IF(G722=\"Valid\", H722, NA())","v":{"$error":"#N/A"}},{"$f":"IF(J722=\"Valid\", I722, NA())","v":{"$error":"#N/A"}},{"$f":"IF(J722=\"Valid\", K722, NA())","v":{"$error":"#N/A"}},{"$error":"#N/A"},{"$error":"#N/A"},{"$error":"#N/A"},{"$error":"#N/A"}]
[null,null,null,null,null,null,null,null,null,null,null,"","",{"$error":"#N/A"},{"$error":"#N/A"},{"$error":"#N/A"},{"$error":"#N/A"},{"$error":"#N/A"},{"$error":"#N/A"},{"$error":"#N/A"},{"$error":"#N/A"}]
[null,null,null,null,null,null,null,null,null,null,null,"","",{"$error":"#N/A"},{"$error":"#N/A"},{"$error":"#N/A"},{"$error":"#N/A"},{"$error":"#N/A"},{"$error":"#N/A"},{"$error":"#N/A"},{"$error":"#N/A"}]
[null,null,null,null,null,null,null,null,null,null,null,"","",{"$error":"#N/A"},{"$error":"#N/A"},{"$error":"#N/A"},{"$error":"#N/A"},{"$error":"#N/A"},{"$error":"#N/A"},{"$error":"#N/A"},{"$error":"#N/A"}]
[null,null,null,null,null,null,null,null,null,null,null,"","",{"$error":"#N/A"},{"$error":"#N/A"},{"$error":"#N/A"},{"$error":"#N/A"},{"$error":"#N/A"},{"$error":"#N/A"},{"$error":"#N/A"},{"$error":"#N/A"}]
[null,null,null,null,null,null,null,null,null,null,null,"","",{"$error":"#N/A"},{"$error":"#N/A"},{"$error":"#N/A"},{"$error":"#N/A"},{"$error":"#N/A"},{"$error":"#N/A"},{"$error":"#N/A"},{"$error":"#N/A"}]
[null,null,null,null,null,null,null,null,null,null,null,"","",{"$error":"#N/A"},{"$error":"#N/A"},{"$error":"#N/A"},{"$error":"#N/A"},{"$error":"#N/A"},{"$error":"#N/A"},{"$error":"#N/A"},{"$error":"#N/A"}]
[null,null,null,null,null,null,null,null,null,null,null,"","",{"$error":"#N/A"},{"$error":"#N/A"},{"$error":"#N/A"},{"$error":"#N/A"},{"$error":"#N/A"},{"$error":"#N/A"},{"$error":"#N/A"},{"$error":"#N/A"}]
[null,null,null,null,null,null,null,null,null,null,null,"","",{"$error":"#N/A"},{"$error":"#N/A"},{"$error":"#N/A"},{"$error":"#N/A"},{"$error":"#N/A"},{"$error":"#N/A"},{"$error":"#N/A"},{"$error":"#N/A"}]
[null,null,null,null,null,null,null,null,null,null,null,"","",{"$error":"#N/A"},{"$error":"#N/A"},{"$error":"#N/A"},{"$error":"#N/A"},{"$error":"#N/A"},{"$error":"#N/A"},{"$error":"#N/A"},{"$error":"#N/A"}]
[null,null,null,null,null,null,null,null,null,null,null,"","",{"$error":"#N/A"},{"$error":"#N/A"},{"$error":"#N/A"},{"$error":"#N/A"},{"$error":"#N/A"},{"$error":"#N/A"},{"$error":"#N/A"},{"$error":"#N/A"}]
[null,null,null,null,null,null,null,null,null,null,null,"","",{"$error":"#N/A"},{"$error":"#N/A"},{"$error":"#N/A"},{"$error":"#N/A"},{"$error":"#N/A"},{"$error":"#N/A"},{"$error":"#N/A"},{"$error":"#N/A"}]
[null,null,null,null,null,null,null,null,null,null,null,"","",{"$error":"#N/A"},{"$error":"#N/A"},{"$error":"#N/A"},{"$error":"#N/A"},{"$error":"#N/A"},{"$error":"#N/A"},{"$error":"#N/A"},{"$error":"#N/A"}]
[null,null,null,null,null,null,null,null,null,null,null,"","",{"$error":"#N/A"},{"$error":"#N/A"},{"$error":"#N/A"},{"$error":"#N/A"},{"$error":"#N/A"},{"$error":"#N/A"},{"$error":"#N/A"},{"$error":"#N/A"}]
[null,null,null,null,null,null,null,null,null,null,null,"","",{"$error":"#N/A"},{"$error":"#N/A"},{"$error":"#N/A"},{"$error":"#N/A"},{"$error":"#N/A"},{"$error":"#N/A"},{"$error":"#N/A"},{"$error":"#N/A"}]
[null,null,null,null,null,null,null,null,null,null,null,"","",{"$error":"#N/A"},{"$error":"#N/A"},{"$error":"#N/A"},{"$error":"#N/A"},{"$error":"#N/A"},{"$error":"#N/A"},{"$error":"#N/A"},{"$error":"#N/A"}]
[null,null,null,null,null,null,null,null,null,null,null,"","",{"$error":"#N/A"},{"$error":"#N/A"},{"$error":"#N/A"},{"$error":"#N/A"},{"$error":"#N/A"},{"$error":"#N/A"},{"$error":"#N/A"},{"$error":"#N/A"}]
[null,null,null,null,null,null,null,null,null,null,null,"","",{"$error":"#N/A"},{"$error":"#N/A"},{"$error":"#N/A"},{"$error":"#N/A"},{"$error":"#N/A"},{"$error":"#N/A"},{"$error":"#N/A"},{"$error":"#N/A"}]
[null,null,null,null,null,null,null,null,null,null,null,"","",{"$error":"#N/A"},{"$error":"#N/A"},{"$error":"#N/A"},{"$error":"#N/A"},{"$error":"#N/A"},{"$error":"#N/A"},{"$error":"#N/A"},{"$error":"#N/A"}]
[null,null,null,null,null,null,null,null,null,null,null,"","",{"$error":"#N/A"},{"$error":"#N/A"},{"$error":"#N/A"},{"$error":"#N/A"},{"$error":"#N/A"},{"$error":"#N/A"},{"$error":"#N/A"},{"$error":"#N/A"}]
[null,null,null,null,null,null,null,null,null,null,null,"","",{"$error":"#N/A"},{"$error":"#N/A"},{"$error":"#N/A"},{"$error":"#N/A"},{"$error":"#N/A"},{"$error":"#N/A"},{"$error":"#N/A"},{"$error":"#N/A"}]
[null,null,null,null,null,null,null,null,null,null,null,"","",{"$error":"#N/A"},{"$error":"#N/A"},{"$error":"#N/A"},{"$error":"#N/A"},{"$error":"#N/A"},{"$error":"#N/A"},{"$error":"#N/A"},{"$error":"#N/A"}]
[null,null,null,null,null,null,null,null,null,null,null,"","",{"$error":"#N/A"},{"$error":"#N/A"},{"$error":"#N/A"},{"$error":"#N/A"},{"$error":"#N/A"},{"$error":"#N/A"},{"$error":"#N/A"},{"$error":"#N/A"}]
[null,null,null,null,null,null,null,null,null,null,null,"","",{"$error":"#N/A"},{"$error":"#N/A"},{"$error":"#N/A"},{"$error":"#N/A"},{"$error":"#N/A"},{"$error":"#N/A"},{"$error":"#N/A"},{"$error":"#N/A"}]

{"sheet":"Raw data_format","index":4,"n_rows":8,"n_cols":6,"rows_kept":8,"cut":false,"hidden":false,"merged":[]}
["Parameter","Format","Comment","Units of measure","Minimum","Maximum"]
["Year","yyyy","4 integer format","Not applicable",2015,"Until reporting ceases"]
["Month","mm","2 integer format","Not applicable",1,12]
["Day","dd","2 integer format","Not applicable",1,31]
["Hour","hh","2 integer format","Not applicable",0,23]
["PM10",0,"1 decimal place resolution","µg/m3","Negative","Instrument specific"]
["PM2.5",0,"2 decimal place resolution","µg/m3","Negative","Instrument specific"]
["Status","Text","7 character format","Not applicable","Valid","Invalid"]

{"sheet":"Sheet1","index":7,"n_rows":0,"n_cols":0,"rows_kept":0,"cut":false,"hidden":false,"merged":[]}