{"text_format":"1","workbook":"xlsx","n_sheets":8,"sheets":["Instructions","Meta data_sheet","Meta data_lookup","Raw data_sheet","Raw data_format","24hr_PM10_chart","24hr_PM2.5_chart","Sheet1"],"not_rendered":{"charts":4,"images":0,"macros":1,"external_links":0,"defined_names":16,"comments":0,"pivot_tables":0},"unopened":[{"sheet":"24hr_PM10_chart","index":5,"reason":"not_a_worksheet"},{"sheet":"24hr_PM2.5_chart","index":6,"reason":"not_a_worksheet"}],"bounds":{"document_bytes":16777216,"sheet_cells":100000,"rows_first":2000,"rows_last":500,"rows_between":2000,"halvings":0,"cell_chars":16384,"cell_head_chars":4096},"cells_cut":0,"cells_raw":0,"read":"whole","date_system":"1900"}

{"sheet":"Instructions","index":0,"n_rows":0,"n_cols":0,"rows_kept":0,"cut":false,"hidden":false,"merged":[]}

{"sheet":"Meta data_sheet","index":1,"n_rows":17,"n_cols":5,"rows_kept":17,"cut":false,"hidden":false,"merged":[[18,0,18,1],[16,0,16,1]]}
["Ambient Monitoring Station","Details",null,"Ambient Monitoring Results","Details"]
["Location","Maules Creek",null,"PM2.5 monitoring start (dd/mm/yyyy hh:mm)","2025-04-01"]
["Easting",{"$f":"VLOOKUP($B$2,'Meta data_lookup'!$A$2:$D$5,2,FALSE)","v":225302},null,"PM2.5 monitoring end","2025-04-14"]
["Northing",{"$f":"VLOOKUP($B$2,'Meta data_lookup'!$A$2:$D$5,3,FALSE)","v":6623037},null,"PM2.5 monitoring period (h)",{"$f":"(E3-E2)*24","v":312}]
["Site elevation (m)",{"$f":"VLOOKUP($B$2,'Meta data_lookup'!$A$2:$D$5,4,FALSE)","v":"ND"},null,"Number of valid PM2.5 results",{"$f":"COUNTIF('Raw data_sheet'!G2:G745,\"Valid\")","v":312}]
["Description of surrounding land use","Agriculture/Mining",null,"Proportion of valid PM2.5 results (%)",{"$f":"E5/E4","v":1}]
["Typical sources impacting on the site","Agriculture/Mining/Unsealed Roads",null,"PM10 monitoring start (dd/mm/yyyy hh:mm)","2025-04-01"]
["Site compliance with AS/NZS 3580.1.1:2007","Yes",null,"PM10 monitoring end","2025-04-14"]
["PM2.5 method compliance with AS/NZS 3580.9.13:2013\n","Yes",null,"PM10 monitoring period (h)",{"$f":"(E8-E7)*24","v":312}]
["PM2.5 instrument make","Thermo Scientific",null,"Number of valid PM10 results",{"$f":"COUNTIF('Raw data_sheet'!J2:J745,\"Valid\")","v":312}]
["PM2.5 instrument model","1405DF",null,"Proportion of valid PM10 results (%)",{"$f":"E10/E9","v":1}]
["PM2.5 instrument intake height (m)",3.5]
["PM10 method compliance with AS 3580.9.8-2008\n","No*"]
["PM10 instrument make","Thermo Scientific"]
["PM10 instrument model","1405DF"]
["PM10 instrument intake height (m)",3.5]
["*The 1405DF TEOM used at this site measures PM10 indirectly rather than directly. The unit does however meet the intent of AS 3580.9.8-2008, and this method has been accredited by the USEPA. It is considered scientifically robust and is used extensively throughout NSW with EPA's knowledge and informal acceptance."]

{"sheet":"Meta data_lookup","index":2,"n_rows":5,"n_cols":4,"rows_kept":5,"cut":false,"hidden":false,"merged":[]}
["Location","Easting","Northing","Site elevation (m)"]
["Maules Creek",225302,6623037,"ND"]
["Breeza",237993,6542606,"ND"]
["Will-gai",231804,6596392,"ND"]
["Werris Creek",276783,6528734,"ND"]

{"sheet":"Raw data_sheet","index":3,"n_rows":745,"n_cols":21,"rows_kept":745,"cut":false,"hidden":false,"merged":[]}
["Year","Month","Day","Hour","Date and time","PM2.5_hourly","PM2.5_Data_Status","PM2.5_24hr_rolling_average","PM10_hourly","PM10_Data_Status","PM10_24hr_rolling_average","Cause of data invalidity, if applicable","Detailed comments","PM2.5_hourly_valid_plot","PM2.5_24hr_rolling_ave_valid_plot","PM10_hourly_valid_plot","PM10_24hr_rolling_ave_valid_plot","PM10_hourly_valid_plot_series","PM10_24hr_rolling_average_valid_plot_series","PM2.5_hourly_valid_plot_series","PM2.5_24hr_rolling_average_valid_plot_series"]
[2025,4,1,0,{"$f":"DATE(A2,B2,C2)+TIME(D2,0,0)","v":45748},3.85,"Valid",3.6229166666666668,5.73,"Valid",8.4845833333333331,"","",{"$f":"IF(G2=\"Valid\", F2, NA())","v":3.85},{"$f":"IF(G2=\"Valid\", H2, NA())","v":3.6229166666666668},{"$f":"IF(J2=\"Valid\", I2, NA())","v":5.73},{"$f":"IF(J2=\"Valid\", K2, NA())","v":8.4845833333333331},5.73,8.4845833333333331,3.85,3.6229166666666668]
[2025,4,{"$f":"C2","v":1},{"$f":"IF(D2=23,0,D2+1)","v":1},{"$f":"E2+0.0416666666666666","v":45748.041666666664},2.57,"Valid",3.6016666666666666,4.53,"Valid",8.4283333333333328,"","",2.57,{"$f":"IF(G3=\"Valid\", H3, NA())","v":3.6016666666666666},4.53,8.4283333333333328,4.53,8.4283333333333328,2.57,3.6016666666666666]
[2025,4,{"$f":"C3","v":1},{"$f":"IF(D3=23,0,D3+1)","v":2},{"$f":"E3+0.0416666666666666","v":45748.083333333328},2.15,"Valid",3.5454166666666662,3.72,"Valid",8.2958333333333325,"","",2.15,3.5454166666666662,3.72,8.2958333333333325,3.72,8.2958333333333325,2.15,3.5454166666666662]
[2025,4,1,3,45748.124999999993,1.65,"Valid",3.5779166666666669,3.34,"Valid",8.2445833333333329,"","",1.65,3.5779166666666669,3.34,8.2445833333333329,3.34,8.2445833333333329,1.65,3.5779166666666669]
[2025,4,1,4,45748.166666666657,0.7,"Valid",3.6529166666666666,2.21,"Valid",8.1962500000000009,"","",0.7,3.6529166666666666,2.21,8.1962500000000009,2.21,8.1962500000000009,0.7,3.6529166666666666]
[2025,4,1,5,45748.208333333321,2.1800000000000002,"Valid",3.6712500000000006,3.69,"Valid",8.0829166666666676,"","",2.1800000000000002,3.6712500000000006,3.69,8.0829166666666676,3.69,8.0829166666666676,2.1800000000000002,3.6712500000000006]
[2025,4,1,6,45748.249999999985,2.34,"Valid",3.67625,3.94,"Valid",7.9641666666666664,"","",2.34,3.67625,3.94,7.9641666666666664,3.94,7.9641666666666664,2.34,3.67625]
[2025,4,1,7,45748.29166666665,2.0299999999999998,"Valid",3.5920833333333335,4.08,"Valid",7.7495833333333337,"","",2.0299999999999998,3.5920833333333335,4.08,7.7495833333333337,4.08,7.7495833333333337,2.0299999999999998,3.5920833333333335]
[2025,4,1,8,45748.333333333314,4.1100000000000003,"Valid",3.6362500000000004,6.23,"Valid",7.6679166666666667,"","",4.1100000000000003,3.6362500000000004,6.23,7.6679166666666667,6.23,7.6679166666666667,4.1100000000000003,3.6362500000000004]
[2025,4,1,9,45748.374999999978,3.48,"Valid",3.5158333333333349,5.53,"Valid",7.439166666666666,"","",3.48,3.5158333333333349,5.53,7.439166666666666,5.53,7.439166666666666,3.48,3.5158333333333349]
[2025,4,1,10,45748.416666666642,1.64,"Valid",3.5812500000000012,3.55,"Valid",7.4383333333333326,"","",1.64,3.5812500000000012,3.55,7.4383333333333326,3.55,7.4383333333333326,1.64,3.5812500000000012]
[2025,4,1,11,45748.458333333307,-2.0099999999999998,"Valid",3.5179166666666681,0.25,"Valid",7.37,"","",-2.0099999999999998,3.5179166666666681,0.25,7.37,0.25,7.37,-2.0099999999999998,3.5179166666666681]
[2025,4,1,12,45748.499999999971,1.53,"Valid",3.4358333333333348,4.47,"Valid",7.3170833333333327,"","",1.53,3.4358333333333348,4.47,7.3170833333333327,4.47,7.3170833333333327,1.53,3.4358333333333348]
[2025,4,1,13,45748.541666666635,3.04,"Valid",3.4083333333333337,8.0500000000000007,"Valid",7.4070833333333335,"","",3.04,3.4083333333333337,8.0500000000000007,7.4070833333333335,8.0500000000000007,7.4070833333333335,3.04,3.4083333333333337]
[2025,4,1,14,45748.583333333299,4.46,"Valid",3.2449999999999997,8,"Valid",7.2633333333333345,"","",4.46,3.2449999999999997,8,7.2633333333333345,8,7.2633333333333345,4.46,3.2449999999999997]
[2025,4,1,15,45748.624999999964,2.57,"Valid",2.9229166666666662,6.07,"Valid",6.6937500000000005,"","",2.57,2.9229166666666662,6.07,6.6937500000000005,6.07,6.6937500000000005,2.57,2.9229166666666662]
[2025,4,1,16,45748.666666666628,5.36,"Valid",2.9387499999999993,9.5399999999999991,"Valid",6.4941666666666658,"","",5.36,2.9387499999999993,9.5399999999999991,6.4941666666666658,9.5399999999999991,6.4941666666666658,5.36,2.9387499999999993]
[2025,4,1,17,45748.708333333292,3.17,"Valid",2.7866666666666666,5.9,"Valid",6.1662499999999989,"","",3.17,2.7866666666666666,5.9,6.1662499999999989,5.9,6.1662499999999989,3.17,2.7866666666666666]
[2025,4,1,18,45748.749999999956,0.79,"Valid",2.7116666666666664,4.0199999999999996,"Valid",5.8133333333333335,"","",0.79,2.7116666666666664,4.0199999999999996,5.8133333333333335,4.0199999999999996,5.8133333333333335,0.79,2.7116666666666664]
[2025,4,1,19,45748.791666666621,-2.29,"Valid",2.4662500000000001,0.06,"Valid",5.4304166666666669,"","",-2.29,2.4662500000000001,0.06,5.4304166666666669,0.06,5.4304166666666669,-2.29,2.4662500000000001]
[2025,4,1,20,45748.833333333285,2.95,"Valid",2.3470833333333334,5.45,"Valid",4.8358333333333334,"","",2.95,2.3470833333333334,5.45,4.8358333333333334,5.45,4.8358333333333334,2.95,2.3470833333333334]
[2025,4,1,21,45748.874999999949,1.93,"Valid",2.3170833333333336,4.55,"Valid",4.8070833333333329,"","",1.93,2.3170833333333336,4.55,4.8070833333333329,4.55,4.8070833333333329,1.93,2.3170833333333336]
[2025,4,1,22,45748.916666666613,6.53,"Valid",2.4491666666666672,9.3000000000000007,"Valid",4.9354166666666659,"","",6.53,2.4491666666666672,9.3000000000000007,4.9354166666666659,9.3000000000000007,4.9354166666666659,6.53,2.4491666666666672]
[2025,4,{"$f":"C24","v":1},23,45748.958333333278,3.32,"Valid",2.4187500000000002,6.69,"Valid",4.9541666666666657,"","",3.32,2.4187500000000002,6.69,4.9541666666666657,6.69,4.9541666666666657,3.32,2.4187500000000002]
[2025,4,{"$f":"C2+1","v":2},0,45748.999999999942,4.59,"Valid",2.4495833333333334,8.17,"Valid",5.0558333333333332,"","",4.59,2.4495833333333334,8.17,5.0558333333333332,8.17,5.0558333333333332,4.59,2.4495833333333334]
[2025,4,{"$f":"C3+1","v":2},1,45749.041666666606,4.95,"Valid",2.5487500000000005,8.49,"Valid",5.2208333333333323,"","",4.95,2.5487500000000005,8.49,5.2208333333333323,8.49,5.2208333333333323,4.95,2.5487500000000005]
[2025,4,2,2,45749.08333333327,3.56,"Valid",2.6075000000000004,6.65,"Valid",5.3429166666666665,"","",3.56,2.6075000000000004,6.65,5.3429166666666665,6.65,5.3429166666666665,3.56,2.6075000000000004]
[2025,4,2,3,45749.124999999935,7.05,"Valid",2.8325,10.65,"Valid",5.6475,"","",7.05,2.8325,10.65,5.6475,10.65,5.6475,7.05,2.8325]
[2025,4,2,4,45749.166666666599,6.72,"Valid",3.0833333333333335,9.58,"Valid",5.9545833333333347,"","",6.72,3.0833333333333335,9.58,5.9545833333333347,9.58,5.9545833333333347,6.72,3.0833333333333335]
[2025,4,2,5,45749.208333333263,7.87,"Valid",3.320416666666667,10.210000000000001,"Valid",6.2262500000000003,"","",7.87,3.320416666666667,10.210000000000001,6.2262500000000003,10.210000000000001,6.2262500000000003,7.87,3.320416666666667]
[2025,4,2,6,45749.249999999927,4.03,"Valid",3.3908333333333336,6.21,"Valid",6.3208333333333337,"","",4.03,3.3908333333333336,6.21,6.3208333333333337,6.21,6.3208333333333337,4.03,3.3908333333333336]
[2025,4,2,7,45749.291666666591,7.52,"Valid",3.6195833333333334,9.34,"Valid",6.5400000000000018,"","",7.52,3.6195833333333334,9.34,6.5400000000000018,9.34,6.5400000000000018,7.52,3.6195833333333334]
[2025,4,2,8,45749.333333333256,6.99,"Valid",3.7395833333333335,8.69,"Valid",6.642500000000001,"","",6.99,3.7395833333333335,8.69,6.642500000000001,8.69,6.642500000000001,6.99,3.7395833333333335]
[2025,4,2,9,45749.37499999992,12.4,"Valid",4.1112500000000001,13.9,"Valid",6.9912500000000009,"","",12.4,4.1112500000000001,13.9,6.9912500000000009,13.9,6.9912500000000009,12.4,4.1112500000000001]
[2025,4,2,10,45749.416666666584,4.5,"Valid",4.2304166666666667,5.52,"Valid",7.0733333333333341,"","",4.5,4.2304166666666667,5.52,7.0733333333333341,5.52,7.0733333333333341,4.5,4.2304166666666667]
[2025,4,2,11,45749.458333333248,7.32,"Valid",4.6191666666666675,8.65,"Valid",7.4233333333333347,"","",7.32,4.6191666666666675,8.65,7.4233333333333347,8.65,7.4233333333333347,7.32,4.6191666666666675]
[2025,4,2,12,45749.499999999913,5.79,"Valid",4.7966666666666677,6.04,"Valid",7.4887499999999996,"","",5.79,4.7966666666666677,6.04,7.4887499999999996,6.04,7.4887499999999996,5.79,4.7966666666666677]
[2025,4,2,13,45749.541666666577,7.37,"Valid",4.9770833333333337,7.89,"Valid",7.4820833333333328,"","",7.37,4.9770833333333337,7.89,7.4820833333333328,7.89,7.4820833333333328,7.37,4.9770833333333337]
[2025,4,2,14,45749.583333333241,4.49,"Valid",4.9783333333333344,5.0599999999999996,"Valid",7.359583333333334,"","",4.49,4.9783333333333344,5.0599999999999996,7.359583333333334,5.0599999999999996,7.359583333333334,4.49,4.9783333333333344]
[2025,4,2,15,45749.624999999905,7.71,"Valid",5.1924999999999999,8.4700000000000006,"Valid",7.4595833333333337,"","",7.71,5.1924999999999999,8.4700000000000006,7.4595833333333337,8.4700000000000006,7.4595833333333337,7.71,5.1924999999999999]
[2025,4,2,16,45749.66666666657,2.87,"Valid",5.0887500000000001,3.95,"Valid",7.2266666666666657,"","",2.87,5.0887500000000001,3.95,7.2266666666666657,3.95,7.2266666666666657,2.87,5.0887500000000001]
[2025,4,2,17,45749.708333333234,7.39,"Valid",5.2645833333333334,7.58,"Valid",7.296666666666666,"","",7.39,5.2645833333333334,7.58,7.296666666666666,7.58,7.296666666666666,7.39,5.2645833333333334]
[2025,4,2,18,45749.749999999898,6.76,"Valid",5.5133333333333328,7.51,"Valid",7.4420833333333327,"","",{"$f":"IF(G44=\"Valid\", F44, NA())","v":6.76},5.5133333333333328,7.51,7.4420833333333327,7.51,7.4420833333333327,6.76,5.5133333333333328]
[2025,4,2,19,45749.791666666562,6.56,"Valid",5.8820833333333331,6.89,"Valid",7.7266666666666657,"","",6.56,5.8820833333333331,6.89,7.7266666666666657,6.89,7.7266666666666657,6.56,5.8820833333333331]
[2025,4,2,20,45749.833333333227,8.82,"Valid",6.126666666666666,9.6300000000000008,"Valid",7.9008333333333312,"","",8.82,{"$f":"IF(G46=\"Valid\", H46, NA())","v":6.126666666666666},{"$f":"IF(J46=\"Valid\", I46, NA())","v":9.6300000000000008},7.9008333333333312,9.6300000000000008,7.9008333333333312,8.82,6.126666666666666]
[2025,4,2,21,45749.874999999891,6.19,"Valid",6.3041666666666663,7.19,"Valid",8.0108333333333324,"","",6.19,6.3041666666666663,7.19,8.0108333333333324,7.19,8.0108333333333324,6.19,6.3041666666666663]
[2025,4,2,22,45749.916666666555,6.9,"Valid",6.3195833333333331,8.32,"Valid",7.9699999999999989,"","",6.9,6.3195833333333331,8.32,7.9699999999999989,8.32,7.9699999999999989,6.9,6.3195833333333331]
[2025,4,2,23,45749.958333333219,6.71,"Valid",6.4608333333333343,8.36,"Valid",8.0395833333333329,"","",6.71,6.4608333333333343,8.36,8.0395833333333329,8.36,8.0395833333333329,6.71,6.4608333333333343]
[2025,4,3,0,45749.999999999884,9.7100000000000009,"Valid",6.6741666666666681,11.51,"Valid",8.1787499999999991,null,"",9.7100000000000009,6.6741666666666681,11.51,8.1787499999999991,11.51,8.1787499999999991,9.7100000000000009,6.6741666666666681]
[2025,4,3,1,45750.041666666548,6.05,"Valid",6.7200000000000024,7.65,"Valid",8.1437499999999989,null,"",6.05,6.7200000000000024,7.65,8.1437499999999989,7.65,8.1437499999999989,6.05,6.7200000000000024]
[2025,4,3,2,45750.083333333212,5.34,"Valid",6.7941666666666691,7.42,"Valid",8.1758333333333315,null,"",5.34,6.7941666666666691,7.42,8.1758333333333315,7.42,8.1758333333333315,5.34,6.7941666666666691]
[2025,4,3,3,45750.124999999876,9.4,"Valid",6.8920833333333356,12.11,"Valid",8.2366666666666664,null,"",9.4,6.8920833333333356,12.11,8.2366666666666664,12.11,8.2366666666666664,9.4,6.8920833333333356]
[2025,4,3,4,45750.166666666541,3.6,"Valid",6.7620833333333357,5.81,"Valid",8.0795833333333338,null,"",3.6,6.7620833333333357,5.81,8.0795833333333338,5.81,8.0795833333333338,3.6,6.7620833333333357]
[2025,4,3,5,45750.208333333205,5.62,"Valid",6.6683333333333339,7.9,"Valid",7.9833333333333334,null,"",5.62,6.6683333333333339,7.9,7.9833333333333334,7.9,7.9833333333333334,5.62,6.6683333333333339]
[2025,4,3,6,45750.249999999869,6.03,"Valid",6.7516666666666678,8.8000000000000007,"Valid",8.0912500000000005,null,"",6.03,6.7516666666666678,8.8000000000000007,8.0912500000000005,8.8000000000000007,8.0912500000000005,6.03,6.7516666666666678]
[2025,4,3,7,45750.291666666533,6.85,"Valid",6.723749999999999,9.39,"Valid",8.0933333333333337,null,"",6.85,6.723749999999999,9.39,8.0933333333333337,9.39,8.0933333333333337,6.85,6.723749999999999]
[2025,4,3,8,45750.333333333198,9.76,"Valid",6.8391666666666646,11.34,"Valid",8.2037500000000012,null,"",9.76,6.8391666666666646,11.34,8.2037500000000012,11.34,8.2037500000000012,9.76,6.8391666666666646]
[2025,4,3,9,45750.374999999862,4.62,"Valid",6.5149999999999997,6.95,"Valid",7.9141666666666675,null,"",4.62,6.5149999999999997,6.95,7.9141666666666675,6.95,7.9141666666666675,4.62,6.5149999999999997]
[2025,4,3,10,45750.416666666526,4.71,"Valid",6.5237499999999997,5.8,"Valid",7.925833333333336,null,"",4.71,6.5237499999999997,5.8,7.925833333333336,5.8,7.925833333333336,4.71,6.5237499999999997]
[2025,4,3,11,45750.45833333319,8.98,"Valid",6.5929166666666665,10.38,"Valid",7.9979166666666677,null,"",8.98,6.5929166666666665,10.38,7.9979166666666677,10.38,7.9979166666666677,8.98,6.5929166666666665]
[2025,4,3,12,45750.499999999854,8.2100000000000009,"Valid",6.6937500000000005,9.75,"Valid",8.1525000000000016,null,"",8.2100000000000009,6.6937500000000005,9.75,8.1525000000000016,9.75,8.1525000000000016,8.2100000000000009,6.6937500000000005]
[2025,4,3,13,45750.541666666519,10,"Valid",6.8033333333333337,12.12,"Valid",8.3287500000000012,null,"",10,6.8033333333333337,12.12,8.3287500000000012,12.12,8.3287500000000012,10,6.8033333333333337]
[2025,4,3,14,45750.583333333183,7.61,"Valid",6.9333333333333345,11.37,"Valid",8.5916666666666668,null,"",7.61,6.9333333333333345,11.37,8.5916666666666668,11.37,8.5916666666666668,7.61,6.9333333333333345]
[2025,4,3,15,45750.624999999847,8.7200000000000006,"Valid",6.9754166666666677,13.39,"Valid",8.7966666666666669,null,"",8.7200000000000006,6.9754166666666677,13.39,8.7966666666666669,13.39,8.7966666666666669,8.7200000000000006,6.9754166666666677]
[2025,4,3,16,45750.666666666511,9.66,"Valid",7.2583333333333337,14.52,"Valid",9.2370833333333344,null,"",9.66,{"$f":"IF(G66=\"Valid\", H66, NA())","v":7.2583333333333337},{"$f":"IF(J66=\"Valid\", I66, NA())","v":14.52},{"$f":"IF(J66=\"Valid\", K66, NA())","v":9.2370833333333344},14.52,9.2370833333333344,9.66,7.2583333333333337]
[2025,4,3,17,45750.708333333176,9.67,"Valid",7.3533333333333344,14.89,"Valid",9.5416666666666696,null,"",9.67,7.3533333333333344,14.89,9.5416666666666696,14.89,9.5416666666666696,9.67,7.3533333333333344]
[2025,4,3,{"$f":"IF(D67=23,0,D67+1)","v":18},{"$f":"E67+0.0416666666666666","v":45750.74999999984},9.36,"Valid",7.461666666666666,13.6,"Valid",9.7954166666666698,null,"",9.36,7.461666666666666,13.6,9.7954166666666698,13.6,9.7954166666666698,9.36,7.461666666666666]
[2025,4,3,19,45750.791666666504,11.32,"Valid",7.6599999999999993,16.07,"Valid",10.177916666666667,null,"",11.32,7.6599999999999993,16.07,10.177916666666667,16.07,10.177916666666667,11.32,7.6599999999999993]
[2025,4,3,20,45750.833333333168,10.97,"Valid",7.7495833333333328,15.45,"Valid",10.420416666666666,null,"",10.97,7.7495833333333328,15.45,10.420416666666666,15.45,10.420416666666666,10.97,7.7495833333333328]
[2025,4,3,21,45750.874999999833,12.12,"Valid",7.9966666666666661,17.29,"Valid",10.84125,null,"",12.12,7.9966666666666661,17.29,10.84125,17.29,10.84125,12.12,7.9966666666666661]
[2025,4,3,22,45750.916666666497,14.16,"Valid",8.2991666666666664,19.350000000000001,"Valid",11.300833333333335,null,"",14.16,8.2991666666666664,19.350000000000001,11.300833333333335,19.350000000000001,11.300833333333335,14.16,8.2991666666666664]
[2025,4,3,23,45750.958333333161,12.7,"Valid",8.5487499999999983,19.100000000000001,"Valid",11.748333333333335,null,"",12.7,8.5487499999999983,19.100000000000001,11.748333333333335,19.100000000000001,11.748333333333335,12.7,8.5487499999999983]
[2025,4,4,0,45750.999999999825,8.24,"Valid",8.4874999999999989,13.5,"Valid",11.831249999999999,null,"",8.24,8.4874999999999989,13.5,11.831249999999999,13.5,11.831249999999999,8.24,8.4874999999999989]
[2025,4,4,1,45751.04166666649,12.33,"Valid",8.7491666666666656,17.04,"Valid",12.222500000000002,null,"",12.33,8.7491666666666656,17.04,12.222500000000002,17.04,12.222500000000002,12.33,8.7491666666666656]
[2025,4,4,2,45751.083333333154,10.67,"Valid",8.9712499999999995,14.98,"Valid",12.537500000000001,null,"",10.67,8.9712499999999995,14.98,12.537500000000001,14.98,12.537500000000001,10.67,8.9712499999999995]
[2025,4,4,3,45751.124999999818,14.9,"Valid",9.2004166666666674,19.21,"Valid",12.833333333333334,null,"",14.9,9.2004166666666674,19.21,12.833333333333334,19.21,12.833333333333334,14.9,9.2004166666666674]
[2025,4,4,4,45751.166666666482,13.77,"Valid",9.6241666666666674,17.02,"Valid",13.300416666666665,null,"",13.77,9.6241666666666674,17.02,13.300416666666665,17.02,13.300416666666665,13.77,9.6241666666666674]
[2025,4,4,5,45751.208333333147,8.56,"Valid",9.7466666666666679,12.62,"Valid",13.497083333333331,null,"",8.56,9.7466666666666679,12.62,13.497083333333331,12.62,13.497083333333331,8.56,9.7466666666666679]
[2025,4,4,6,45751.249999999811,10.82,"Valid",9.9462500000000009,15.06,"Valid",13.757916666666665,null,"",10.82,9.9462500000000009,15.06,13.757916666666665,15.06,13.757916666666665,10.82,9.9462500000000009]
[2025,4,4,7,45751.291666666475,9.84,"Valid",10.070833333333335,13.24,"Valid",13.918333333333329,null,"",9.84,10.070833333333335,13.24,13.918333333333329,13.24,13.918333333333329,9.84,10.070833333333335]
[2025,4,4,8,45751.333333333139,11.32,"Valid",10.135833333333334,16.059999999999999,"Valid",14.114999999999997,null,"",11.32,10.135833333333334,16.059999999999999,14.114999999999997,16.059999999999999,14.114999999999997,11.32,10.135833333333334]
[2025,4,4,9,45751.374999999804,9.0500000000000007,"Valid",10.320416666666668,13.01,"Valid",14.367499999999998,null,"",9.0500000000000007,10.320416666666668,13.01,14.367499999999998,13.01,14.367499999999998,9.0500000000000007,10.320416666666668]
[2025,4,4,10,45751.416666666468,17.46,"Valid",10.851666666666667,28.82,"Valid",15.326666666666666,null,"",17.46,10.851666666666667,28.82,15.326666666666666,28.82,15.326666666666666,17.46,10.851666666666667]
[2025,4,4,11,45751.458333333132,13.33,"Valid",11.032916666666667,25.97,"Valid",15.976249999999999,null,"",13.33,11.032916666666667,25.97,15.976249999999999,25.97,15.976249999999999,13.33,11.032916666666667]
[2025,4,4,12,45751.499999999796,13.71,"Valid",11.262083333333335,25.03,"Valid",16.612916666666663,null,"",13.71,11.262083333333335,25.03,16.612916666666663,25.03,16.612916666666663,13.71,11.262083333333335]
[2025,4,4,13,45751.541666666461,13.56,"Valid",11.410416666666668,27.69,"Valid",17.261666666666663,null,"",13.56,11.410416666666668,27.69,17.261666666666663,27.69,17.261666666666663,13.56,11.410416666666668]
[2025,4,4,14,45751.583333333125,10.67,"Valid",11.537916666666668,23.11,"Valid",17.750833333333329,null,"",10.67,11.537916666666668,23.11,17.750833333333329,23.11,17.750833333333329,10.67,11.537916666666668]
[2025,4,4,15,45751.624999999789,10.45,"Valid",11.610000000000001,26.22,"Valid",18.285416666666663,null,"",10.45,11.610000000000001,26.22,18.285416666666663,26.22,18.285416666666663,10.45,11.610000000000001]
[2025,4,4,16,45751.666666666453,10.119999999999999,"Valid",11.629166666666668,27.74,"Valid",18.836249999999996,null,"",10.119999999999999,11.629166666666668,27.74,18.836249999999996,27.74,18.836249999999996,10.119999999999999,11.629166666666668]
[2025,4,{"$f":"C67+1","v":4},17,45751.708333333117,11.26,"Valid",11.695416666666667,28.05,"Valid",19.384583333333332,null,"",11.26,11.695416666666667,28.05,19.384583333333332,28.05,19.384583333333332,11.26,11.695416666666667]
[2025,4,4,18,45751.749999999782,13.27,"Valid",11.858333333333333,27.66,"Valid",19.970416666666665,null,"",13.27,11.858333333333333,27.66,19.970416666666665,27.66,19.970416666666665,13.27,11.858333333333333]
[2025,4,4,19,45751.791666666446,10.32,"Valid",11.816666666666668,17.21,"Valid",20.017916666666668,null,"",10.32,11.816666666666668,17.21,20.017916666666668,17.21,20.017916666666668,10.32,11.816666666666668]
[2025,4,4,20,45751.83333333311,9.08,"Valid",11.737916666666665,16.11,"Valid",20.045416666666664,null,"",9.08,11.737916666666665,16.11,20.045416666666664,16.11,20.045416666666664,9.08,11.737916666666665]
[2025,4,4,21,45751.874999999774,10.41,"Valid",11.66666666666667,18.53,"Valid",20.097083333333334,null,"",10.41,11.66666666666667,18.53,20.097083333333334,18.53,20.097083333333334,10.41,11.66666666666667]
[2025,4,4,22,45751.916666666439,6.52,"Valid",11.348333333333334,14.77,"Valid",19.906250000000004,null,"",6.52,11.348333333333334,14.77,19.906250000000004,14.77,19.906250000000004,6.52,11.348333333333334]
[2025,4,4,23,45751.958333333103,9.35,"Valid",11.20875,16.64,"Valid",19.803750000000004,null,"",9.35,11.20875,16.64,19.803750000000004,16.64,19.803750000000004,9.35,11.20875]
[2025,4,5,0,45751.999999999767,9.24,"Valid",11.250416666666668,15.15,"Valid",19.872500000000002,null,"",9.24,11.250416666666668,15.15,19.872500000000002,15.15,19.872500000000002,9.24,11.250416666666668]
[2025,4,5,1,45752.041666666431,9.02,"Valid",11.112499999999997,14.66,"Valid",19.773333333333333,null,"",9.02,11.112499999999997,14.66,19.773333333333333,14.66,19.773333333333333,9.02,11.112499999999997]
[2025,4,5,2,45752.083333333096,11.21,"Valid",11.134999999999998,16.489999999999998,"Valid",19.836250000000003,null,"",11.21,11.134999999999998,16.489999999999998,19.836250000000003,16.489999999999998,19.836250000000003,11.21,11.134999999999998]
[2025,4,5,3,45752.12499999976,5.71,"Valid",10.752083333333333,11.03,"Valid",19.495416666666664,null,"",5.71,10.752083333333333,11.03,19.495416666666664,11.03,19.495416666666664,5.71,10.752083333333333]
[2025,4,5,4,45752.166666666424,10.220000000000001,"Valid",10.60416666666667,14.57,"Valid",19.393333333333331,null,"",10.220000000000001,10.60416666666667,14.57,19.393333333333331,14.57,19.393333333333331,10.220000000000001,10.60416666666667]
[2025,4,5,5,45752.208333333088,11.25,"Valid",10.716250000000002,14.8,"Valid",19.484166666666663,null,"",11.25,10.716250000000002,14.8,19.484166666666663,14.8,19.484166666666663,11.25,10.716250000000002]
[2025,4,5,6,45752.249999999753,8.67,"Valid",10.626666666666669,13.28,"Valid",19.41,null,"",8.67,10.626666666666669,13.28,19.41,13.28,19.41,8.67,10.626666666666669]
[2025,4,5,7,45752.291666666417,10.53,"Valid",10.655416666666669,14.42,"Valid",19.459166666666665,null,"",10.53,10.655416666666669,14.42,19.459166666666665,14.42,19.459166666666665,10.53,10.655416666666669]
[2025,4,5,8,45752.333333333081,6.2,"Valid",10.442083333333334,10.73,"Valid",19.237083333333331,null,"",6.2,10.442083333333334,10.73,19.237083333333331,10.73,19.237083333333331,6.2,10.442083333333334]
[2025,4,5,9,45752.374999999745,9.2100000000000009,"Valid",10.448750000000002,13.99,"Valid",19.277916666666666,null,"",9.2100000000000009,10.448750000000002,13.99,19.277916666666666,13.99,19.277916666666666,9.2100000000000009,10.448750000000002]
[2025,4,5,10,45752.41666666641,10.4,"Valid",10.154583333333333,16.2,"Valid",18.752083333333335,null,"",{"$f":"IF(G108=\"Valid\", F108, NA())","v":10.4},10.154583333333333,16.2,18.752083333333335,16.2,18.752083333333335,10.4,10.154583333333333]
[2025,4,5,11,45752.458333333074,11.14,"Valid",10.063333333333333,26.75,"Valid",18.784583333333334,null,"",11.14,10.063333333333333,26.75,18.784583333333334,26.75,18.784583333333334,11.14,10.063333333333333]
[2025,4,5,12,45752.499999999738,8.7200000000000006,"Valid",9.8554166666666667,23.25,"Valid",18.710416666666667,null,"",8.7200000000000006,9.8554166666666667,23.25,18.710416666666667,23.25,18.710416666666667,8.7200000000000006,9.8554166666666667]
[2025,4,5,13,45752.541666666402,7.91,"Valid",9.6199999999999992,15.77,"Valid",18.213750000000001,null,"",7.91,9.6199999999999992,15.77,18.213750000000001,15.77,18.213750000000001,7.91,9.6199999999999992]
[2025,4,5,14,45752.583333333067,7.33,"Valid",9.480833333333333,13.78,"Valid",17.824999999999999,null,"",7.33,9.480833333333333,13.78,17.824999999999999,13.78,17.824999999999999,7.33,9.480833333333333]
[2025,4,5,15,45752.624999999731,6.97,"Valid",9.3358333333333317,12.94,"Valid",17.271666666666668,null,"",6.97,9.3358333333333317,12.94,17.271666666666668,12.94,17.271666666666668,6.97,9.3358333333333317]
[2025,4,5,16,45752.666666666395,5.48,"Valid",9.1425000000000001,10.61,"Valid",16.557916666666667,null,"",5.48,9.1425000000000001,10.61,16.557916666666667,10.61,16.557916666666667,5.48,9.1425000000000001]
[2025,4,5,17,45752.708333333059,7.82,"Valid",8.9991666666666656,11.89,"Valid",15.884583333333332,null,"",7.82,8.9991666666666656,11.89,15.884583333333332,11.89,15.884583333333332,7.82,8.9991666666666656]
[2025,4,5,18,45752.749999999724,5.77,"Valid",8.6866666666666674,10.19,"Valid",15.156666666666665,null,"",5.77,8.6866666666666674,10.19,15.156666666666665,10.19,15.156666666666665,5.77,8.6866666666666674]
[2025,4,5,19,45752.791666666388,6.66,"Valid",8.5341666666666676,11.13,"Valid",14.903333333333331,null,"",6.66,8.5341666666666676,11.13,14.903333333333331,11.13,14.903333333333331,6.66,8.5341666666666676]
[2025,4,5,20,45752.833333333052,6.67,"Valid",8.4337500000000016,11.04,"Valid",14.692083333333331,null,"",6.67,8.4337500000000016,11.04,14.692083333333331,11.04,14.692083333333331,6.67,8.4337500000000016]
[2025,4,5,21,45752.874999999716,5.26,"Valid",8.2191666666666663,8.7899999999999991,"Valid",14.286250000000001,null,"",5.26,8.2191666666666663,8.7899999999999991,14.286250000000001,8.7899999999999991,14.286250000000001,5.26,8.2191666666666663]
[2025,4,5,22,45752.91666666638,6.57,"Valid",8.2212499999999995,9.59,"Valid",14.070416666666667,null,"",6.57,8.2212499999999995,9.59,14.070416666666667,9.59,14.070416666666667,6.57,8.2212499999999995]
[2025,4,5,23,45752.958333333045,2.5299999999999998,"Valid",7.9370833333333328,5.12,"Valid",13.590416666666668,null,"",2.5299999999999998,7.9370833333333328,5.12,13.590416666666668,5.12,13.590416666666668,2.5299999999999998,7.9370833333333328]
[2025,4,6,0,45752.999999999709,4.62,"Valid",7.744583333333332,8.2100000000000009,"Valid",13.301249999999998,null,"",{"$f":"IF(G122=\"Valid\", F122, NA())","v":4.62},7.744583333333332,8.2100000000000009,13.301249999999998,8.2100000000000009,13.301249999999998,4.62,7.744583333333332]
[2025,4,6,1,45753.041666666373,10.35,"Valid",7.799999999999998,14.47,"Valid",13.293333333333335,null,"",10.35,7.799999999999998,14.47,13.293333333333335,14.47,13.293333333333335,10.35,7.799999999999998]
[2025,4,6,2,45753.083333333037,5.95,"Valid",7.5808333333333318,9.56,"Valid",13.004583333333334,null,"",5.95,7.5808333333333318,9.56,13.004583333333334,9.56,13.004583333333334,5.95,7.5808333333333318]
[2025,4,6,3,45753.124999999702,5.07,"Valid",7.5541666666666645,8.14,"Valid",12.884166666666665,null,"",5.07,7.5541666666666645,8.14,12.884166666666665,8.14,12.884166666666665,5.07,7.5541666666666645]
[2025,4,6,4,45753.166666666366,1.9,"Valid",7.2074999999999987,5.53,"Valid",12.5075,null,"",1.9,7.2074999999999987,5.53,12.5075,5.53,12.5075,1.9,7.2074999999999987]
[2025,4,6,5,45753.20833333303,5.07,"Valid",6.9499999999999993,8.44,"Valid",12.2425,null,"",5.07,6.9499999999999993,8.44,12.2425,8.44,12.2425,5.07,6.9499999999999993]
[2025,4,6,6,45753.249999999694,6.33,"Valid",6.8525,9.41,"Valid",12.081249999999997,null,"",6.33,6.8525,9.41,12.081249999999997,9.41,12.081249999999997,6.33,6.8525]
[2025,4,6,7,45753.291666666359,3.99,"Valid",6.580000000000001,7.19,"Valid",11.78,null,"",3.99,6.580000000000001,7.19,11.78,7.19,11.78,3.99,6.580000000000001]
[2025,4,6,8,45753.333333333023,3.94,"Valid",6.4858333333333329,7.91,"Valid",11.662500000000001,null,"",{"$f":"IF(G130=\"Valid\", F130, NA())","v":3.94},{"$f":"IF(G130=\"Valid\", H130, NA())","v":6.4858333333333329},{"$f":"IF(J130=\"Valid\", I130, NA())","v":7.91},{"$f":"IF(J130=\"Valid\", K130, NA())","v":11.662500000000001},7.91,11.662500000000001,3.94,6.4858333333333329]
[2025,4,6,9,45753.374999999687,4.5599999999999996,"Valid",6.292083333333335,9.82,"Valid",11.488750000000001,null,"",4.5599999999999996,6.292083333333335,9.82,11.488750000000001,9.82,11.488750000000001,4.5599999999999996,6.292083333333335]
[2025,4,6,{"$f":"IF(D131=23,0,D131+1)","v":10},{"$f":"E131+0.0416666666666666","v":45753.416666666351},6.33,"Valid",6.1225000000000023,12.71,"Valid",11.343333333333334,null,"",6.33,6.1225000000000023,12.71,11.343333333333334,12.71,11.343333333333334,6.33,6.1225000000000023]
[2025,4,6,11,45753.458333333016,5.51,"Valid",5.8879166666666665,11.97,"Valid",10.727500000000001,null,"",5.51,5.8879166666666665,11.97,10.727500000000001,11.97,10.727500000000001,5.51,5.8879166666666665]
[2025,4,6,12,45753.49999999968,4.99,"Valid",5.7325000000000008,11.66,"Valid",10.244583333333333,null,"",4.99,5.7325000000000008,11.66,10.244583333333333,11.66,10.244583333333333,4.99,5.7325000000000008]
[2025,4,6,13,45753.541666666344,4.92,"Valid",5.6079166666666671,9.6,"Valid",9.9874999999999989,null,"",4.92,5.6079166666666671,9.6,9.9874999999999989,9.6,9.9874999999999989,4.92,5.6079166666666671]
[2025,4,6,14,45753.583333333008,2.9,"Valid",5.4233333333333329,6.62,"Valid",9.6891666666666669,null,"",2.9,5.4233333333333329,6.62,9.6891666666666669,6.62,9.6891666666666669,2.9,5.4233333333333329]
[2025,4,6,15,45753.624999999673,2.0299999999999998,"Valid",5.2175000000000002,5.26,"Valid",9.3691666666666666,null,"",2.0299999999999998,5.2175000000000002,5.26,9.3691666666666666,5.26,9.3691666666666666,2.0299999999999998,5.2175000000000002]
[2025,4,6,16,45753.666666666337,3.98,"Valid",5.1550000000000002,7.57,"Valid",9.2424999999999997,null,"",3.98,5.1550000000000002,7.57,9.2424999999999997,7.57,9.2424999999999997,3.98,5.1550000000000002]
[2025,4,6,17,45753.708333333001,4.0199999999999996,"Valid",4.996666666666667,7.92,"Valid",9.0770833333333325,null,"",4.0199999999999996,4.996666666666667,7.92,9.0770833333333325,7.92,9.0770833333333325,4.0199999999999996,4.996666666666667]
[2025,4,6,18,45753.749999999665,3.9,"Valid",4.9187500000000002,9.08,"Valid",9.0308333333333319,null,"",3.9,4.9187500000000002,9.08,9.0308333333333319,9.08,9.0308333333333319,3.9,4.9187500000000002]
[2025,4,6,19,45753.79166666633,0.48,"Valid",4.6612500000000008,4.43,"Valid",8.7516666666666669,null,"",0.48,4.6612500000000008,4.43,8.7516666666666669,4.43,8.7516666666666669,0.48,4.6612500000000008]
[2025,4,6,20,45753.833333332994,4.0199999999999996,"Valid",4.5508333333333342,7.95,"Valid",8.622916666666665,null,"",4.0199999999999996,4.5508333333333342,7.95,8.622916666666665,7.95,8.622916666666665,4.0199999999999996,4.5508333333333342]
[2025,4,6,21,45753.874999999658,6.19,"Valid",4.5895833333333345,10.1,"Valid",8.6774999999999984,null,"",6.19,4.5895833333333345,10.1,8.6774999999999984,10.1,8.6774999999999984,6.19,4.5895833333333345]
[2025,4,6,22,45753.916666666322,4.99,"Valid",4.5237499999999997,7.52,"Valid",8.5912500000000005,null,"",4.99,4.5237499999999997,7.52,8.5912500000000005,7.52,8.5912500000000005,4.99,4.5237499999999997]
[2025,4,6,23,45753.958333332987,1.33,"Valid",4.4737499999999999,3.47,"Valid",8.5224999999999991,null,"",1.33,4.4737499999999999,3.47,8.5224999999999991,3.47,8.5224999999999991,1.33,4.4737499999999999]
[2025,4,7,0,45753.999999999651,8.33,"Valid",4.628333333333333,10.45,"Valid",8.6158333333333328,"","",8.33,4.628333333333333,10.45,8.6158333333333328,10.45,8.6158333333333328,8.33,4.628333333333333]
[2025,4,7,1,45754.041666666315,6.15,"Valid",4.4533333333333331,7.96,"Valid",8.3445833333333344,"","",6.15,4.4533333333333331,7.96,8.3445833333333344,7.96,8.3445833333333344,6.15,4.4533333333333331]
[2025,4,7,2,45754.083333332979,5.49,"Valid",4.4341666666666661,7.79,"Valid",8.2708333333333339,"","",5.49,4.4341666666666661,7.79,8.2708333333333339,7.79,8.2708333333333339,5.49,4.4341666666666661]
[2025,4,7,3,45754.124999999643,8.2200000000000006,"Valid",4.5654166666666667,9.92,"Valid",8.3449999999999989,"","",8.2200000000000006,4.5654166666666667,9.92,8.3449999999999989,9.92,8.3449999999999989,8.2200000000000006,4.5654166666666667]
[2025,4,7,4,45754.166666666308,1.45,"Valid",4.546666666666666,3.57,"Valid",8.2633333333333319,"","",1.45,4.546666666666666,3.57,8.2633333333333319,3.57,8.2633333333333319,1.45,4.546666666666666]
[2025,4,7,5,45754.208333332972,5.81,"Valid",4.5774999999999997,8.4600000000000009,"Valid",8.2641666666666662,"","",5.81,4.5774999999999997,8.4600000000000009,8.2641666666666662,8.4600000000000009,8.2641666666666662,5.81,4.5774999999999997]
[2025,4,7,6,45754.249999999636,5.63,"Valid",4.5483333333333329,7.84,"Valid",8.1987500000000004,"","",5.63,4.5483333333333329,7.84,8.1987500000000004,7.84,8.1987500000000004,5.63,4.5483333333333329]
[2025,4,7,7,45754.2916666663,7.1,"Valid",4.6779166666666656,10.14,"Valid",8.3216666666666654,"","",7.1,4.6779166666666656,10.14,8.3216666666666654,10.14,8.3216666666666654,7.1,4.6779166666666656]
[2025,4,7,8,45754.333333332965,4.83,"Valid",4.714999999999999,8.0299999999999994,"Valid",8.3266666666666662,"","",4.83,4.714999999999999,8.0299999999999994,8.3266666666666662,8.0299999999999994,8.3266666666666662,4.83,4.714999999999999]
[2025,4,{"$f":"C131+1","v":7},9,45754.374999999629,5.61,"Valid",4.7587499999999991,9.6,"Valid",8.3174999999999972,"","",5.61,4.7587499999999991,9.6,8.3174999999999972,9.6,8.3174999999999972,5.61,4.7587499999999991]
[2025,4,7,10,45754.416666666293,6.56,"Valid",4.7683333333333326,11.47,"Valid",8.2658333333333314,"","",6.56,4.7683333333333326,11.47,8.2658333333333314,11.47,8.2658333333333314,6.56,4.7683333333333326]
[2025,4,7,11,45754.458333332957,3.04,"Valid",4.6654166666666663,9.0500000000000007,"Valid",8.144166666666667,"","",3.04,4.6654166666666663,9.0500000000000007,8.144166666666667,9.0500000000000007,8.144166666666667,3.04,4.6654166666666663]
[2025,4,7,12,45754.499999999622,3.78,"Valid",4.6150000000000002,8.57,"Valid",8.0154166666666651,"","",3.78,4.6150000000000002,8.57,8.0154166666666651,8.57,8.0154166666666651,3.78,4.6150000000000002]
[2025,4,7,13,45754.541666666286,0.33,"Valid",4.4237499999999992,4.51,"Valid",7.8033333333333337,"","",0.33,4.4237499999999992,4.51,7.8033333333333337,4.51,7.8033333333333337,0.33,4.4237499999999992]
[2025,4,7,14,45754.58333333295,5.15,"Valid",4.5175000000000001,9.8800000000000008,"Valid",7.939166666666666,"","",5.15,4.5175000000000001,9.8800000000000008,7.939166666666666,9.8800000000000008,7.939166666666666,5.15,4.5175000000000001]
[2025,4,7,15,45754.624999999614,3.37,"Valid",4.5733333333333333,8.15,"Valid",8.0595833333333324,"","",3.37,4.5733333333333333,8.15,8.0595833333333324,8.15,8.0595833333333324,3.37,4.5733333333333333]
[2025,4,7,16,45754.666666666279,6.6,"Valid",4.6825000000000001,10.57,"Valid",8.1845833333333342,"","",6.6,4.6825000000000001,10.57,8.1845833333333342,10.57,8.1845833333333342,6.6,4.6825000000000001]
[2025,4,7,17,45754.708333332943,5.31,"Valid",4.736250000000001,8.9499999999999993,"Valid",8.2274999999999991,"","",5.31,4.736250000000001,8.9499999999999993,8.2274999999999991,8.9499999999999993,8.2274999999999991,5.31,4.736250000000001]
[2025,4,7,18,45754.749999999607,2.62,"Valid",4.6829166666666682,6.65,"Valid",8.1262500000000006,"","",2.62,4.6829166666666682,6.65,8.1262500000000006,6.65,8.1262500000000006,2.62,4.6829166666666682]
[2025,4,7,19,45754.791666666271,5.03,"Valid",4.8725000000000014,11.29,"Valid",8.4120833333333316,"","",5.03,4.8725000000000014,11.29,8.4120833333333316,11.29,8.4120833333333316,5.03,4.8725000000000014]
[2025,4,7,20,45754.833333332936,5.52,"Valid",4.9350000000000014,13.17,"Valid",8.6295833333333309,"","",5.52,4.9350000000000014,13.17,8.6295833333333309,13.17,8.6295833333333309,5.52,4.9350000000000014]
[2025,4,7,21,45754.8749999996,3.4,"Valid",4.8187500000000014,7.41,"Valid",8.5174999999999983,"","",3.4,4.8187500000000014,7.41,8.5174999999999983,7.41,8.5174999999999983,3.4,4.8187500000000014]
[2025,4,7,22,45754.916666666264,4.7300000000000004,"Valid",4.8079166666666682,8.2100000000000009,"Valid",8.5462499999999988,"","",4.7300000000000004,4.8079166666666682,8.2100000000000009,8.5462499999999988,8.2100000000000009,8.5462499999999988,4.7300000000000004,4.8079166666666682]
[2025,4,7,23,45754.958333332928,6.57,"Valid",5.026250000000001,10.18,"Valid",8.8258333333333319,"","",6.57,5.026250000000001,10.18,8.8258333333333319,10.18,8.8258333333333319,6.57,5.026250000000001]
[2025,4,8,0,45754.999999999593,3.05,"Valid",4.8062500000000004,6.46,"Valid",8.6595833333333339,"","",3.05,4.8062500000000004,6.46,8.6595833333333339,6.46,8.6595833333333339,3.05,4.8062500000000004]
[2025,4,8,1,45755.041666666257,2.83,"Valid",4.6679166666666667,6.37,"Valid",8.5933333333333337,"","",2.83,4.6679166666666667,6.37,8.5933333333333337,6.37,8.5933333333333337,2.83,4.6679166666666667]
[2025,4,8,2,45755.083333332921,5.03,"Valid",4.6487499999999997,8.48,"Valid",8.6220833333333342,"","",5.03,4.6487499999999997,8.48,8.6220833333333342,8.48,8.6220833333333342,5.03,4.6487499999999997]
[2025,4,8,3,45755.124999999585,3.19,"Valid",4.439166666666666,7.35,"Valid",8.5150000000000006,"","",3.19,4.439166666666666,7.35,8.5150000000000006,7.35,8.5150000000000006,3.19,4.439166666666666]
[2025,4,8,4,45755.16666666625,5.2,"Valid",4.5954166666666669,9.77,"Valid",8.7733333333333352,"","",5.2,4.5954166666666669,9.77,8.7733333333333352,9.77,8.7733333333333352,5.2,4.5954166666666669]
[2025,4,8,5,45755.208333332914,0.45,"Valid",4.3720833333333333,4.07,"Valid",8.5904166666666679,"","",0.45,4.3720833333333333,4.07,8.5904166666666679,4.07,8.5904166666666679,0.45,4.3720833333333333]
[2025,4,8,6,45755.249999999578,2.35,"Valid",4.2354166666666666,5.44,"Valid",8.4904166666666665,"","",2.35,4.2354166666666666,5.44,8.4904166666666665,5.44,8.4904166666666665,2.35,4.2354166666666666]
[2025,4,8,7,45755.291666666242,6.53,"Valid",4.211666666666666,9.5500000000000007,"Valid",8.4658333333333342,"","",6.53,4.211666666666666,9.5500000000000007,8.4658333333333342,9.5500000000000007,8.4658333333333342,6.53,4.211666666666666]
[2025,4,8,8,45755.333333332906,8.43,"Valid",4.3616666666666672,12.94,"Valid",8.6704166666666662,"","",8.43,4.3616666666666672,12.94,8.6704166666666662,12.94,8.6704166666666662,8.43,4.3616666666666672]
[2025,4,8,9,45755.374999999571,9.1199999999999992,"Valid",4.5079166666666666,24.83,"Valid",9.3049999999999997,"","",9.1199999999999992,4.5079166666666666,24.83,9.3049999999999997,24.83,9.3049999999999997,9.1199999999999992,4.5079166666666666]
[2025,4,8,10,45755.416666666235,8.51,"Valid",4.5891666666666664,19.989999999999998,"Valid",9.6599999999999984,"","",8.51,4.5891666666666664,19.989999999999998,9.6599999999999984,19.989999999999998,9.6599999999999984,8.51,4.5891666666666664]
[2025,4,8,11,45755.458333332899,9.02,"Valid",4.8383333333333338,25.4,"Valid",10.34125,"","",9.02,4.8383333333333338,25.4,10.34125,25.4,10.34125,9.02,4.8383333333333338]
[2025,4,8,12,45755.499999999563,5.58,"Valid",4.9133333333333331,15.11,"Valid",10.613750000000001,"","",5.58,4.9133333333333331,15.11,10.613750000000001,15.11,10.613750000000001,5.58,4.9133333333333331]
[2025,4,8,13,45755.541666666228,4.08,"Valid",5.0695833333333331,10.72,"Valid",10.872500000000002,"","",4.08,5.0695833333333331,10.72,10.872500000000002,10.72,10.872500000000002,4.08,5.0695833333333331]
[2025,4,8,14,45755.583333332892,5.46,"Valid",5.0825000000000005,12.69,"Valid",10.989583333333336,"","",5.46,5.0825000000000005,12.69,10.989583333333336,12.69,10.989583333333336,5.46,5.0825000000000005]
[2025,4,8,15,45755.624999999556,7.15,"Valid",5.24,13.74,"Valid",11.222499999999998,"","",7.15,5.24,13.74,11.222499999999998,13.74,11.222499999999998,7.15,5.24]
[2025,4,8,16,45755.66666666622,5.46,"Valid",5.1924999999999999,11.92,"Valid",11.27875,"","",5.46,5.1924999999999999,11.92,11.27875,11.92,11.27875,5.46,5.1924999999999999]
[2025,4,8,17,45755.708333332885,7.55,"Valid",5.2858333333333336,15.37,"Valid",11.546250000000001,"","",7.55,5.2858333333333336,15.37,11.546250000000001,15.37,11.546250000000001,7.55,5.2858333333333336]
[2025,4,8,18,45755.749999999549,7.83,"Valid",5.5029166666666667,16.190000000000001,"Valid",11.94375,"","",7.83,5.5029166666666667,16.190000000000001,11.94375,16.190000000000001,11.94375,7.83,5.5029166666666667]
[2025,4,8,19,45755.791666666213,6.84,"Valid",5.5783333333333331,26.46,"Valid",12.575833333333334,"","",6.84,5.5783333333333331,26.46,12.575833333333334,26.46,12.575833333333334,6.84,5.5783333333333331]
[2025,4,8,20,45755.833333332877,4.9800000000000004,"Valid",5.5558333333333323,10.199999999999999,"Valid",12.452083333333333,"","",4.9800000000000004,5.5558333333333323,10.199999999999999,12.452083333333333,10.199999999999999,12.452083333333333,4.9800000000000004,5.5558333333333323]
[2025,4,8,21,45755.874999999542,6.74,"Valid",5.6949999999999994,11.65,"Valid",12.628749999999998,"","",6.74,5.6949999999999994,11.65,12.628749999999998,11.65,12.628749999999998,6.74,5.6949999999999994]
[2025,4,8,22,45755.916666666206,4.3499999999999996,"Valid",5.6791666666666663,8.9700000000000006,"Valid",12.660416666666665,"","",4.3499999999999996,5.6791666666666663,8.9700000000000006,12.660416666666665,8.9700000000000006,12.660416666666665,4.3499999999999996,5.6791666666666663]
[2025,4,8,23,45755.95833333287,4.1500000000000004,"Valid",5.5783333333333331,7.99,"Valid",12.569166666666666,"","",4.1500000000000004,5.5783333333333331,7.99,12.569166666666666,7.99,12.569166666666666,4.1500000000000004,5.5783333333333331]
[2025,4,9,0,45755.999999999534,5.23,"Valid",5.6691666666666656,8.9499999999999993,"Valid",12.672916666666666,"","",{"$f":"IF(G194=\"Valid\", F194, NA())","v":5.23},{"$f":"IF(G194=\"Valid\", H194, NA())","v":5.6691666666666656},{"$f":"IF(J194=\"Valid\", I194, NA())","v":8.9499999999999993},{"$f":"IF(J194=\"Valid\", K194, NA())","v":12.672916666666666},8.9499999999999993,12.672916666666666,5.23,5.6691666666666656]
[2025,4,9,1,45756.041666666199,1.74,"Valid",5.6237500000000002,4.32,"Valid",12.5875,"","",1.74,5.6237500000000002,4.32,12.5875,4.32,12.5875,1.74,5.6237500000000002]
[2025,4,9,{"$f":"IF(D195=23,0,D195+1)","v":2},{"$f":"E195+0.0416666666666666","v":45756.083333332863},3.81,"Valid",5.572916666666667,6.74,"Valid",12.515000000000001,"","",3.81,5.572916666666667,6.74,12.515000000000001,6.74,12.515000000000001,3.81,5.572916666666667]
[2025,4,9,3,45756.124999999527,5.83,"Valid",5.6829166666666664,8.15,"Valid",12.548333333333332,"","",5.83,5.6829166666666664,8.15,12.548333333333332,8.15,12.548333333333332,5.83,5.6829166666666664]
[2025,4,9,4,45756.166666666191,6.03,"Valid",5.7175000000000002,10.35,"Valid",12.5725,"","",6.03,5.7175000000000002,10.35,12.5725,10.35,12.5725,6.03,5.7175000000000002]
[2025,4,9,5,45756.208333332856,5.68,"Valid",5.9354166666666659,9.32,"Valid",12.79125,"","",5.68,5.9354166666666659,9.32,12.79125,9.32,12.79125,5.68,5.9354166666666659]
[2025,4,9,6,45756.24999999952,3.31,"Valid",5.9754166666666668,6.7,"Valid",12.84375,"","",3.31,5.9754166666666668,6.7,12.84375,6.7,12.84375,3.31,5.9754166666666668]
[2025,4,9,7,45756.291666666184,8.5,"Valid",6.0575000000000001,11.31,"Valid",12.917083333333332,"","",8.5,6.0575000000000001,11.31,12.917083333333332,11.31,12.917083333333332,8.5,6.0575000000000001]
[2025,4,9,8,45756.333333332848,12.2,"Valid",6.2145833333333327,17.13,"Valid",13.091666666666667,"","",12.2,6.2145833333333327,17.13,13.091666666666667,17.13,13.091666666666667,12.2,6.2145833333333327]
[2025,4,9,9,45756.374999999513,7.86,"Valid",6.1620833333333325,12.98,"Valid",12.597916666666668,"","",7.86,6.1620833333333325,12.98,12.597916666666668,12.98,12.597916666666668,7.86,6.1620833333333325]
[2025,4,9,10,45756.416666666177,5.63,"Valid",6.0420833333333333,12.24,"Valid",12.275,"","",5.63,6.0420833333333333,12.24,12.275,12.24,12.275,5.63,6.0420833333333333]
[2025,4,9,11,45756.458333332841,7.74,"Valid",5.9887500000000005,14.58,"Valid",11.824166666666665,"","",7.74,5.9887500000000005,14.58,11.824166666666665,14.58,11.824166666666665,7.74,5.9887500000000005]
[2025,4,9,12,45756.499999999505,10.33,"Valid",6.1866666666666683,16.55,"Valid",11.884166666666665,"","",10.33,6.1866666666666683,16.55,11.884166666666665,16.55,11.884166666666665,10.33,6.1866666666666683]
[2025,4,9,13,45756.541666666169,3.04,"Valid",6.1433333333333344,10.27,"Valid",11.865416666666667,"","",3.04,6.1433333333333344,10.27,11.865416666666667,10.27,11.865416666666667,3.04,6.1433333333333344]
[2025,4,9,14,45756.583333332834,7.31,"Valid",6.2204166666666678,14.54,"Valid",11.942500000000001,"","",7.31,6.2204166666666678,14.54,11.942500000000001,14.54,11.942500000000001,7.31,6.2204166666666678]
[2025,4,9,15,45756.624999999498,7.94,"Valid",6.253333333333333,17.77,"Valid",12.110416666666667,"","",7.94,6.253333333333333,17.77,12.110416666666667,17.77,12.110416666666667,7.94,6.253333333333333]
[2025,4,9,16,45756.666666666162,10.38,"Valid",6.4583333333333321,25.17,"Valid",12.662500000000001,"","",10.38,6.4583333333333321,25.17,12.662500000000001,25.17,12.662500000000001,10.38,6.4583333333333321]
[2025,4,9,17,45756.708333332826,6.61,"Valid",6.4191666666666665,17.59,"Valid",12.755000000000001,"","",6.61,6.4191666666666665,17.59,12.755000000000001,17.59,12.755000000000001,6.61,6.4191666666666665]
[2025,4,9,18,45756.749999999491,3.07,"Valid",6.2208333333333341,17.440000000000001,"Valid",12.807083333333333,"","",3.07,6.2208333333333341,17.440000000000001,12.807083333333333,17.440000000000001,12.807083333333333,3.07,6.2208333333333341]
[2025,4,9,19,45756.791666666155,3.94,"Valid",6.1000000000000005,15.59,"Valid",12.354166666666666,"","",3.94,6.1000000000000005,15.59,12.354166666666666,15.59,12.354166666666666,3.94,6.1000000000000005]
[2025,4,9,20,45756.833333332819,3.85,"Valid",6.0529166666666656,13.95,"Valid",12.51041666666667,"","",3.85,6.0529166666666656,13.95,12.51041666666667,13.95,12.51041666666667,3.85,6.0529166666666656]
[2025,4,9,21,45756.874999999483,6.21,"Valid",6.0308333333333328,10.6,"Valid",12.466666666666669,"","",6.21,6.0308333333333328,10.6,12.466666666666669,10.6,12.466666666666669,6.21,6.0308333333333328]
[2025,4,9,22,45756.916666666148,4.07,"Valid",6.0191666666666661,7.54,"Valid",12.407083333333334,"","",4.07,6.0191666666666661,7.54,12.407083333333334,7.54,12.407083333333334,4.07,6.0191666666666661]
[2025,4,9,23,45756.958333332812,4.05,"Valid",6.0149999999999997,12.17,"Valid",12.581250000000002,"","",4.05,6.0149999999999997,12.17,12.581250000000002,12.17,12.581250000000002,4.05,6.0149999999999997]
[2025,4,10,0,45756.999999999476,4.21,"Valid",5.9725000000000001,9.2899999999999991,"Valid",12.59541666666667,"","",4.21,5.9725000000000001,9.2899999999999991,12.59541666666667,9.2899999999999991,12.59541666666667,4.21,5.9725000000000001]
[2025,4,{"$f":"C195+1","v":10},1,45757.04166666614,2.08,"Valid",5.9866666666666672,5.22,"Valid",12.632916666666672,"","",2.08,5.9866666666666672,5.22,12.632916666666672,5.22,12.632916666666672,2.08,5.9866666666666672]
[2025,4,10,2,45757.083333332805,2.5499999999999998,"Valid",5.934166666666667,5.75,"Valid",12.59166666666667,"","",2.5499999999999998,5.934166666666667,5.75,12.59166666666667,5.75,12.59166666666667,2.5499999999999998,5.934166666666667]
[2025,4,10,3,45757.124999999469,3.7,"Valid",5.845416666666666,7.32,"Valid",12.557083333333336,"","",3.7,5.845416666666666,7.32,12.557083333333336,7.32,12.557083333333336,3.7,5.845416666666666]
[2025,4,10,4,45757.166666666133,5.19,"Valid",5.8104166666666659,8.11,"Valid",12.463750000000003,"","",5.19,5.8104166666666659,8.11,12.463750000000003,8.11,12.463750000000003,5.19,5.8104166666666659]
[2025,4,10,5,45757.208333332797,3.56,"Valid",5.7220833333333312,6.98,"Valid",12.366250000000001,"","",3.56,5.7220833333333312,6.98,12.366250000000001,6.98,12.366250000000001,3.56,5.7220833333333312]
[2025,4,10,6,45757.249999999462,-2.1,"Valid",5.4966666666666661,0.93,"Valid",12.125833333333334,"","",-2.1,5.4966666666666661,0.93,12.125833333333334,0.93,12.125833333333334,-2.1,5.4966666666666661]
[2025,4,10,7,45757.291666666126,1.22,"Valid",5.1933333333333325,4.42,"Valid",11.838749999999999,"","",1.22,5.1933333333333325,4.42,11.838749999999999,4.42,11.838749999999999,1.22,5.1933333333333325]
[2025,4,10,8,45757.33333333279,3.57,"Valid",4.8337499999999993,7.03,"Valid",11.417916666666665,"","",3.57,4.8337499999999993,7.03,11.417916666666665,7.03,11.417916666666665,3.57,4.8337499999999993]
[2025,4,10,9,45757.374999999454,5.38,"Valid",4.7304166666666658,8.31,"Valid",11.223333333333329,"","",5.38,4.7304166666666658,8.31,11.223333333333329,8.31,11.223333333333329,5.38,4.7304166666666658]
[2025,4,10,10,45757.416666666119,5.09,"Valid",4.707916666666665,8.26,"Valid",11.057499999999997,"","",5.09,4.707916666666665,8.26,11.057499999999997,8.26,11.057499999999997,5.09,4.707916666666665]
[2025,4,10,11,45757.458333332783,7.37,"Valid",4.6924999999999999,10.36,"Valid",10.881666666666662,"","",7.37,4.6924999999999999,10.36,10.881666666666662,10.36,10.881666666666662,7.37,4.6924999999999999]
[2025,4,10,12,45757.499999999447,1.74,"Valid",4.3345833333333328,4.71,"Valid",10.38833333333333,"","",1.74,4.3345833333333328,4.71,10.38833333333333,4.71,10.38833333333333,1.74,4.3345833333333328]
[2025,4,10,13,45757.541666666111,3.79,"Valid",4.3658333333333337,10.81,"Valid",10.410833333333331,"","",3.79,4.3658333333333337,10.81,10.410833333333331,10.81,10.410833333333331,3.79,4.3658333333333337]
[2025,4,10,14,45757.583333332776,3.51,"Valid",4.2075000000000005,17.62,"Valid",10.539166666666665,"","",3.51,4.2075000000000005,17.62,10.539166666666665,17.62,10.539166666666665,3.51,4.2075000000000005]
[2025,4,10,15,45757.62499999944,9.43,"Valid",4.2695833333333333,29.76,"Valid",11.03875,"","",9.43,4.2695833333333333,29.76,11.03875,29.76,11.03875,9.43,4.2695833333333333]
[2025,4,10,16,45757.666666666104,5.55,"Valid",4.0683333333333334,19.27,"Valid",10.792916666666665,"","",5.55,4.0683333333333334,19.27,10.792916666666665,19.27,10.792916666666665,5.55,4.0683333333333334]
[2025,4,10,17,45757.708333332768,3.75,"Valid",3.9491666666666672,9.08,"Valid",10.438333333333334,"","",3.75,3.9491666666666672,9.08,10.438333333333334,9.08,10.438333333333334,3.75,3.9491666666666672]
[2025,4,10,18,45757.749999999432,2.75,"Valid",3.9358333333333344,8.9700000000000006,"Valid",10.085416666666669,"","",2.75,3.9358333333333344,8.9700000000000006,10.085416666666669,8.9700000000000006,10.085416666666669,2.75,3.9358333333333344]
[2025,4,10,19,45757.791666666097,2.69,"Valid",3.8837499999999996,12.1,"Valid",9.9400000000000013,"","",2.69,3.8837499999999996,12.1,9.9400000000000013,12.1,9.9400000000000013,2.69,3.8837499999999996]
[2025,4,10,20,45757.833333332761,4.71,"Valid",3.9195833333333332,12.16,"Valid",9.8654166666666665,"","",4.71,3.9195833333333332,12.16,9.8654166666666665,12.16,9.8654166666666665,4.71,3.9195833333333332]
[2025,4,10,21,45757.874999999425,3.52,"Valid",3.8074999999999992,12.03,"Valid",9.9249999999999989,"","",3.52,3.8074999999999992,12.03,9.9249999999999989,12.03,9.9249999999999989,3.52,3.8074999999999992]
[2025,4,10,22,45757.916666666089,5.24,"Valid",3.8562499999999993,9.4499999999999993,"Valid",10.004583333333334,"","",5.24,3.8562499999999993,9.4499999999999993,10.004583333333334,9.4499999999999993,10.004583333333334,5.24,3.8562499999999993]
[2025,4,10,23,45757.958333332754,2.17,"Valid",3.7779166666666657,5.73,"Valid",9.7362500000000001,"","",2.17,3.7779166666666657,5.73,9.7362500000000001,5.73,9.7362500000000001,2.17,3.7779166666666657]
[2025,4,11,0,45757.999999999418,5.21,"Valid",3.8195833333333322,9.41,"Valid",9.7412499999999991,"","",5.21,3.8195833333333322,9.41,9.7412499999999991,9.41,9.7412499999999991,5.21,3.8195833333333322]
[2025,4,11,1,45758.041666666082,5.14,"Valid",3.9470833333333322,9.65,"Valid",9.9258333333333333,"","",5.14,3.9470833333333322,9.65,9.9258333333333333,9.65,9.9258333333333333,5.14,3.9470833333333322]
[2025,4,11,2,45758.083333332746,3.24,"Valid",3.9758333333333322,6.63,"Valid",9.9625000000000004,"","",3.24,3.9758333333333322,6.63,9.9625000000000004,6.63,9.9625000000000004,3.24,3.9758333333333322]
[2025,4,11,3,45758.124999999411,3.89,"Valid",3.9837499999999988,6.01,"Valid",9.9079166666666669,"","",3.89,3.9837499999999988,6.01,9.9079166666666669,6.01,9.9079166666666669,3.89,3.9837499999999988]
[2025,4,11,4,45758.166666666075,0.94,"Valid",3.8066666666666653,3.34,"Valid",9.7091666666666665,"","",0.94,3.8066666666666653,3.34,9.7091666666666665,3.34,9.7091666666666665,0.94,3.8066666666666653]
[2025,4,11,5,45758.208333332739,4.09,"Valid",3.8287499999999994,6.35,"Valid",9.6829166666666655,"","",4.09,3.8287499999999994,6.35,9.6829166666666655,6.35,9.6829166666666655,4.09,3.8287499999999994]
[2025,4,11,6,45758.249999999403,-0.61,"Valid",3.8908333333333327,2.92,"Valid",9.7658333333333314,"","",-0.61,3.8908333333333327,2.92,{"$f":"IF(J248=\"Valid\", K248, NA())","v":9.7658333333333314},2.92,9.7658333333333314,-0.61,3.8908333333333327]
[2025,4,11,7,45758.291666666068,-0.89,"Valid",3.8029166666666661,2.3199999999999998,"Valid",9.678333333333331,"","",-0.89,3.8029166666666661,2.3199999999999998,9.678333333333331,2.3199999999999998,9.678333333333331,-0.89,3.8029166666666661]
[2025,4,11,8,45758.333333332732,8.14,"Valid",3.9933333333333327,11.16,"Valid",9.8504166666666642,"","",8.14,3.9933333333333327,11.16,9.8504166666666642,11.16,9.8504166666666642,8.14,3.9933333333333327]
[2025,4,11,9,45758.374999999396,5.34,"Valid",3.9916666666666667,7.8,"Valid",9.8291666666666639,"","",5.34,3.9916666666666667,7.8,9.8291666666666639,7.8,9.8291666666666639,5.34,3.9916666666666667]
[2025,4,11,10,45758.41666666606,4.9000000000000004,"Valid",3.9837500000000006,10.08,"Valid",9.9049999999999994,"","",4.9000000000000004,3.9837500000000006,10.08,9.9049999999999994,10.08,9.9049999999999994,4.9000000000000004,3.9837500000000006]
[2025,4,11,11,45758.458333332725,9.33,"Valid",4.0654166666666676,28.17,"Valid",10.647083333333333,"","",9.33,4.0654166666666676,28.17,10.647083333333333,28.17,10.647083333333333,9.33,4.0654166666666676]
[2025,4,11,12,45758.499999999389,5.79,"Valid",4.2341666666666677,29.09,"Valid",11.662916666666662,"","",5.79,4.2341666666666677,29.09,11.662916666666662,29.09,11.662916666666662,5.79,4.2341666666666677]
[2025,4,11,13,45758.541666666053,5.23,"Valid",4.2941666666666682,24.19,"Valid",12.220416666666665,"","",5.23,4.2941666666666682,24.19,12.220416666666665,24.19,12.220416666666665,5.23,4.2941666666666682]
[2025,4,11,14,45758.583333332717,5.84,"Valid",4.3912500000000012,22.46,"Valid",12.422083333333333,"","",5.84,4.3912500000000012,22.46,12.422083333333333,22.46,12.422083333333333,5.84,4.3912500000000012]
[2025,4,11,15,45758.624999999382,4.74,"Valid",4.1958333333333337,13.77,"Valid",11.755833333333333,"","",4.74,4.1958333333333337,13.77,11.755833333333333,13.77,11.755833333333333,4.74,4.1958333333333337]
[2025,4,11,16,45758.666666666046,3.67,"Valid",4.1175000000000006,8.4600000000000009,"Valid",11.305416666666666,"","",{"$f":"IF(G258=\"Valid\", F258, NA())","v":3.67},{"$f":"IF(G258=\"Valid\", H258, NA())","v":4.1175000000000006},{"$f":"IF(J258=\"Valid\", I258, NA())","v":8.4600000000000009},{"$f":"IF(J258=\"Valid\", K258, NA())","v":11.305416666666666},8.4600000000000009,11.305416666666666,3.67,4.1175000000000006]
[2025,4,11,17,45758.70833333271,2.84,"Valid",4.0795833333333347,7.68,"Valid",11.247083333333336,"","",2.84,4.0795833333333347,7.68,11.247083333333336,7.68,11.247083333333336,2.84,4.0795833333333347]
[2025,4,11,{"$f":"IF(D259=23,0,D259+1)","v":18},{"$f":"E259+0.0416666666666666","v":45758.749999999374},3.04,"Valid",4.0916666666666677,9.0299999999999994,"Valid",11.249583333333334,"","",3.04,4.0916666666666677,9.0299999999999994,11.249583333333334,9.0299999999999994,11.249583333333334,3.04,4.0916666666666677]
[2025,4,11,19,45758.791666666039,11.29,"Valid",4.450000000000002,55.9,"Valid",13.074583333333331,"","",11.29,4.450000000000002,55.9,13.074583333333331,55.9,13.074583333333331,11.29,4.450000000000002]
[2025,4,11,20,45758.833333332703,2.64,"Valid",4.3637500000000005,14.61,"Valid",13.176666666666668,"","",2.64,4.3637500000000005,14.61,13.176666666666668,14.61,13.176666666666668,2.64,4.3637500000000005]
[2025,4,11,21,45758.874999999367,5.22,"Valid",4.4345833333333342,11.07,"Valid",13.136666666666668,"","",5.22,4.4345833333333342,11.07,13.136666666666668,11.07,13.136666666666668,5.22,4.4345833333333342]
[2025,4,11,22,45758.916666666031,5.05,"Valid",4.4266666666666667,8.7100000000000009,"Valid",13.105833333333335,"","",5.05,4.4266666666666667,8.7100000000000009,13.105833333333335,8.7100000000000009,13.105833333333335,5.05,4.4266666666666667]
[2025,4,11,23,45758.958333332695,3.55,"Valid",4.484166666666666,6.85,"Valid",13.152500000000002,"","",3.55,4.484166666666666,6.85,13.152500000000002,6.85,13.152500000000002,3.55,4.484166666666666]
[2025,4,12,0,45758.99999999936,5.0599999999999996,"Valid",4.4779166666666672,8.35,"Valid",13.108333333333336,"","",5.0599999999999996,4.4779166666666672,8.35,13.108333333333336,8.35,13.108333333333336,5.0599999999999996,4.4779166666666672]
[2025,4,12,1,45759.041666666024,5.28,"Valid",4.4837499999999997,9.69,"Valid",13.110000000000001,"","",5.28,4.4837499999999997,9.69,13.110000000000001,9.69,13.110000000000001,5.28,4.4837499999999997]
[2025,4,12,2,45759.083333332688,8.08,"Valid",4.6854166666666677,12.48,"Valid",13.353750000000003,"","",8.08,4.6854166666666677,12.48,13.353750000000003,12.48,13.353750000000003,8.08,4.6854166666666677]
[2025,4,12,3,45759.124999999352,4.75,"Valid",4.7212499999999995,7.05,"Valid",13.397083333333336,"","",4.75,4.7212499999999995,7.05,13.397083333333336,7.05,13.397083333333336,4.75,4.7212499999999995]
[2025,4,12,4,45759.166666666017,5.27,"Valid",4.9016666666666664,7.17,"Valid",13.556666666666672,"","",5.27,4.9016666666666664,7.17,13.556666666666672,7.17,13.556666666666672,5.27,4.9016666666666664]
[2025,4,12,5,45759.208333332681,2.88,"Valid",4.8512499999999994,4.4800000000000004,"Valid",13.478750000000005,"","",2.88,4.8512499999999994,4.4800000000000004,13.478750000000005,4.4800000000000004,13.478750000000005,2.88,4.8512499999999994]
[2025,4,12,6,45759.249999999345,4.29,"Valid",5.0554166666666669,5.91,"Valid",13.603333333333339,"","",4.29,5.0554166666666669,5.91,13.603333333333339,5.91,13.603333333333339,4.29,5.0554166666666669]
[2025,4,12,7,45759.291666666009,1.27,"Valid",5.1454166666666667,2.74,"Valid",13.620833333333339,"","",1.27,5.1454166666666667,2.74,13.620833333333339,2.74,13.620833333333339,1.27,5.1454166666666667]
[2025,4,12,8,45759.333333332674,3.8,"Valid",4.9645833333333327,5.68,"Valid",13.392500000000005,"","",3.8,4.9645833333333327,5.68,13.392500000000005,5.68,13.392500000000005,3.8,4.9645833333333327]
[2025,4,12,9,45759.374999999338,3.64,"Valid",4.8937499999999998,6.17,"Valid",13.324583333333338,"","",3.64,4.8937499999999998,6.17,13.324583333333338,6.17,13.324583333333338,3.64,4.8937499999999998]
[2025,4,12,10,45759.416666666002,2.58,"Valid",4.7970833333333323,5.68,"Valid",13.141250000000007,"","",2.58,4.7970833333333323,5.68,13.141250000000007,5.68,13.141250000000007,2.58,4.7970833333333323]
[2025,4,12,11,45759.458333332666,1.28,"Valid",4.461666666666666,3.54,"Valid",12.115000000000004,"","",1.28,4.461666666666666,3.54,12.115000000000004,3.54,12.115000000000004,1.28,4.461666666666666]
[2025,4,12,12,45759.499999999331,2.61,"Valid",4.3291666666666666,4.7699999999999996,"Valid",11.101666666666667,"","",2.61,4.3291666666666666,4.7699999999999996,11.101666666666667,4.7699999999999996,11.101666666666667,2.61,4.3291666666666666]
[2025,4,12,13,45759.541666665995,3.09,"Valid",4.2399999999999993,5.41,"Valid",10.319166666666666,"","",3.09,4.2399999999999993,5.41,10.319166666666666,5.41,10.319166666666666,3.09,4.2399999999999993]
[2025,4,12,14,45759.583333332659,2.74,"Valid",4.1108333333333329,6.17,"Valid",9.6404166666666651,"","",2.74,4.1108333333333329,6.17,9.6404166666666651,6.17,9.6404166666666651,2.74,4.1108333333333329]
[2025,4,12,15,45759.624999999323,1.39,"Valid",3.9712499999999995,4.54,"Valid",9.2558333333333316,"","",1.39,3.9712499999999995,4.54,9.2558333333333316,4.54,9.2558333333333316,1.39,3.9712499999999995]
[2025,4,12,16,45759.666666665988,3.59,"Valid",3.9679166666666661,6.92,"Valid",9.1916666666666647,"","",3.59,3.9679166666666661,6.92,9.1916666666666647,6.92,9.1916666666666647,3.59,3.9679166666666661]
[2025,4,{"$f":"C259+1","v":12},17,45759.708333332652,5.26,"Valid",4.0687500000000005,13.31,"Valid",9.4262499999999978,"","",5.26,4.0687500000000005,13.31,9.4262499999999978,13.31,9.4262499999999978,5.26,4.0687500000000005]
[2025,4,12,18,45759.749999999316,1.1499999999999999,"Valid",3.99,5.77,"Valid",9.2904166666666637,"","",1.1499999999999999,3.99,5.77,9.2904166666666637,5.77,9.2904166666666637,1.1499999999999999,3.99]
[2025,4,12,19,45759.79166666598,2.89,"Valid",3.6400000000000006,7.15,"Valid",7.2591666666666654,"","",2.89,3.6400000000000006,7.15,7.2591666666666654,7.15,7.2591666666666654,2.89,3.6400000000000006]
[2025,4,12,20,45759.833333332645,2.88,"Valid",3.6500000000000008,7.14,"Valid",6.947916666666667,"","",2.88,3.6500000000000008,7.14,6.947916666666667,7.14,6.947916666666667,2.88,3.6500000000000008]
[2025,4,12,21,45759.874999999309,5.44,"Valid",3.6591666666666671,7.41,"Valid",6.7954166666666653,"","",5.44,3.6591666666666671,7.41,6.7954166666666653,7.41,6.7954166666666653,5.44,3.6591666666666671]
[2025,4,12,22,45759.916666665973,0.28000000000000003,"Valid",3.4604166666666667,1.61,"Valid",6.4995833333333337,"","",0.28000000000000003,3.4604166666666667,1.61,6.4995833333333337,1.61,6.4995833333333337,0.28000000000000003,3.4604166666666667]
[2025,4,12,23,45759.958333332637,2.71,"Valid",3.4254166666666666,3.91,"Valid",6.3770833333333341,"","",2.71,3.4254166666666666,3.91,6.3770833333333341,3.91,6.3770833333333341,2.71,3.4254166666666666]
[2025,4,13,0,45759.999999999302,-0.68,"Valid",3.1862499999999989,1.3,"Valid",6.0833333333333348,"","",-0.68,3.1862499999999989,1.3,6.0833333333333348,1.3,6.0833333333333348,-0.68,3.1862499999999989]
[2025,4,13,1,45760.041666665966,2.34,"Valid",3.0637499999999993,3.9,"Valid",5.8420833333333348,"","",2.34,3.0637499999999993,3.9,5.8420833333333348,3.9,5.8420833333333348,2.34,3.0637499999999993]
[2025,4,13,2,45760.08333333263,1.66,"Valid",2.7962499999999992,2.58,"Valid",5.4295833333333334,"","",1.66,2.7962499999999992,2.58,5.4295833333333334,2.58,5.4295833333333334,1.66,2.7962499999999992]
[2025,4,13,3,45760.124999999294,3.27,"Valid",2.7345833333333327,4.3600000000000003,"Valid",5.3174999999999999,"","",3.27,2.7345833333333327,4.3600000000000003,5.3174999999999999,4.3600000000000003,5.3174999999999999,3.27,2.7345833333333327]
[2025,4,13,4,45760.166666665958,2.85,"Valid",2.6337499999999996,4.01,"Valid",5.1858333333333331,"","",2.85,2.6337499999999996,4.01,5.1858333333333331,4.01,5.1858333333333331,2.85,2.6337499999999996]
[2025,4,13,5,45760.208333332623,1.45,"Valid",2.5741666666666667,2.63,"Valid",5.1087499999999997,"","",1.45,2.5741666666666667,2.63,5.1087499999999997,2.63,5.1087499999999997,1.45,2.5741666666666667]
[2025,4,13,6,45760.249999999287,2.42,"Valid",2.4962500000000003,3.54,"Valid",5.01,"","",2.42,2.4962500000000003,3.54,5.01,3.54,5.01,2.42,2.4962500000000003]
[2025,4,13,7,45760.291666665951,1.25,"Valid",2.4954166666666673,2.57,"Valid",5.0029166666666667,"","",1.25,2.4954166666666673,2.57,5.0029166666666667,2.57,5.0029166666666667,1.25,2.4954166666666673]
[2025,4,13,8,45760.333333332615,2.42,"Valid",2.4379166666666667,3.65,"Valid",4.9183333333333339,"","",2.42,2.4379166666666667,3.65,4.9183333333333339,3.65,4.9183333333333339,2.42,2.4379166666666667]
[2025,4,13,9,45760.37499999928,3.18,"Valid",2.4187500000000002,4.57,"Valid",4.8516666666666666,"","",3.18,2.4187500000000002,4.57,4.8516666666666666,4.57,4.8516666666666666,3.18,2.4187500000000002]
[2025,4,13,10,45760.416666665944,2.31,"Valid",2.4075000000000002,3.87,"Valid",4.7762500000000001,"","",2.31,2.4075000000000002,3.87,4.7762500000000001,3.87,4.7762500000000001,2.31,2.4075000000000002]
[2025,4,13,11,45760.458333332608,1.43,"Valid",2.4137500000000003,3.62,"Valid",4.779583333333334,"","",1.43,2.4137500000000003,3.62,4.779583333333334,3.62,4.779583333333334,1.43,2.4137500000000003]
[2025,4,13,12,45760.499999999272,2.3199999999999998,"Valid",2.4016666666666668,4.9800000000000004,"Valid",4.7883333333333349,"","",2.3199999999999998,2.4016666666666668,4.9800000000000004,4.7883333333333349,4.9800000000000004,4.7883333333333349,2.3199999999999998,2.4016666666666668]
[2025,4,13,13,45760.541666665937,1.08,"Valid",2.3179166666666671,3.43,"Valid",4.7058333333333353,"","",1.08,2.3179166666666671,3.43,4.7058333333333353,3.43,4.7058333333333353,1.08,2.3179166666666671]
[2025,4,13,14,45760.583333332601,3.47,"Valid",2.348333333333334,9.2200000000000006,"Valid",4.8329166666666676,"","",{"$f":"IF(G304=\"Valid\", F304, NA())","v":3.47},{"$f":"IF(G304=\"Valid\", H304, NA())","v":2.348333333333334},9.2200000000000006,4.8329166666666676,9.2200000000000006,4.8329166666666676,3.47,2.348333333333334]
[2025,4,13,15,45760.624999999265,2.21,"Valid",2.3825000000000003,5.2,"Valid",4.8604166666666684,"","",{"$f":"N308","v":3.54},2.3825000000000003,5.2,4.8604166666666684,5.2,4.8604166666666684,3.54,2.3825000000000003]
[2025,4,13,16,45760.666666665929,4.45,"Valid",2.4183333333333334,7.37,"Valid",4.8791666666666673,"","",4.45,2.4183333333333334,7.37,4.8791666666666673,7.37,4.8791666666666673,4.45,2.4183333333333334]
[2025,4,13,17,45760.708333332594,2.0499999999999998,"Valid",2.2845833333333334,5.07,"Valid",4.5358333333333336,"","",2.0499999999999998,2.2845833333333334,5.07,4.5358333333333336,5.07,4.5358333333333336,2.0499999999999998,2.2845833333333334]
[2025,4,13,18,45760.749999999258,3.54,"Valid",2.3841666666666668,9.19,"Valid",4.6783333333333346,"","",3.54,2.3841666666666668,9.19,4.6783333333333346,9.19,4.6783333333333346,3.54,2.3841666666666668]
[2025,4,13,19,45760.791666665922,2.94,"Valid",2.38625,14.92,"Valid",5.0020833333333332,"","",2.94,2.38625,14.92,5.0020833333333332,14.92,5.0020833333333332,2.94,2.38625]
[2025,4,13,20,45760.833333332586,2.2599999999999998,"Valid",2.3604166666666666,5.76,"Valid",4.944583333333334,"","",2.2599999999999998,2.3604166666666666,5.76,4.944583333333334,5.76,4.944583333333334,2.2599999999999998,2.3604166666666666]
[2025,4,13,21,45760.874999999251,1.1000000000000001,"Valid",2.179583333333333,4.2699999999999996,"Valid",4.8137499999999998,"","",1.1000000000000001,2.179583333333333,4.2699999999999996,4.8137499999999998,4.2699999999999996,4.8137499999999998,1.1000000000000001,2.179583333333333]
[2025,4,13,22,45760.916666665915,2.77,"Valid",2.2833333333333332,5.62,"Valid",4.9808333333333339,"","",2.77,2.2833333333333332,5.62,4.9808333333333339,5.62,4.9808333333333339,2.77,2.2833333333333332]
[2025,4,13,23,45760.958333332579,3.42,"Valid",2.3129166666666667,6.11,"Valid",5.0725000000000007,"","",3.42,2.3129166666666667,6.11,5.0725000000000007,6.11,5.0725000000000007,3.42,2.3129166666666667]
[2025,4,14,0,45760.999999999243,null,null,null,null,null,null,null,"",{"$error":"#N/A"},{"$error":"#N/A"},{"$error":"#N/A"},{"$error":"#N/A"}]
[2025,4,14,1,45761.041666665908,null,null,null,null,null,null,null,"",{"$error":"#N/A"},{"$error":"#N/A"},{"$error":"#N/A"},{"$error":"#N/A"}]
[2025,4,14,2,45761.083333332572,null,null,null,null,null,null,null,"",{"$error":"#N/A"},{"$error":"#N/A"},{"$error":"#N/A"},{"$error":"#N/A"}]
[2025,4,14,3,45761.124999999236,null,null,null,null,null,null,null,"",{"$error":"#N/A"},{"$error":"#N/A"},{"$error":"#N/A"},{"$error":"#N/A"}]
[2025,4,14,4,45761.1666666659,null,null,null,null,null,null,null,"",{"$error":"#N/A"},{"$error":"#N/A"},{"$error":"#N/A"},{"$error":"#N/A"}]
[2025,4,14,5,45761.208333332565,null,null,null,null,null,null,null,"",{"$error":"#N/A"},{"$error":"#N/A"},{"$error":"#N/A"},{"$error":"#N/A"}]
[2025,4,14,6,45761.249999999229,null,null,null,null,null,null,null,"",{"$error":"#N/A"},{"$error":"#N/A"},{"$error":"#N/A"},{"$error":"#N/A"}]
[2025,4,14,7,45761.291666665893,null,null,null,null,null,null,null,"",{"$error":"#N/A"},{"$error":"#N/A"},{"$error":"#N/A"},{"$error":"#N/A"}]
[2025,4,14,8,45761.333333332557,null,null,null,null,null,null,null,"",{"$f":"IF(G322=\"Valid\", F322, NA())","v":{"$error":"#N/A"}},{"$f":"IF(G322=\"Valid\", H322, NA())","v":{"$error":"#N/A"}},{"$f":"IF(J322=\"Valid\", I322, NA())","v":{"$error":"#N/A"}},{"$f":"IF(J322=\"Valid\", K322, NA())","v":{"$error":"#N/A"}}]
[2025,4,14,9,45761.374999999221,null,null,null,null,null,null,null,"",{"$error":"#N/A"},{"$error":"#N/A"},{"$error":"#N/A"},{"$error":"#N/A"}]
[2025,4,14,{"$f":"IF(D323=23,0,D323+1)","v":10},{"$f":"E323+0.0416666666666666","v":45761.416666665886},null,null,null,null,null,null,null,"",{"$error":"#N/A"},{"$error":"#N/A"},{"$error":"#N/A"},{"$error":"#N/A"}]
[2025,4,14,11,45761.45833333255,null,null,null,null,null,null,null,"",{"$error":"#N/A"},{"$error":"#N/A"},{"$error":"#N/A"},{"$error":"#N/A"}]
[2025,4,14,12,45761.499999999214,null,null,null,null,null,null,null,"",{"$error":"#N/A"},{"$error":"#N/A"},{"$error":"#N/A"},{"$error":"#N/A"}]
[2025,4,14,13,45761.541666665878,null,null,null,null,null,null,null,"",{"$error":"#N/A"},{"$error":"#N/A"},{"$error":"#N/A"},{"$error":"#N/A"}]
[2025,4,14,14,45761.583333332543,null,null,null,null,null,null,null,"",{"$error":"#N/A"},{"$error":"#N/A"},{"$error":"#N/A"},{"$error":"#N/A"}]
[2025,4,14,15,45761.624999999207,null,null,null,null,null,null,null,"",{"$error":"#N/A"},{"$error":"#N/A"},{"$error":"#N/A"},{"$error":"#N/A"}]
[2025,4,14,16,45761.666666665871,null,null,null,null,null,null,null,"",{"$error":"#N/A"},{"$error":"#N/A"},{"$error":"#N/A"},{"$error":"#N/A"}]
[2025,4,14,17,45761.708333332535,null,null,null,null,null,null,null,"",{"$error":"#N/A"},{"$error":"#N/A"},{"$error":"#N/A"},{"$error":"#N/A"}]
[2025,4,14,18,45761.7499999992,null,null,null,null,null,null,null,"",{"$error":"#N/A"},{"$error":"#N/A"},{"$error":"#N/A"},{"$error":"#N/A"}]
[2025,4,14,19,45761.791666665864,null,null,null,null,null,null,null,"",{"$error":"#N/A"},{"$error":"#N/A"},{"$error":"#N/A"},{"$error":"#N/A"}]
[2025,4,14,20,45761.833333332528,null,null,null,null,null,null,null,"",{"$error":"#N/A"},{"$error":"#N/A"},{"$error":"#N/A"},{"$error":"#N/A"}]
[2025,4,14,21,45761.874999999192,null,null,null,null,null,null,null,"",{"$error":"#N/A"},{"$error":"#N/A"},{"$error":"#N/A"},{"$error":"#N/A"}]
[2025,4,14,22,45761.916666665857,null,null,null,null,null,null,null,"",{"$error":"#N/A"},{"$error":"#N/A"},{"$error":"#N/A"},{"$error":"#N/A"}]
[2025,4,14,23,45761.958333332521,null,null,null,null,null,null,null,"",{"$error":"#N/A"},{"$error":"#N/A"},{"$error":"#N/A"},{"$error":"#N/A"}]
[2025,4,15,0,45761.999999999185,null,null,null,null,null,null,null,"",{"$error":"#N/A"},{"$error":"#N/A"},{"$error":"#N/A"},{"$error":"#N/A"}]
[2025,4,15,1,45762.041666665849,null,null,null,null,null,null,null,"",{"$error":"#N/A"},{"$error":"#N/A"},{"$error":"#N/A"},{"$error":"#N/A"}]
[2025,4,15,2,45762.083333332514,null,null,null,null,null,null,null,"",{"$error":"#N/A"},{"$error":"#N/A"},{"$error":"#N/A"},{"$error":"#N/A"}]
[2025,4,15,3,45762.124999999178,null,null,null,null,null,null,null,"",{"$error":"#N/A"},{"$error":"#N/A"},{"$error":"#N/A"},{"$error":"#N/A"}]
[2025,4,15,4,45762.166666665842,null,null,null,null,null,null,null,"",{"$error":"#N/A"},{"$error":"#N/A"},{"$error":"#N/A"},{"$error":"#N/A"}]
[2025,4,15,5,45762.208333332506,null,null,null,null,null,null,null,"",{"$error":"#N/A"},{"$error":"#N/A"},{"$error":"#N/A"},{"$error":"#N/A"}]
[2025,4,15,6,45762.249999999171,null,null,null,null,null,null,null,"",{"$error":"#N/A"},{"$error":"#N/A"},{"$error":"#N/A"},{"$error":"#N/A"}]
[2025,4,15,7,45762.291666665835,null,null,null,null,null,null,null,"",{"$error":"#N/A"},{"$error":"#N/A"},{"$error":"#N/A"},{"$error":"#N/A"}]
[2025,4,15,8,45762.333333332499,null,null,null,null,null,null,null,"",{"$error":"#N/A"},{"$error":"#N/A"},{"$error":"#N/A"},{"$error":"#N/A"}]
[2025,4,{"$f":"C323+1","v":15},9,45762.374999999163,null,null,null,null,null,null,null,"",{"$error":"#N/A"},{"$error":"#N/A"},{"$error":"#N/A"},{"$error":"#N/A"}]
[2025,4,15,10,45762.416666665828,null,null,null,null,null,null,null,"",{"$error":"#N/A"},{"$error":"#N/A"},{"$error":"#N/A"},{"$error":"#N/A"}]
[2025,4,15,11,45762.458333332492,null,null,null,null,null,null,null,"",{"$error":"#N/A"},{"$error":"#N/A"},{"$error":"#N/A"},{"$error":"#N/A"}]
[2025,4,15,12,45762.499999999156,null,null,null,null,null,null,null,"",{"$error":"#N/A"},{"$error":"#N/A"},{"$error":"#N/A"},{"$error":"#N/A"}]
[2025,4,15,13,45762.54166666582,null,null,null,null,null,null,null,"",{"$error":"#N/A"},{"$error":"#N/A"},{"$error":"#N/A"},{"$error":"#N/A"}]
[2025,4,15,14,45762.583333332484,null,null,null,null,null,null,null,"",{"$error":"#N/A"},{"$error":"#N/A"},{"$error":"#N/A"},{"$error":"#N/A"}]
[2025,4,15,15,45762.624999999149,null,null,null,null,null,null,null,"",{"$error":"#N/A"},{"$error":"#N/A"},{"$error":"#N/A"},{"$error":"#N/A"}]
[2025,4,15,16,45762.666666665813,null,null,null,null,null,null,null,"",{"$error":"#N/A"},{"$error":"#N/A"},{"$error":"#N/A"},{"$error":"#N/A"}]
[2025,4,15,17,45762.708333332477,null,null,null,null,null,null,null,"",{"$error":"#N/A"},{"$error":"#N/A"},{"$error":"#N/A"},{"$error":"#N/A"}]
[2025,4,15,18,45762.749999999141,null,null,null,null,null,null,null,"",{"$error":"#N/A"},{"$error":"#N/A"},{"$error":"#N/A"},{"$error":"#N/A"}]
[2025,4,15,19,45762.791666665806,null,null,null,null,null,null,null,"",{"$error":"#N/A"},{"$error":"#N/A"},{"$error":"#N/A"},{"$error":"#N/A"}]
[2025,4,15,20,45762.83333333247,null,null,null,null,null,null,null,"",{"$error":"#N/A"},{"$error":"#N/A"},{"$error":"#N/A"},{"$error":"#N/A"}]
[2025,4,15,21,45762.874999999134,null,null,null,null,null,null,null,"",{"$error":"#N/A"},{"$error":"#N/A"},{"$error":"#N/A"},{"$error":"#N/A"}]
[2025,4,15,22,45762.916666665798,null,null,null,null,null,null,null,"",{"$error":"#N/A"},{"$error":"#N/A"},{"$error":"#N/A"},{"$error":"#N/A"}]
[2025,4,15,23,45762.958333332463,null,null,null,null,null,null,null,"",{"$error":"#N/A"},{"$error":"#N/A"},{"$error":"#N/A"},{"$error":"#N/A"}]
[2025,4,16,0,45762.999999999127,null,null,null,null,null,null,null,"",{"$error":"#N/A"},{"$error":"#N/A"},{"$error":"#N/A"},{"$error":"#N/A"}]
[2025,4,16,1,45763.041666665791,null,null,null,null,null,null,null,"",{"$error":"#N/A"},{"$error":"#N/A"},{"$error":"#N/A"},{"$error":"#N/A"}]
[2025,4,16,2,45763.083333332455,null,null,null,null,null,null,null,"",{"$error":"#N/A"},{"$error":"#N/A"},{"$error":"#N/A"},{"$error":"#N/A"}]
[2025,4,16,3,45763.12499999912,null,null,null,null,null,null,null,"",{"$error":"#N/A"},{"$error":"#N/A"},{"$error":"#N/A"},{"$error":"#N/A"}]
[2025,4,16,4,45763.166666665784,null,null,null,null,null,null,null,"",{"$error":"#N/A"},{"$error":"#N/A"},{"$error":"#N/A"},{"$error":"#N/A"}]
[2025,4,16,5,45763.208333332448,null,null,null,null,null,null,null,"",{"$error":"#N/A"},{"$error":"#N/A"},{"$error":"#N/A"},{"$error":"#N/A"}]
[2025,4,16,6,45763.249999999112,null,null,null,null,null,null,null,"",{"$error":"#N/A"},{"$error":"#N/A"},{"$error":"#N/A"},{"$error":"#N/A"}]
[2025,4,16,7,45763.291666665777,null,null,null,null,null,null,null,"",{"$error":"#N/A"},{"$error":"#N/A"},{"$error":"#N/A"},{"$error":"#N/A"}]
[2025,4,16,8,45763.333333332441,null,null,null,null,null,null,null,"",{"$error":"#N/A"},{"$error":"#N/A"},{"$error":"#N/A"},{"$error":"#N/A"}]
[2025,4,16,9,45763.374999999105,null,null,null,null,null,null,null,"",{"$error":"#N/A"},{"$error":"#N/A"},{"$error":"#N/A"},{"$error":"#N/A"}]
[2025,4,16,10,45763.416666665769,null,null,null,null,null,null,null,"",{"$error":"#N/A"},{"$error":"#N/A"},{"$error":"#N/A"},{"$error":"#N/A"}]
[2025,4,16,11,45763.458333332434,null,null,null,null,null,null,null,"",{"$error":"#N/A"},{"$error":"#N/A"},{"$error":"#N/A"},{"$error":"#N/A"}]
[2025,4,16,12,45763.499999999098,null,null,null,null,null,null,null,"",{"$error":"#N/A"},{"$error":"#N/A"},{"$error":"#N/A"},{"$error":"#N/A"}]
[2025,4,16,13,45763.541666665762,null,null,null,null,null,null,null,"",{"$error":"#N/A"},{"$error":"#N/A"},{"$error":"#N/A"},{"$error":"#N/A"}]
[2025,4,16,14,45763.583333332426,null,null,null,null,null,null,null,"",{"$error":"#N/A"},{"$error":"#N/A"},{"$error":"#N/A"},{"$error":"#N/A"}]
[2025,4,16,15,45763.624999999091,null,null,null,null,null,null,null,"",{"$error":"#N/A"},{"$error":"#N/A"},{"$error":"#N/A"},{"$error":"#N/A"}]
[2025,4,16,16,45763.666666665755,null,null,null,null,null,null,null,"",{"$error":"#N/A"},{"$error":"#N/A"},{"$error":"#N/A"},{"$error":"#N/A"}]
[2025,4,16,17,45763.708333332419,null,null,null,null,null,null,null,"",{"$error":"#N/A"},{"$error":"#N/A"},{"$error":"#N/A"},{"$error":"#N/A"}]
[2025,4,16,18,45763.749999999083,null,null,null,null,null,null,null,"",{"$error":"#N/A"},{"$error":"#N/A"},{"$error":"#N/A"},{"$error":"#N/A"}]
[2025,4,16,19,45763.791666665747,null,null,null,null,null,null,null,"",{"$error":"#N/A"},{"$error":"#N/A"},{"$error":"#N/A"},{"$error":"#N/A"}]
[2025,4,16,20,45763.833333332412,null,null,null,null,null,null,null,"",{"$error":"#N/A"},{"$error":"#N/A"},{"$error":"#N/A"},{"$error":"#N/A"}]
[2025,4,16,21,45763.874999999076,null,null,null,null,null,null,null,"",{"$error":"#N/A"},{"$error":"#N/A"},{"$error":"#N/A"},{"$error":"#N/A"}]
[2025,4,16,22,45763.91666666574,null,null,null,null,null,null,null,"",{"$error":"#N/A"},{"$error":"#N/A"},{"$error":"#N/A"},{"$error":"#N/A"}]
[2025,4,16,23,45763.958333332404,null,null,null,null,null,null,null,"",{"$error":"#N/A"},{"$error":"#N/A"},{"$error":"#N/A"},{"$error":"#N/A"}]
[2025,4,17,0,45763.999999999069,null,null,null,null,null,null,"","",{"$f":"IF(G386=\"Valid\", F386, NA())","v":{"$error":"#N/A"}},{"$f":"IF(G386=\"Valid\", H386, NA())","v":{"$error":"#N/A"}},{"$f":"IF(J386=\"Valid\", I386, NA())","v":{"$error":"#N/A"}},{"$f":"IF(J386=\"Valid\", K386, NA())","v":{"$error":"#N/A"}}]
[2025,4,17,1,45764.041666665733,null,null,null,null,null,null,"","",{"$error":"#N/A"},{"$error":"#N/A"},{"$error":"#N/A"},{"$error":"#N/A"}]
[2025,4,17,{"$f":"IF(D387=23,0,D387+1)","v":2},{"$f":"E387+0.0416666666666666","v":45764.083333332397},null,null,null,null,null,null,"","",{"$error":"#N/A"},{"$error":"#N/A"},{"$error":"#N/A"},{"$error":"#N/A"}]
[2025,4,17,3,45764.124999999061,null,null,null,null,null,null,"","",{"$error":"#N/A"},{"$error":"#N/A"},{"$error":"#N/A"},{"$error":"#N/A"}]
[2025,4,17,4,45764.166666665726,null,null,null,null,null,null,"","",{"$error":"#N/A"},{"$error":"#N/A"},{"$error":"#N/A"},{"$error":"#N/A"}]
[2025,4,17,5,45764.20833333239,null,null,null,null,null,null,"","",{"$error":"#N/A"},{"$error":"#N/A"},{"$error":"#N/A"},{"$error":"#N/A"}]
[2025,4,17,6,45764.249999999054,null,null,null,null,null,null,"","",{"$error":"#N/A"},{"$error":"#N/A"},{"$error":"#N/A"},{"$error":"#N/A"}]
[2025,4,17,7,45764.291666665718,null,null,null,null,null,null,"","",{"$error":"#N/A"},{"$error":"#N/A"},{"$error":"#N/A"},{"$error":"#N/A"}]
[2025,4,17,8,45764.333333332383,null,null,null,null,null,null,"","",{"$error":"#N/A"},{"$error":"#N/A"},{"$error":"#N/A"},{"$error":"#N/A"}]
[2025,4,17,9,45764.374999999047,null,null,null,null,null,null,"","",{"$error":"#N/A"},{"$error":"#N/A"},{"$error":"#N/A"},{"$error":"#N/A"}]
[2025,4,17,10,45764.416666665711,null,null,null,null,null,null,"","",{"$error":"#N/A"},{"$error":"#N/A"},{"$error":"#N/A"},{"$error":"#N/A"}]
[2025,4,17,11,45764.458333332375,null,null,null,null,null,null,"","",{"$error":"#N/A"},{"$error":"#N/A"},{"$error":"#N/A"},{"$error":"#N/A"}]
[2025,4,17,12,45764.49999999904,null,null,null,null,null,null,"","",{"$error":"#N/A"},{"$error":"#N/A"},{"$error":"#N/A"},{"$error":"#N/A"}]
[2025,4,17,13,45764.541666665704,null,null,null,null,null,null,"","",{"$error":"#N/A"},{"$error":"#N/A"},{"$error":"#N/A"},{"$error":"#N/A"}]
[2025,4,17,14,45764.583333332368,null,null,null,null,null,null,"","",{"$error":"#N/A"},{"$error":"#N/A"},{"$error":"#N/A"},{"$error":"#N/A"}]
[2025,4,17,15,45764.624999999032,null,null,null,null,null,null,"","",{"$error":"#N/A"},{"$error":"#N/A"},{"$error":"#N/A"},{"$error":"#N/A"}]
[2025,4,17,16,45764.666666665697,null,null,null,null,null,null,"","",{"$error":"#N/A"},{"$error":"#N/A"},{"$error":"#N/A"},{"$error":"#N/A"}]
[2025,4,17,17,45764.708333332361,null,null,null,null,null,null,"","",{"$error":"#N/A"},{"$error":"#N/A"},{"$error":"#N/A"},{"$error":"#N/A"}]
[2025,4,17,18,45764.749999999025,null,null,null,null,null,null,"","",{"$error":"#N/A"},{"$error":"#N/A"},{"$error":"#N/A"},{"$error":"#N/A"}]
[2025,4,17,19,45764.791666665689,null,null,null,null,null,null,"","",{"$error":"#N/A"},{"$error":"#N/A"},{"$error":"#N/A"},{"$error":"#N/A"}]
[2025,4,17,20,45764.833333332354,null,null,null,null,null,null,"","",{"$error":"#N/A"},{"$error":"#N/A"},{"$error":"#N/A"},{"$error":"#N/A"}]
[2025,4,17,21,45764.874999999018,null,null,null,null,null,null,"","",{"$error":"#N/A"},{"$error":"#N/A"},{"$error":"#N/A"},{"$error":"#N/A"}]
[2025,4,17,22,45764.916666665682,null,null,null,null,null,null,"","",{"$error":"#N/A"},{"$error":"#N/A"},{"$error":"#N/A"},{"$error":"#N/A"}]
[2025,4,17,23,45764.958333332346,null,null,null,null,null,null,"","",{"$error":"#N/A"},{"$error":"#N/A"},{"$error":"#N/A"},{"$error":"#N/A"}]
[2025,4,18,0,45764.99999999901,null,null,null,null,null,null,"","",{"$error":"#N/A"},{"$error":"#N/A"},{"$error":"#N/A"},{"$error":"#N/A"}]
[2025,4,{"$f":"C387+1","v":18},1,45765.041666665675,null,null,null,null,null,null,"","",{"$error":"#N/A"},{"$error":"#N/A"},{"$error":"#N/A"},{"$error":"#N/A"}]
[2025,4,18,2,45765.083333332339,null,null,null,null,null,null,"","",{"$error":"#N/A"},{"$error":"#N/A"},{"$error":"#N/A"},{"$error":"#N/A"}]
[2025,4,18,3,45765.124999999003,null,null,null,null,null,null,"","",{"$error":"#N/A"},{"$error":"#N/A"},{"$error":"#N/A"},{"$error":"#N/A"}]
[2025,4,18,4,45765.166666665667,null,null,null,null,null,null,"","",{"$error":"#N/A"},{"$error":"#N/A"},{"$error":"#N/A"},{"$error":"#N/A"}]
[2025,4,18,5,45765.208333332332,null,null,null,null,null,null,"","",{"$error":"#N/A"},{"$error":"#N/A"},{"$error":"#N/A"},{"$error":"#N/A"}]
[2025,4,18,6,45765.249999998996,null,null,null,null,null,null,"","",{"$error":"#N/A"},{"$error":"#N/A"},{"$error":"#N/A"},{"$error":"#N/A"}]
[2025,4,18,7,45765.29166666566,null,null,null,null,null,null,"","",{"$error":"#N/A"},{"$error":"#N/A"},{"$error":"#N/A"},{"$error":"#N/A"}]
[2025,4,18,8,45765.333333332324,null,null,null,null,null,null,"","",{"$error":"#N/A"},{"$error":"#N/A"},{"$error":"#N/A"},{"$error":"#N/A"}]
[2025,4,18,9,45765.374999998989,null,null,null,null,null,null,"","",{"$error":"#N/A"},{"$error":"#N/A"},{"$error":"#N/A"},{"$error":"#N/A"}]
[2025,4,18,10,45765.416666665653,null,null,null,null,null,null,"","",{"$error":"#N/A"},{"$f":"IF(G420=\"Valid\", H420, NA())","v":{"$error":"#N/A"}},{"$error":"#N/A"},{"$error":"#N/A"}]
[2025,4,18,11,45765.458333332317,null,null,null,null,null,null,"","",{"$error":"#N/A"},{"$error":"#N/A"},{"$error":"#N/A"},{"$error":"#N/A"}]
[2025,4,18,12,45765.499999998981,null,null,null,null,null,null,"","",{"$error":"#N/A"},{"$error":"#N/A"},{"$error":"#N/A"},{"$error":"#N/A"}]
[2025,4,18,13,45765.541666665646,null,null,null,null,null,null,"","",{"$error":"#N/A"},{"$error":"#N/A"},{"$error":"#N/A"},{"$error":"#N/A"}]
[2025,4,18,14,45765.58333333231,null,null,null,null,null,null,"","",{"$error":"#N/A"},{"$error":"#N/A"},{"$error":"#N/A"},{"$error":"#N/A"}]
[2025,4,18,15,45765.624999998974,null,null,null,null,null,null,"","",{"$error":"#N/A"},{"$error":"#N/A"},{"$error":"#N/A"},{"$error":"#N/A"}]
[2025,4,18,16,45765.666666665638,null,null,null,null,null,null,"","",{"$error":"#N/A"},{"$error":"#N/A"},{"$error":"#N/A"},{"$error":"#N/A"}]
[2025,4,18,17,45765.708333332303,null,null,null,null,null,null,"","",{"$error":"#N/A"},{"$error":"#N/A"},{"$error":"#N/A"},{"$error":"#N/A"}]
[2025,4,18,18,45765.749999998967,null,null,null,null,null,null,"","",{"$error":"#N/A"},{"$error":"#N/A"},{"$error":"#N/A"},{"$error":"#N/A"}]
[2025,4,18,19,45765.791666665631,null,null,null,null,null,null,"","",{"$error":"#N/A"},{"$error":"#N/A"},{"$error":"#N/A"},{"$error":"#N/A"}]
[2025,4,18,20,45765.833333332295,null,null,null,null,null,null,"","",{"$error":"#N/A"},{"$error":"#N/A"},{"$error":"#N/A"},{"$error":"#N/A"}]
[2025,4,18,21,45765.87499999896,null,null,null,null,null,null,"","",{"$error":"#N/A"},{"$error":"#N/A"},{"$error":"#N/A"},{"$error":"#N/A"}]
[2025,4,18,22,45765.916666665624,null,null,null,null,null,null,"","",{"$error":"#N/A"},{"$error":"#N/A"},{"$error":"#N/A"},{"$error":"#N/A"}]
[2025,4,18,23,45765.958333332288,null,null,null,null,null,null,"","",{"$error":"#N/A"},{"$error":"#N/A"},{"$error":"#N/A"},{"$error":"#N/A"}]
[2025,4,19,0,45765.999999998952,null,null,null,null,null,null,"","",{"$error":"#N/A"},{"$error":"#N/A"},{"$error":"#N/A"},{"$error":"#N/A"}]
[2025,4,19,1,45766.041666665617,null,null,null,null,null,null,"","",{"$error":"#N/A"},{"$error":"#N/A"},{"$error":"#N/A"},{"$error":"#N/A"}]
[2025,4,19,2,45766.083333332281,null,null,null,null,null,null,"","",{"$error":"#N/A"},{"$error":"#N/A"},{"$error":"#N/A"},{"$error":"#N/A"}]
[2025,4,19,3,45766.124999998945,null,null,null,null,null,null,"","",{"$error":"#N/A"},{"$error":"#N/A"},{"$error":"#N/A"},{"$error":"#N/A"}]
[2025,4,19,4,45766.166666665609,null,null,null,null,null,null,"","",{"$error":"#N/A"},{"$error":"#N/A"},{"$error":"#N/A"},{"$error":"#N/A"}]
[2025,4,19,5,45766.208333332273,null,null,null,null,null,null,"","",{"$error":"#N/A"},{"$error":"#N/A"},{"$error":"#N/A"},{"$error":"#N/A"}]
[2025,4,19,6,45766.249999998938,null,null,null,null,null,null,"","",{"$error":"#N/A"},{"$error":"#N/A"},{"$error":"#N/A"},{"$error":"#N/A"}]
[2025,4,19,7,45766.291666665602,null,null,null,null,null,null,"","",{"$error":"#N/A"},{"$error":"#N/A"},{"$error":"#N/A"},{"$error":"#N/A"}]
[2025,4,19,8,45766.333333332266,null,null,null,null,null,null,"","",{"$error":"#N/A"},{"$error":"#N/A"},{"$error":"#N/A"},{"$error":"#N/A"}]
[2025,4,19,9,45766.37499999893,null,null,null,null,null,null,"","",{"$error":"#N/A"},{"$error":"#N/A"},{"$error":"#N/A"},{"$error":"#N/A"}]
[2025,4,19,10,45766.416666665595,null,null,null,null,null,null,"","",{"$error":"#N/A"},{"$error":"#N/A"},{"$error":"#N/A"},{"$error":"#N/A"}]
[2025,4,19,11,45766.458333332259,null,null,null,null,null,null,"","",{"$error":"#N/A"},{"$error":"#N/A"},{"$error":"#N/A"},{"$error":"#N/A"}]
[2025,4,19,12,45766.499999998923,null,null,null,null,null,null,"","",{"$error":"#N/A"},{"$error":"#N/A"},{"$error":"#N/A"},{"$error":"#N/A"}]
[2025,4,19,13,45766.541666665587,null,null,null,null,null,null,"","",{"$error":"#N/A"},{"$error":"#N/A"},{"$error":"#N/A"},{"$error":"#N/A"}]
[2025,4,19,14,45766.583333332252,null,null,null,null,null,null,"","",{"$error":"#N/A"},{"$error":"#N/A"},{"$error":"#N/A"},{"$error":"#N/A"}]
[2025,4,19,15,45766.624999998916,null,null,null,null,null,null,"","",{"$error":"#N/A"},{"$error":"#N/A"},{"$error":"#N/A"},{"$error":"#N/A"}]
[2025,4,19,16,45766.66666666558,null,null,null,null,null,null,"","",{"$f":"IF(G450=\"Valid\", F450, NA())","v":{"$error":"#N/A"}},{"$f":"IF(G450=\"Valid\", H450, NA())","v":{"$error":"#N/A"}},{"$f":"IF(J450=\"Valid\", I450, NA())","v":{"$error":"#N/A"}},{"$f":"IF(J450=\"Valid\", K450, NA())","v":{"$error":"#N/A"}}]
[2025,4,19,17,45766.708333332244,null,null,null,null,null,null,"","",{"$error":"#N/A"},{"$error":"#N/A"},{"$error":"#N/A"},{"$error":"#N/A"}]
[2025,4,19,{"$f":"IF(D451=23,0,D451+1)","v":18},{"$f":"E451+0.0416666666666666","v":45766.749999998909},null,null,null,null,null,null,"","",{"$error":"#N/A"},{"$error":"#N/A"},{"$error":"#N/A"},{"$error":"#N/A"}]
[2025,4,19,19,45766.791666665573,null,null,null,null,null,null,"","",{"$error":"#N/A"},{"$error":"#N/A"},{"$error":"#N/A"},{"$error":"#N/A"}]
[2025,4,19,20,45766.833333332237,null,null,null,null,null,null,"","",{"$error":"#N/A"},{"$error":"#N/A"},{"$error":"#N/A"},{"$error":"#N/A"}]
[2025,4,19,21,45766.874999998901,null,null,null,null,null,null,"","",{"$error":"#N/A"},{"$error":"#N/A"},{"$error":"#N/A"},{"$error":"#N/A"}]
[2025,4,19,22,45766.916666665566,null,null,null,null,null,null,"","",{"$error":"#N/A"},{"$error":"#N/A"},{"$error":"#N/A"},{"$error":"#N/A"}]
[2025,4,19,23,45766.95833333223,null,null,null,null,null,null,"","",{"$f":"IF(G457=\"Valid\", F457, NA())","v":{"$error":"#N/A"}},{"$error":"#N/A"},{"$error":"#N/A"},{"$error":"#N/A"}]
[2025,4,20,0,45766.999999998894,null,null,null,null,null,null,"","",{"$error":"#N/A"},{"$error":"#N/A"},{"$error":"#N/A"},{"$error":"#N/A"}]
[2025,4,20,1,45767.041666665558,null,null,null,null,null,null,"","",{"$error":"#N/A"},{"$error":"#N/A"},{"$error":"#N/A"},{"$error":"#N/A"}]
[2025,4,20,2,45767.083333332223,null,null,null,null,null,null,"","",{"$error":"#N/A"},{"$error":"#N/A"},{"$error":"#N/A"},{"$error":"#N/A"}]
[2025,4,20,3,45767.124999998887,null,null,null,null,null,null,"","",{"$error":"#N/A"},{"$error":"#N/A"},{"$error":"#N/A"},{"$error":"#N/A"}]
[2025,4,20,4,45767.166666665551,null,null,null,null,null,null,"","",{"$error":"#N/A"},{"$error":"#N/A"},{"$error":"#N/A"},{"$error":"#N/A"}]
[2025,4,20,5,45767.208333332215,null,null,null,null,null,null,"","",{"$error":"#N/A"},{"$error":"#N/A"},{"$error":"#N/A"},{"$error":"#N/A"}]
[2025,4,20,6,45767.24999999888,null,null,null,null,null,null,"","",{"$error":"#N/A"},{"$error":"#N/A"},{"$error":"#N/A"},{"$error":"#N/A"}]
[2025,4,20,7,45767.291666665544,null,null,null,null,null,null,"","",{"$error":"#N/A"},{"$error":"#N/A"},{"$error":"#N/A"},{"$error":"#N/A"}]
[2025,4,20,8,45767.333333332208,null,null,null,null,null,null,"","",{"$error":"#N/A"},{"$error":"#N/A"},{"$error":"#N/A"},{"$error":"#N/A"}]
[2025,4,20,9,45767.374999998872,null,null,null,null,null,null,"","",{"$error":"#N/A"},{"$error":"#N/A"},{"$error":"#N/A"},{"$error":"#N/A"}]
[2025,4,20,10,45767.416666665536,null,null,null,null,null,null,"","",{"$error":"#N/A"},{"$error":"#N/A"},{"$error":"#N/A"},{"$error":"#N/A"}]
[2025,4,20,11,45767.458333332201,null,null,null,null,null,null,"","",{"$error":"#N/A"},{"$error":"#N/A"},{"$error":"#N/A"},{"$error":"#N/A"}]
[2025,4,20,12,45767.499999998865,null,null,null,null,null,null,"","",{"$error":"#N/A"},{"$error":"#N/A"},{"$error":"#N/A"},{"$error":"#N/A"}]
[2025,4,20,13,45767.541666665529,null,null,null,null,null,null,"","",{"$error":"#N/A"},{"$error":"#N/A"},{"$error":"#N/A"},{"$error":"#N/A"}]
[2025,4,20,14,45767.583333332193,null,null,null,null,null,null,"","",{"$error":"#N/A"},{"$error":"#N/A"},{"$error":"#N/A"},{"$error":"#N/A"}]
[2025,4,20,15,45767.624999998858,null,null,null,null,null,null,"","",{"$error":"#N/A"},{"$error":"#N/A"},{"$error":"#N/A"},{"$error":"#N/A"}]
[2025,4,20,16,45767.666666665522,null,null,null,null,null,null,"","",{"$error":"#N/A"},{"$error":"#N/A"},{"$error":"#N/A"},{"$error":"#N/A"}]
[2025,4,{"$f":"C451+1","v":20},17,45767.708333332186,null,null,null,null,null,null,"","",{"$error":"#N/A"},{"$error":"#N/A"},{"$error":"#N/A"},{"$error":"#N/A"}]
[2025,4,20,18,45767.74999999885,null,null,null,null,null,null,"","",{"$error":"#N/A"},{"$error":"#N/A"},{"$error":"#N/A"},{"$error":"#N/A"}]
[2025,4,20,19,45767.791666665515,null,null,null,null,null,null,"","",{"$error":"#N/A"},{"$error":"#N/A"},{"$error":"#N/A"},{"$error":"#N/A"}]
[2025,4,20,20,45767.833333332179,null,null,null,null,null,null,"","",{"$error":"#N/A"},{"$error":"#N/A"},{"$error":"#N/A"},{"$error":"#N/A"}]
[2025,4,20,21,45767.874999998843,null,null,null,null,null,null,"","",{"$error":"#N/A"},{"$error":"#N/A"},{"$error":"#N/A"},{"$error":"#N/A"}]
[2025,4,20,22,45767.916666665507,null,null,null,null,null,null,"","",{"$error":"#N/A"},{"$error":"#N/A"},{"$error":"#N/A"},{"$error":"#N/A"}]
[2025,4,20,23,45767.958333332172,null,null,null,null,null,null,"","",{"$error":"#N/A"},{"$error":"#N/A"},{"$error":"#N/A"},{"$error":"#N/A"}]
[2025,4,21,0,45767.999999998836,null,null,null,null,null,null,"","",{"$error":"#N/A"},{"$error":"#N/A"},{"$error":"#N/A"},{"$error":"#N/A"}]
[2025,4,21,1,45768.0416666655,null,null,null,null,null,null,"","",{"$error":"#N/A"},{"$error":"#N/A"},{"$error":"#N/A"},{"$error":"#N/A"}]
[2025,4,21,2,45768.083333332164,null,null,null,null,null,null,"","",{"$error":"#N/A"},{"$error":"#N/A"},{"$error":"#N/A"},{"$error":"#N/A"}]
[2025,4,21,3,45768.124999998829,null,null,null,null,null,null,"","",{"$error":"#N/A"},{"$error":"#N/A"},{"$error":"#N/A"},{"$error":"#N/A"}]
[2025,4,21,4,45768.166666665493,null,null,null,null,null,null,"","",{"$error":"#N/A"},{"$error":"#N/A"},{"$error":"#N/A"},{"$error":"#N/A"}]
[2025,4,21,5,45768.208333332157,null,null,null,null,null,null,"","",{"$error":"#N/A"},{"$error":"#N/A"},{"$error":"#N/A"},{"$error":"#N/A"}]
[2025,4,21,6,45768.249999998821,null,null,null,null,null,null,"","",{"$error":"#N/A"},{"$error":"#N/A"},{"$error":"#N/A"},{"$error":"#N/A"}]
[2025,4,21,7,45768.291666665486,null,null,null,null,null,null,"","",{"$error":"#N/A"},{"$error":"#N/A"},{"$error":"#N/A"},{"$error":"#N/A"}]
[2025,4,21,8,45768.33333333215,null,null,null,null,null,null,"","",{"$error":"#N/A"},{"$error":"#N/A"},{"$error":"#N/A"},{"$error":"#N/A"}]
[2025,4,21,9,45768.374999998814,null,null,null,null,null,null,"","",{"$error":"#N/A"},{"$error":"#N/A"},{"$error":"#N/A"},{"$error":"#N/A"}]
[2025,4,21,10,45768.416666665478,null,null,null,null,null,null,"","",{"$error":"#N/A"},{"$error":"#N/A"},{"$error":"#N/A"},{"$error":"#N/A"}]
[2025,4,21,11,45768.458333332143,null,null,null,null,null,null,"","",{"$error":"#N/A"},{"$error":"#N/A"},{"$error":"#N/A"},{"$error":"#N/A"}]
[2025,4,21,12,45768.499999998807,null,null,null,null,null,null,"","",{"$error":"#N/A"},{"$error":"#N/A"},{"$error":"#N/A"},{"$error":"#N/A"}]
[2025,4,21,13,45768.541666665471,null,null,null,null,null,null,"","",{"$error":"#N/A"},{"$error":"#N/A"},{"$error":"#N/A"},{"$error":"#N/A"}]
[2025,4,21,14,45768.583333332135,null,null,null,null,null,null,"","",{"$error":"#N/A"},{"$error":"#N/A"},{"$error":"#N/A"},{"$error":"#N/A"}]
[2025,4,21,15,45768.624999998799,null,null,null,null,null,null,"","",{"$error":"#N/A"},{"$error":"#N/A"},{"$error":"#N/A"},{"$error":"#N/A"}]
[2025,4,21,16,45768.666666665464,null,null,null,null,null,null,"","",{"$error":"#N/A"},{"$error":"#N/A"},{"$error":"#N/A"},{"$error":"#N/A"}]
[2025,4,21,17,45768.708333332128,null,null,null,null,null,null,"","",{"$error":"#N/A"},{"$error":"#N/A"},{"$error":"#N/A"},{"$error":"#N/A"}]
[2025,4,21,18,45768.749999998792,null,null,null,null,null,null,"","",{"$error":"#N/A"},{"$error":"#N/A"},{"$error":"#N/A"},{"$error":"#N/A"}]
[2025,4,21,19,45768.791666665456,null,null,null,null,null,null,"","",{"$error":"#N/A"},{"$error":"#N/A"},{"$error":"#N/A"},{"$error":"#N/A"}]
[2025,4,21,20,45768.833333332121,null,null,null,null,null,null,"","",{"$error":"#N/A"},{"$error":"#N/A"},{"$error":"#N/A"},{"$error":"#N/A"}]
[2025,4,21,21,45768.874999998785,null,null,null,null,null,null,"","",{"$error":"#N/A"},{"$error":"#N/A"},{"$error":"#N/A"},{"$error":"#N/A"}]
[2025,4,21,22,45768.916666665449,null,null,null,null,null,null,"","",{"$error":"#N/A"},{"$error":"#N/A"},{"$error":"#N/A"},{"$error":"#N/A"}]
[2025,4,21,23,45768.958333332113,null,null,null,null,null,null,"","",{"$error":"#N/A"},{"$error":"#N/A"},{"$error":"#N/A"},{"$error":"#N/A"}]
[2025,4,22,0,45768.999999998778,null,null,null,null,null,null,"","",{"$error":"#N/A"},{"$error":"#N/A"},{"$error":"#N/A"},{"$error":"#N/A"}]
[2025,4,22,1,45769.041666665442,null,null,null,null,null,null,"","",{"$error":"#N/A"},{"$error":"#N/A"},{"$error":"#N/A"},{"$error":"#N/A"}]
[2025,4,22,2,45769.083333332106,null,null,null,null,null,null,"","",{"$error":"#N/A"},{"$error":"#N/A"},{"$error":"#N/A"},{"$error":"#N/A"}]
[2025,4,22,3,45769.12499999877,null,null,null,null,null,null,"","",{"$error":"#N/A"},{"$error":"#N/A"},{"$error":"#N/A"},{"$error":"#N/A"}]
[2025,4,22,4,45769.166666665435,null,null,null,null,null,null,"","",{"$error":"#N/A"},{"$error":"#N/A"},{"$error":"#N/A"},{"$error":"#N/A"}]
[2025,4,22,5,45769.208333332099,null,null,null,null,null,null,"","",{"$error":"#N/A"},{"$error":"#N/A"},{"$error":"#N/A"},{"$error":"#N/A"}]
[2025,4,22,6,45769.249999998763,null,null,null,null,null,null,"","",{"$error":"#N/A"},{"$error":"#N/A"},{"$error":"#N/A"},{"$error":"#N/A"}]
[2025,4,22,7,45769.291666665427,null,null,null,null,null,null,"","",{"$error":"#N/A"},{"$error":"#N/A"},{"$error":"#N/A"},{"$error":"#N/A"}]
[2025,4,22,8,45769.333333332092,null,null,null,null,null,null,"","",{"$f":"IF(G514=\"Valid\", F514, NA())","v":{"$error":"#N/A"}},{"$f":"IF(G514=\"Valid\", H514, NA())","v":{"$error":"#N/A"}},{"$f":"IF(J514=\"Valid\", I514, NA())","v":{"$error":"#N/A"}},{"$f":"IF(J514=\"Valid\", K514, NA())","v":{"$error":"#N/A"}}]
[2025,4,22,9,45769.374999998756,null,null,null,null,null,null,"","",{"$error":"#N/A"},{"$error":"#N/A"},{"$error":"#N/A"},{"$error":"#N/A"}]
[2025,4,22,{"$f":"IF(D515=23,0,D515+1)","v":10},{"$f":"E515+0.0416666666666666","v":45769.41666666542},null,null,null,null,null,null,"","",{"$error":"#N/A"},{"$error":"#N/A"},{"$error":"#N/A"},{"$error":"#N/A"}]
[2025,4,22,11,45769.458333332084,null,null,null,null,null,null,"","",{"$error":"#N/A"},{"$error":"#N/A"},{"$error":"#N/A"},{"$error":"#N/A"}]
[2025,4,22,12,45769.499999998749,null,null,null,null,null,null,"","",{"$error":"#N/A"},{"$error":"#N/A"},{"$error":"#N/A"},{"$error":"#N/A"}]
[2025,4,22,13,45769.541666665413,null,null,null,null,null,null,"","",{"$error":"#N/A"},{"$error":"#N/A"},{"$error":"#N/A"},{"$error":"#N/A"}]
[2025,4,22,14,45769.583333332077,null,null,null,null,null,null,"","",{"$error":"#N/A"},{"$error":"#N/A"},{"$error":"#N/A"},{"$error":"#N/A"}]
[2025,4,22,15,45769.624999998741,null,null,null,null,null,null,"","",{"$error":"#N/A"},{"$error":"#N/A"},{"$error":"#N/A"},{"$error":"#N/A"}]
[2025,4,22,16,45769.666666665406,null,null,null,null,null,null,"","",{"$error":"#N/A"},{"$error":"#N/A"},{"$error":"#N/A"},{"$error":"#N/A"}]
[2025,4,22,17,45769.70833333207,null,null,null,null,null,null,"","",{"$error":"#N/A"},{"$error":"#N/A"},{"$error":"#N/A"},{"$error":"#N/A"}]
[2025,4,22,18,45769.749999998734,null,null,null,null,null,null,"","",{"$error":"#N/A"},{"$error":"#N/A"},{"$error":"#N/A"},{"$error":"#N/A"}]
[2025,4,22,19,45769.791666665398,null,null,null,null,null,null,"","",{"$error":"#N/A"},{"$error":"#N/A"},{"$error":"#N/A"},{"$error":"#N/A"}]
[2025,4,22,20,45769.833333332062,null,null,null,null,null,null,"","",{"$error":"#N/A"},{"$error":"#N/A"},{"$error":"#N/A"},{"$error":"#N/A"}]
[2025,4,22,21,45769.874999998727,null,null,null,null,null,null,"","",{"$error":"#N/A"},{"$error":"#N/A"},{"$error":"#N/A"},{"$error":"#N/A"}]
[2025,4,22,22,45769.916666665391,null,null,null,null,null,null,"","",{"$error":"#N/A"},{"$error":"#N/A"},{"$error":"#N/A"},{"$error":"#N/A"}]
[2025,4,22,23,45769.958333332055,null,null,null,null,null,null,"","",{"$error":"#N/A"},{"$error":"#N/A"},{"$error":"#N/A"},{"$error":"#N/A"}]
[2025,4,23,0,45769.999999998719,null,null,null,null,null,null,"","",{"$error":"#N/A"},{"$error":"#N/A"},{"$error":"#N/A"},{"$error":"#N/A"}]
[2025,4,23,1,45770.041666665384,null,null,null,null,null,null,"","",{"$error":"#N/A"},{"$error":"#N/A"},{"$error":"#N/A"},{"$error":"#N/A"}]
[2025,4,23,2,45770.083333332048,null,null,null,null,null,null,"","",{"$error":"#N/A"},{"$error":"#N/A"},{"$error":"#N/A"},{"$error":"#N/A"}]
[2025,4,23,3,45770.124999998712,null,null,null,null,null,null,"","",{"$error":"#N/A"},{"$error":"#N/A"},{"$error":"#N/A"},{"$error":"#N/A"}]
[2025,4,23,4,45770.166666665376,null,null,null,null,null,null,"","",{"$error":"#N/A"},{"$error":"#N/A"},{"$error":"#N/A"},{"$error":"#N/A"}]
[2025,4,23,5,45770.208333332041,null,null,null,null,null,null,"","",{"$error":"#N/A"},{"$error":"#N/A"},{"$error":"#N/A"},{"$error":"#N/A"}]
[2025,4,23,6,45770.249999998705,null,null,null,null,null,null,"","",{"$error":"#N/A"},{"$error":"#N/A"},{"$error":"#N/A"},{"$error":"#N/A"}]
[2025,4,23,7,45770.291666665369,null,null,null,null,null,null,"","",{"$error":"#N/A"},{"$error":"#N/A"},{"$error":"#N/A"},{"$error":"#N/A"}]
[2025,4,23,8,45770.333333332033,null,null,null,null,null,null,"","",{"$error":"#N/A"},{"$error":"#N/A"},{"$error":"#N/A"},{"$error":"#N/A"}]
[2025,4,{"$f":"C515+1","v":23},9,45770.374999998698,null,null,null,null,null,null,"","",{"$error":"#N/A"},{"$error":"#N/A"},{"$error":"#N/A"},{"$error":"#N/A"}]
[2025,4,23,10,45770.416666665362,null,null,null,null,null,null,"","",{"$error":"#N/A"},{"$error":"#N/A"},{"$error":"#N/A"},{"$error":"#N/A"}]
[2025,4,23,11,45770.458333332026,null,null,null,null,null,null,"","",{"$error":"#N/A"},{"$error":"#N/A"},{"$error":"#N/A"},{"$error":"#N/A"}]
[2025,4,23,12,45770.49999999869,null,null,null,null,null,null,"","",{"$error":"#N/A"},{"$error":"#N/A"},{"$error":"#N/A"},{"$error":"#N/A"}]
[2025,4,23,13,45770.541666665355,null,null,null,null,null,null,"","",{"$error":"#N/A"},{"$error":"#N/A"},{"$error":"#N/A"},{"$error":"#N/A"}]
[2025,4,23,14,45770.583333332019,null,null,null,null,null,null,"","",{"$error":"#N/A"},{"$error":"#N/A"},{"$error":"#N/A"},{"$error":"#N/A"}]
[2025,4,23,15,45770.624999998683,null,null,null,null,null,null,"","",{"$error":"#N/A"},{"$error":"#N/A"},{"$error":"#N/A"},{"$error":"#N/A"}]
[2025,4,23,16,45770.666666665347,null,null,null,null,null,null,"","",{"$error":"#N/A"},{"$error":"#N/A"},{"$error":"#N/A"},{"$error":"#N/A"}]
[2025,4,23,17,45770.708333332012,null,null,null,null,null,null,"","",{"$error":"#N/A"},{"$error":"#N/A"},{"$error":"#N/A"},{"$error":"#N/A"}]
[2025,4,23,18,45770.749999998676,null,null,null,null,null,null,"","",{"$error":"#N/A"},{"$error":"#N/A"},{"$error":"#N/A"},{"$error":"#N/A"}]
[2025,4,23,19,45770.79166666534,null,null,null,null,null,null,"","",{"$error":"#N/A"},{"$error":"#N/A"},{"$error":"#N/A"},{"$error":"#N/A"}]
[2025,4,23,20,45770.833333332004,null,null,null,null,null,null,"","",{"$error":"#N/A"},{"$error":"#N/A"},{"$error":"#N/A"},{"$error":"#N/A"}]
[2025,4,23,21,45770.874999998668,null,null,null,null,null,null,"","",{"$error":"#N/A"},{"$error":"#N/A"},{"$error":"#N/A"},{"$error":"#N/A"}]
[2025,4,23,22,45770.916666665333,null,null,null,null,null,null,"","",{"$error":"#N/A"},{"$error":"#N/A"},{"$error":"#N/A"},{"$error":"#N/A"}]
[2025,4,23,23,45770.958333331997,null,null,null,null,null,null,"","",{"$error":"#N/A"},{"$error":"#N/A"},{"$error":"#N/A"},{"$error":"#N/A"}]
[2025,4,24,0,45770.999999998661,null,null,null,null,null,null,"","",{"$error":"#N/A"},{"$error":"#N/A"},{"$error":"#N/A"},{"$error":"#N/A"}]
[2025,4,24,1,45771.041666665325,null,null,null,null,null,null,"","",{"$error":"#N/A"},{"$error":"#N/A"},{"$error":"#N/A"},{"$error":"#N/A"}]
[2025,4,24,2,45771.08333333199,null,null,null,null,null,null,"","",{"$error":"#N/A"},{"$error":"#N/A"},{"$error":"#N/A"},{"$error":"#N/A"}]
[2025,4,24,3,45771.124999998654,null,null,null,null,null,null,"","",{"$error":"#N/A"},{"$error":"#N/A"},{"$error":"#N/A"},{"$error":"#N/A"}]
[2025,4,24,4,45771.166666665318,null,null,null,null,null,null,"","",{"$error":"#N/A"},{"$error":"#N/A"},{"$error":"#N/A"},{"$error":"#N/A"}]
[2025,4,24,5,45771.208333331982,null,null,null,null,null,null,"","",{"$error":"#N/A"},{"$error":"#N/A"},{"$error":"#N/A"},{"$error":"#N/A"}]
[2025,4,24,6,45771.249999998647,null,null,null,null,null,null,"","",{"$error":"#N/A"},{"$error":"#N/A"},{"$error":"#N/A"},{"$error":"#N/A"}]
[2025,4,24,7,45771.291666665311,null,null,null,null,null,null,"","",{"$error":"#N/A"},{"$error":"#N/A"},{"$error":"#N/A"},{"$error":"#N/A"}]
[2025,4,24,8,45771.333333331975,null,null,null,null,null,null,"","",{"$error":"#N/A"},{"$error":"#N/A"},{"$error":"#N/A"},{"$error":"#N/A"}]
[2025,4,24,9,45771.374999998639,null,null,null,null,null,null,"","",{"$error":"#N/A"},{"$error":"#N/A"},{"$error":"#N/A"},{"$error":"#N/A"}]
[2025,4,24,10,45771.416666665304,null,null,null,null,null,null,"","",{"$error":"#N/A"},{"$error":"#N/A"},{"$error":"#N/A"},{"$error":"#N/A"}]
[2025,4,24,11,45771.458333331968,null,null,null,null,null,null,"","",{"$error":"#N/A"},{"$error":"#N/A"},{"$error":"#N/A"},{"$error":"#N/A"}]
[2025,4,24,12,45771.499999998632,null,null,null,null,null,null,"","",{"$error":"#N/A"},{"$error":"#N/A"},{"$error":"#N/A"},{"$error":"#N/A"}]
[2025,4,24,13,45771.541666665296,null,null,null,null,null,null,"","",{"$error":"#N/A"},{"$error":"#N/A"},{"$error":"#N/A"},{"$error":"#N/A"}]
[2025,4,24,14,45771.583333331961,null,null,null,null,null,null,"","",{"$error":"#N/A"},{"$error":"#N/A"},{"$error":"#N/A"},{"$error":"#N/A"}]
[2025,4,24,15,45771.624999998625,null,null,null,null,null,null,"Power Failure","Power outage - system reset",{"$error":"#N/A"},{"$error":"#N/A"},{"$error":"#N/A"},{"$error":"#N/A"}]
[2025,4,24,16,45771.666666665289,null,null,null,null,null,null,"Power Failure","Power outage - system reset",{"$error":"#N/A"},{"$error":"#N/A"},{"$error":"#N/A"},{"$error":"#N/A"}]
[2025,4,24,17,45771.708333331953,null,null,null,null,null,null,"Power Failure","Power outage - system reset",{"$error":"#N/A"},{"$error":"#N/A"},{"$error":"#N/A"},{"$error":"#N/A"}]
[2025,4,24,18,45771.749999998618,null,null,null,null,null,null,"Power Failure","Power outage - system reset",{"$error":"#N/A"},{"$error":"#N/A"},{"$error":"#N/A"},{"$error":"#N/A"}]
[2025,4,24,19,45771.791666665282,null,null,null,null,null,null,"","",{"$error":"#N/A"},{"$error":"#N/A"},{"$error":"#N/A"},{"$error":"#N/A"}]
[2025,4,24,20,45771.833333331946,null,null,null,null,null,null,"","",{"$error":"#N/A"},{"$error":"#N/A"},{"$error":"#N/A"},{"$error":"#N/A"}]
[2025,4,24,21,45771.87499999861,null,null,null,null,null,null,"","",{"$error":"#N/A"},{"$error":"#N/A"},{"$error":"#N/A"},{"$error":"#N/A"}]
[2025,4,24,22,45771.916666665275,null,null,null,null,null,null,"","",{"$error":"#N/A"},{"$error":"#N/A"},{"$error":"#N/A"},{"$error":"#N/A"}]
[2025,4,24,23,45771.958333331939,null,null,null,null,null,null,"","",{"$error":"#N/A"},{"$error":"#N/A"},{"$error":"#N/A"},{"$error":"#N/A"}]
[2025,4,25,0,45771.999999998603,null,null,null,null,null,null,"","",{"$f":"IF(G578=\"Valid\", F578, NA())","v":{"$error":"#N/A"}},{"$f":"IF(G578=\"Valid\", H578, NA())","v":{"$error":"#N/A"}},{"$f":"IF(J578=\"Valid\", I578, NA())","v":{"$error":"#N/A"}},{"$f":"IF(J578=\"Valid\", K578, NA())","v":{"$error":"#N/A"}}]
[2025,4,25,1,45772.041666665267,null,null,null,null,null,null,"","",{"$error":"#N/A"},{"$error":"#N/A"},{"$error":"#N/A"},{"$error":"#N/A"}]
[2025,4,25,{"$f":"IF(D579=23,0,D579+1)","v":2},{"$f":"E579+0.0416666666666666","v":45772.083333331931},null,null,null,null,null,null,"","",{"$error":"#N/A"},{"$error":"#N/A"},{"$error":"#N/A"},{"$error":"#N/A"}]
[2025,4,25,3,45772.124999998596,null,null,null,null,null,null,"","",{"$error":"#N/A"},{"$error":"#N/A"},{"$error":"#N/A"},{"$error":"#N/A"}]
[2025,4,25,4,45772.16666666526,null,null,null,null,null,null,"","",{"$error":"#N/A"},{"$error":"#N/A"},{"$error":"#N/A"},{"$error":"#N/A"}]
[2025,4,25,5,45772.208333331924,null,null,null,null,null,null,"","",{"$error":"#N/A"},{"$error":"#N/A"},{"$error":"#N/A"},{"$error":"#N/A"}]
[2025,4,25,6,45772.249999998588,null,null,null,null,null,null,"","",{"$error":"#N/A"},{"$error":"#N/A"},{"$error":"#N/A"},{"$error":"#N/A"}]
[2025,4,25,7,45772.291666665253,null,null,null,null,null,null,"","",{"$error":"#N/A"},{"$error":"#N/A"},{"$error":"#N/A"},{"$error":"#N/A"}]
[2025,4,25,8,45772.333333331917,null,null,null,null,null,null,"","",{"$error":"#N/A"},{"$error":"#N/A"},{"$error":"#N/A"},{"$error":"#N/A"}]
[2025,4,25,9,45772.374999998581,null,null,null,null,null,null,"","",{"$error":"#N/A"},{"$error":"#N/A"},{"$error":"#N/A"},{"$error":"#N/A"}]
[2025,4,25,10,45772.416666665245,null,null,null,null,null,null,"","",{"$error":"#N/A"},{"$error":"#N/A"},{"$error":"#N/A"},{"$error":"#N/A"}]
[2025,4,25,11,45772.45833333191,null,null,null,null,null,null,"","",{"$error":"#N/A"},{"$error":"#N/A"},{"$error":"#N/A"},{"$error":"#N/A"}]
[2025,4,25,12,45772.499999998574,null,null,null,null,null,null,"","",{"$error":"#N/A"},{"$error":"#N/A"},{"$error":"#N/A"},{"$error":"#N/A"}]
[2025,4,25,13,45772.541666665238,null,null,null,null,null,null,"","",{"$error":"#N/A"},{"$error":"#N/A"},{"$error":"#N/A"},{"$error":"#N/A"}]
[2025,4,25,14,45772.583333331902,null,null,null,null,null,null,"","",{"$error":"#N/A"},{"$error":"#N/A"},{"$error":"#N/A"},{"$error":"#N/A"}]
[2025,4,25,15,45772.624999998567,null,null,null,null,null,null,"","",{"$error":"#N/A"},{"$error":"#N/A"},{"$error":"#N/A"},{"$error":"#N/A"}]
[2025,4,25,16,45772.666666665231,null,null,null,null,null,null,"","",{"$error":"#N/A"},{"$error":"#N/A"},{"$error":"#N/A"},{"$error":"#N/A"}]
[2025,4,25,17,45772.708333331895,null,null,null,null,null,null,"","",{"$error":"#N/A"},{"$error":"#N/A"},{"$error":"#N/A"},{"$error":"#N/A"}]
[2025,4,25,18,45772.749999998559,null,null,null,null,null,null,"","",{"$error":"#N/A"},{"$error":"#N/A"},{"$error":"#N/A"},{"$error":"#N/A"}]
[2025,4,25,19,45772.791666665224,null,null,null,null,null,null,"","",{"$error":"#N/A"},{"$error":"#N/A"},{"$error":"#N/A"},{"$error":"#N/A"}]
[2025,4,25,20,45772.833333331888,null,null,null,null,null,null,"","",{"$error":"#N/A"},{"$error":"#N/A"},{"$error":"#N/A"},{"$error":"#N/A"}]
[2025,4,25,21,45772.874999998552,null,null,null,null,null,null,"","",{"$error":"#N/A"},{"$error":"#N/A"},{"$error":"#N/A"},{"$error":"#N/A"}]
[2025,4,25,22,45772.916666665216,null,null,null,null,null,null,"","",{"$error":"#N/A"},{"$error":"#N/A"},{"$error":"#N/A"},{"$error":"#N/A"}]
[2025,4,25,23,45772.958333331881,null,null,null,null,null,null,"","",{"$error":"#N/A"},{"$error":"#N/A"},{"$error":"#N/A"},{"$error":"#N/A"}]
[2025,4,26,0,45772.999999998545,null,null,null,null,null,null,"","",{"$error":"#N/A"},{"$error":"#N/A"},{"$error":"#N/A"},{"$error":"#N/A"}]
[2025,4,{"$f":"C579+1","v":26},1,45773.041666665209,null,null,null,null,null,null,"","",{"$error":"#N/A"},{"$error":"#N/A"},{"$error":"#N/A"},{"$error":"#N/A"}]
[2025,4,26,2,45773.083333331873,null,null,null,null,null,null,"","",{"$error":"#N/A"},{"$error":"#N/A"},{"$error":"#N/A"},{"$error":"#N/A"}]
[2025,4,26,3,45773.124999998538,null,null,null,null,null,null,"","",{"$error":"#N/A"},{"$error":"#N/A"},{"$error":"#N/A"},{"$error":"#N/A"}]
[2025,4,26,4,45773.166666665202,null,null,null,null,null,null,"","",{"$error":"#N/A"},{"$error":"#N/A"},{"$error":"#N/A"},{"$error":"#N/A"}]
[2025,4,26,5,45773.208333331866,null,null,null,null,null,null,"","",{"$error":"#N/A"},{"$error":"#N/A"},{"$error":"#N/A"},{"$error":"#N/A"}]
[2025,4,26,6,45773.24999999853,null,null,null,null,null,null,"","",{"$error":"#N/A"},{"$error":"#N/A"},{"$error":"#N/A"},{"$error":"#N/A"}]
[2025,4,26,7,45773.291666665194,null,null,null,null,null,null,"","",{"$error":"#N/A"},{"$error":"#N/A"},{"$error":"#N/A"},{"$error":"#N/A"}]
[2025,4,26,8,45773.333333331859,null,null,null,null,null,null,"","",{"$error":"#N/A"},{"$error":"#N/A"},{"$error":"#N/A"},{"$error":"#N/A"}]
[2025,4,26,9,45773.374999998523,null,null,null,null,null,null,"","",{"$error":"#N/A"},{"$error":"#N/A"},{"$error":"#N/A"},{"$error":"#N/A"}]
[2025,4,26,10,45773.416666665187,null,null,null,null,null,null,"","",{"$error":"#N/A"},{"$error":"#N/A"},{"$error":"#N/A"},{"$error":"#N/A"}]
[2025,4,26,11,45773.458333331851,null,null,null,null,null,null,"","",{"$error":"#N/A"},{"$error":"#N/A"},{"$error":"#N/A"},{"$error":"#N/A"}]
[2025,4,26,12,45773.499999998516,null,null,null,null,null,null,"","",{"$error":"#N/A"},{"$error":"#N/A"},{"$error":"#N/A"},{"$error":"#N/A"}]
[2025,4,26,13,45773.54166666518,null,null,null,null,null,null,"","",{"$error":"#N/A"},{"$error":"#N/A"},{"$error":"#N/A"},{"$error":"#N/A"}]
[2025,4,26,14,45773.583333331844,null,null,null,null,null,null,"","",{"$error":"#N/A"},{"$error":"#N/A"},{"$error":"#N/A"},{"$error":"#N/A"}]
[2025,4,26,15,45773.624999998508,null,null,null,null,null,null,"","",{"$error":"#N/A"},{"$error":"#N/A"},{"$error":"#N/A"},{"$error":"#N/A"}]
[2025,4,26,16,45773.666666665173,null,null,null,null,null,null,"","",{"$error":"#N/A"},{"$error":"#N/A"},{"$error":"#N/A"},{"$error":"#N/A"}]
[2025,4,26,17,45773.708333331837,null,null,null,null,null,null,"","",{"$error":"#N/A"},{"$error":"#N/A"},{"$error":"#N/A"},{"$error":"#N/A"}]
[2025,4,26,18,45773.749999998501,null,null,null,null,null,null,"","",{"$error":"#N/A"},{"$error":"#N/A"},{"$error":"#N/A"},{"$error":"#N/A"}]
[2025,4,26,19,45773.791666665165,null,null,null,null,null,null,"","",{"$error":"#N/A"},{"$error":"#N/A"},{"$error":"#N/A"},{"$error":"#N/A"}]
[2025,4,26,20,45773.83333333183,null,null,null,null,null,null,"","",{"$error":"#N/A"},{"$error":"#N/A"},{"$error":"#N/A"},{"$error":"#N/A"}]
[2025,4,26,21,45773.874999998494,null,null,null,null,null,null,"","",{"$error":"#N/A"},{"$error":"#N/A"},{"$error":"#N/A"},{"$error":"#N/A"}]
[2025,4,26,22,45773.916666665158,null,null,null,null,null,null,"","",{"$error":"#N/A"},{"$error":"#N/A"},{"$error":"#N/A"},{"$error":"#N/A"}]
[2025,4,26,23,45773.958333331822,null,null,null,null,null,null,"","",{"$error":"#N/A"},{"$error":"#N/A"},{"$error":"#N/A"},{"$error":"#N/A"}]
[2025,4,27,0,45773.999999998487,null,null,null,null,null,null,"","",{"$error":"#N/A"},{"$error":"#N/A"},{"$error":"#N/A"},{"$error":"#N/A"}]
[2025,4,27,1,45774.041666665151,null,null,null,null,null,null,"","",{"$error":"#N/A"},{"$error":"#N/A"},{"$error":"#N/A"},{"$error":"#N/A"}]
[2025,4,27,2,45774.083333331815,null,null,null,null,null,null,"","",{"$error":"#N/A"},{"$error":"#N/A"},{"$error":"#N/A"},{"$error":"#N/A"}]
[2025,4,27,3,45774.124999998479,null,null,null,null,null,null,"","",{"$error":"#N/A"},{"$error":"#N/A"},{"$error":"#N/A"},{"$error":"#N/A"}]
[2025,4,27,4,45774.166666665144,null,null,null,null,null,null,"","",{"$error":"#N/A"},{"$error":"#N/A"},{"$error":"#N/A"},{"$error":"#N/A"}]
[2025,4,27,5,45774.208333331808,null,null,null,null,null,null,"","",{"$error":"#N/A"},{"$error":"#N/A"},{"$error":"#N/A"},{"$error":"#N/A"}]
[2025,4,27,6,45774.249999998472,null,null,null,null,null,null,"","",{"$error":"#N/A"},{"$error":"#N/A"},{"$error":"#N/A"},{"$error":"#N/A"}]
[2025,4,27,7,45774.291666665136,null,null,null,null,null,null,"","",{"$error":"#N/A"},{"$error":"#N/A"},{"$error":"#N/A"},{"$error":"#N/A"}]
[2025,4,27,8,45774.333333331801,null,null,null,null,null,null,"","",{"$error":"#N/A"},{"$error":"#N/A"},{"$error":"#N/A"},{"$error":"#N/A"}]
[2025,4,27,9,45774.374999998465,null,null,null,null,null,null,"","",{"$error":"#N/A"},{"$error":"#N/A"},{"$error":"#N/A"},{"$error":"#N/A"}]
[2025,4,27,10,45774.416666665129,null,null,null,null,null,null,"","",{"$error":"#N/A"},{"$error":"#N/A"},{"$error":"#N/A"},{"$error":"#N/A"}]
[2025,4,27,11,45774.458333331793,null,null,null,null,null,null,"","",{"$error":"#N/A"},{"$error":"#N/A"},{"$error":"#N/A"},{"$error":"#N/A"}]
[2025,4,27,12,45774.499999998457,null,null,null,null,null,null,"","",{"$error":"#N/A"},{"$error":"#N/A"},{"$error":"#N/A"},{"$error":"#N/A"}]
[2025,4,27,13,45774.541666665122,null,null,null,null,null,null,"","",{"$error":"#N/A"},{"$error":"#N/A"},{"$error":"#N/A"},{"$error":"#N/A"}]
[2025,4,27,14,45774.583333331786,null,null,null,null,null,null,"","",{"$error":"#N/A"},{"$error":"#N/A"},{"$error":"#N/A"},{"$error":"#N/A"}]
[2025,4,27,15,45774.62499999845,null,null,null,null,null,null,"","",{"$error":"#N/A"},{"$error":"#N/A"},{"$error":"#N/A"},{"$error":"#N/A"}]
[2025,4,27,16,45774.666666665114,null,null,null,null,null,null,"","",{"$f":"IF(G642=\"Valid\", F642, NA())","v":{"$error":"#N/A"}},{"$f":"IF(G642=\"Valid\", H642, NA())","v":{"$error":"#N/A"}},{"$f":"IF(J642=\"Valid\", I642, NA())","v":{"$error":"#N/A"}},{"$f":"IF(J642=\"Valid\", K642, NA())","v":{"$error":"#N/A"}}]
[2025,4,27,17,45774.708333331779,null,null,null,null,null,null,"","",{"$error":"#N/A"},{"$error":"#N/A"},{"$error":"#N/A"},{"$error":"#N/A"}]
[2025,4,27,{"$f":"IF(D643=23,0,D643+1)","v":18},{"$f":"E643+0.0416666666666666","v":45774.749999998443},null,null,null,null,null,null,"","",{"$error":"#N/A"},{"$error":"#N/A"},{"$error":"#N/A"},{"$error":"#N/A"}]
[2025,4,27,19,45774.791666665107,null,null,null,null,null,null,"","",{"$error":"#N/A"},{"$error":"#N/A"},{"$error":"#N/A"},{"$error":"#N/A"}]
[2025,4,27,20,45774.833333331771,null,null,null,null,null,null,"","",{"$error":"#N/A"},{"$error":"#N/A"},{"$error":"#N/A"},{"$error":"#N/A"}]
[2025,4,27,21,45774.874999998436,null,null,null,null,null,null,"","",{"$error":"#N/A"},{"$error":"#N/A"},{"$error":"#N/A"},{"$error":"#N/A"}]
[2025,4,27,22,45774.9166666651,null,null,null,null,null,null,"","",{"$error":"#N/A"},{"$error":"#N/A"},{"$error":"#N/A"},{"$error":"#N/A"}]
[2025,4,27,23,45774.958333331764,null,null,null,null,null,null,"","",{"$error":"#N/A"},{"$error":"#N/A"},{"$error":"#N/A"},{"$error":"#N/A"}]
[2025,4,28,0,45774.999999998428,null,null,null,null,null,null,"","",{"$error":"#N/A"},{"$error":"#N/A"},{"$error":"#N/A"},{"$error":"#N/A"}]
[2025,4,28,1,45775.041666665093,null,null,null,null,null,null,"","",{"$error":"#N/A"},{"$error":"#N/A"},{"$error":"#N/A"},{"$error":"#N/A"}]
[2025,4,28,2,45775.083333331757,null,null,null,null,null,null,"","",{"$error":"#N/A"},{"$error":"#N/A"},{"$error":"#N/A"},{"$error":"#N/A"}]
[2025,4,28,3,45775.124999998421,null,null,null,null,null,null,"","",{"$error":"#N/A"},{"$error":"#N/A"},{"$error":"#N/A"},{"$error":"#N/A"}]
[2025,4,28,4,45775.166666665085,null,null,null,null,null,null,"","",{"$error":"#N/A"},{"$error":"#N/A"},{"$error":"#N/A"},{"$error":"#N/A"}]
[2025,4,28,5,45775.20833333175,null,null,null,null,null,null,"","",{"$error":"#N/A"},{"$error":"#N/A"},{"$error":"#N/A"},{"$error":"#N/A"}]
[2025,4,28,6,45775.249999998414,null,null,null,null,null,null,"","",{"$error":"#N/A"},{"$error":"#N/A"},{"$error":"#N/A"},{"$error":"#N/A"}]
[2025,4,28,7,45775.291666665078,null,null,null,null,null,null,"","",{"$error":"#N/A"},{"$error":"#N/A"},{"$error":"#N/A"},{"$error":"#N/A"}]
[2025,4,28,8,45775.333333331742,null,null,null,null,null,null,"","",{"$error":"#N/A"},{"$error":"#N/A"},{"$error":"#N/A"},{"$error":"#N/A"}]
[2025,4,28,9,45775.374999998407,null,null,null,null,null,null,"","",{"$error":"#N/A"},{"$error":"#N/A"},{"$error":"#N/A"},{"$error":"#N/A"}]
[2025,4,28,10,45775.416666665071,null,null,null,null,null,null,"","",{"$error":"#N/A"},{"$error":"#N/A"},{"$error":"#N/A"},{"$error":"#N/A"}]
[2025,4,28,11,45775.458333331735,null,null,null,null,null,null,"","",{"$error":"#N/A"},{"$error":"#N/A"},{"$error":"#N/A"},{"$error":"#N/A"}]
[2025,4,28,12,45775.499999998399,null,null,null,null,null,null,"","",{"$error":"#N/A"},{"$error":"#N/A"},{"$error":"#N/A"},{"$error":"#N/A"}]
[2025,4,28,13,45775.541666665064,null,null,null,null,null,null,"","",{"$error":"#N/A"},{"$error":"#N/A"},{"$error":"#N/A"},{"$error":"#N/A"}]
[2025,4,28,14,45775.583333331728,null,null,null,null,null,null,"","",{"$error":"#N/A"},{"$error":"#N/A"},{"$error":"#N/A"},{"$error":"#N/A"}]
[2025,4,28,15,45775.624999998392,null,null,null,null,null,null,"","",{"$error":"#N/A"},{"$error":"#N/A"},{"$error":"#N/A"},{"$error":"#N/A"}]
[2025,4,28,16,45775.666666665056,null,null,null,null,null,null,"","",{"$error":"#N/A"},{"$error":"#N/A"},{"$error":"#N/A"},{"$error":"#N/A"}]
[2025,4,{"$f":"C643+1","v":28},17,45775.70833333172,null,null,null,null,null,null,"","",{"$error":"#N/A"},{"$error":"#N/A"},{"$error":"#N/A"},{"$error":"#N/A"}]
[2025,4,28,18,45775.749999998385,null,null,null,null,null,null,"","",{"$error":"#N/A"},{"$error":"#N/A"},{"$error":"#N/A"},{"$error":"#N/A"}]
[2025,4,28,19,45775.791666665049,null,null,null,null,null,null,"","",{"$error":"#N/A"},{"$error":"#N/A"},{"$error":"#N/A"},{"$error":"#N/A"}]
[2025,4,28,20,45775.833333331713,null,null,null,null,null,null,"","",{"$error":"#N/A"},{"$error":"#N/A"},{"$error":"#N/A"},{"$error":"#N/A"}]
[2025,4,28,21,45775.874999998377,null,null,null,null,null,null,"","",{"$error":"#N/A"},{"$error":"#N/A"},{"$error":"#N/A"},{"$error":"#N/A"}]
[2025,4,28,22,45775.916666665042,null,null,null,null,null,null,"","",{"$error":"#N/A"},{"$error":"#N/A"},{"$error":"#N/A"},{"$error":"#N/A"}]
[2025,4,28,23,45775.958333331706,null,null,null,null,null,null,"","",{"$f":"IF(G673=\"Valid\", F673, NA())","v":{"$error":"#N/A"}},{"$f":"IF(G673=\"Valid\", H673, NA())","v":{"$error":"#N/A"}},{"$error":"#N/A"},{"$error":"#N/A"}]
[2025,4,29,0,45775.99999999837,null,null,null,null,null,null,"","",{"$f":"IF(G674=\"Valid\", F674, NA())","v":{"$error":"#N/A"}},{"$f":"IF(G674=\"Valid\", H674, NA())","v":{"$error":"#N/A"}},{"$f":"IF(J674=\"Valid\", I674, NA())","v":{"$error":"#N/A"}},{"$f":"IF(J674=\"Valid\", K674, NA())","v":{"$error":"#N/A"}},{"$error":"#N/A"},{"$error":"#N/A"},{"$error":"#N/A"},{"$error":"#N/A"}]
[2025,4,29,1,45776.041666665034,null,null,null,null,null,null,"","",{"$error":"#N/A"},{"$error":"#N/A"},{"$error":"#N/A"},{"$error":"#N/A"},{"$error":"#N/A"},{"$error":"#N/A"},{"$error":"#N/A"},{"$error":"#N/A"}]
[2025,4,29,2,45776.083333331699,null,null,null,null,null,null,"","",{"$error":"#N/A"},{"$error":"#N/A"},{"$error":"#N/A"},{"$error":"#N/A"},{"$error":"#N/A"},{"$error":"#N/A"},{"$error":"#N/A"},{"$error":"#N/A"}]
[2025,4,29,3,45776.124999998363,null,null,null,null,null,null,"","",{"$error":"#N/A"},{"$error":"#N/A"},{"$error":"#N/A"},{"$error":"#N/A"},{"$error":"#N/A"},{"$error":"#N/A"},{"$error":"#N/A"},{"$error":"#N/A"}]
[2025,4,29,4,45776.166666665027,null,null,null,null,null,null,"","",{"$error":"#N/A"},{"$error":"#N/A"},{"$error":"#N/A"},{"$error":"#N/A"},{"$error":"#N/A"},{"$error":"#N/A"},{"$error":"#N/A"},{"$error":"#N/A"}]
[2025,4,29,5,45776.208333331691,null,null,null,null,null,null,"","",{"$error":"#N/A"},{"$error":"#N/A"},{"$error":"#N/A"},{"$error":"#N/A"},{"$error":"#N/A"},{"$error":"#N/A"},{"$error":"#N/A"},{"$error":"#N/A"}]
[2025,4,29,6,45776.249999998356,null,null,null,null,null,null,"","",{"$error":"#N/A"},{"$error":"#N/A"},{"$error":"#N/A"},{"$error":"#N/A"},{"$error":"#N/A"},{"$error":"#N/A"},{"$error":"#N/A"},{"$error":"#N/A"}]
[2025,4,29,7,45776.29166666502,null,null,null,null,null,null,"","",{"$error":"#N/A"},{"$error":"#N/A"},{"$error":"#N/A"},{"$error":"#N/A"},{"$error":"#N/A"},{"$error":"#N/A"},{"$error":"#N/A"},{"$error":"#N/A"}]
[2025,4,29,8,45776.333333331684,null,null,null,null,null,null,"","",{"$error":"#N/A"},{"$error":"#N/A"},{"$error":"#N/A"},{"$error":"#N/A"},{"$error":"#N/A"},{"$error":"#N/A"},{"$error":"#N/A"},{"$error":"#N/A"}]
[2025,4,29,9,45776.374999998348,null,null,null,null,null,null,"","",{"$error":"#N/A"},{"$error":"#N/A"},{"$error":"#N/A"},{"$error":"#N/A"},{"$error":"#N/A"},{"$error":"#N/A"},{"$error":"#N/A"},{"$error":"#N/A"}]
[2025,4,29,10,45776.416666665013,null,null,null,null,null,null,"","",{"$error":"#N/A"},{"$error":"#N/A"},{"$error":"#N/A"},{"$error":"#N/A"},{"$error":"#N/A"},{"$error":"#N/A"},{"$error":"#N/A"},{"$error":"#N/A"}]
[2025,4,29,11,45776.458333331677,null,null,null,null,null,null,"","",{"$error":"#N/A"},{"$error":"#N/A"},{"$error":"#N/A"},{"$error":"#N/A"},{"$error":"#N/A"},{"$error":"#N/A"},{"$error":"#N/A"},{"$error":"#N/A"}]
[2025,4,29,12,45776.499999998341,null,null,null,null,null,null,"","",{"$error":"#N/A"},{"$error":"#N/A"},{"$error":"#N/A"},{"$error":"#N/A"},{"$error":"#N/A"},{"$error":"#N/A"},{"$error":"#N/A"},{"$error":"#N/A"}]
[2025,4,29,13,45776.541666665005,null,null,null,null,null,null,"","",{"$error":"#N/A"},{"$error":"#N/A"},{"$error":"#N/A"},{"$error":"#N/A"},{"$error":"#N/A"},{"$error":"#N/A"},{"$error":"#N/A"},{"$error":"#N/A"}]
[2025,4,29,14,45776.58333333167,null,null,null,null,null,null,"","",{"$error":"#N/A"},{"$error":"#N/A"},{"$error":"#N/A"},{"$error":"#N/A"},{"$error":"#N/A"},{"$error":"#N/A"},{"$error":"#N/A"},{"$error":"#N/A"}]
[2025,4,29,15,45776.624999998334,null,null,null,null,null,null,"","",{"$error":"#N/A"},{"$error":"#N/A"},{"$error":"#N/A"},{"$error":"#N/A"},{"$error":"#N/A"},{"$error":"#N/A"},{"$error":"#N/A"},{"$error":"#N/A"}]
[2025,4,29,16,45776.666666664998,null,null,null,null,null,null,"","",{"$error":"#N/A"},{"$error":"#N/A"},{"$error":"#N/A"},{"$error":"#N/A"},{"$error":"#N/A"},{"$error":"#N/A"},{"$error":"#N/A"},{"$error":"#N/A"}]
[2025,4,29,17,45776.708333331662,null,null,null,null,null,null,"","",{"$error":"#N/A"},{"$error":"#N/A"},{"$error":"#N/A"},{"$error":"#N/A"},{"$error":"#N/A"},{"$error":"#N/A"},{"$error":"#N/A"},{"$error":"#N/A"}]
[2025,4,29,18,45776.749999998327,null,null,null,null,null,null,"","",{"$error":"#N/A"},{"$error":"#N/A"},{"$error":"#N/A"},{"$error":"#N/A"},{"$error":"#N/A"},{"$error":"#N/A"},{"$error":"#N/A"},{"$error":"#N/A"}]
[2025,4,29,19,45776.791666664991,null,null,null,null,null,null,"","",{"$error":"#N/A"},{"$error":"#N/A"},{"$error":"#N/A"},{"$error":"#N/A"},{"$error":"#N/A"},{"$error":"#N/A"},{"$error":"#N/A"},{"$error":"#N/A"}]
[2025,4,29,20,45776.833333331655,null,null,null,null,null,null,"","",{"$error":"#N/A"},{"$error":"#N/A"},{"$error":"#N/A"},{"$error":"#N/A"},{"$error":"#N/A"},{"$error":"#N/A"},{"$error":"#N/A"},{"$error":"#N/A"}]
[2025,4,29,21,45776.874999998319,null,null,null,null,null,null,"","",{"$error":"#N/A"},{"$error":"#N/A"},{"$error":"#N/A"},{"$error":"#N/A"},{"$error":"#N/A"},{"$error":"#N/A"},{"$error":"#N/A"},{"$error":"#N/A"}]
[2025,4,29,22,45776.916666664983,null,null,null,null,null,null,"","",{"$error":"#N/A"},{"$error":"#N/A"},{"$error":"#N/A"},{"$error":"#N/A"},{"$error":"#N/A"},{"$error":"#N/A"},{"$error":"#N/A"},{"$error":"#N/A"}]
[2025,4,29,23,45776.958333331648,null,null,null,null,null,null,"","",{"$error":"#N/A"},{"$error":"#N/A"},{"$error":"#N/A"},{"$error":"#N/A"},{"$error":"#N/A"},{"$error":"#N/A"},{"$error":"#N/A"},{"$error":"#N/A"}]
[2025,4,30,0,45776.999999998312,null,null,null,null,null,null,"","",{"$error":"#N/A"},{"$error":"#N/A"},{"$error":"#N/A"},{"$error":"#N/A"},{"$error":"#N/A"},{"$error":"#N/A"},{"$error":"#N/A"},{"$error":"#N/A"}]
[2025,4,30,1,45777.041666664976,null,null,null,null,null,null,"","",{"$error":"#N/A"},{"$error":"#N/A"},{"$error":"#N/A"},{"$error":"#N/A"},{"$error":"#N/A"},{"$error":"#N/A"},{"$error":"#N/A"},{"$error":"#N/A"}]
[2025,4,30,2,45777.08333333164,null,null,null,null,null,null,"","",{"$error":"#N/A"},{"$error":"#N/A"},{"$error":"#N/A"},{"$error":"#N/A"},{"$error":"#N/A"},{"$error":"#N/A"},{"$error":"#N/A"},{"$error":"#N/A"}]
[2025,4,30,3,45777.124999998305,null,null,null,null,null,null,"","",{"$error":"#N/A"},{"$error":"#N/A"},{"$error":"#N/A"},{"$error":"#N/A"},{"$error":"#N/A"},{"$error":"#N/A"},{"$error":"#N/A"},{"$error":"#N/A"}]
[2025,4,30,4,45777.166666664969,null,null,null,null,null,null,"","",{"$error":"#N/A"},{"$error":"#N/A"},{"$error":"#N/A"},{"$error":"#N/A"},{"$error":"#N/A"},{"$error":"#N/A"},{"$error":"#N/A"},{"$error":"#N/A"}]
[2025,4,30,5,45777.208333331633,null,null,null,null,null,null,"","",{"$error":"#N/A"},{"$error":"#N/A"},{"$error":"#N/A"},{"$error":"#N/A"},{"$error":"#N/A"},{"$error":"#N/A"},{"$error":"#N/A"},{"$error":"#N/A"}]
[2025,4,30,6,45777.249999998297,null,null,null,null,null,null,"","",{"$error":"#N/A"},{"$error":"#N/A"},{"$error":"#N/A"},{"$error":"#N/A"},{"$error":"#N/A"},{"$error":"#N/A"},{"$error":"#N/A"},{"$error":"#N/A"}]
[2025,4,30,7,45777.291666664962,null,null,null,null,null,null,"","",{"$error":"#N/A"},{"$error":"#N/A"},{"$error":"#N/A"},{"$error":"#N/A"},{"$error":"#N/A"},{"$error":"#N/A"},{"$error":"#N/A"},{"$error":"#N/A"}]
[2025,4,30,8,45777.333333331626,null,null,null,null,null,null,"","",{"$error":"#N/A"},{"$error":"#N/A"},{"$error":"#N/A"},{"$error":"#N/A"},{"$error":"#N/A"},{"$error":"#N/A"},{"$error":"#N/A"},{"$error":"#N/A"}]
[2025,4,30,9,45777.37499999829,null,null,null,null,null,null,"","",{"$error":"#N/A"},{"$error":"#N/A"},{"$error":"#N/A"},{"$error":"#N/A"},{"$error":"#N/A"},{"$error":"#N/A"},{"$error":"#N/A"},{"$error":"#N/A"}]
[2025,4,30,{"$f":"IF(D707=23,0,D707+1)","v":10},{"$f":"E707+0.0416666666666666","v":45777.416666664954},null,null,null,null,null,null,"","",{"$error":"#N/A"},{"$error":"#N/A"},{"$error":"#N/A"},{"$error":"#N/A"},{"$error":"#N/A"},{"$error":"#N/A"},{"$error":"#N/A"},{"$error":"#N/A"}]
[2025,4,30,11,45777.458333331619,null,null,null,null,null,null,"","",{"$error":"#N/A"},{"$error":"#N/A"},{"$error":"#N/A"},{"$error":"#N/A"},{"$error":"#N/A"},{"$error":"#N/A"},{"$error":"#N/A"},{"$error":"#N/A"}]
[2025,4,30,12,45777.499999998283,null,null,null,null,null,null,"","",{"$error":"#N/A"},{"$error":"#N/A"},{"$error":"#N/A"},{"$error":"#N/A"},{"$error":"#N/A"},{"$error":"#N/A"},{"$error":"#N/A"},{"$error":"#N/A"}]
[2025,4,30,13,45777.541666664947,null,null,null,null,null,null,"","",{"$error":"#N/A"},{"$error":"#N/A"},{"$error":"#N/A"},{"$error":"#N/A"},{"$error":"#N/A"},{"$error":"#N/A"},{"$error":"#N/A"},{"$error":"#N/A"}]
[2025,4,30,14,45777.583333331611,null,null,null,null,null,null,"","",{"$error":"#N/A"},{"$error":"#N/A"},{"$error":"#N/A"},{"$error":"#N/A"},{"$error":"#N/A"},{"$error":"#N/A"},{"$error":"#N/A"},{"$error":"#N/A"}]
[2025,4,30,15,45777.624999998276,null,null,null,null,null,null,"","",{"$error":"#N/A"},{"$error":"#N/A"},{"$error":"#N/A"},{"$error":"#N/A"},{"$error":"#N/A"},{"$error":"#N/A"},{"$error":"#N/A"},{"$error":"#N/A"}]
[2025,4,30,16,45777.66666666494,null,null,null,null,null,null,"","",{"$error":"#N/A"},{"$error":"#N/A"},{"$error":"#N/A"},{"$error":"#N/A"},{"$error":"#N/A"},{"$error":"#N/A"},{"$error":"#N/A"},{"$error":"#N/A"}]
[2025,4,30,17,45777.708333331604,null,null,null,null,null,null,"","",{"$error":"#N/A"},{"$error":"#N/A"},{"$error":"#N/A"},{"$error":"#N/A"},{"$error":"#N/A"},{"$error":"#N/A"},{"$error":"#N/A"},{"$error":"#N/A"}]
[2025,4,30,18,45777.749999998268,null,null,null,null,null,null,"","",{"$error":"#N/A"},{"$error":"#N/A"},{"$error":"#N/A"},{"$error":"#N/A"},{"$error":"#N/A"},{"$error":"#N/A"},{"$error":"#N/A"},{"$error":"#N/A"}]
[2025,4,30,19,45777.791666664933,null,null,null,null,null,null,"","",{"$error":"#N/A"},{"$error":"#N/A"},{"$error":"#N/A"},{"$error":"#N/A"},{"$error":"#N/A"},{"$error":"#N/A"},{"$error":"#N/A"},{"$error":"#N/A"}]
[2025,4,30,20,45777.833333331597,null,null,null,null,null,null,"","",{"$error":"#N/A"},{"$error":"#N/A"},{"$error":"#N/A"},{"$error":"#N/A"},{"$error":"#N/A"},{"$error":"#N/A"},{"$error":"#N/A"},{"$error":"#N/A"}]
[2025,4,30,21,45777.874999998261,null,null,null,null,null,null,"","",{"$error":"#N/A"},{"$error":"#N/A"},{"$error":"#N/A"},{"$error":"#N/A"},{"$error":"#N/A"},{"$error":"#N/A"},{"$error":"#N/A"},{"$error":"#N/A"}]
[2025,4,30,22,45777.916666664925,null,null,null,null,null,null,"","",{"$error":"#N/A"},{"$error":"#N/A"},{"$error":"#N/A"},{"$error":"#N/A"},{"$error":"#N/A"},{"$error":"#N/A"},{"$error":"#N/A"},{"$error":"#N/A"}]
[2025,4,30,23,45777.95833333159,null,null,null,null,null,null,"","",{"$error":"#N/A"},{"$error":"#N/A"},{"$error":"#N/A"},{"$error":"#N/A"},{"$error":"#N/A"},{"$error":"#N/A"},{"$error":"#N/A"},{"$error":"#N/A"}]
[null,null,null,null,null,null,null,null,null,null,null,null,null,{"$f":"IF(G722=\"Valid\", F722, NA())","v":{"$error":"#N/A"}},{"$f":"IF(G722=\"Valid\", H722, NA())","v":{"$error":"#N/A"}},{"$f":"IF(J722=\"Valid\", I722, NA())","v":{"$error":"#N/A"}},{"$f":"IF(J722=\"Valid\", K722, NA())","v":{"$error":"#N/A"}},{"$error":"#N/A"},{"$error":"#N/A"},{"$error":"#N/A"},{"$error":"#N/A"}]
[null,null,null,null,null,null,null,null,null,null,null,null,null,{"$error":"#N/A"},{"$error":"#N/A"},{"$error":"#N/A"},{"$error":"#N/A"},{"$error":"#N/A"},{"$error":"#N/A"},{"$error":"#N/A"},{"$error":"#N/A"}]
[null,null,null,null,null,null,null,null,null,null,null,null,null,{"$error":"#N/A"},{"$error":"#N/A"},{"$error":"#N/A"},{"$error":"#N/A"},{"$error":"#N/A"},{"$error":"#N/A"},{"$error":"#N/A"},{"$error":"#N/A"}]
[null,null,null,null,null,null,null,null,null,null,null,null,null,{"$error":"#N/A"},{"$error":"#N/A"},{"$error":"#N/A"},{"$error":"#N/A"},{"$error":"#N/A"},{"$error":"#N/A"},{"$error":"#N/A"},{"$error":"#N/A"}]
[null,null,null,null,null,null,null,null,null,null,null,null,null,{"$error":"#N/A"},{"$error":"#N/A"},{"$error":"#N/A"},{"$error":"#N/A"},{"$error":"#N/A"},{"$error":"#N/A"},{"$error":"#N/A"},{"$error":"#N/A"}]
[null,null,null,null,null,null,null,null,null,null,null,null,null,{"$error":"#N/A"},{"$error":"#N/A"},{"$error":"#N/A"},{"$error":"#N/A"},{"$error":"#N/A"},{"$error":"#N/A"},{"$error":"#N/A"},{"$error":"#N/A"}]
[null,null,null,null,null,null,null,null,null,null,null,null,null,{"$error":"#N/A"},{"$error":"#N/A"},{"$error":"#N/A"},{"$error":"#N/A"},{"$error":"#N/A"},{"$error":"#N/A"},{"$error":"#N/A"},{"$error":"#N/A"}]
[null,null,null,null,null,null,null,null,null,null,null,null,null,{"$error":"#N/A"},{"$error":"#N/A"},{"$error":"#N/A"},{"$error":"#N/A"},{"$error":"#N/A"},{"$error":"#N/A"},{"$error":"#N/A"},{"$error":"#N/A"}]
[null,null,null,null,null,null,null,null,null,null,null,null,null,{"$error":"#N/A"},{"$error":"#N/A"},{"$error":"#N/A"},{"$error":"#N/A"},{"$error":"#N/A"},{"$error":"#N/A"},{"$error":"#N/A"},{"$error":"#N/A"}]
[null,null,null,null,null,null,null,null,null,null,null,null,null,{"$error":"#N/A"},{"$error":"#N/A"},{"$error":"#N/A"},{"$error":"#N/A"},{"$error":"#N/A"},{"$error":"#N/A"},{"$error":"#N/A"},{"$error":"#N/A"}]
[null,null,null,null,null,null,null,null,null,null,null,null,null,{"$error":"#N/A"},{"$error":"#N/A"},{"$error":"#N/A"},{"$error":"#N/A"},{"$error":"#N/A"},{"$error":"#N/A"},{"$error":"#N/A"},{"$error":"#N/A"}]
[null,null,null,null,null,null,null,null,null,null,null,null,null,{"$error":"#N/A"},{"$error":"#N/A"},{"$error":"#N/A"},{"$error":"#N/A"},{"$error":"#N/A"},{"$error":"#N/A"},{"$error":"#N/A"},{"$error":"#N/A"}]
[null,null,null,null,null,null,null,null,null,null,null,null,null,{"$error":"#N/A"},{"$error":"#N/A"},{"$error":"#N/A"},{"$error":"#N/A"},{"$error":"#N/A"},{"$error":"#N/A"},{"$error":"#N/A"},{"$error":"#N/A"}]
[null,null,null,null,null,null,null,null,null,null,null,null,null,{"$error":"#N/A"},{"$error":"#N/A"},{"$error":"#N/A"},{"$error":"#N/A"},{"$error":"#N/A"},{"$error":"#N/A"},{"$error":"#N/A"},{"$error":"#N/A"}]
[null,null,null,null,null,null,null,null,null,null,null,null,null,{"$error":"#N/A"},{"$error":"#N/A"},{"$error":"#N/A"},{"$error":"#N/A"},{"$error":"#N/A"},{"$error":"#N/A"},{"$error":"#N/A"},{"$error":"#N/A"}]
[null,null,null,null,null,null,null,null,null,null,null,null,null,{"$error":"#N/A"},{"$error":"#N/A"},{"$error":"#N/A"},{"$error":"#N/A"},{"$error":"#N/A"},{"$error":"#N/A"},{"$error":"#N/A"},{"$error":"#N/A"}]
[null,null,null,null,null,null,null,null,null,null,null,null,null,{"$error":"#N/A"},{"$error":"#N/A"},{"$error":"#N/A"},{"$error":"#N/A"},{"$error":"#N/A"},{"$error":"#N/A"},{"$error":"#N/A"},{"$error":"#N/A"}]
[null,null,null,null,null,null,null,null,null,null,null,null,null,{"$error":"#N/A"},{"$error":"#N/A"},{"$error":"#N/A"},{"$error":"#N/A"},{"$error":"#N/A"},{"$error":"#N/A"},{"$error":"#N/A"},{"$error":"#N/A"}]
[null,null,null,null,null,null,null,null,null,null,null,null,null,{"$error":"#N/A"},{"$error":"#N/A"},{"$error":"#N/A"},{"$error":"#N/A"},{"$error":"#N/A"},{"$error":"#N/A"},{"$error":"#N/A"},{"$error":"#N/A"}]
[null,null,null,null,null,null,null,null,null,null,null,null,null,{"$error":"#N/A"},{"$error":"#N/A"},{"$error":"#N/A"},{"$error":"#N/A"},{"$error":"#N/A"},{"$error":"#N/A"},{"$error":"#N/A"},{"$error":"#N/A"}]
[null,null,null,null,null,null,null,null,null,null,null,null,null,{"$error":"#N/A"},{"$error":"#N/A"},{"$error":"#N/A"},{"$error":"#N/A"},{"$error":"#N/A"},{"$error":"#N/A"},{"$error":"#N/A"},{"$error":"#N/A"}]
[null,null,null,null,null,null,null,null,null,null,null,null,null,{"$error":"#N/A"},{"$error":"#N/A"},{"$error":"#N/A"},{"$error":"#N/A"},{"$error":"#N/A"},{"$error":"#N/A"},{"$error":"#N/A"},{"$error":"#N/A"}]
[null,null,null,null,null,null,null,null,null,null,null,null,null,{"$error":"#N/A"},{"$error":"#N/A"},{"$error":"#N/A"},{"$error":"#N/A"},{"$error":"#N/A"},{"$error":"#N/A"},{"$error":"#N/A"},{"$error":"#N/A"}]
[null,null,null,null,null,null,null,null,null,null,null,null,null,{"$error":"#N/A"},{"$error":"#N/A"},{"$error":"#N/A"},{"$error":"#N/A"},{"$error":"#N/A"},{"$error":"#N/A"},{"$error":"#N/A"},{"$error":"#N/A"}]

{"sheet":"Raw data_format","index":4,"n_rows":8,"n_cols":6,"rows_kept":8,"cut":false,"hidden":false,"merged":[]}
["Parameter","Format","Comment","Units of measure","Minimum","Maximum"]
["Year","yyyy","4 integer format","Not applicable",2015,"Until reporting ceases"]
["Month","mm","2 integer format","Not applicable",1,12]
["Day","dd","2 integer format","Not applicable",1,31]
["Hour","hh","2 integer format","Not applicable",0,23]
["PM10",0,"1 decimal place resolution","µg/m3","Negative","Instrument specific"]
["PM2.5",0,"2 decimal place resolution","µg/m3","Negative","Instrument specific"]
["Status","Text","7 character format","Not applicable","Valid","Invalid"]

{"sheet":"Sheet1","index":7,"n_rows":0,"n_cols":0,"rows_kept":0,"cut":false,"hidden":false,"merged":[]}