{"text_format":"1","workbook":"xlsx","n_sheets":7,"sheets":["Instructions","Meta data_sheet","Meta data_lookup","Raw data_format","Raw data_sheet","24hr_PM10_chart","24hr_PM2.5_chart"],"not_rendered":{"charts":4,"images":0,"macros":1,"external_links":0,"defined_names":15,"comments":0,"pivot_tables":0},"unopened":[{"sheet":"24hr_PM10_chart","index":5,"reason":"not_a_worksheet"},{"sheet":"24hr_PM2.5_chart","index":6,"reason":"not_a_worksheet"}],"bounds":{"document_bytes":16777216,"sheet_cells":100000,"rows_first":2000,"rows_last":500,"rows_between":2000,"halvings":0,"cell_chars":16384,"cell_head_chars":4096},"cells_cut":0,"cells_raw":0,"read":"whole","date_system":"1900"}

{"sheet":"Instructions","index":0,"n_rows":0,"n_cols":0,"rows_kept":0,"cut":false,"hidden":false,"merged":[]}

{"sheet":"Meta data_sheet","index":1,"n_rows":17,"n_cols":5,"rows_kept":17,"cut":false,"hidden":false,"merged":[[18,0,18,1],[16,0,16,1]]}
["Ambient Monitoring Station","Details",null,"Ambient Monitoring Results","Details"]
["Location","Will-gai",null,"PM2.5 monitoring start (dd/mm/yyyy hh:mm)","2025-03-01"]
["Easting",{"$f":"VLOOKUP($B$2,'Meta data_lookup'!$A$2:$D$5,2,FALSE)","v":231804},null,"PM2.5 monitoring end","2025-04-01"]
["Northing",{"$f":"VLOOKUP($B$2,'Meta data_lookup'!$A$2:$D$5,3,FALSE)","v":6596392},null,"PM2.5 monitoring period (h)",{"$f":"(E3-E2)*24","v":744}]
["Site elevation (m)",{"$f":"VLOOKUP($B$2,'Meta data_lookup'!$A$2:$D$5,4,FALSE)","v":294},null,"Number of valid PM2.5 results",{"$f":"COUNTIF('Raw data_sheet'!G2:G745,\"Valid\")","v":740}]
["Description of surrounding land use","Agriculture/Mining",null,"Proportion of valid PM2.5 results (%)",{"$f":"E5/E4","v":0.9946236559139785}]
["Typical sources impacting on the site","Agriculture",null,"PM10 monitoring start (dd/mm/yyyy hh:mm)","2025-03-01"]
["Site compliance with AS/NZS 3580.1.1:2007","Yes",null,"PM10 monitoring end","2025-04-01"]
["PM2.5 method compliance with AS/NZS 3580.9.13:2013\n","Yes",null,"PM10 monitoring period (h)",{"$f":"(E8-E7)*24","v":744}]
["PM2.5 instrument make","Thermo Scientific",null,"Number of valid PM10 results",{"$f":"COUNTIF('Raw data_sheet'!J2:J745,\"Valid\")","v":740}]
["PM2.5 instrument model","1405DF",null,"Proportion of valid PM10 results (%)",{"$f":"E10/E9","v":0.9946236559139785}]
["PM2.5 instrument intake height (m)",3.5]
["PM10 method compliance with AS 3580.9.8-2008\n","No*"]
["PM10 instrument make","Thermo Scientific"]
["PM10 instrument model","1405DF"]
["PM10 instrument intake height (m)",3.5]
["*The 1405DF TEOM used at this site measures PM10 indirectly rather than directly. The unit does however meet the intent of AS 3580.9.8-2008, and this method has been accredited by the USEPA. It is considered scientifically robust and is used extensively throughout NSW with EPA's knowledge and informal acceptance."]

{"sheet":"Meta data_lookup","index":2,"n_rows":5,"n_cols":4,"rows_kept":5,"cut":false,"hidden":false,"merged":[]}
["Location","Easting","Northing","Site elevation (m)"]
["Maules Creek",225302,6623037,"ND"]
["Breeza",237993,6542606,"ND"]
["Will-gai",231804,6596392,294]
["Werris Creek",276783,6528734,362]

{"sheet":"Raw data_format","index":3,"n_rows":8,"n_cols":6,"rows_kept":8,"cut":false,"hidden":false,"merged":[]}
["Parameter","Format","Comment","Units of measure","Minimum","Maximum"]
["Year","yyyy","4 integer format","Not applicable",2015,"Until reporting ceases"]
["Month","mm","2 integer format","Not applicable",1,12]
["Day","dd","2 integer format","Not applicable",1,31]
["Hour","hh","2 integer format","Not applicable",0,23]
["PM10",0,"1 decimal place resolution","µg/m3","Negative","Instrument specific"]
["PM2.5",0,"2 decimal place resolution","µg/m3","Negative","Instrument specific"]
["Status","Text","7 character format","Not applicable","Valid","Invalid"]

{"sheet":"Raw data_sheet","index":4,"n_rows":745,"n_cols":21,"rows_kept":745,"cut":false,"hidden":false,"merged":[]}
["Year","Month","Day","Hour","Date and time","PM2.5_hourly","PM2.5_Data_Status","PM2.5_24hr_rolling_average","PM10_hourly","PM10_Data_Status","PM10_24hr_rolling_average",null,null,"PM2.5_hourly_valid_plot","PM2.5_24hr_rolling_ave_valid_plot","PM10_hourly_valid_plot","PM10_24hr_rolling_ave_valid_plot","PM10_hourly_valid_plot_series","PM10_24hr_rolling_average_valid_plot_series","PM2.5_hourly_valid_plot_series","PM2.5_24hr_rolling_average_valid_plot_series"]
[2025,3,1,0,{"$f":"DATE(A2,B2,C2)+TIME(D2,0,0)","v":45717},15.18,"Valid",17.440416666666664,21.91,"Valid",39.715833333333322,"","",{"$f":"IF(G2=\"Valid\", F2, NA())","v":15.18},{"$f":"IF(G2=\"Valid\", H2, NA())","v":17.440416666666664},{"$f":"IF(J2=\"Valid\", I2, NA())","v":21.91},{"$f":"IF(J2=\"Valid\", K2, NA())","v":39.715833333333322},21.91,39.715833333333322,15.18,17.440416666666664]
[2025,3,{"$f":"C2","v":1},{"$f":"IF(D2=23,0,D2+1)","v":1},{"$f":"E2+0.0416666666666666","v":45717.041666666664},15.56,"Valid",17.793749999999999,29.97,"Valid",40.437499999999993,"","",15.56,17.793749999999999,29.97,40.437499999999993,29.97,40.437499999999993,15.56,17.793749999999999]
[2025,3,{"$f":"C3","v":1},{"$f":"IF(D3=23,0,D3+1)","v":2},{"$f":"E3+0.0416666666666666","v":45717.083333333328},16.989999999999998,"Valid",18.025416666666665,32.42,"Valid",41.130833333333321,"","",16.989999999999998,18.025416666666665,32.42,41.130833333333321,32.42,41.130833333333321,16.989999999999998,18.025416666666665]
[2025,3,1,3,45717.124999999993,19.66,"Valid",18.365416666666665,34.74,"Valid",41.89374999999999,"","",19.66,18.365416666666665,34.74,41.89374999999999,34.74,41.89374999999999,19.66,18.365416666666665]
[2025,3,1,4,45717.166666666657,19.93,"Valid",18.547916666666666,36.07,"Valid",40.64041666666666,"","",19.93,18.547916666666666,36.07,40.64041666666666,36.07,40.64041666666666,19.93,18.547916666666666]
[2025,3,1,5,45717.208333333321,19.809999999999999,"Valid",18.692916666666665,29.84,"Valid",39.797916666666659,"","",19.809999999999999,18.692916666666665,29.84,39.797916666666659,29.84,39.797916666666659,19.809999999999999,18.692916666666665]
[2025,3,1,6,45717.249999999985,17.329999999999998,"Valid",17.079583333333336,32.119999999999997,"Valid",31.501666666666669,"","",17.329999999999998,17.079583333333336,32.119999999999997,31.501666666666669,32.119999999999997,31.501666666666669,17.329999999999998,17.079583333333336]
[2025,3,1,7,45717.29166666665,40.369999999999997,"Valid",17.807916666666667,161.82,"Valid",35.229583333333345,"","",40.369999999999997,17.807916666666667,161.82,35.229583333333345,161.82,35.229583333333345,40.369999999999997,17.807916666666667]
[2025,3,1,8,45717.333333333314,18.97,"Valid",17.977083333333336,50.26,"Valid",35.632916666666667,"","",18.97,17.977083333333336,50.26,35.632916666666667,50.26,35.632916666666667,18.97,17.977083333333336]
[2025,3,1,9,45717.374999999978,17.62,"Valid",18.214166666666667,37.26,"Valid",36.357083333333343,"","",17.62,18.214166666666667,37.26,36.357083333333343,37.26,36.357083333333343,17.62,18.214166666666667]
[2025,3,1,10,45717.416666666642,14.56,"Valid",18.385000000000002,33.04,"Valid",36.680000000000007,"","",14.56,18.385000000000002,33.04,36.680000000000007,33.04,36.680000000000007,14.56,18.385000000000002]
[2025,3,1,11,45717.458333333307,16.53,"Valid",18.453333333333337,25.74,"Valid",36.715000000000003,"","",16.53,18.453333333333337,25.74,36.715000000000003,25.74,36.715000000000003,16.53,18.453333333333337]
[2025,3,1,12,45717.499999999971,17.38,"Valid",18.63,26.17,"Valid",36.8675,"","",17.38,18.63,26.17,36.8675,26.17,36.8675,17.38,18.63]
[2025,3,1,13,45717.541666666635,13.71,"Valid",18.67208333333333,22.36,"Valid",36.677499999999988,"","",13.71,18.67208333333333,22.36,36.677499999999988,22.36,36.677499999999988,13.71,18.67208333333333]
[2025,3,1,14,45717.583333333299,7.3,"Valid",18.579166666666666,17.14,"Valid",36.560416666666661,"","",7.3,18.579166666666666,17.14,36.560416666666661,17.14,36.560416666666661,7.3,18.579166666666666]
[2025,3,1,15,45717.624999999964,18.36,"Valid",18.663750000000004,32.229999999999997,"Valid",36.718749999999993,"","",18.36,18.663750000000004,32.229999999999997,36.718749999999993,32.229999999999997,36.718749999999993,18.36,18.663750000000004]
[2025,3,1,16,45717.666666666628,17.739999999999998,"Valid",18.903750000000002,27.03,"Valid",36.65208333333333,"","",17.739999999999998,18.903750000000002,27.03,36.65208333333333,27.03,36.65208333333333,17.739999999999998,18.903750000000002]
[2025,3,1,17,45717.708333333292,11.03,"Valid",18.911666666666665,22.87,"Valid",36.410416666666663,"","",11.03,18.911666666666665,22.87,36.410416666666663,22.87,36.410416666666663,11.03,18.911666666666665]
[2025,3,1,18,45717.749999999956,20.94,"Valid",18.753333333333334,29.33,"Valid",36.213749999999997,"","",20.94,18.753333333333334,29.33,36.213749999999997,29.33,36.213749999999997,20.94,18.753333333333334]
[2025,3,1,19,45717.791666666621,22.02,"Valid",18.758749999999999,30.33,"Valid",36.121249999999996,"","",22.02,18.758749999999999,30.33,36.121249999999996,30.33,36.121249999999996,22.02,18.758749999999999]
[2025,3,1,20,45717.833333333285,21.11,"Valid",18.541666666666664,25.78,"Valid",35.73833333333333,"","",21.11,18.541666666666664,25.78,35.73833333333333,25.78,35.73833333333333,21.11,18.541666666666664]
[2025,3,1,21,45717.874999999949,21.65,"Valid",18.553333333333331,30.07,"Valid",35.606666666666669,"","",21.65,18.553333333333331,30.07,35.606666666666669,30.07,35.606666666666669,21.65,18.553333333333331]
[2025,3,1,22,45717.916666666613,12.74,"Valid",18.034166666666668,19.78,"Valid",34.689583333333331,"","",12.74,18.034166666666668,19.78,34.689583333333331,19.78,34.689583333333331,12.74,18.034166666666668]
[2025,3,{"$f":"C24","v":1},23,45717.958333333278,14.71,"Valid",17.966666666666665,24.01,"Valid",34.678750000000001,"","",14.71,17.966666666666665,24.01,34.678750000000001,24.01,34.678750000000001,14.71,17.966666666666665]
[2025,3,{"$f":"C2+1","v":2},0,45717.999999999942,15.95,"Valid",17.998749999999998,21.57,"Valid",34.66458333333334,"","",15.95,17.998749999999998,21.57,34.66458333333334,21.57,34.66458333333334,15.95,17.998749999999998]
[2025,3,{"$f":"C3+1","v":2},1,45718.041666666606,10.29,"Valid",17.779166666666665,15.03,"Valid",34.042083333333338,"","",10.29,17.779166666666665,15.03,34.042083333333338,15.03,34.042083333333338,10.29,17.779166666666665]
[2025,3,2,2,45718.08333333327,14.65,"Valid",17.681666666666665,19.43,"Valid",33.50083333333334,"","",14.65,17.681666666666665,19.43,33.50083333333334,19.43,33.50083333333334,14.65,17.681666666666665]
[2025,3,2,3,45718.124999999935,14.21,"Valid",17.454583333333332,19.190000000000001,"Valid",32.852916666666673,"","",14.21,17.454583333333332,19.190000000000001,32.852916666666673,19.190000000000001,32.852916666666673,14.21,17.454583333333332]
[2025,3,2,4,45718.166666666599,12.67,"Valid",17.152083333333334,20.36,"Valid",32.198333333333338,"","",12.67,17.152083333333334,20.36,32.198333333333338,20.36,32.198333333333338,12.67,17.152083333333334]
[2025,3,2,5,45718.208333333263,14.84,"Valid",16.944999999999997,22.79,"Valid",31.904583333333338,"","",14.84,16.944999999999997,22.79,31.904583333333338,22.79,31.904583333333338,14.84,16.944999999999997]
[2025,3,2,6,45718.249999999927,24.86,"Valid",17.258749999999999,65.62,"Valid",33.300416666666671,"","",24.86,17.258749999999999,65.62,33.300416666666671,65.62,33.300416666666671,24.86,17.258749999999999]
[2025,3,2,7,45718.291666666591,26.89,"Valid",16.697083333333335,74.31,"Valid",29.654166666666669,"","",26.89,16.697083333333335,74.31,29.654166666666669,74.31,29.654166666666669,26.89,16.697083333333335]
[2025,3,2,8,45718.333333333256,25.44,"Valid",16.966666666666665,72.81,"Valid",30.59375,"","",25.44,16.966666666666665,72.81,30.59375,72.81,30.59375,25.44,16.966666666666665]
[2025,3,2,9,45718.37499999992,15.01,"Valid",16.857916666666664,29.85,"Valid",30.285,"","",15.01,16.857916666666664,29.85,30.285,29.85,30.285,15.01,16.857916666666664]
[2025,3,2,10,45718.416666666584,18.190000000000001,"Valid",17.009166666666665,25.74,"Valid",29.980833333333337,"","",18.190000000000001,17.009166666666665,25.74,29.980833333333337,25.74,29.980833333333337,18.190000000000001,17.009166666666665]
[2025,3,2,11,45718.458333333248,16.71,"Valid",17.016666666666662,27.81,"Valid",30.067083333333333,"","",16.71,17.016666666666662,27.81,30.067083333333333,27.81,30.067083333333333,16.71,17.016666666666662]
[2025,3,2,12,45718.499999999913,13.35,"Valid",16.848749999999999,21,"Valid",29.851666666666663,"","",13.35,16.848749999999999,21,29.851666666666663,21,29.851666666666663,13.35,16.848749999999999]
[2025,3,2,13,45718.541666666577,16.059999999999999,"Valid",16.946666666666665,23.22,"Valid",29.887500000000003,"","",16.059999999999999,16.946666666666665,23.22,29.887500000000003,23.22,29.887500000000003,16.059999999999999,16.946666666666665]
[2025,3,2,14,45718.583333333241,14.99,"Valid",17.267083333333332,23.46,"Valid",30.150833333333335,"","",14.99,17.267083333333332,23.46,30.150833333333335,23.46,30.150833333333335,14.99,17.267083333333332]
[2025,3,2,15,45718.624999999905,17.440000000000001,"Valid",17.228749999999998,29.31,"Valid",30.029166666666665,"","",17.440000000000001,17.228749999999998,29.31,30.029166666666665,29.31,30.029166666666665,17.440000000000001,17.228749999999998]
[2025,3,2,16,45718.66666666657,19.71,"Valid",17.310833333333331,29.88,"Valid",30.147916666666664,"","",19.71,17.310833333333331,29.88,30.147916666666664,29.88,30.147916666666664,19.71,17.310833333333331]
[2025,3,2,17,45718.708333333234,20.02,"Valid",17.685416666666665,37.39,"Valid",30.752916666666664,"","",20.02,17.685416666666665,37.39,30.752916666666664,37.39,30.752916666666664,20.02,17.685416666666665]
[2025,3,2,18,45718.749999999898,14.24,"Valid",17.406249999999996,21,"Valid",30.405833333333334,"","",14.24,17.406249999999996,21,30.405833333333334,21,30.405833333333334,14.24,17.406249999999996]
[2025,3,2,19,45718.791666666562,11.99,"Valid",16.988333333333333,22.65,"Valid",30.08583333333333,"","",11.99,16.988333333333333,22.65,30.08583333333333,22.65,30.08583333333333,11.99,16.988333333333333]
[2025,3,2,20,45718.833333333227,12.22,"Valid",16.617916666666666,20.399999999999999,"Valid",29.861666666666665,"","",12.22,16.617916666666666,20.399999999999999,29.861666666666665,20.399999999999999,29.861666666666665,12.22,16.617916666666666]
[2025,3,2,21,45718.874999999891,14.61,"Valid",16.324583333333333,26.36,"Valid",29.707083333333333,"","",14.61,16.324583333333333,26.36,29.707083333333333,26.36,29.707083333333333,14.61,16.324583333333333]
[2025,3,2,22,45718.916666666555,16.5,"Valid",16.481249999999999,23.04,"Valid",29.842916666666664,"","",16.5,16.481249999999999,23.04,29.842916666666664,23.04,29.842916666666664,16.5,16.481249999999999]
[2025,3,2,23,45718.958333333219,8.39,"Valid",16.217916666666667,14.4,"Valid",29.442499999999995,"","",8.39,16.217916666666667,14.4,29.442499999999995,14.4,29.442499999999995,8.39,16.217916666666667]
[2025,3,3,0,45718.999999999884,12.45,"Valid",16.072083333333335,18.059999999999999,"Valid",29.296249999999997,null,null,12.45,16.072083333333335,18.059999999999999,29.296249999999997,18.059999999999999,29.296249999999997,12.45,16.072083333333335]
[2025,3,3,1,45719.041666666548,19.11,"Valid",16.439583333333335,29.37,"Valid",29.893749999999994,null,null,19.11,16.439583333333335,29.37,29.893749999999994,29.37,29.893749999999994,19.11,16.439583333333335]
[2025,3,3,2,45719.083333333212,30.13,"Valid",17.084583333333335,40.159999999999997,"Valid",30.757499999999993,null,null,30.13,17.084583333333335,40.159999999999997,30.757499999999993,40.159999999999997,30.757499999999993,30.13,17.084583333333335]
[2025,3,3,3,45719.124999999876,30.08,"Valid",17.745833333333334,36.35,"Valid",31.472499999999993,null,null,30.08,17.745833333333334,36.35,31.472499999999993,36.35,31.472499999999993,30.08,17.745833333333334]
[2025,3,3,4,45719.166666666541,27.6,"Valid",18.36791666666667,32.53,"Valid",31.979583333333323,null,null,27.6,18.36791666666667,32.53,31.979583333333323,32.53,31.979583333333323,27.6,18.36791666666667]
[2025,3,3,5,45719.208333333205,23.2,"Valid",18.716250000000002,27.55,"Valid",32.177916666666654,null,null,23.2,18.716250000000002,27.55,32.177916666666654,27.55,32.177916666666654,23.2,18.716250000000002]
[2025,3,3,6,45719.249999999869,22.24,"Valid",18.607083333333335,27.54,"Valid",30.591249999999992,null,null,22.24,18.607083333333335,27.54,30.591249999999992,27.54,30.591249999999992,22.24,18.607083333333335]
[2025,3,3,7,45719.291666666533,21.8,"Valid",18.395,26.09,"Valid",28.58208333333333,null,null,21.8,18.395,26.09,28.58208333333333,26.09,28.58208333333333,21.8,18.395]
[2025,3,3,8,45719.333333333198,20.57,"Valid",18.192083333333333,25.07,"Valid",26.592916666666667,null,null,20.57,18.192083333333333,25.07,26.592916666666667,25.07,26.592916666666667,20.57,18.192083333333333]
[2025,3,3,9,45719.374999999862,17.89,"Valid",18.312083333333334,23.51,"Valid",26.328749999999999,null,null,17.89,18.312083333333334,23.51,26.328749999999999,23.51,26.328749999999999,17.89,18.312083333333334]
[2025,3,3,10,45719.416666666526,14.36,"Valid",18.1525,19.739999999999998,"Valid",26.078750000000003,null,null,14.36,18.1525,19.739999999999998,26.078750000000003,19.739999999999998,26.078750000000003,14.36,18.1525]
[2025,3,3,11,45719.45833333319,14.17,"Valid",18.046666666666667,20.13,"Valid",25.758750000000006,null,null,14.17,18.046666666666667,20.13,25.758750000000006,20.13,25.758750000000006,14.17,18.046666666666667]
[2025,3,3,12,45719.499999999854,12.32,"Valid",18.00375,18.64,"Valid",25.660416666666666,null,null,12.32,18.00375,18.64,25.660416666666666,18.64,25.660416666666666,12.32,18.00375]
[2025,3,3,13,45719.541666666519,8.7200000000000006,"Valid",17.697916666666668,18.48,"Valid",25.462916666666668,null,null,8.7200000000000006,17.697916666666668,18.48,25.462916666666668,18.48,25.462916666666668,8.7200000000000006,17.697916666666668]
[2025,3,3,14,45719.583333333183,5.44,"Valid",17.3,13.52,"Valid",25.048749999999998,null,null,5.44,17.3,13.52,25.048749999999998,13.52,25.048749999999998,5.44,17.3]
[2025,3,3,15,45719.624999999847,12.03,"Valid",17.074583333333333,31.88,"Valid",25.155833333333334,null,null,12.03,17.074583333333333,31.88,25.155833333333334,31.88,25.155833333333334,12.03,17.074583333333333]
[2025,3,3,16,45719.666666666511,8.8800000000000008,"Valid",16.623333333333331,15.33,"Valid",24.549583333333334,null,null,{"$f":"IF(G66=\"Valid\", F66, NA())","v":8.8800000000000008},{"$f":"IF(G66=\"Valid\", H66, NA())","v":16.623333333333331},{"$f":"IF(J66=\"Valid\", I66, NA())","v":15.33},{"$f":"IF(J66=\"Valid\", K66, NA())","v":24.549583333333334},15.33,24.549583333333334,8.8800000000000008,16.623333333333331]
[2025,3,3,17,45719.708333333176,14.92,"Valid",16.410833333333333,25.79,"Valid",24.06625,null,null,14.92,16.410833333333333,25.79,24.06625,25.79,24.06625,14.92,16.410833333333333]
[2025,3,3,{"$f":"IF(D67=23,0,D67+1)","v":18},{"$f":"E67+0.0416666666666666","v":45719.74999999984},15.07,"Valid",16.445416666666667,30.83,"Valid",24.475833333333338,null,null,15.07,16.445416666666667,30.83,24.475833333333338,30.83,24.475833333333338,15.07,16.445416666666667]
[2025,3,3,19,45719.791666666504,12.45,"Valid",16.464583333333334,27,"Valid",24.657083333333333,null,null,12.45,16.464583333333334,27,24.657083333333333,27,24.657083333333333,12.45,16.464583333333334]
[2025,3,3,20,45719.833333333168,13.02,"Valid",16.497916666666665,28,"Valid",24.973749999999999,null,null,13.02,16.497916666666665,28,24.973749999999999,28,24.973749999999999,13.02,16.497916666666665]
[2025,3,3,21,45719.874999999833,13.2,"Valid",16.439166666666665,21.82,"Valid",24.784583333333334,null,null,13.2,16.439166666666665,21.82,24.784583333333334,21.82,24.784583333333334,13.2,16.439166666666665]
[2025,3,3,22,45719.916666666497,15,"Valid",16.376666666666665,19.399999999999999,"Valid",24.63291666666667,null,null,15,16.376666666666665,19.399999999999999,24.63291666666667,19.399999999999999,24.63291666666667,15,16.376666666666665]
[2025,3,3,23,45719.958333333161,15.01,"Valid",16.6525,18.38,"Valid",24.798749999999998,null,null,15.01,16.6525,18.38,24.798749999999998,18.38,24.798749999999998,15.01,16.6525]
[2025,3,4,0,45719.999999999825,13.47,"Valid",16.694999999999997,16.09,"Valid",24.716666666666669,null,null,13.47,16.694999999999997,16.09,24.716666666666669,16.09,24.716666666666669,13.47,16.694999999999997]
[2025,3,4,1,45720.04166666649,10.73,"Valid",16.345833333333331,13.48,"Valid",24.05458333333333,null,null,10.73,16.345833333333331,13.48,24.05458333333333,13.48,24.05458333333333,10.73,16.345833333333331]
[2025,3,4,2,45720.083333333154,10.39,"Valid",15.523333333333332,10.76,"Valid",22.829583333333332,null,null,10.39,15.523333333333332,10.76,22.829583333333332,10.76,22.829583333333332,10.39,15.523333333333332]
[2025,3,4,3,45720.124999999818,12.07,"Valid",14.772916666666665,12.44,"Valid",21.833333333333332,null,null,12.07,14.772916666666665,12.44,21.833333333333332,12.44,21.833333333333332,12.07,14.772916666666665]
[2025,3,4,4,45720.166666666482,9.98,"Valid",14.03875,11.09,"Valid",20.939999999999994,null,null,9.98,14.03875,11.09,20.939999999999994,11.09,20.939999999999994,9.98,14.03875]
[2025,3,4,5,45720.208333333147,10.32,"Valid",13.502083333333333,10.5,"Valid",20.229583333333327,null,null,10.32,13.502083333333333,10.5,20.229583333333327,10.5,20.229583333333327,10.32,13.502083333333333]
[2025,3,4,6,45720.249999999811,14.32,"Valid",13.172083333333331,20.7,"Valid",19.94458333333333,null,null,14.32,13.172083333333331,20.7,19.94458333333333,20.7,19.94458333333333,14.32,13.172083333333331]
[2025,3,4,7,45720.291666666475,8.86,"Valid",12.632916666666665,11.94,"Valid",19.354999999999997,null,null,8.86,12.632916666666665,11.94,19.354999999999997,11.94,19.354999999999997,8.86,12.632916666666665]
[2025,3,4,8,45720.333333333139,10.57,"Valid",12.21625,12.4,"Valid",18.827083333333331,null,null,10.57,12.21625,12.4,18.827083333333331,12.4,18.827083333333331,10.57,12.21625]
[2025,3,4,9,45720.374999999804,12.57,"Valid",11.994583333333329,17.28,"Valid",18.567499999999995,null,null,12.57,11.994583333333329,17.28,18.567499999999995,17.28,18.567499999999995,12.57,11.994583333333329]
[2025,3,4,10,45720.416666666468,8.93,"Valid",11.768333333333331,13.9,"Valid",18.32416666666666,null,null,8.93,11.768333333333331,13.9,18.32416666666666,13.9,18.32416666666666,8.93,11.768333333333331]
[2025,3,4,11,45720.458333333132,8.42,"Valid",11.528749999999997,16.98,"Valid",18.192916666666662,null,null,8.42,11.528749999999997,16.98,18.192916666666662,16.98,18.192916666666662,8.42,11.528749999999997]
[2025,3,4,12,45720.499999999796,9.73,"Valid",11.420833333333333,17.39,"Valid",18.14083333333333,null,null,9.73,11.420833333333333,17.39,18.14083333333333,17.39,18.14083333333333,9.73,11.420833333333333]
[2025,3,4,13,45720.541666666461,9.89,"Valid",11.469583333333331,19.05,"Valid",18.164583333333329,null,null,9.89,11.469583333333331,19.05,18.164583333333329,19.05,18.164583333333329,9.89,11.469583333333331]
[2025,3,4,14,45720.583333333125,14.17,"Valid",11.83333333333333,32.69,"Valid",18.963333333333328,null,null,14.17,11.83333333333333,32.69,18.963333333333328,32.69,18.963333333333328,14.17,11.83333333333333]
[2025,3,4,15,45720.624999999789,10.23,"Valid",11.758333333333331,16.71,"Valid",18.331249999999994,null,null,10.23,11.758333333333331,16.71,18.331249999999994,16.71,18.331249999999994,10.23,11.758333333333331]
[2025,3,4,16,45720.666666666453,7.92,"Valid",11.718333333333332,14.75,"Valid",18.307083333333331,null,null,7.92,11.718333333333332,14.75,18.307083333333331,14.75,18.307083333333331,7.92,11.718333333333332]
[2025,3,{"$f":"C67+1","v":4},17,45720.708333333117,11.31,"Valid",11.567916666666664,27.76,"Valid",18.389166666666664,null,null,11.31,11.567916666666664,27.76,18.389166666666664,27.76,18.389166666666664,11.31,11.567916666666664]
[2025,3,4,18,45720.749999999782,12.75,"Valid",11.471249999999996,27.54,"Valid",18.252083333333331,null,null,12.75,11.471249999999996,27.54,18.252083333333331,27.54,18.252083333333331,12.75,11.471249999999996]
[2025,3,4,19,45720.791666666446,10.74,"Valid",11.399999999999997,22.02,"Valid",18.044583333333332,null,null,10.74,11.399999999999997,22.02,18.044583333333332,22.02,18.044583333333332,10.74,11.399999999999997]
[2025,3,4,20,45720.83333333311,8.64,"Valid",11.217499999999996,13.42,"Valid",17.437083333333334,null,null,8.64,11.217499999999996,13.42,17.437083333333334,13.42,17.437083333333334,8.64,11.217499999999996]
[2025,3,4,21,45720.874999999774,7.92,"Valid",10.9975,12.34,"Valid",17.042083333333334,null,null,7.92,10.9975,12.34,17.042083333333334,12.34,17.042083333333334,7.92,10.9975]
[2025,3,4,22,45720.916666666439,11.32,"Valid",10.844166666666666,14.15,"Valid",16.823333333333331,null,null,11.32,10.844166666666666,14.15,16.823333333333331,14.15,16.823333333333331,11.32,10.844166666666666]
[2025,3,4,23,45720.958333333103,9.68,"Valid",10.622083333333332,11.19,"Valid",16.523749999999996,null,null,9.68,10.622083333333332,11.19,16.523749999999996,11.19,16.523749999999996,9.68,10.622083333333332]
[2025,3,5,0,45720.999999999767,6.29,"Valid",10.322916666666666,8.19,"Valid",16.194583333333334,null,null,6.29,10.322916666666666,8.19,16.194583333333334,8.19,16.194583333333334,6.29,10.322916666666666]
[2025,3,5,1,45721.041666666431,7,"Valid",10.167499999999999,9.7799999999999994,"Valid",16.040416666666665,null,null,7,10.167499999999999,9.7799999999999994,16.040416666666665,9.7799999999999994,16.040416666666665,7,10.167499999999999]
[2025,3,5,2,45721.083333333096,10.64,"Valid",10.177916666666667,13.99,"Valid",16.174999999999997,null,null,10.64,10.177916666666667,13.99,16.174999999999997,13.99,16.174999999999997,10.64,10.177916666666667]
[2025,3,5,3,45721.12499999976,6.24,"Valid",9.9350000000000005,7.49,"Valid",15.968749999999998,null,null,6.24,9.9350000000000005,7.49,15.968749999999998,7.49,15.968749999999998,6.24,9.9350000000000005]
[2025,3,5,4,45721.166666666424,10.62,"Valid",9.961666666666666,12.16,"Valid",16.013333333333332,null,null,10.62,9.961666666666666,12.16,16.013333333333332,12.16,16.013333333333332,10.62,9.961666666666666]
[2025,3,5,5,45721.208333333088,8.0399999999999991,"Valid",9.8666666666666654,9.4600000000000009,"Valid",15.969999999999999,null,null,8.0399999999999991,9.8666666666666654,9.4600000000000009,15.969999999999999,9.4600000000000009,15.969999999999999,8.0399999999999991,9.8666666666666654]
[2025,3,5,6,45721.249999999753,10.210000000000001,"Valid",9.6954166666666666,16.75,"Valid",15.805416666666664,null,null,10.210000000000001,9.6954166666666666,16.75,15.805416666666664,16.75,15.805416666666664,10.210000000000001,9.6954166666666666]
[2025,3,5,7,45721.291666666417,16.86,"Valid",10.02875,26.79,"Valid",16.424166666666665,null,null,16.86,10.02875,26.79,16.424166666666665,26.79,16.424166666666665,16.86,10.02875]
[2025,3,5,8,45721.333333333081,11.04,"Valid",10.048333333333334,13.57,"Valid",16.472916666666666,null,null,11.04,10.048333333333334,13.57,16.472916666666666,13.57,16.472916666666666,11.04,10.048333333333334]
[2025,3,5,9,45721.374999999745,8.86,"Valid",9.8937499999999989,12.57,"Valid",16.276666666666667,null,null,8.86,9.8937499999999989,12.57,16.276666666666667,12.57,16.276666666666667,8.86,9.8937499999999989]
[2025,3,5,10,45721.41666666641,12.54,"Valid",10.044166666666666,15.1,"Valid",16.326666666666668,null,null,12.54,10.044166666666666,15.1,16.326666666666668,15.1,16.326666666666668,12.54,10.044166666666666]
[2025,3,5,11,45721.458333333074,6.72,"Valid",9.9733333333333345,11.66,"Valid",16.105,null,null,6.72,9.9733333333333345,11.66,16.105,11.66,16.105,6.72,9.9733333333333345]
[2025,3,5,12,45721.499999999738,4.8499999999999996,"Valid",9.77,12.84,"Valid",15.915416666666667,null,null,4.8499999999999996,9.77,12.84,15.915416666666667,12.84,15.915416666666667,4.8499999999999996,9.77]
[2025,3,5,13,45721.541666666402,6.96,"Valid",9.6479166666666671,14.65,"Valid",15.732083333333335,null,null,6.96,9.6479166666666671,14.65,15.732083333333335,14.65,15.732083333333335,6.96,9.6479166666666671]
[2025,3,5,14,45721.583333333067,9.84,"Valid",9.4674999999999994,17.760000000000002,"Valid",15.11,null,null,9.84,9.4674999999999994,17.760000000000002,15.11,17.760000000000002,15.11,9.84,9.4674999999999994]
[2025,3,5,15,45721.624999999731,14.36,"Valid",9.6395833333333325,26.93,"Valid",15.535833333333334,null,null,14.36,9.6395833333333325,26.93,15.535833333333334,26.93,15.535833333333334,14.36,9.6395833333333325]
[2025,3,5,16,45721.666666666395,13.24,"Valid",9.8612500000000001,23.35,"Valid",15.894166666666669,null,null,13.24,9.8612500000000001,23.35,15.894166666666669,23.35,15.894166666666669,13.24,9.8612500000000001]
[2025,3,5,17,45721.708333333059,10.15,"Valid",9.8129166666666645,24.19,"Valid",15.745416666666666,null,null,10.15,9.8129166666666645,24.19,15.745416666666666,24.19,15.745416666666666,10.15,9.8129166666666645]
[2025,3,5,18,45721.749999999724,9.7200000000000006,"Valid",9.6866666666666674,21.22,"Valid",15.48208333333333,null,null,9.7200000000000006,9.6866666666666674,21.22,15.48208333333333,21.22,15.48208333333333,9.7200000000000006,9.6866666666666674]
[2025,3,5,19,45721.791666666388,12.85,"Valid",9.7745833333333341,20.440000000000001,"Valid",15.416249999999998,null,null,12.85,9.7745833333333341,20.440000000000001,15.416249999999998,20.440000000000001,15.416249999999998,12.85,9.7745833333333341]
[2025,3,5,20,45721.833333333052,9.1999999999999993,"Valid",9.7979166666666675,16.079999999999998,"Valid",15.527083333333332,null,null,9.1999999999999993,9.7979166666666675,16.079999999999998,15.527083333333332,16.079999999999998,15.527083333333332,9.1999999999999993,9.7979166666666675]
[2025,3,5,21,45721.874999999716,10.77,"Valid",9.9166666666666661,13.7,"Valid",15.583749999999997,null,null,10.77,9.9166666666666661,13.7,15.583749999999997,13.7,15.583749999999997,10.77,9.9166666666666661]
[2025,3,5,22,45721.91666666638,6.19,"Valid",9.7029166666666669,8.64,"Valid",15.354166666666664,null,null,6.19,9.7029166666666669,8.64,15.354166666666664,8.64,15.354166666666664,6.19,9.7029166666666669]
[2025,3,5,23,45721.958333333045,10.5,"Valid",9.7370833333333326,12.01,"Valid",15.388333333333328,null,null,10.5,9.7370833333333326,12.01,15.388333333333328,12.01,15.388333333333328,10.5,9.7370833333333326]
[2025,3,6,0,45721.999999999709,10.62,"Valid",9.9174999999999986,11.75,"Valid",15.536666666666664,null,null,10.62,9.9174999999999986,11.75,15.536666666666664,11.75,15.536666666666664,10.62,9.9174999999999986]
[2025,3,6,1,45722.041666666373,11.29,"Valid",10.09625,11.71,"Valid",15.617083333333332,null,null,11.29,10.09625,11.71,15.617083333333332,11.71,15.617083333333332,11.29,10.09625]
[2025,3,6,2,45722.083333333037,10.220000000000001,"Valid",10.078749999999999,12,"Valid",15.534166666666664,null,null,10.220000000000001,10.078749999999999,12,15.534166666666664,12,15.534166666666664,10.220000000000001,10.078749999999999]
[2025,3,6,3,45722.124999999702,13.48,"Valid",10.380416666666665,14.93,"Valid",15.844166666666665,null,null,13.48,10.380416666666665,14.93,15.844166666666665,14.93,15.844166666666665,13.48,10.380416666666665]
[2025,3,6,4,45722.166666666366,13.9,"Valid",10.517083333333332,16.8,"Valid",16.037499999999998,null,null,13.9,10.517083333333332,16.8,16.037499999999998,16.8,16.037499999999998,13.9,10.517083333333332]
[2025,3,6,5,45722.20833333303,12.14,"Valid",10.687916666666666,19.420000000000002,"Valid",16.452499999999997,null,null,12.14,10.687916666666666,19.420000000000002,16.452499999999997,19.420000000000002,16.452499999999997,12.14,10.687916666666666]
[2025,3,6,6,45722.249999999694,10.119999999999999,"Valid",10.684166666666668,17.46,"Valid",16.482083333333332,null,null,10.119999999999999,10.684166666666668,17.46,16.482083333333332,17.46,16.482083333333332,10.119999999999999,10.684166666666668]
[2025,3,6,7,45722.291666666359,10.55,"Valid",10.421250000000001,18.98,"Valid",16.156666666666666,null,null,10.55,10.421250000000001,18.98,16.156666666666666,18.98,16.156666666666666,10.55,10.421250000000001]
[2025,3,6,8,45722.333333333023,11.52,"Valid",10.44125,18.43,"Valid",16.359166666666667,null,null,{"$f":"IF(G130=\"Valid\", F130, NA())","v":11.52},{"$f":"IF(G130=\"Valid\", H130, NA())","v":10.44125},{"$f":"IF(J130=\"Valid\", I130, NA())","v":18.43},{"$f":"IF(J130=\"Valid\", K130, NA())","v":16.359166666666667},18.43,16.359166666666667,11.52,10.44125]
[2025,3,6,9,45722.374999999687,10.83,"Valid",10.523333333333333,14.86,"Valid",16.454583333333332,null,null,10.83,10.523333333333333,14.86,16.454583333333332,14.86,16.454583333333332,10.83,10.523333333333333]
[2025,3,6,{"$f":"IF(D131=23,0,D131+1)","v":10},{"$f":"E131+0.0416666666666666","v":45722.416666666351},15.64,"Valid",10.652500000000002,20.81,"Valid",16.692499999999999,null,null,15.64,10.652500000000002,20.81,16.692499999999999,20.81,16.692499999999999,15.64,10.652500000000002]
[2025,3,6,11,45722.458333333016,11.68,"Valid",10.859166666666667,18.670000000000002,"Valid",16.984583333333333,null,null,11.68,10.859166666666667,18.670000000000002,16.984583333333333,18.670000000000002,16.984583333333333,11.68,10.859166666666667]
[2025,3,6,12,45722.49999999968,8.8800000000000008,"Valid",11.027083333333335,22.17,"Valid",17.373333333333335,null,null,8.8800000000000008,11.027083333333335,22.17,17.373333333333335,22.17,17.373333333333335,8.8800000000000008,11.027083333333335]
[2025,3,6,13,45722.541666666344,9.6999999999999993,"Valid",11.141249999999999,19.260000000000002,"Valid",17.565416666666668,null,null,9.6999999999999993,11.141249999999999,19.260000000000002,17.565416666666668,19.260000000000002,17.565416666666668,9.6999999999999993,11.141249999999999]
[2025,3,6,14,45722.583333333008,7.71,"Valid",11.0525,16.03,"Valid",17.493333333333336,null,null,7.71,11.0525,16.03,17.493333333333336,16.03,17.493333333333336,7.71,11.0525]
[2025,3,6,15,45722.624999999673,9.1199999999999992,"Valid",10.834166666666667,19.329999999999998,"Valid",17.176666666666669,null,null,9.1199999999999992,10.834166666666667,19.329999999999998,17.176666666666669,19.329999999999998,17.176666666666669,9.1199999999999992,10.834166666666667]
[2025,3,6,16,45722.666666666337,9.24,"Valid",10.667499999999999,18.57,"Valid",16.977500000000003,null,null,9.24,10.667499999999999,18.57,16.977500000000003,18.57,16.977500000000003,9.24,10.667499999999999]
[2025,3,6,17,45722.708333333001,10.93,"Valid",10.700000000000001,29.57,"Valid",17.201666666666672,null,null,10.93,10.700000000000001,29.57,17.201666666666672,29.57,17.201666666666672,10.93,10.700000000000001]
[2025,3,6,18,45722.749999999665,10.91,"Valid",10.749583333333335,57.54,"Valid",18.715000000000003,null,null,10.91,10.749583333333335,57.54,18.715000000000003,57.54,18.715000000000003,10.91,10.749583333333335]
[2025,3,6,19,45722.79166666633,9.84,"Valid",10.624166666666669,33.450000000000003,"Valid",19.257083333333334,null,null,9.84,10.624166666666669,33.450000000000003,19.257083333333334,33.450000000000003,19.257083333333334,9.84,10.624166666666669]
[2025,3,6,20,45722.833333332994,12.36,"Valid",10.755833333333335,20.81,"Valid",19.454166666666666,null,null,12.36,10.755833333333335,20.81,19.454166666666666,20.81,19.454166666666666,12.36,10.755833333333335]
[2025,3,6,21,45722.874999999658,11.7,"Valid",10.794583333333334,16.21,"Valid",19.55875,null,null,11.7,10.794583333333334,16.21,19.55875,16.21,19.55875,11.7,10.794583333333334]
[2025,3,6,22,45722.916666666322,10.4,"Valid",10.969999999999999,13.92,"Valid",19.778750000000002,null,null,10.4,10.969999999999999,13.92,19.778750000000002,13.92,19.778750000000002,10.4,10.969999999999999]
[2025,3,6,23,45722.958333332987,8.59,"Valid",10.890416666666667,10.46,"Valid",19.714166666666667,null,null,8.59,10.890416666666667,10.46,19.714166666666667,10.46,19.714166666666667,8.59,10.890416666666667]
[2025,3,7,0,45722.999999999651,9.6199999999999992,"Valid",10.848750000000001,10.59,"Valid",19.665833333333332,null,null,9.6199999999999992,10.848750000000001,10.59,19.665833333333332,10.59,19.665833333333332,9.6199999999999992,10.848750000000001]
[2025,3,7,1,45723.041666666315,7.74,"Valid",10.700833333333334,8.1300000000000008,"Valid",19.516666666666666,null,null,7.74,10.700833333333334,8.1300000000000008,19.516666666666666,8.1300000000000008,19.516666666666666,7.74,10.700833333333334]
[2025,3,7,2,45723.083333332979,10.71,"Valid",10.72125,11.46,"Valid",19.494166666666665,null,null,10.71,10.72125,11.46,19.494166666666665,11.46,19.494166666666665,10.71,10.72125]
[2025,3,7,3,45723.124999999643,8.98,"Valid",10.53375,10.09,"Valid",19.292499999999997,null,null,8.98,10.53375,10.09,19.292499999999997,10.09,19.292499999999997,8.98,10.53375]
[2025,3,7,4,45723.166666666308,11.41,"Valid",10.429999999999998,12.81,"Valid",19.126249999999995,null,null,11.41,10.429999999999998,12.81,19.126249999999995,12.81,19.126249999999995,11.41,10.429999999999998]
[2025,3,7,5,45723.208333332972,12.54,"Valid",10.446666666666665,17.07,"Valid",19.028333333333329,null,null,12.54,10.446666666666665,17.07,19.028333333333329,17.07,19.028333333333329,12.54,10.446666666666665]
[2025,3,7,6,45723.249999999636,10.1,"Valid",10.445833333333331,13.99,"Valid",18.883749999999996,null,null,10.1,10.445833333333331,13.99,18.883749999999996,13.99,18.883749999999996,10.1,10.445833333333331]
[2025,3,7,7,45723.2916666663,13.8,"Valid",10.581250000000001,18.850000000000001,"Valid",18.87833333333333,null,null,13.8,10.581250000000001,18.850000000000001,18.87833333333333,18.850000000000001,18.87833333333333,13.8,10.581250000000001]
[2025,3,7,8,45723.333333332965,12.68,"Valid",10.629583333333334,17.66,"Valid",18.846249999999998,null,null,12.68,10.629583333333334,17.66,18.846249999999998,17.66,18.846249999999998,12.68,10.629583333333334]
[2025,3,{"$f":"C131+1","v":7},9,45723.374999999629,11.18,"Valid",10.644166666666669,16.239999999999998,"Valid",18.903749999999999,null,null,11.18,10.644166666666669,16.239999999999998,18.903749999999999,16.239999999999998,18.903749999999999,11.18,10.644166666666669]
[2025,3,7,10,45723.416666666293,13.08,"Valid",10.537500000000001,17.3,"Valid",18.757499999999997,null,null,13.08,10.537500000000001,17.3,18.757499999999997,17.3,18.757499999999997,13.08,10.537500000000001]
[2025,3,7,11,45723.458333332957,8.91,"Valid",10.422083333333335,14.63,"Valid",18.589166666666667,null,null,8.91,10.422083333333335,14.63,18.589166666666667,14.63,18.589166666666667,8.91,10.422083333333335]
[2025,3,7,12,45723.499999999622,12.02,"Valid",10.552916666666668,16.7,"Valid",18.361250000000002,null,null,12.02,10.552916666666668,16.7,18.361250000000002,16.7,18.361250000000002,12.02,10.552916666666668]
[2025,3,7,13,45723.541666666286,9.8699999999999992,"Valid",10.56,15.83,"Valid",18.218333333333334,null,null,9.8699999999999992,10.56,15.83,18.218333333333334,15.83,18.218333333333334,9.8699999999999992,10.56]
[2025,3,7,14,45723.58333333295,7.78,"Valid",10.562916666666668,17.12,"Valid",18.263750000000002,null,null,7.78,10.562916666666668,17.12,18.263750000000002,17.12,18.263750000000002,7.78,10.562916666666668]
[2025,3,7,15,45723.624999999614,6.75,"Valid",10.464166666666669,16.25,"Valid",18.135416666666668,null,null,6.75,10.464166666666669,16.25,18.135416666666668,16.25,18.135416666666668,6.75,10.464166666666669]
[2025,3,7,16,45723.666666666279,5.86,"Valid",10.323333333333336,11.47,"Valid",17.839583333333337,null,null,5.86,10.323333333333336,11.47,17.839583333333337,11.47,17.839583333333337,5.86,10.323333333333336]
[2025,3,7,17,45723.708333332943,9.5299999999999994,"Valid",10.265000000000002,16.14,"Valid",17.28,null,null,9.5299999999999994,10.265000000000002,16.14,17.28,16.14,17.28,9.5299999999999994,10.265000000000002]
[2025,3,7,18,45723.749999999607,10.57,"Valid",10.250833333333336,15.61,"Valid",15.532916666666667,null,null,10.57,10.250833333333336,15.61,15.532916666666667,15.61,15.532916666666667,10.57,10.250833333333336]
[2025,3,7,19,45723.791666666271,14.64,"Valid",10.450833333333335,24.55,"Valid",15.162083333333335,null,null,14.64,10.450833333333335,24.55,15.162083333333335,24.55,15.162083333333335,14.64,10.450833333333335]
[2025,3,7,20,45723.833333332936,13.3,"Valid",10.490000000000002,17.079999999999998,"Valid",15.006666666666668,null,null,13.3,10.490000000000002,17.079999999999998,15.006666666666668,17.079999999999998,15.006666666666668,13.3,10.490000000000002]
[2025,3,7,21,45723.8749999996,11.7,"Valid",10.490000000000002,14.36,"Valid",14.929583333333335,null,null,11.7,10.490000000000002,14.36,14.929583333333335,14.36,14.929583333333335,11.7,10.490000000000002]
[2025,3,7,22,45723.916666666264,12.74,"Valid",10.5875,14.51,"Valid",14.954166666666667,null,null,12.74,10.5875,14.51,14.954166666666667,14.51,14.954166666666667,12.74,10.5875]
[2025,3,7,23,45723.958333332928,9.61,"Valid",10.630000000000003,10.98,"Valid",14.975833333333336,null,null,9.61,10.630000000000003,10.98,14.975833333333336,10.98,14.975833333333336,9.61,10.630000000000003]
[2025,3,8,0,45723.999999999593,10.96,"Valid",10.685833333333335,12.75,"Valid",15.065833333333336,null,null,10.96,10.685833333333335,12.75,15.065833333333336,12.75,15.065833333333336,10.96,10.685833333333335]
[2025,3,8,1,45724.041666666257,9.69,"Valid",10.767083333333337,11.46,"Valid",15.204583333333334,null,null,9.69,10.767083333333337,11.46,15.204583333333334,11.46,15.204583333333334,9.69,10.767083333333337]
[2025,3,8,2,45724.083333332921,10.73,"Valid",10.767916666666666,13.43,"Valid",15.286666666666667,null,null,10.73,10.767916666666666,13.43,15.286666666666667,13.43,15.286666666666667,10.73,10.767916666666666]
[2025,3,8,3,45724.124999999585,10.130000000000001,"Valid",10.815833333333336,12.36,"Valid",15.381250000000001,null,null,10.130000000000001,10.815833333333336,12.36,15.381250000000001,12.36,15.381250000000001,10.130000000000001,10.815833333333336]
[2025,3,8,4,45724.16666666625,10.68,"Valid",10.785416666666668,12.88,"Valid",15.384166666666667,null,null,10.68,10.785416666666668,12.88,15.384166666666667,12.88,15.384166666666667,10.68,10.785416666666668]
[2025,3,8,5,45724.208333332914,11.72,"Valid",10.751250000000001,12.67,"Valid",15.200833333333335,null,null,11.72,10.751250000000001,12.67,15.200833333333335,12.67,15.200833333333335,11.72,10.751250000000001]
[2025,3,8,6,45724.249999999578,10.039999999999999,"Valid",10.748750000000001,12.43,"Valid",15.135833333333336,null,null,10.039999999999999,10.748750000000001,12.43,15.135833333333336,12.43,15.135833333333336,10.039999999999999,10.748750000000001]
[2025,3,8,7,45724.291666666242,8.1999999999999993,"Valid",10.515416666666665,10.220000000000001,"Valid",14.776250000000005,null,null,8.1999999999999993,10.515416666666665,10.220000000000001,14.776250000000005,10.220000000000001,14.776250000000005,8.1999999999999993,10.515416666666665]
[2025,3,8,8,45724.333333332906,9.76,"Valid",10.393749999999999,9.66,"Valid",14.442916666666671,null,null,9.76,10.393749999999999,9.66,14.442916666666671,9.66,14.442916666666671,9.76,10.393749999999999]
[2025,3,8,9,45724.374999999571,6.75,"Valid",10.209166666666667,7.76,"Valid",14.089583333333337,null,null,6.75,10.209166666666667,7.76,14.089583333333337,7.76,14.089583333333337,6.75,10.209166666666667]
[2025,3,8,10,45724.416666666235,9.91,"Valid",10.077083333333331,13.01,"Valid",13.910833333333336,null,null,9.91,10.077083333333331,13.01,13.910833333333336,13.01,13.910833333333336,9.91,10.077083333333331]
[2025,3,8,11,45724.458333332899,10.57,"Valid",10.146249999999998,19.21,"Valid",14.101666666666668,null,null,10.57,10.146249999999998,19.21,14.101666666666668,19.21,14.101666666666668,10.57,10.146249999999998]
[2025,3,8,12,45724.499999999563,5.32,"Valid",9.8670833333333317,11.43,"Valid",13.882083333333334,null,null,5.32,9.8670833333333317,11.43,13.882083333333334,11.43,13.882083333333334,5.32,9.8670833333333317]
[2025,3,8,13,45724.541666666228,3.61,"Valid",9.6062499999999975,8.48,"Valid",13.575833333333334,null,null,3.61,9.6062499999999975,8.48,13.575833333333334,8.48,13.575833333333334,3.61,9.6062499999999975]
[2025,3,8,14,45724.583333332892,10.83,"Valid",9.7333333333333325,16.149999999999999,"Valid",13.535416666666665,null,null,10.83,9.7333333333333325,16.149999999999999,13.535416666666665,16.149999999999999,13.535416666666665,10.83,9.7333333333333325]
[2025,3,8,15,45724.624999999556,6,"Valid",9.7020833333333325,8.98,"Valid",13.2325,null,null,6,9.7020833333333325,8.98,13.2325,8.98,13.2325,6,9.7020833333333325]
[2025,3,8,16,45724.66666666622,7.56,"Valid",9.7729166666666654,12.28,"Valid",13.266249999999999,null,null,7.56,9.7729166666666654,12.28,13.266249999999999,12.28,13.266249999999999,7.56,9.7729166666666654]
[2025,3,8,17,45724.708333332885,7.86,"Valid",9.7033333333333331,15.43,"Valid",13.236666666666666,null,null,7.86,9.7033333333333331,15.43,13.236666666666666,15.43,13.236666666666666,7.86,9.7033333333333331]
[2025,3,8,18,45724.749999999549,8.25,"Valid",9.6066666666666674,12.18,"Valid",13.09375,null,null,8.25,9.6066666666666674,12.18,13.09375,12.18,13.09375,8.25,9.6066666666666674]
[2025,3,8,19,45724.791666666213,11.04,"Valid",9.4566666666666652,28.45,"Valid",13.25625,null,null,11.04,9.4566666666666652,28.45,13.25625,28.45,13.25625,11.04,9.4566666666666652]
[2025,3,8,20,45724.833333332877,7.8,"Valid",9.2275000000000009,16.53,"Valid",13.233333333333334,null,null,7.8,9.2275000000000009,16.53,13.233333333333334,16.53,13.233333333333334,7.8,9.2275000000000009]
[2025,3,8,21,45724.874999999542,5.62,"Valid",8.9741666666666688,17.03,"Valid",13.344583333333333,null,null,5.62,8.9741666666666688,17.03,13.344583333333333,17.03,13.344583333333333,5.62,8.9741666666666688]
[2025,3,8,22,45724.916666666206,10.1,"Valid",8.8641666666666676,13.18,"Valid",13.289166666666667,null,null,10.1,8.8641666666666676,13.18,13.289166666666667,13.18,13.289166666666667,10.1,8.8641666666666676]
[2025,3,8,23,45724.95833333287,8.35,"Valid",8.8116666666666674,9.73,"Valid",13.237083333333333,null,null,8.35,8.8116666666666674,9.73,13.237083333333333,9.73,13.237083333333333,8.35,8.8116666666666674]
[2025,3,9,0,45724.999999999534,3.72,"Valid",8.51,12.9,"Valid",13.243333333333332,null,null,{"$f":"IF(G194=\"Valid\", F194, NA())","v":3.72},{"$f":"IF(G194=\"Valid\", H194, NA())","v":8.51},{"$f":"IF(J194=\"Valid\", I194, NA())","v":12.9},{"$f":"IF(J194=\"Valid\", K194, NA())","v":13.243333333333332},12.9,13.243333333333332,3.72,8.51]
[2025,3,9,1,45725.041666666199,4.72,"Valid",8.3029166666666665,9.1199999999999992,"Valid",13.145833333333336,null,null,4.72,8.3029166666666665,9.1199999999999992,13.145833333333336,9.1199999999999992,13.145833333333336,4.72,8.3029166666666665]
[2025,3,9,{"$f":"IF(D195=23,0,D195+1)","v":2},{"$f":"E195+0.0416666666666666","v":45725.083333332863},11.3,"Valid",8.3266666666666662,14.3,"Valid",13.182083333333333,null,null,11.3,8.3266666666666662,14.3,13.182083333333333,14.3,13.182083333333333,11.3,8.3266666666666662]
[2025,3,9,3,45725.124999999527,6.61,"Valid",8.1800000000000015,8.83,"Valid",13.034999999999998,null,null,6.61,8.1800000000000015,8.83,13.034999999999998,8.83,13.034999999999998,6.61,8.1800000000000015]
[2025,3,9,4,45725.166666666191,9.15,"Valid",8.1162500000000009,12.22,"Valid",13.0075,null,null,9.15,8.1162500000000009,12.22,13.0075,12.22,13.0075,9.15,8.1162500000000009]
[2025,3,9,5,45725.208333332856,6.22,"Valid",7.887083333333333,10.01,"Valid",12.896666666666667,null,null,6.22,7.887083333333333,10.01,12.896666666666667,10.01,12.896666666666667,6.22,7.887083333333333]
[2025,3,9,6,45725.24999999952,11.36,"Valid",7.9420833333333336,18.63,"Valid",13.154999999999999,null,null,11.36,7.9420833333333336,18.63,13.154999999999999,18.63,13.154999999999999,11.36,7.9420833333333336]
[2025,3,9,7,45725.291666666184,9.36,"Valid",7.9904166666666683,15.07,"Valid",13.357083333333334,null,null,9.36,7.9904166666666683,15.07,13.357083333333334,15.07,13.357083333333334,9.36,7.9904166666666683]
[2025,3,9,8,45725.333333332848,6.97,"Valid",7.8741666666666683,9.42,"Valid",13.347083333333336,null,null,6.97,7.8741666666666683,9.42,13.347083333333336,9.42,13.347083333333336,6.97,7.8741666666666683]
[2025,3,9,9,45725.374999999513,8.35,"Valid",7.940833333333333,11.26,"Valid",13.492916666666668,null,null,8.35,7.940833333333333,11.26,13.492916666666668,11.26,13.492916666666668,8.35,7.940833333333333]
[2025,3,9,10,45725.416666666177,10.050000000000001,"Valid",7.9466666666666681,12.83,"Valid",13.485416666666667,null,null,10.050000000000001,7.9466666666666681,12.83,13.485416666666667,12.83,13.485416666666667,10.050000000000001,7.9466666666666681]
[2025,3,9,11,45725.458333332841,9.36,"Valid",7.896250000000002,11.88,"Valid",13.180000000000001,null,null,9.36,7.896250000000002,11.88,13.180000000000001,11.88,13.180000000000001,9.36,7.896250000000002]
[2025,3,9,12,45725.499999999505,9.4600000000000009,"Valid",8.0687499999999996,10.27,"Valid",13.131666666666666,null,null,9.4600000000000009,8.0687499999999996,10.27,13.131666666666666,10.27,13.131666666666666,9.4600000000000009,8.0687499999999996]
[2025,3,9,13,45725.541666666169,3.41,"Valid",8.0604166666666668,5.13,"Valid",12.992083333333332,null,null,3.41,8.0604166666666668,5.13,12.992083333333332,5.13,12.992083333333332,3.41,8.0604166666666668]
[2025,3,9,14,45725.583333332834,10.3,"Valid",8.038333333333334,12.89,"Valid",12.856249999999998,null,null,10.3,8.038333333333334,12.89,12.856249999999998,12.89,12.856249999999998,10.3,8.038333333333334]
[2025,3,9,15,45725.624999999498,9.73,"Valid",8.1937499999999996,13.52,"Valid",13.045416666666663,null,null,9.73,8.1937499999999996,13.52,13.045416666666663,13.52,13.045416666666663,9.73,8.1937499999999996]
[2025,3,9,16,45725.666666666162,10.119999999999999,"Valid",8.300416666666667,22.61,"Valid",13.475833333333332,null,null,10.119999999999999,8.300416666666667,22.61,13.475833333333332,22.61,13.475833333333332,10.119999999999999,8.300416666666667]
[2025,3,9,17,45725.708333332826,9.8000000000000007,"Valid",8.3812500000000032,14.41,"Valid",13.433333333333335,null,null,9.8000000000000007,8.3812500000000032,14.41,13.433333333333335,14.41,13.433333333333335,9.8000000000000007,8.3812500000000032]
[2025,3,9,18,45725.749999999491,3.69,"Valid",8.1912500000000001,5.33,"Valid",13.147916666666667,null,null,3.69,8.1912500000000001,5.33,13.147916666666667,5.33,13.147916666666667,3.69,8.1912500000000001]
[2025,3,9,19,45725.791666666155,8.02,"Valid",8.0654166666666676,9.75,"Valid",12.36875,null,null,8.02,8.0654166666666676,9.75,12.36875,9.75,12.36875,8.02,8.0654166666666676]
[2025,3,9,20,45725.833333332819,8.1300000000000008,"Valid",8.0791666666666675,9.17,"Valid",12.062083333333334,null,null,8.1300000000000008,8.0791666666666675,9.17,12.062083333333334,9.17,12.062083333333334,8.1300000000000008,8.0791666666666675]
[2025,3,9,21,45725.874999999483,4.58,"Valid",8.0358333333333345,5.74,"Valid",11.591666666666669,null,null,4.58,8.0358333333333345,5.74,11.591666666666669,5.74,11.591666666666669,4.58,8.0358333333333345]
[2025,3,9,22,45725.916666666148,9.27,"Valid",8.0012500000000006,9.7100000000000009,"Valid",11.447083333333333,null,null,9.27,8.0012500000000006,9.7100000000000009,11.447083333333333,9.7100000000000009,11.447083333333333,9.27,8.0012500000000006]
[2025,3,9,23,45725.958333332812,6.9,"Valid",7.9408333333333347,7.32,"Valid",11.346666666666666,null,null,6.9,7.9408333333333347,7.32,11.346666666666666,7.32,11.346666666666666,6.9,7.9408333333333347]
[2025,3,10,0,45725.999999999476,7.72,"Valid",8.1075000000000017,8.0299999999999994,"Valid",11.143749999999999,null,null,7.72,8.1075000000000017,8.0299999999999994,11.143749999999999,8.0299999999999994,11.143749999999999,7.72,8.1075000000000017]
[2025,3,{"$f":"C195+1","v":10},1,45726.04166666614,11.08,"Valid",8.3725000000000023,10.67,"Valid",11.208333333333334,null,null,11.08,8.3725000000000023,10.67,11.208333333333334,10.67,11.208333333333334,11.08,8.3725000000000023]
[2025,3,10,2,45726.083333332805,7.16,"Valid",8.2000000000000028,7.46,"Valid",10.923333333333332,null,null,7.16,8.2000000000000028,7.46,10.923333333333332,7.46,10.923333333333332,7.16,8.2000000000000028]
[2025,3,10,3,45726.124999999469,7.97,"Valid",8.2566666666666677,8.0500000000000007,"Valid",10.890833333333333,null,null,7.97,8.2566666666666677,8.0500000000000007,10.890833333333333,8.0500000000000007,10.890833333333333,7.97,8.2566666666666677]
[2025,3,10,4,45726.166666666133,7.19,"Valid",8.1750000000000007,7.24,"Valid",10.683333333333332,null,null,7.19,8.1750000000000007,7.24,10.683333333333332,7.24,10.683333333333332,7.19,8.1750000000000007]
[2025,3,10,5,45726.208333332797,8.0500000000000007,"Valid",8.2512500000000006,7.71,"Valid",10.5875,null,null,8.0500000000000007,8.2512500000000006,7.71,10.5875,7.71,10.5875,8.0500000000000007,8.2512500000000006]
[2025,3,10,6,45726.249999999462,8.9600000000000009,"Valid",8.151250000000001,7.93,"Valid",10.141666666666667,null,null,8.9600000000000009,8.151250000000001,7.93,10.141666666666667,7.93,10.141666666666667,8.9600000000000009,8.151250000000001]
[2025,3,10,7,45726.291666666126,8.6,"Valid",8.1195833333333329,7.6,"Valid",9.8304166666666681,null,null,8.6,8.1195833333333329,7.6,9.8304166666666681,7.6,9.8304166666666681,8.6,8.1195833333333329]
[2025,3,10,8,45726.33333333279,8.14,"Valid",8.1683333333333348,7.99,"Valid",9.7708333333333339,null,null,8.14,8.1683333333333348,7.99,9.7708333333333339,7.99,9.7708333333333339,8.14,8.1683333333333348]
[2025,3,10,9,45726.374999999454,10.76,"Valid",8.2687499999999989,10.42,"Valid",9.7358333333333338,null,null,10.76,8.2687499999999989,10.42,9.7358333333333338,10.42,9.7358333333333338,10.76,8.2687499999999989]
[2025,3,10,10,45726.416666666119,8.8699999999999992,"Valid",8.2195833333333326,9.1999999999999993,"Valid",9.5845833333333328,null,null,8.8699999999999992,8.2195833333333326,9.1999999999999993,9.5845833333333328,9.1999999999999993,9.5845833333333328,8.8699999999999992,8.2195833333333326]
[2025,3,10,11,45726.458333332783,11.66,"Valid",8.3154166666666676,11.56,"Valid",9.5712500000000009,null,null,11.66,8.3154166666666676,11.56,9.5712500000000009,11.56,9.5712500000000009,11.66,8.3154166666666676]
[2025,3,10,12,45726.499999999447,10.09,"Valid",8.3416666666666668,9.7799999999999994,"Valid",9.5508333333333333,null,null,10.09,8.3416666666666668,9.7799999999999994,9.5508333333333333,9.7799999999999994,9.5508333333333333,10.09,8.3416666666666668]
[2025,3,10,13,45726.541666666111,7.85,"Valid",8.5266666666666673,8.11,"Valid",9.6749999999999989,null,null,7.85,8.5266666666666673,8.11,9.6749999999999989,8.11,9.6749999999999989,7.85,8.5266666666666673]
[2025,3,10,14,45726.583333332776,7.63,"Valid",8.4154166666666672,7.51,"Valid",9.4508333333333336,null,null,7.63,8.4154166666666672,7.51,9.4508333333333336,7.51,9.4508333333333336,7.63,8.4154166666666672]
[2025,3,10,15,45726.62499999944,8.6999999999999993,"Valid",8.3724999999999987,8.89,"Valid",9.2579166666666648,null,null,8.6999999999999993,8.3724999999999987,8.89,9.2579166666666648,8.89,9.2579166666666648,8.6999999999999993,8.3724999999999987]
[2025,3,10,16,45726.666666666104,8.14,"Valid",8.2899999999999991,8.43,"Valid",8.6670833333333306,null,null,8.14,8.2899999999999991,8.43,8.6670833333333306,8.43,8.6670833333333306,8.14,8.2899999999999991]
[2025,3,10,17,45726.708333332768,11.42,"Valid",8.3574999999999982,11.36,"Valid",8.5399999999999991,null,null,11.42,8.3574999999999982,11.36,8.5399999999999991,11.36,8.5399999999999991,11.42,8.3574999999999982]
[2025,3,10,18,45726.749999999432,8.5500000000000007,"Valid",8.5599999999999987,8.2100000000000009,"Valid",8.66,null,null,8.5500000000000007,8.5599999999999987,8.2100000000000009,8.66,8.2100000000000009,8.66,8.5500000000000007,8.5599999999999987]
[2025,3,10,19,45726.791666666097,8.7799999999999994,"Valid",8.5916666666666668,8.51,"Valid",8.6083333333333325,null,null,8.7799999999999994,8.5916666666666668,8.51,8.6083333333333325,8.51,8.6083333333333325,8.7799999999999994,8.5916666666666668]
[2025,3,10,20,45726.833333332761,7.68,"Valid",8.5729166666666661,7.81,"Valid",8.5516666666666659,null,null,7.68,8.5729166666666661,7.81,8.5516666666666659,7.81,8.5516666666666659,7.68,8.5729166666666661]
[2025,3,10,21,45726.874999999425,6.11,"Valid",8.6366666666666649,6.59,"Valid",8.5870833333333323,null,null,6.11,8.6366666666666649,6.59,8.5870833333333323,6.59,8.5870833333333323,6.11,8.6366666666666649]
[2025,3,10,22,45726.916666666089,4.09,"Valid",8.4208333333333325,4.6100000000000003,"Valid",8.3745833333333337,null,null,4.09,8.4208333333333325,4.6100000000000003,8.3745833333333337,4.6100000000000003,8.3745833333333337,4.09,8.4208333333333325]
[2025,3,10,23,45726.958333332754,7.5,"Valid",8.4458333333333346,8.3800000000000008,"Valid",8.4187500000000011,null,null,7.5,8.4458333333333346,8.3800000000000008,8.4187500000000011,8.3800000000000008,8.4187500000000011,7.5,8.4458333333333346]
[2025,3,11,0,45726.999999999418,8.68,"Valid",8.4858333333333356,10.49,"Valid",8.521250000000002,null,null,8.68,8.4858333333333356,10.49,8.521250000000002,10.49,8.521250000000002,8.68,8.4858333333333356]
[2025,3,11,1,45727.041666666082,6.69,"Valid",8.3029166666666665,7.96,"Valid",8.408333333333335,null,null,6.69,8.3029166666666665,7.96,8.408333333333335,7.96,8.408333333333335,6.69,8.3029166666666665]
[2025,3,11,2,45727.083333332746,9.93,"Valid",8.4183333333333348,10.8,"Valid",8.547500000000003,null,null,9.93,8.4183333333333348,10.8,8.547500000000003,10.8,8.547500000000003,9.93,8.4183333333333348]
[2025,3,11,3,45727.124999999411,10.29,"Valid",8.5150000000000023,10.64,"Valid",8.6554166666666674,null,null,10.29,8.5150000000000023,10.64,8.6554166666666674,10.64,8.6554166666666674,10.29,8.5150000000000023]
[2025,3,11,4,45727.166666666075,9.0299999999999994,"Valid",8.5916666666666668,10.08,"Valid",8.7737500000000033,null,null,9.0299999999999994,8.5916666666666668,10.08,8.7737500000000033,10.08,8.7737500000000033,9.0299999999999994,8.5916666666666668]
[2025,3,11,5,45727.208333332739,6,"Valid",8.5062499999999996,6.87,"Valid",8.7387500000000014,null,null,6,8.5062499999999996,6.87,8.7387500000000014,6.87,8.7387500000000014,6,8.5062499999999996]
[2025,3,11,6,45727.249999999403,8.4700000000000006,"Valid",8.4858333333333338,10.26,"Valid",8.8358333333333352,null,null,8.4700000000000006,8.4858333333333338,10.26,8.8358333333333352,10.26,8.8358333333333352,8.4700000000000006,8.4858333333333338]
[2025,3,11,7,45727.291666666068,7.64,"Valid",8.4458333333333329,13.57,"Valid",9.0845833333333363,null,null,7.64,8.4458333333333329,13.57,9.0845833333333363,13.57,9.0845833333333363,7.64,8.4458333333333329]
[2025,3,11,8,45727.333333332732,9.5500000000000007,"Valid",8.5045833333333327,11.22,"Valid",9.2191666666666681,null,null,9.5500000000000007,8.5045833333333327,11.22,9.2191666666666681,11.22,9.2191666666666681,9.5500000000000007,8.5045833333333327]
[2025,3,11,9,45727.374999999396,7.68,"Valid",8.3762500000000006,8.7200000000000006,"Valid",9.1483333333333352,null,null,7.68,8.3762500000000006,8.7200000000000006,9.1483333333333352,8.7200000000000006,9.1483333333333352,7.68,8.3762500000000006]
[2025,3,11,10,45727.41666666606,7.06,"Valid",8.3008333333333333,7.96,"Valid",9.0966666666666658,null,null,7.06,8.3008333333333333,7.96,9.0966666666666658,7.96,9.0966666666666658,7.06,8.3008333333333333]
[2025,3,11,11,45727.458333332725,7.6,"Valid",8.1316666666666659,8.17,"Valid",8.9554166666666664,null,null,7.6,8.1316666666666659,8.17,8.9554166666666664,8.17,8.9554166666666664,7.6,8.1316666666666659]
[2025,3,11,12,45727.499999999389,7.15,"Valid",8.0091666666666672,8.02,"Valid",8.8820833333333322,null,null,7.15,8.0091666666666672,8.02,8.8820833333333322,8.02,8.8820833333333322,7.15,8.0091666666666672]
[2025,3,11,13,45727.541666666053,10.220000000000001,"Valid",8.1079166666666662,11.21,"Valid",9.0112499999999986,null,null,10.220000000000001,8.1079166666666662,11.21,9.0112499999999986,11.21,9.0112499999999986,10.220000000000001,8.1079166666666662]
[2025,3,11,14,45727.583333332717,5.23,"Valid",8.0079166666666666,6.18,"Valid",8.9558333333333326,null,null,5.23,8.0079166666666666,6.18,8.9558333333333326,6.18,8.9558333333333326,5.23,8.0079166666666666]
[2025,3,11,15,45727.624999999382,10.82,"Valid",8.0962499999999995,11.28,"Valid",9.0554166666666678,null,null,10.82,8.0962499999999995,11.28,9.0554166666666678,11.28,9.0554166666666678,10.82,8.0962499999999995]
[2025,3,11,16,45727.666666666046,11.84,"Valid",8.2504166666666663,11.52,"Valid",9.1841666666666679,null,null,{"$f":"IF(G258=\"Valid\", F258, NA())","v":11.84},{"$f":"IF(G258=\"Valid\", H258, NA())","v":8.2504166666666663},{"$f":"IF(J258=\"Valid\", I258, NA())","v":11.52},{"$f":"IF(J258=\"Valid\", K258, NA())","v":9.1841666666666679},11.52,9.1841666666666679,11.84,8.2504166666666663]
[2025,3,11,17,45727.70833333271,8.7799999999999994,"Valid",8.1404166666666651,8.89,"Valid",9.0812500000000025,null,null,8.7799999999999994,8.1404166666666651,8.89,9.0812500000000025,8.89,9.0812500000000025,8.7799999999999994,8.1404166666666651]
[2025,3,11,{"$f":"IF(D259=23,0,D259+1)","v":18},{"$f":"E259+0.0416666666666666","v":45727.749999999374},9.09,"Valid",8.1629166666666659,9.61,"Valid",9.1395833333333361,null,null,9.09,8.1629166666666659,9.61,9.1395833333333361,9.61,9.1395833333333361,9.09,8.1629166666666659]
[2025,3,11,19,45727.791666666039,11.53,"Valid",8.2774999999999999,12.64,"Valid",9.3116666666666674,null,null,11.53,8.2774999999999999,12.64,9.3116666666666674,12.64,9.3116666666666674,11.53,8.2774999999999999]
[2025,3,11,20,45727.833333332703,9.77,"Valid",8.3645833333333339,11.32,"Valid",9.4579166666666676,null,null,9.77,8.3645833333333339,11.32,9.4579166666666676,11.32,9.4579166666666676,9.77,8.3645833333333339]
[2025,3,11,21,45727.874999999367,10.69,"Valid",8.5554166666666678,11.87,"Valid",9.6779166666666683,null,null,10.69,8.5554166666666678,11.87,9.6779166666666683,11.87,9.6779166666666683,10.69,8.5554166666666678]
[2025,3,11,22,45727.916666666031,9.33,"Valid",8.7737500000000015,12.08,"Valid",9.9891666666666676,null,null,9.33,8.7737500000000015,12.08,9.9891666666666676,12.08,9.9891666666666676,9.33,8.7737500000000015]
[2025,3,11,23,45727.958333332695,8.41,"Valid",8.8116666666666692,10.33,"Valid",10.070416666666667,null,null,8.41,8.8116666666666692,10.33,10.070416666666667,10.33,10.070416666666667,8.41,8.8116666666666692]
[2025,3,12,0,45727.99999999936,9.66,"Valid",8.8525000000000009,11.89,"Valid",10.128750000000002,null,null,9.66,8.8525000000000009,11.89,10.128750000000002,11.89,10.128750000000002,9.66,8.8525000000000009]
[2025,3,12,1,45728.041666666024,11.65,"Valid",9.0591666666666679,13.61,"Valid",10.364166666666668,null,null,11.65,9.0591666666666679,13.61,10.364166666666668,13.61,10.364166666666668,11.65,9.0591666666666679]
[2025,3,12,2,45728.083333332688,9.0299999999999994,"Valid",9.0216666666666683,10.62,"Valid",10.356666666666669,null,null,9.0299999999999994,9.0216666666666683,10.62,10.356666666666669,10.62,10.356666666666669,9.0299999999999994,9.0216666666666683]
[2025,3,12,3,45728.124999999352,10.37,"Valid",9.0250000000000021,13.03,"Valid",10.456250000000001,null,null,10.37,9.0250000000000021,13.03,10.456250000000001,13.03,10.456250000000001,10.37,9.0250000000000021]
[2025,3,12,4,45728.166666666017,6.58,"Valid",8.9229166666666693,9.8000000000000007,"Valid",10.444583333333336,null,null,6.58,8.9229166666666693,9.8000000000000007,10.444583333333336,9.8000000000000007,10.444583333333336,6.58,8.9229166666666693]
[2025,3,12,5,45728.208333332681,6.28,"Valid",8.934583333333336,11.36,"Valid",10.631666666666668,null,null,6.28,8.934583333333336,11.36,10.631666666666668,11.36,10.631666666666668,6.28,8.934583333333336]
[2025,3,12,6,45728.249999999345,6.58,"Valid",8.8558333333333348,12.91,"Valid",10.742083333333335,null,null,6.58,8.8558333333333348,12.91,10.742083333333335,12.91,10.742083333333335,6.58,8.8558333333333348]
[2025,3,12,7,45728.291666666009,8.17,"Valid",8.8779166666666676,14.68,"Valid",10.788333333333334,null,null,8.17,8.8779166666666676,14.68,10.788333333333334,14.68,10.788333333333334,8.17,8.8779166666666676]
[2025,3,12,8,45728.333333332674,9.9499999999999993,"Valid",8.8945833333333333,13.55,"Valid",10.88541666666667,null,null,9.9499999999999993,8.8945833333333333,13.55,10.88541666666667,13.55,10.88541666666667,9.9499999999999993,8.8945833333333333]
[2025,3,12,9,45728.374999999338,12.13,"Valid",9.08,16.579999999999998,"Valid",11.21291666666667,null,null,12.13,9.08,16.579999999999998,11.21291666666667,16.579999999999998,11.21291666666667,12.13,9.08]
[2025,3,12,10,45728.416666666002,7.87,"Valid",9.1137500000000014,11.74,"Valid",11.370416666666669,null,null,7.87,9.1137500000000014,11.74,11.370416666666669,11.74,11.370416666666669,7.87,9.1137500000000014]
[2025,3,12,11,45728.458333332666,11.19,"Valid",9.2633333333333336,15.84,"Valid",11.69,null,null,11.19,9.2633333333333336,15.84,11.69,15.84,11.69,11.19,9.2633333333333336]
[2025,3,12,12,45728.499999999331,11.75,"Valid",9.4550000000000001,15.35,"Valid",11.995416666666669,null,null,11.75,9.4550000000000001,15.35,11.995416666666669,15.35,11.995416666666669,11.75,9.4550000000000001]
[2025,3,12,13,45728.541666665995,9.27,"Valid",9.4154166666666672,11.23,"Valid",11.996250000000003,null,null,9.27,9.4154166666666672,11.23,11.996250000000003,11.23,11.996250000000003,9.27,9.4154166666666672]
[2025,3,12,14,45728.583333332659,11.52,"Valid",9.6775000000000002,12.67,"Valid",12.266666666666671,null,null,11.52,9.6775000000000002,12.67,12.266666666666671,12.67,12.266666666666671,11.52,9.6775000000000002]
[2025,3,12,15,45728.624999999323,9.86,"Valid",9.6375000000000011,10.96,"Valid",12.253333333333336,null,null,9.86,9.6375000000000011,10.96,12.253333333333336,10.96,12.253333333333336,9.86,9.6375000000000011]
[2025,3,12,16,45728.666666665988,9.84,"Valid",9.5541666666666654,11.89,"Valid",12.268750000000002,null,null,9.84,9.5541666666666654,11.89,12.268750000000002,11.89,12.268750000000002,9.84,9.5541666666666654]
[2025,3,{"$f":"C259+1","v":12},17,45728.708333332652,12.18,"Valid",9.6958333333333346,15.08,"Valid",12.526666666666664,null,null,12.18,9.6958333333333346,15.08,12.526666666666664,15.08,12.526666666666664,12.18,9.6958333333333346]
[2025,3,12,18,45728.749999999316,8.7899999999999991,"Valid",9.6833333333333353,11.42,"Valid",12.602083333333333,null,null,8.7899999999999991,9.6833333333333353,11.42,12.602083333333333,11.42,12.602083333333333,8.7899999999999991,9.6833333333333353]
[2025,3,12,19,45728.79166666598,12.71,"Valid",9.7324999999999999,15.41,"Valid",12.717500000000001,null,null,12.71,9.7324999999999999,15.41,12.717500000000001,15.41,12.717500000000001,12.71,9.7324999999999999]
[2025,3,12,20,45728.833333332645,9.76,"Valid",9.7320833333333336,13.35,"Valid",12.802083333333336,null,null,9.76,9.7320833333333336,13.35,12.802083333333336,13.35,12.802083333333336,9.76,9.7320833333333336]
[2025,3,12,21,45728.874999999309,10.6,"Valid",9.7283333333333335,11.86,"Valid",12.801666666666669,null,null,10.6,9.7283333333333335,11.86,12.801666666666669,11.86,12.801666666666669,10.6,9.7283333333333335]
[2025,3,12,22,45728.916666665973,9.68,"Valid",9.7429166666666678,11.48,"Valid",12.776666666666669,null,null,9.68,9.7429166666666678,11.48,12.776666666666669,11.48,12.776666666666669,9.68,9.7429166666666678]
[2025,3,12,23,45728.958333332637,8.42,"Valid",9.7433333333333341,10.31,"Valid",12.775833333333336,null,null,8.42,9.7433333333333341,10.31,12.775833333333336,10.31,12.775833333333336,8.42,9.7433333333333341]
[2025,3,13,0,45728.999999999302,10.43,"Valid",9.7754166666666666,12.97,"Valid",12.820833333333333,null,null,10.43,9.7754166666666666,12.97,12.820833333333333,12.97,12.820833333333333,10.43,9.7754166666666666]
[2025,3,13,1,45729.041666665966,9.81,"Valid",9.6987499999999986,10.85,"Valid",12.705833333333336,null,null,9.81,9.6987499999999986,10.85,12.705833333333336,10.85,12.705833333333336,9.81,9.6987499999999986]
[2025,3,13,2,45729.08333333263,8.1300000000000008,"Valid",9.661249999999999,8.8800000000000008,"Valid",12.633333333333335,null,null,8.1300000000000008,9.661249999999999,8.8800000000000008,12.633333333333335,8.8800000000000008,12.633333333333335,8.1300000000000008,9.661249999999999]
[2025,3,13,3,45729.124999999294,3.64,"Valid",9.3808333333333316,4.83,"Valid",12.291666666666666,null,null,3.64,9.3808333333333316,4.83,12.291666666666666,4.83,12.291666666666666,3.64,9.3808333333333316]
[2025,3,13,4,45729.166666665958,8.64,"Valid",9.4666666666666632,9.7899999999999991,"Valid",12.29125,null,null,8.64,9.4666666666666632,9.7899999999999991,12.29125,9.7899999999999991,12.29125,8.64,9.4666666666666632]
[2025,3,13,5,45729.208333332623,10.88,"Valid",9.6583333333333314,13.34,"Valid",12.373749999999999,null,null,10.88,9.6583333333333314,13.34,12.373749999999999,13.34,12.373749999999999,10.88,9.6583333333333314]
[2025,3,13,6,45729.249999999287,10.220000000000001,"Valid",9.8099999999999987,15.05,"Valid",12.462916666666667,null,null,10.220000000000001,9.8099999999999987,15.05,12.462916666666667,15.05,12.462916666666667,10.220000000000001,9.8099999999999987]
[2025,3,13,7,45729.291666665951,14.47,"Valid",10.072499999999998,28.53,"Valid",13.039999999999997,null,null,14.47,10.072499999999998,28.53,13.039999999999997,28.53,13.039999999999997,14.47,10.072499999999998]
[2025,3,13,8,45729.333333332615,11.32,"Valid",10.129583333333331,34.200000000000003,"Valid",13.900416666666665,null,null,11.32,10.129583333333331,34.200000000000003,13.900416666666665,34.200000000000003,13.900416666666665,11.32,10.129583333333331]
[2025,3,13,9,45729.37499999928,12.09,"Valid",10.127916666666666,22.59,"Valid",14.150833333333333,null,null,12.09,10.127916666666666,22.59,14.150833333333333,22.59,14.150833333333333,12.09,10.127916666666666]
[2025,3,13,10,45729.416666665944,13.94,"Valid",10.380833333333332,19.95,"Valid",14.492916666666666,null,null,13.94,10.380833333333332,19.95,14.492916666666666,19.95,14.492916666666666,13.94,10.380833333333332]
[2025,3,13,11,45729.458333332608,7.63,"Valid",10.232499999999998,11.15,"Valid",14.297499999999998,null,null,7.63,10.232499999999998,11.15,14.297499999999998,11.15,14.297499999999998,7.63,10.232499999999998]
[2025,3,13,12,45729.499999999272,7.42,"Valid",10.05208333333333,12.55,"Valid",14.180833333333332,null,null,7.42,10.05208333333333,12.55,14.180833333333332,12.55,14.180833333333332,7.42,10.05208333333333]
[2025,3,13,13,45729.541666665937,10.38,"Valid",10.098333333333331,30.85,"Valid",14.998333333333333,null,null,10.38,10.098333333333331,30.85,14.998333333333333,30.85,14.998333333333333,10.38,10.098333333333331]
[2025,3,13,14,45729.583333332601,12.49,"Valid",10.138749999999998,14.78,"Valid",15.08625,null,null,12.49,10.138749999999998,14.78,15.08625,14.78,15.08625,12.49,10.138749999999998]
[2025,3,13,15,45729.624999999265,13.61,"Valid",10.295,16.04,"Valid",15.297916666666666,null,null,13.61,10.295,16.04,15.297916666666666,16.04,15.297916666666666,13.61,10.295]
[2025,3,13,16,45729.666666665929,9.91,"Valid",10.297916666666664,11.85,"Valid",15.296250000000002,null,null,9.91,10.297916666666664,11.85,15.296250000000002,11.85,15.296250000000002,9.91,10.297916666666664]
[2025,3,13,17,45729.708333332594,9.86,"Valid",10.20125,10.53,"Valid",15.106666666666667,null,null,9.86,10.20125,10.53,15.106666666666667,10.53,15.106666666666667,9.86,10.20125]
[2025,3,13,18,45729.749999999258,10.75,"Valid",10.282916666666665,13,"Valid",15.172500000000001,null,null,10.75,10.282916666666665,13,15.172500000000001,13,15.172500000000001,10.75,10.282916666666665]
[2025,3,13,19,45729.791666665922,9.11,"Valid",10.132916666666667,10.79,"Valid",14.980000000000002,null,null,9.11,10.132916666666667,10.79,14.980000000000002,10.79,14.980000000000002,9.11,10.132916666666667]
[2025,3,13,20,45729.833333332586,10.67,"Valid",10.170833333333333,12.7,"Valid",14.952916666666667,null,null,10.67,10.170833333333333,12.7,14.952916666666667,12.7,14.952916666666667,10.67,10.170833333333333]
[2025,3,13,21,45729.874999999251,12.82,"Valid",10.263333333333332,22.96,"Valid",15.415416666666667,null,null,12.82,10.263333333333332,22.96,15.415416666666667,22.96,15.415416666666667,12.82,10.263333333333332]
[2025,3,13,22,45729.916666665915,11.84,"Valid",10.353333333333332,15.52,"Valid",15.58375,null,null,11.84,10.353333333333332,15.52,15.58375,15.52,15.58375,11.84,10.353333333333332]
[2025,3,13,23,45729.958333332579,10.94,"Valid",10.458333333333334,16.77,"Valid",15.852916666666665,null,null,10.94,10.458333333333334,16.77,15.852916666666665,16.77,15.852916666666665,10.94,10.458333333333334]
[2025,3,14,0,45729.999999999243,13.29,"Valid",10.577499999999999,29.04,"Valid",16.522499999999997,null,null,13.29,10.577499999999999,29.04,16.522499999999997,29.04,16.522499999999997,13.29,10.577499999999999]
[2025,3,14,1,45730.041666665908,11.82,"Valid",10.661249999999999,17.850000000000001,"Valid",16.814166666666665,null,null,11.82,10.661249999999999,17.850000000000001,16.814166666666665,17.850000000000001,16.814166666666665,11.82,10.661249999999999]
[2025,3,14,2,45730.083333332572,11.88,"Valid",10.817500000000001,14.45,"Valid",17.046249999999997,null,null,11.88,10.817500000000001,14.45,17.046249999999997,14.45,17.046249999999997,11.88,10.817500000000001]
[2025,3,14,3,45730.124999999236,8.7799999999999994,"Valid",11.031666666666665,11.18,"Valid",17.310833333333335,null,null,8.7799999999999994,11.031666666666665,11.18,17.310833333333335,11.18,17.310833333333335,8.7799999999999994,11.031666666666665]
[2025,3,14,4,45730.1666666659,12.12,"Valid",11.176666666666664,14.97,"Valid",17.526666666666667,null,null,12.12,11.176666666666664,14.97,17.526666666666667,14.97,17.526666666666667,12.12,11.176666666666664]
[2025,3,14,5,45730.208333332565,11.58,"Valid",11.205833333333331,15.34,"Valid",17.61,null,null,11.58,11.205833333333331,15.34,17.61,15.34,17.61,11.58,11.205833333333331]
[2025,3,14,6,45730.249999999229,9.56,"Valid",11.178333333333329,22.58,"Valid",17.923749999999998,null,null,9.56,11.178333333333329,22.58,17.923749999999998,22.58,17.923749999999998,9.56,11.178333333333329]
[2025,3,14,7,45730.291666665893,13.02,"Valid",11.117916666666666,56.39,"Valid",19.084583333333331,null,null,13.02,11.117916666666666,56.39,19.084583333333331,56.39,19.084583333333331,13.02,11.117916666666666]
[2025,3,14,8,45730.333333332557,14.83,"Valid",11.264166666666668,40.950000000000003,"Valid",19.365833333333331,null,null,{"$f":"IF(G322=\"Valid\", F322, NA())","v":14.83},{"$f":"IF(G322=\"Valid\", H322, NA())","v":11.264166666666668},{"$f":"IF(J322=\"Valid\", I322, NA())","v":40.950000000000003},{"$f":"IF(J322=\"Valid\", K322, NA())","v":19.365833333333331},40.950000000000003,19.365833333333331,14.83,11.264166666666668]
[2025,3,14,9,45730.374999999221,10.19,"Valid",11.185,18.149999999999999,"Valid",19.180833333333329,null,null,10.19,11.185,18.149999999999999,19.180833333333329,18.149999999999999,19.180833333333329,10.19,11.185]
[2025,3,14,{"$f":"IF(D323=23,0,D323+1)","v":10},{"$f":"E323+0.0416666666666666","v":45730.416666665886},11.02,"Valid",11.063333333333334,15.98,"Valid",19.015416666666663,null,null,11.02,11.063333333333334,15.98,19.015416666666663,15.98,19.015416666666663,11.02,11.063333333333334]
[2025,3,14,11,45730.45833333255,11.7,"Valid",11.232916666666668,17.059999999999999,"Valid",19.261666666666663,null,null,11.7,11.232916666666668,17.059999999999999,19.261666666666663,17.059999999999999,19.261666666666663,11.7,11.232916666666668]
[2025,3,14,12,45730.499999999214,12.12,"Valid",11.428750000000001,15.88,"Valid",19.400416666666665,null,null,12.12,11.428750000000001,15.88,19.400416666666665,15.88,19.400416666666665,12.12,11.428750000000001]
[2025,3,14,13,45730.541666665878,9.23,"Valid",11.380833333333335,13.87,"Valid",18.692916666666665,null,null,9.23,11.380833333333335,13.87,18.692916666666665,13.87,18.692916666666665,9.23,11.380833333333335]
[2025,3,14,14,45730.583333332543,12.96,"Valid",11.400416666666667,17.989999999999998,"Valid",18.826666666666664,null,null,12.96,11.400416666666667,17.989999999999998,18.826666666666664,17.989999999999998,18.826666666666664,12.96,11.400416666666667]
[2025,3,14,15,45730.624999999207,11.77,"Valid",11.323749999999999,17.78,"Valid",18.899166666666662,null,null,11.77,11.323749999999999,17.78,18.899166666666662,17.78,18.899166666666662,11.77,11.323749999999999]
[2025,3,14,16,45730.666666665871,13.17,"Valid",11.459583333333335,16.59,"Valid",19.09666666666666,null,null,13.17,11.459583333333335,16.59,19.09666666666666,16.59,19.09666666666666,13.17,11.459583333333335]
[2025,3,14,17,45730.708333332535,11.21,"Valid",11.515833333333333,15.59,"Valid",19.307499999999994,null,null,11.21,11.515833333333333,15.59,19.307499999999994,15.59,19.307499999999994,11.21,11.515833333333333]
[2025,3,14,18,45730.7499999992,13.98,"Valid",11.650416666666667,19.97,"Valid",19.597916666666663,null,null,13.98,11.650416666666667,19.97,19.597916666666663,19.97,19.597916666666663,13.98,11.650416666666667]
[2025,3,14,19,45730.791666665864,11.68,"Valid",11.7575,17.57,"Valid",19.880416666666665,null,null,11.68,11.7575,17.57,19.880416666666665,17.57,19.880416666666665,11.68,11.7575]
[2025,3,14,20,45730.833333332528,12.83,"Valid",11.847500000000002,21.86,"Valid",20.262083333333329,null,null,12.83,11.847500000000002,21.86,20.262083333333329,21.86,20.262083333333329,12.83,11.847500000000002]
[2025,3,14,21,45730.874999999192,8.98,"Valid",11.6875,14.91,"Valid",19.926666666666666,null,null,8.98,11.6875,14.91,19.926666666666666,14.91,19.926666666666666,8.98,11.6875]
[2025,3,14,22,45730.916666665857,10.59,"Valid",11.635416666666666,15.81,"Valid",19.938750000000002,null,null,10.59,11.635416666666666,15.81,19.938750000000002,15.81,19.938750000000002,10.59,11.635416666666666]
[2025,3,14,23,45730.958333332521,9.33,"Valid",11.568333333333333,11.52,"Valid",19.720000000000002,null,null,9.33,11.568333333333333,11.52,19.720000000000002,11.52,19.720000000000002,9.33,11.568333333333333]
[2025,3,15,0,45730.999999999185,11.22,"Valid",11.482083333333334,14.29,"Valid",19.105416666666667,null,null,11.22,11.482083333333334,14.29,19.105416666666667,14.29,19.105416666666667,11.22,11.482083333333334]
[2025,3,15,1,45731.041666665849,11.13,"Valid",11.453333333333335,14.41,"Valid",18.962083333333336,null,null,11.13,11.453333333333335,14.41,18.962083333333336,14.41,18.962083333333336,11.13,11.453333333333335]
[2025,3,15,2,45731.083333332514,13.93,"Valid",11.538750000000002,17.38,"Valid",19.084166666666668,null,null,13.93,11.538750000000002,17.38,19.084166666666668,17.38,19.084166666666668,13.93,11.538750000000002]
[2025,3,15,3,45731.124999999178,14.88,"Valid",11.792916666666668,18.82,"Valid",19.402500000000003,null,null,14.88,11.792916666666668,18.82,19.402500000000003,18.82,19.402500000000003,14.88,11.792916666666668]
[2025,3,15,4,45731.166666665842,13.31,"Valid",11.842500000000001,17.899999999999999,"Valid",19.524583333333336,null,null,13.31,11.842500000000001,17.899999999999999,19.524583333333336,17.899999999999999,19.524583333333336,13.31,11.842500000000001]
[2025,3,15,5,45731.208333332506,12.51,"Valid",11.881250000000001,19.95,"Valid",19.716666666666665,null,null,12.51,11.881250000000001,19.95,19.716666666666665,19.95,19.716666666666665,12.51,11.881250000000001]
[2025,3,15,6,45731.249999999171,12.4,"Valid",11.999583333333334,23.26,"Valid",19.745000000000001,null,null,12.4,11.999583333333334,23.26,19.745000000000001,23.26,19.745000000000001,12.4,11.999583333333334]
[2025,3,15,7,45731.291666665835,14.49,"Valid",12.060833333333333,31.98,"Valid",18.727916666666669,null,null,14.49,12.060833333333333,31.98,18.727916666666669,31.98,18.727916666666669,14.49,12.060833333333333]
[2025,3,15,8,45731.333333332499,11.76,"Valid",11.932916666666666,24.51,"Valid",18.042916666666667,null,null,11.76,11.932916666666666,24.51,18.042916666666667,24.51,18.042916666666667,11.76,11.932916666666666]
[2025,3,{"$f":"C323+1","v":15},9,45731.374999999163,11.99,"Valid",12.007916666666667,17.07,"Valid",17.997916666666665,null,null,11.99,12.007916666666667,17.07,17.997916666666665,17.07,17.997916666666665,11.99,12.007916666666667]
[2025,3,15,10,45731.416666665828,14.52,"Valid",12.15375,17.850000000000001,"Valid",18.075833333333332,null,null,14.52,12.15375,17.850000000000001,18.075833333333332,17.850000000000001,18.075833333333332,14.52,12.15375]
[2025,3,15,11,45731.458333332492,10.59,"Valid",12.1075,13.74,"Valid",17.9375,null,null,10.59,12.1075,13.74,17.9375,13.74,17.9375,10.59,12.1075]
[2025,3,15,12,45731.499999999156,10.130000000000001,"Valid",12.024583333333332,13.96,"Valid",17.857499999999998,null,null,10.130000000000001,12.024583333333332,13.96,17.857499999999998,13.96,17.857499999999998,10.130000000000001,12.024583333333332]
[2025,3,15,13,45731.54166666582,10.56,"Valid",12.08,16.95,"Valid",17.985833333333336,null,null,10.56,12.08,16.95,17.985833333333336,16.95,17.985833333333336,10.56,12.08]
[2025,3,15,14,45731.583333332484,9.26,"Valid",11.925833333333332,15.22,"Valid",17.870416666666667,null,null,9.26,11.925833333333332,15.22,17.870416666666667,15.22,17.870416666666667,9.26,11.925833333333332]
[2025,3,15,15,45731.624999999149,8.91,"Valid",11.806666666666667,15.58,"Valid",17.778749999999999,null,null,8.91,11.806666666666667,15.58,17.778749999999999,15.58,17.778749999999999,8.91,11.806666666666667]
[2025,3,15,16,45731.666666665813,13.77,"Valid",11.831666666666669,18.559999999999999,"Valid",17.860833333333332,null,null,13.77,11.831666666666669,18.559999999999999,17.860833333333332,18.559999999999999,17.860833333333332,13.77,11.831666666666669]
[2025,3,15,17,45731.708333332477,14.79,"Valid",11.980833333333335,19.23,"Valid",18.012499999999999,null,null,14.79,11.980833333333335,19.23,18.012499999999999,19.23,18.012499999999999,14.79,11.980833333333335]
[2025,3,15,18,45731.749999999141,12.06,"Valid",11.900833333333333,17.260000000000002,"Valid",17.899583333333332,null,null,12.06,11.900833333333333,17.260000000000002,17.899583333333332,17.260000000000002,17.899583333333332,12.06,11.900833333333333]
[2025,3,15,19,45731.791666665806,13.85,"Valid",11.991250000000001,22.59,"Valid",18.108749999999997,null,null,13.85,11.991250000000001,22.59,18.108749999999997,22.59,18.108749999999997,13.85,11.991250000000001]
[2025,3,15,20,45731.83333333247,12.06,"Valid",11.959166666666668,28.38,"Valid",18.380416666666665,null,null,12.06,11.959166666666668,28.38,18.380416666666665,28.38,18.380416666666665,12.06,11.959166666666668]
[2025,3,15,21,45731.874999999134,15.47,"Valid",12.229583333333336,34.32,"Valid",19.189166666666662,null,null,15.47,12.229583333333336,34.32,19.189166666666662,34.32,19.189166666666662,15.47,12.229583333333336]
[2025,3,15,22,45731.916666665798,12.45,"Valid",12.307083333333333,16.149999999999999,"Valid",19.20333333333333,null,null,12.45,12.307083333333333,16.149999999999999,19.20333333333333,16.149999999999999,19.20333333333333,12.45,12.307083333333333]
[2025,3,15,23,45731.958333332463,13.62,"Valid",12.485833333333334,17.75,"Valid",19.462916666666665,null,null,13.62,12.485833333333334,17.75,19.462916666666665,17.75,19.462916666666665,13.62,12.485833333333334]
[2025,3,16,0,45731.999999999127,14.71,"Valid",12.63125,18.95,"Valid",19.657083333333329,null,null,14.71,12.63125,18.95,19.657083333333329,18.95,19.657083333333329,14.71,12.63125]
[2025,3,16,1,45732.041666665791,14.13,"Valid",12.75625,18.71,"Valid",19.836249999999996,null,null,14.13,12.75625,18.71,19.836249999999996,18.71,19.836249999999996,14.13,12.75625]
[2025,3,16,2,45732.083333332455,12.55,"Valid",12.698749999999997,14.8,"Valid",19.728749999999998,null,null,12.55,12.698749999999997,14.8,19.728749999999998,14.8,19.728749999999998,12.55,12.698749999999997]
[2025,3,16,3,45732.12499999912,12.46,"Valid",12.597916666666665,14.88,"Valid",19.564583333333331,null,null,12.46,12.597916666666665,14.88,19.564583333333331,14.88,19.564583333333331,12.46,12.597916666666665]
[2025,3,16,4,45732.166666665784,12.66,"Valid",12.570833333333335,17.8,"Valid",19.560416666666665,null,null,12.66,12.570833333333335,17.8,19.560416666666665,17.8,19.560416666666665,12.66,12.570833333333335]
[2025,3,16,5,45732.208333332448,12.79,"Valid",12.582500000000001,23.47,"Valid",19.70708333333333,null,null,12.79,12.582500000000001,23.47,19.70708333333333,23.47,19.70708333333333,12.79,12.582500000000001]
[2025,3,16,6,45732.249999999112,15.51,"Valid",12.712083333333334,45.83,"Valid",20.647499999999997,null,null,15.51,12.712083333333334,45.83,20.647499999999997,45.83,20.647499999999997,15.51,12.712083333333334]
[2025,3,16,7,45732.291666665777,17.649999999999999,"Valid",12.84375,39.869999999999997,"Valid",20.976249999999997,null,null,17.649999999999999,12.84375,39.869999999999997,20.976249999999997,39.869999999999997,20.976249999999997,17.649999999999999,12.84375]
[2025,3,16,8,45732.333333332441,11.47,"Valid",12.831666666666665,23.01,"Valid",20.913749999999997,null,null,11.47,12.831666666666665,23.01,20.913749999999997,23.01,20.913749999999997,11.47,12.831666666666665]
[2025,3,16,9,45732.374999999105,11.96,"Valid",12.830416666666666,20.03,"Valid",21.037083333333332,null,null,11.96,12.830416666666666,20.03,21.037083333333332,20.03,21.037083333333332,11.96,12.830416666666666]
[2025,3,16,10,45732.416666665769,11.86,"Valid",12.719583333333333,15.51,"Valid",20.939583333333331,null,null,11.86,12.719583333333333,15.51,20.939583333333331,15.51,20.939583333333331,11.86,12.719583333333333]
[2025,3,16,11,45732.458333332434,12.3,"Valid",12.790833333333333,16.68,"Valid",21.06208333333333,null,null,12.3,12.790833333333333,16.68,21.06208333333333,16.68,21.06208333333333,12.3,12.790833333333333]
[2025,3,16,12,45732.499999999098,14.23,"Valid",12.961666666666668,19.899999999999999,"Valid",21.309583333333332,null,null,14.23,12.961666666666668,19.899999999999999,21.309583333333332,19.899999999999999,21.309583333333332,14.23,12.961666666666668]
[2025,3,16,13,45732.541666665762,12.21,"Valid",13.030416666666667,17.71,"Valid",21.341249999999999,null,null,12.21,13.030416666666667,17.71,21.341249999999999,17.71,21.341249999999999,12.21,13.030416666666667]
[2025,3,16,14,45732.583333332426,7.48,"Valid",12.956250000000002,10.07,"Valid",21.126666666666669,null,null,7.48,12.956250000000002,10.07,21.126666666666669,10.07,21.126666666666669,7.48,12.956250000000002]
[2025,3,16,15,45732.624999999091,10.78,"Valid",13.034166666666666,13.82,"Valid",21.053333333333331,null,null,10.78,13.034166666666666,13.82,21.053333333333331,13.82,21.053333333333331,10.78,13.034166666666666]
[2025,3,16,16,45732.666666665755,8.99,"Valid",12.835000000000001,13.49,"Valid",20.842083333333331,null,null,8.99,12.835000000000001,13.49,20.842083333333331,13.49,20.842083333333331,8.99,12.835000000000001]
[2025,3,16,17,45732.708333332419,12.66,"Valid",12.746250000000002,17.05,"Valid",20.751250000000002,null,null,12.66,12.746250000000002,17.05,20.751250000000002,17.05,20.751250000000002,12.66,12.746250000000002]
[2025,3,16,18,45732.749999999083,12.65,"Valid",12.770833333333334,18.010000000000002,"Valid",20.782499999999995,null,null,12.65,12.770833333333334,18.010000000000002,20.782499999999995,18.010000000000002,20.782499999999995,12.65,12.770833333333334]
[2025,3,16,19,45732.791666665747,13.35,"Valid",12.75,19.079999999999998,"Valid",20.63625,null,null,13.35,12.75,19.079999999999998,20.63625,19.079999999999998,20.63625,13.35,12.75]
[2025,3,16,20,45732.833333332412,11.37,"Valid",12.72125,22.85,"Valid",20.405833333333334,null,null,11.37,12.72125,22.85,20.405833333333334,22.85,20.405833333333334,11.37,12.72125]
[2025,3,16,21,45732.874999999076,13.79,"Valid",12.651250000000003,24.76,"Valid",20.007499999999997,null,null,13.79,12.651250000000003,24.76,20.007499999999997,24.76,20.007499999999997,13.79,12.651250000000003]
[2025,3,16,22,45732.91666666574,12.94,"Valid",12.671666666666669,29.88,"Valid",20.579583333333332,null,null,12.94,12.671666666666669,29.88,20.579583333333332,29.88,20.579583333333332,12.94,12.671666666666669]
[2025,3,16,23,45732.958333332404,14.76,"Valid",12.719166666666666,37.369999999999997,"Valid",21.397083333333327,null,null,14.76,12.719166666666666,37.369999999999997,21.397083333333327,37.369999999999997,21.397083333333327,14.76,12.719166666666666]
[2025,3,17,0,45732.999999999069,10.97,"Valid",12.563333333333334,14.18,"Valid",21.198333333333334,"","",{"$f":"IF(G386=\"Valid\", F386, NA())","v":10.97},{"$f":"IF(G386=\"Valid\", H386, NA())","v":12.563333333333334},{"$f":"IF(J386=\"Valid\", I386, NA())","v":14.18},{"$f":"IF(J386=\"Valid\", K386, NA())","v":21.198333333333334},14.18,21.198333333333334,10.97,12.563333333333334]
[2025,3,17,1,45733.041666665733,10.47,"Valid",12.410833333333336,12.79,"Valid",20.951666666666668,"","",10.47,12.410833333333336,12.79,20.951666666666668,12.79,20.951666666666668,10.47,12.410833333333336]
[2025,3,17,{"$f":"IF(D387=23,0,D387+1)","v":2},{"$f":"E387+0.0416666666666666","v":45733.083333332397},9.0399999999999991,"Valid",12.264583333333336,11.33,"Valid",20.807083333333335,"","",9.0399999999999991,12.264583333333336,11.33,20.807083333333335,11.33,20.807083333333335,9.0399999999999991,12.264583333333336]
[2025,3,17,3,45733.124999999061,10.34,"Valid",12.176250000000001,15.11,"Valid",20.816666666666666,"","",10.34,12.176250000000001,15.11,20.816666666666666,15.11,20.816666666666666,10.34,12.176250000000001]
[2025,3,17,4,45733.166666665726,15.04,"Valid",12.275416666666667,27.79,"Valid",21.232916666666668,"","",15.04,12.275416666666667,27.79,21.232916666666668,27.79,21.232916666666668,15.04,12.275416666666667]
[2025,3,17,5,45733.20833333239,10.37,"Valid",12.174583333333333,16.72,"Valid",20.951666666666668,"","",10.37,12.174583333333333,16.72,20.951666666666668,16.72,20.951666666666668,10.37,12.174583333333333]
[2025,3,17,6,45733.249999999054,16.059999999999999,"Valid",12.1975,46.97,"Valid",20.999166666666671,"","",16.059999999999999,12.1975,46.97,20.999166666666671,46.97,20.999166666666671,16.059999999999999,12.1975]
[2025,3,17,7,45733.291666665718,21,"Valid",12.337083333333332,54.48,"Valid",21.607916666666672,"","",21,12.337083333333332,54.48,21.607916666666672,54.48,21.607916666666672,21,12.337083333333332]
[2025,3,17,8,45733.333333332383,16.41,"Valid",12.542916666666665,47.3,"Valid",22.62,"","",16.41,12.542916666666665,47.3,22.62,47.3,22.62,16.41,12.542916666666665]
[2025,3,17,9,45733.374999999047,14,"Valid",12.627916666666666,30.72,"Valid",23.065416666666668,"","",14,12.627916666666666,30.72,23.065416666666668,30.72,23.065416666666668,14,12.627916666666666]
[2025,3,17,10,45733.416666665711,15.12,"Valid",12.76375,49.44,"Valid",24.479166666666668,"","",15.12,12.76375,49.44,24.479166666666668,49.44,24.479166666666668,15.12,12.76375]
[2025,3,17,11,45733.458333332375,18.79,"Valid",13.034166666666669,54.76,"Valid",26.06583333333333,"","",18.79,13.034166666666669,54.76,26.06583333333333,54.76,26.06583333333333,18.79,13.034166666666669]
[2025,3,17,12,45733.49999999904,15.96,"Valid",13.106249999999998,42.97,"Valid",27.027083333333337,"","",15.96,13.106249999999998,42.97,27.027083333333337,42.97,27.027083333333337,15.96,13.106249999999998]
[2025,3,17,13,45733.541666665704,12.79,"Valid",13.130416666666667,31.73,"Valid",27.611250000000002,"","",12.79,13.130416666666667,31.73,27.611250000000002,31.73,27.611250000000002,12.79,13.130416666666667]
[2025,3,17,14,45733.583333332368,10.86,"Valid",13.271250000000002,29.34,"Valid",28.414166666666674,"","",10.86,13.271250000000002,29.34,28.414166666666674,29.34,28.414166666666674,10.86,13.271250000000002]
[2025,3,17,15,45733.624999999032,12.42,"Valid",13.339583333333335,34.18,"Valid",29.262500000000006,"","",12.42,13.339583333333335,34.18,29.262500000000006,34.18,29.262500000000006,12.42,13.339583333333335]
[2025,3,17,16,45733.666666665697,16,"Valid",13.631666666666668,35.1,"Valid",30.162916666666671,"","",16,13.631666666666668,35.1,30.162916666666671,35.1,30.162916666666671,16,13.631666666666668]
[2025,3,17,17,45733.708333332361,16.11,"Valid",13.77541666666667,35.909999999999997,"Valid",30.948750000000004,"","",16.11,13.77541666666667,35.909999999999997,30.948750000000004,35.909999999999997,30.948750000000004,16.11,13.77541666666667]
[2025,3,17,18,45733.749999999025,12.49,"Valid",13.768750000000002,33.520000000000003,"Valid",31.595000000000002,"","",12.49,13.768750000000002,33.520000000000003,31.595000000000002,33.520000000000003,31.595000000000002,12.49,13.768750000000002]
[2025,3,17,19,45733.791666665689,16.72,"Valid",13.909166666666669,34.21,"Valid",32.225416666666668,"","",16.72,13.909166666666669,34.21,32.225416666666668,34.21,32.225416666666668,16.72,13.909166666666669]
[2025,3,17,20,45733.833333332354,16.84,"Valid",14.137083333333335,30.84,"Valid",32.55833333333333,"","",16.84,14.137083333333335,30.84,32.55833333333333,30.84,32.55833333333333,16.84,14.137083333333335]
[2025,3,17,21,45733.874999999018,11.69,"Valid",14.049583333333336,20.66,"Valid",32.387499999999996,"","",11.69,14.049583333333336,20.66,32.387499999999996,20.66,32.387499999999996,11.69,14.049583333333336]
[2025,3,17,22,45733.916666665682,11.03,"Valid",13.969999999999999,16.670000000000002,"Valid",31.837083333333329,"","",11.03,13.969999999999999,16.670000000000002,31.837083333333329,16.670000000000002,31.837083333333329,11.03,13.969999999999999]
[2025,3,17,23,45733.958333332346,8.17,"Valid",13.695416666666661,11.02,"Valid",30.739166666666662,"","",8.17,13.695416666666661,11.02,30.739166666666662,11.02,30.739166666666662,8.17,13.695416666666661]
[2025,3,18,0,45733.99999999901,8.43,"Valid",13.589583333333332,10.15,"Valid",30.571249999999992,"","",8.43,13.589583333333332,10.15,30.571249999999992,10.15,30.571249999999992,8.43,13.589583333333332]
[2025,3,{"$f":"C387+1","v":18},1,45734.041666665675,10.81,"Valid",13.603749999999998,11.69,"Valid",30.525416666666668,"","",10.81,13.603749999999998,11.69,30.525416666666668,11.69,30.525416666666668,10.81,13.603749999999998]
[2025,3,18,2,45734.083333332339,7.04,"Valid",13.520416666666668,8.36,"Valid",30.401666666666667,"","",7.04,13.520416666666668,8.36,30.401666666666667,8.36,30.401666666666667,7.04,13.520416666666668]
[2025,3,18,3,45734.124999999003,10.92,"Valid",13.544583333333334,11.77,"Valid",30.262499999999999,"","",10.92,13.544583333333334,11.77,30.262499999999999,11.77,30.262499999999999,10.92,13.544583333333334]
[2025,3,18,4,45734.166666665667,10.32,"Valid",13.347916666666668,11.77,"Valid",29.594999999999999,"","",10.32,13.347916666666668,11.77,29.594999999999999,11.77,29.594999999999999,10.32,13.347916666666668]
[2025,3,18,5,45734.208333332332,8.4,"Valid",13.265833333333333,9.52,"Valid",29.294999999999998,"","",8.4,13.265833333333333,9.52,29.294999999999998,9.52,29.294999999999998,8.4,13.265833333333333]
[2025,3,18,6,45734.249999998996,9.4600000000000009,"Valid",12.990833333333333,11.74,"Valid",27.827083333333331,"","",9.4600000000000009,12.990833333333333,11.74,27.827083333333331,11.74,27.827083333333331,9.4600000000000009,12.990833333333333]
[2025,3,18,7,45734.29166666566,9.69,"Valid",12.51958333333333,21.51,"Valid",26.453333333333333,"","",9.69,12.51958333333333,21.51,26.453333333333333,21.51,26.453333333333333,9.69,12.51958333333333]
[2025,3,18,8,45734.333333332324,9.7200000000000006,"Valid",12.240833333333333,16.25,"Valid",25.15958333333333,"","",9.7200000000000006,12.240833333333333,16.25,25.15958333333333,16.25,25.15958333333333,9.7200000000000006,12.240833333333333]
[2025,3,18,9,45734.374999998989,9.39,"Valid",12.048749999999998,15.8,"Valid",24.537916666666661,"","",9.39,12.048749999999998,15.8,24.537916666666661,15.8,24.537916666666661,9.39,12.048749999999998]
[2025,3,18,10,45734.416666665653,5.79,"Valid",11.659999999999998,10.59,"Valid",22.919166666666658,"","",5.79,11.659999999999998,10.59,22.919166666666658,10.59,22.919166666666658,5.79,11.659999999999998]
[2025,3,18,11,45734.458333332317,10.89,"Valid",11.330833333333333,15.85,"Valid",21.297916666666662,"","",10.89,11.330833333333333,15.85,21.297916666666662,15.85,21.297916666666662,10.89,11.330833333333333]
[2025,3,18,12,45734.499999998981,11.47,"Valid",11.143749999999999,15.63,"Valid",20.158749999999998,"","",11.47,11.143749999999999,15.63,20.158749999999998,15.63,20.158749999999998,11.47,11.143749999999999]
[2025,3,18,13,45734.541666665646,10.23,"Valid",11.037083333333333,15.44,"Valid",19.479999999999997,"","",10.23,11.037083333333333,15.44,19.479999999999997,15.44,19.479999999999997,10.23,11.037083333333333]
[2025,3,18,14,45734.58333333231,8.1199999999999992,"Valid",10.922916666666666,15.62,"Valid",18.908333333333335,"","",8.1199999999999992,10.922916666666666,15.62,18.908333333333335,15.62,18.908333333333335,8.1199999999999992,10.922916666666666]
[2025,3,18,15,45734.624999998974,8.5399999999999991,"Valid",10.761249999999999,17.02,"Valid",18.193333333333332,"","",8.5399999999999991,10.761249999999999,17.02,18.193333333333332,17.02,18.193333333333332,8.5399999999999991,10.761249999999999]
[2025,3,18,16,45734.666666665638,11.79,"Valid",10.585833333333333,19.3,"Valid",17.535,"","",11.79,10.585833333333333,19.3,17.535,19.3,17.535,11.79,10.585833333333333]
[2025,3,18,17,45734.708333332303,10.15,"Valid",10.3375,18.100000000000001,"Valid",16.79291666666667,"","",10.15,10.3375,18.100000000000001,16.79291666666667,18.100000000000001,16.79291666666667,10.15,10.3375]
[2025,3,18,18,45734.749999998967,12.48,"Valid",10.337083333333332,23.61,"Valid",16.380000000000006,"","",12.48,10.337083333333332,23.61,16.380000000000006,23.61,16.380000000000006,12.48,10.337083333333332]
[2025,3,18,19,45734.791666665631,15.41,"Valid",10.282500000000001,40.01,"Valid",16.62166666666667,"","",15.41,10.282500000000001,40.01,16.62166666666667,40.01,16.62166666666667,15.41,10.282500000000001]
[2025,3,18,20,45734.833333332295,19.2,"Valid",10.380833333333332,41.54,"Valid",17.067500000000003,"","",19.2,10.380833333333332,41.54,17.067500000000003,41.54,17.067500000000003,19.2,10.380833333333332]
[2025,3,18,21,45734.87499999896,13.81,"Valid",10.469166666666665,28.37,"Valid",17.388750000000002,"","",13.81,10.469166666666665,28.37,17.388750000000002,28.37,17.388750000000002,13.81,10.469166666666665]
[2025,3,18,22,45734.916666665624,9.4499999999999993,"Valid",10.403333333333332,19.04,"Valid",17.487500000000001,"","",9.4499999999999993,10.403333333333332,19.04,17.487500000000001,19.04,17.487500000000001,9.4499999999999993,10.403333333333332]
[2025,3,18,23,45734.958333332288,11.61,"Valid",10.546666666666665,17.7,"Valid",17.765833333333337,"","",11.61,10.546666666666665,17.7,17.765833333333337,17.7,17.765833333333337,11.61,10.546666666666665]
[2025,3,19,0,45734.999999998952,13.17,"Valid",10.744166666666665,18.88,"Valid",18.129583333333333,"","",13.17,10.744166666666665,18.88,18.129583333333333,18.88,18.129583333333333,13.17,10.744166666666665]
[2025,3,19,1,45735.041666665617,16.72,"Valid",10.990416666666667,21.35,"Valid",18.532083333333336,"","",16.72,10.990416666666667,21.35,18.532083333333336,21.35,18.532083333333336,16.72,10.990416666666667]
[2025,3,19,2,45735.083333332281,12.37,"Valid",11.212499999999999,16.25,"Valid",18.860833333333336,"","",12.37,11.212499999999999,16.25,18.860833333333336,16.25,18.860833333333336,12.37,11.212499999999999]
[2025,3,19,3,45735.124999998945,10,"Valid",11.174166666666665,14.09,"Valid",18.9575,"","",10,11.174166666666665,14.09,18.9575,14.09,18.9575,10,11.174166666666665]
[2025,3,19,4,45735.166666665609,11.13,"Valid",11.207916666666664,14.73,"Valid",19.080833333333334,"","",11.13,11.207916666666664,14.73,19.080833333333334,14.73,19.080833333333334,11.13,11.207916666666664]
[2025,3,19,5,45735.208333332273,8.81,"Valid",11.225,20.69,"Valid",19.546250000000001,"","",8.81,11.225,20.69,19.546250000000001,20.69,19.546250000000001,8.81,11.225]
[2025,3,19,6,45735.249999998938,14.77,"Valid",11.446249999999999,35.659999999999997,"Valid",20.54291666666667,"","",14.77,11.446249999999999,35.659999999999997,20.54291666666667,35.659999999999997,20.54291666666667,14.77,11.446249999999999]
[2025,3,19,7,45735.291666665602,13.81,"Valid",11.617916666666666,32.76,"Valid",21.011666666666667,"","",13.81,11.617916666666666,32.76,21.011666666666667,32.76,21.011666666666667,13.81,11.617916666666666]
[2025,3,19,8,45735.333333332266,10.89,"Valid",11.666666666666664,28.81,"Valid",21.534999999999997,"","",10.89,11.666666666666664,28.81,21.534999999999997,28.81,21.534999999999997,10.89,11.666666666666664]
[2025,3,19,9,45735.37499999893,10.61,"Valid",11.717499999999999,22.45,"Valid",21.81208333333333,"","",10.61,11.717499999999999,22.45,21.81208333333333,22.45,21.81208333333333,10.61,11.717499999999999]
[2025,3,19,10,45735.416666665595,8.6300000000000008,"Valid",11.835833333333333,17.86,"Valid",22.114999999999998,"","",8.6300000000000008,11.835833333333333,17.86,22.114999999999998,17.86,22.114999999999998,8.6300000000000008,11.835833333333333]
[2025,3,19,11,45735.458333332259,9.86,"Valid",11.792916666666668,17.940000000000001,"Valid",22.202083333333334,"","",9.86,11.792916666666668,17.940000000000001,22.202083333333334,17.940000000000001,22.202083333333334,9.86,11.792916666666668]
[2025,3,19,12,45735.499999998923,12.55,"Valid",11.83791666666667,16.940000000000001,"Valid",22.256666666666671,"","",12.55,11.83791666666667,16.940000000000001,22.256666666666671,16.940000000000001,22.256666666666671,12.55,11.83791666666667]
[2025,3,19,13,45735.541666665587,13.73,"Valid",11.983750000000002,21.57,"Valid",22.512083333333337,"","",13.73,11.983750000000002,21.57,22.512083333333337,21.57,22.512083333333337,13.73,11.983750000000002]
[2025,3,19,14,45735.583333332252,10.29,"Valid",12.07416666666667,17.03,"Valid",22.570833333333329,"","",10.29,12.07416666666667,17.03,22.570833333333329,17.03,22.570833333333329,10.29,12.07416666666667]
[2025,3,19,15,45735.624999998916,9.65,"Valid",12.120416666666671,17.2,"Valid",22.578333333333333,"","",9.65,12.120416666666671,17.2,22.578333333333333,17.2,22.578333333333333,9.65,12.120416666666671]
[2025,3,19,16,45735.66666666558,9.14,"Valid",12.010000000000003,18.43,"Valid",22.542083333333334,"","",{"$f":"IF(G450=\"Valid\", F450, NA())","v":9.14},{"$f":"IF(G450=\"Valid\", H450, NA())","v":12.010000000000003},{"$f":"IF(J450=\"Valid\", I450, NA())","v":18.43},{"$f":"IF(J450=\"Valid\", K450, NA())","v":22.542083333333334},18.43,22.542083333333334,9.14,12.010000000000003]
[2025,3,19,17,45735.708333332244,11.72,"Valid",12.075416666666669,21.31,"Valid",22.67583333333333,"","",11.72,12.075416666666669,21.31,22.67583333333333,21.31,22.67583333333333,11.72,12.075416666666669]
[2025,3,19,{"$f":"IF(D451=23,0,D451+1)","v":18},{"$f":"E451+0.0416666666666666","v":45735.749999998909},11.87,"Valid",12.050000000000002,21.77,"Valid",22.599166666666662,"","",11.87,12.050000000000002,21.77,22.599166666666662,21.77,22.599166666666662,11.87,12.050000000000002]
[2025,3,19,19,45735.791666665573,8.69,"Valid",11.770000000000003,18.260000000000002,"Valid",21.692916666666665,"","",8.69,11.770000000000003,18.260000000000002,21.692916666666665,18.260000000000002,21.692916666666665,8.69,11.770000000000003]
[2025,3,19,20,45735.833333332237,14.39,"Valid",11.569583333333334,27.39,"Valid",21.103333333333332,"","",14.39,11.569583333333334,27.39,21.103333333333332,27.39,21.103333333333332,14.39,11.569583333333334]
[2025,3,19,21,45735.874999998901,19.88,"Valid",11.8225,43.37,"Valid",21.728333333333328,"","",19.88,11.8225,43.37,21.728333333333328,43.37,21.728333333333328,19.88,11.8225]
[2025,3,19,22,45735.916666665566,12.92,"Valid",11.967083333333335,26.87,"Valid",22.05458333333333,"","",12.92,11.967083333333335,26.87,22.05458333333333,26.87,22.05458333333333,12.92,11.967083333333335]
[2025,3,19,23,45735.95833333223,9.9600000000000009,"Valid",11.898333333333333,27.99,"Valid",22.483333333333331,"","",9.9600000000000009,11.898333333333333,27.99,22.483333333333331,27.99,22.483333333333331,9.9600000000000009,11.898333333333333]
[2025,3,20,0,45735.999999998894,13.9,"Valid",11.928749999999999,22.21,"Valid",22.622083333333332,"","",13.9,11.928749999999999,22.21,22.622083333333332,22.21,22.622083333333332,13.9,11.928749999999999]
[2025,3,20,1,45736.041666665558,12.24,"Valid",11.742083333333333,17.66,"Valid",22.46833333333333,"","",12.24,11.742083333333333,17.66,22.46833333333333,17.66,22.46833333333333,12.24,11.742083333333333]
[2025,3,20,2,45736.083333332223,10.44,"Valid",11.661666666666667,14.25,"Valid",22.384999999999994,"","",10.44,11.661666666666667,14.25,22.384999999999994,14.25,22.384999999999994,10.44,11.661666666666667]
[2025,3,20,3,45736.124999998887,10.07,"Valid",11.664583333333333,13.3,"Valid",22.352083333333329,"","",10.07,11.664583333333333,13.3,22.352083333333329,13.3,22.352083333333329,10.07,11.664583333333333]
[2025,3,20,4,45736.166666665551,11.87,"Valid",11.695416666666668,15.03,"Valid",22.364583333333329,"","",11.87,11.695416666666668,15.03,22.364583333333329,15.03,22.364583333333329,11.87,11.695416666666668]
[2025,3,20,5,45736.208333332215,17.23,"Valid",12.046250000000002,49.3,"Valid",23.556666666666661,"","",17.23,12.046250000000002,49.3,23.556666666666661,49.3,23.556666666666661,17.23,12.046250000000002]
[2025,3,20,6,45736.24999999888,36.369999999999997,"Valid",12.946249999999999,155.51,"Valid",28.550416666666663,"","",36.369999999999997,12.946249999999999,155.51,28.550416666666663,155.51,28.550416666666663,36.369999999999997,12.946249999999999]
[2025,3,20,7,45736.291666665544,36.17,"Valid",13.877916666666669,161.30000000000001,"Valid",33.90625,"","",36.17,13.877916666666669,161.30000000000001,33.90625,161.30000000000001,33.90625,36.17,13.877916666666669]
[2025,3,20,8,45736.333333332208,21.56,"Valid",14.3225,56.08,"Valid",35.042500000000004,"","",21.56,14.3225,56.08,35.042500000000004,56.08,35.042500000000004,21.56,14.3225]
[2025,3,20,9,45736.374999998872,11.9,"Valid",14.376249999999999,27.69,"Valid",35.260833333333338,"","",11.9,14.376249999999999,27.69,35.260833333333338,27.69,35.260833333333338,11.9,14.376249999999999]
[2025,3,20,10,45736.416666665536,13.01,"Valid",14.558749999999998,42.28,"Valid",36.278333333333343,"","",13.01,14.558749999999998,42.28,36.278333333333343,42.28,36.278333333333343,13.01,14.558749999999998]
[2025,3,20,11,45736.458333332201,12.5,"Valid",14.668749999999998,26.73,"Valid",36.644583333333337,"","",12.5,14.668749999999998,26.73,36.644583333333337,26.73,36.644583333333337,12.5,14.668749999999998]
[2025,3,20,12,45736.499999998865,{"$f":"NA()","v":{"$error":"#N/A"}},"Invalid",14.760869565217391,{"$f":"NA()","v":{"$error":"#N/A"}},"Invalid",37.501304347826093,"Calibration Error","Qty TEOM calibration",{"$error":"#N/A"},{"$error":"#N/A"},{"$error":"#N/A"},{"$error":"#N/A"}]
[2025,3,20,13,45736.541666665529,{"$f":"NA()","v":{"$error":"#N/A"}},"Invalid",14.807727272727272,{"$f":"NA()","v":{"$error":"#N/A"}},"Invalid",38.225454545454554,"Calibration Error","Qty TEOM calibration",{"$error":"#N/A"},{"$error":"#N/A"},{"$error":"#N/A"},{"$error":"#N/A"}]
[2025,3,20,14,45736.583333332193,{"$f":"NA()","v":{"$error":"#N/A"}},"Invalid",15.022857142857141,{"$f":"NA()","v":{"$error":"#N/A"}},"Invalid",39.234761904761911,"Calibration Error","Qty TEOM calibration",{"$error":"#N/A"},{"$error":"#N/A"},{"$error":"#N/A"},{"$error":"#N/A"}]
[2025,3,20,15,45736.624999998858,{"$f":"NA()","v":{"$error":"#N/A"}},"Invalid",15.291499999999999,{"$f":"NA()","v":{"$error":"#N/A"}},"Invalid",40.336500000000008,"Calibration Error","Qty TEOM calibration",{"$error":"#N/A"},{"$error":"#N/A"},{"$error":"#N/A"},{"$error":"#N/A"}]
[2025,3,20,16,45736.666666665522,0.25,"Valid",14.847,2.12,"Valid",39.521000000000001,"","",0.25,14.847,2.12,39.521000000000001,2.12,39.521000000000001,0.25,14.847]
[2025,3,{"$f":"C451+1","v":20},17,45736.708333332186,4.8899999999999997,"Valid",14.505499999999998,21.01,"Valid",39.506000000000007,"","",4.8899999999999997,14.505499999999998,21.01,39.506000000000007,21.01,39.506000000000007,4.8899999999999997,14.505499999999998]
[2025,3,20,18,45736.74999999885,3.53,"Valid",14.0885,18.38,"Valid",39.336500000000008,"","",3.53,14.0885,18.38,39.336500000000008,18.38,39.336500000000008,3.53,14.0885]
[2025,3,20,19,45736.791666665515,3.51,"Valid",13.829499999999996,12.9,"Valid",39.068500000000007,"","",3.51,13.829499999999996,12.9,39.068500000000007,12.9,39.068500000000007,3.51,13.829499999999996]
[2025,3,20,20,45736.833333332179,6.94,"Valid",13.456999999999999,25.31,"Valid",38.964500000000001,"","",6.94,13.456999999999999,25.31,38.964500000000001,25.31,38.964500000000001,6.94,13.456999999999999]
[2025,3,20,21,45736.874999998843,4.2,"Valid",12.672999999999998,23.41,"Valid",37.966499999999996,"","",4.2,12.672999999999998,23.41,37.966499999999996,23.41,37.966499999999996,4.2,12.672999999999998]
[2025,3,20,22,45736.916666665507,3.39,"Valid",12.196499999999997,10.77,"Valid",37.161499999999997,"","",3.39,12.196499999999997,10.77,37.161499999999997,10.77,37.161499999999997,3.39,12.196499999999997]
[2025,3,20,23,45736.958333332172,0.91,"Valid",11.743999999999998,5.66,"Valid",36.044999999999995,"","",0.91,11.743999999999998,5.66,36.044999999999995,5.66,36.044999999999995,0.91,11.743999999999998]
[2025,3,21,0,45736.999999998836,5.57,"Valid",11.327499999999997,9.09,"Valid",35.388999999999996,"","",5.57,11.327499999999997,9.09,35.388999999999996,9.09,35.388999999999996,5.57,11.327499999999997]
[2025,3,21,1,45737.0416666655,1.24,"Valid",10.777499999999996,5.36,"Valid",34.773999999999994,"","",1.24,10.777499999999996,5.36,34.773999999999994,5.36,34.773999999999994,1.24,10.777499999999996]
[2025,3,21,2,45737.083333332164,-0.87,"Valid",10.211999999999996,3.32,"Valid",34.227499999999999,"","",-0.87,10.211999999999996,3.32,34.227499999999999,3.32,34.227499999999999,-0.87,10.211999999999996]
[2025,3,21,3,45737.124999998829,6.01,"Valid",10.008999999999997,11.64,"Valid",34.144499999999994,"","",6.01,10.008999999999997,11.64,34.144499999999994,11.64,34.144499999999994,6.01,10.008999999999997]
[2025,3,21,4,45737.166666665493,2.98,"Valid",9.5644999999999971,25.8,"Valid",34.682999999999993,"","",2.98,9.5644999999999971,25.8,34.682999999999993,25.8,34.682999999999993,2.98,9.5644999999999971]
[2025,3,21,5,45737.208333332157,10.82,"Valid",9.2439999999999962,71.11,"Valid",35.773499999999999,"","",10.82,9.2439999999999962,71.11,35.773499999999999,71.11,35.773499999999999,10.82,9.2439999999999962]
[2025,3,21,6,45737.249999998821,32.33,"Valid",9.041999999999998,200.58,"Valid",38.027000000000001,"","",32.33,9.041999999999998,200.58,38.027000000000001,200.58,38.027000000000001,32.33,9.041999999999998]
[2025,3,21,7,45737.291666665486,22.78,"Valid",8.3725000000000005,150.08000000000001,"Valid",37.466000000000001,"","",22.78,8.3725000000000005,150.08000000000001,37.466000000000001,150.08000000000001,37.466000000000001,22.78,8.3725000000000005]
[2025,3,21,8,45737.33333333215,10.47,"Valid",7.8179999999999996,42.37,"Valid",36.780500000000004,"","",10.47,7.8179999999999996,42.37,36.780500000000004,42.37,36.780500000000004,10.47,7.8179999999999996]
[2025,3,21,9,45737.374999998814,4.7300000000000004,"Valid",7.4595000000000002,20.34,"Valid",36.413000000000004,"","",4.7300000000000004,7.4595000000000002,20.34,36.413000000000004,20.34,36.413000000000004,4.7300000000000004,7.4595000000000002]
[2025,3,21,10,45737.416666665478,4.97,"Valid",7.0575000000000001,11.29,"Valid",34.863500000000002,"","",4.97,7.0575000000000001,11.29,34.863500000000002,11.29,34.863500000000002,4.97,7.0575000000000001]
[2025,3,21,11,45737.458333332143,4.45,"Valid",6.6549999999999994,11.76,"Valid",34.115000000000002,"","",4.45,6.6549999999999994,11.76,34.115000000000002,11.76,34.115000000000002,4.45,6.6549999999999994]
[2025,3,21,12,45737.499999998807,4.21,"Valid",6.5385714285714283,11.83,"Valid",33.053809523809527,"","",4.21,6.5385714285714283,11.83,33.053809523809527,11.83,33.053809523809527,4.21,6.5385714285714283]
[2025,3,21,13,45737.541666665471,4.05,"Valid",6.4254545454545458,11.22,"Valid",32.061363636363645,"","",4.05,6.4254545454545458,11.22,32.061363636363645,11.22,32.061363636363645,4.05,6.4254545454545458]
[2025,3,21,14,45737.583333332135,4.8499999999999996,"Valid",6.3569565217391304,17.38,"Valid",31.423043478260876,"","",4.8499999999999996,6.3569565217391304,17.38,31.423043478260876,17.38,31.423043478260876,4.8499999999999996,6.3569565217391304]
[2025,3,21,15,45737.624999998799,22.67,"Valid",7.0366666666666662,26.7,"Valid",31.226250000000007,"","",22.67,7.0366666666666662,26.7,31.226250000000007,26.7,31.226250000000007,22.67,7.0366666666666662]
[2025,3,21,16,45737.666666665464,-1.25,"Valid",6.9741666666666662,0.24,"Valid",31.147916666666674,"","",-1.25,6.9741666666666662,0.24,31.147916666666674,0.24,31.147916666666674,-1.25,6.9741666666666662]
[2025,3,21,17,45737.708333332128,6.26,"Valid",7.03125,7.84,"Valid",30.599166666666676,"","",6.26,7.03125,7.84,30.599166666666676,7.84,30.599166666666676,6.26,7.03125]
[2025,3,21,18,45737.749999998792,5.38,"Valid",7.1083333333333343,7.01,"Valid",30.125416666666677,"","",5.38,7.1083333333333343,7.01,30.125416666666677,7.01,30.125416666666677,5.38,7.1083333333333343]
[2025,3,21,19,45737.791666665456,1.65,"Valid",7.0308333333333328,3.9,"Valid",29.75041666666667,"","",1.65,7.0308333333333328,3.9,29.75041666666667,3.9,29.75041666666667,1.65,7.0308333333333328]
[2025,3,21,20,45737.833333332121,0.41,"Valid",6.7587499999999991,5.5,"Valid",28.925000000000008,"","",0.41,6.7587499999999991,5.5,28.925000000000008,5.5,28.925000000000008,0.41,6.7587499999999991]
[2025,3,21,21,45737.874999998785,-1.06,"Valid",6.5395833333333329,2.02,"Valid",28.033750000000008,"","",-1.06,6.5395833333333329,2.02,28.033750000000008,2.02,28.033750000000008,-1.06,6.5395833333333329]
[2025,3,21,22,45737.916666665449,2.57,"Valid",6.5054166666666653,6.06,"Valid",27.837500000000006,"","",2.57,6.5054166666666653,6.06,27.837500000000006,6.06,27.837500000000006,2.57,6.5054166666666653]
[2025,3,21,23,45737.958333332113,-0.46,"Valid",6.4483333333333315,3.86,"Valid",27.762500000000003,"","",-0.46,6.4483333333333315,3.86,27.762500000000003,3.86,27.762500000000003,-0.46,6.4483333333333315]
[2025,3,22,0,45737.999999998778,2.04,"Valid",6.3012499999999987,11.06,"Valid",27.844583333333333,"","",2.04,6.3012499999999987,11.06,27.844583333333333,11.06,27.844583333333333,2.04,6.3012499999999987]
[2025,3,22,1,45738.041666665442,3.2,"Valid",6.3829166666666639,6.8,"Valid",27.904583333333335,"","",3.2,6.3829166666666639,6.8,27.904583333333335,6.8,27.904583333333335,3.2,6.3829166666666639]
[2025,3,22,2,45738.083333332106,-0.26,"Valid",6.4083333333333314,2.72,"Valid",27.879583333333333,"","",-0.26,6.4083333333333314,2.72,27.879583333333333,2.72,27.879583333333333,-0.26,6.4083333333333314]
[2025,3,22,3,45738.12499999877,0.43,"Valid",6.1758333333333324,1.87,"Valid",27.4725,"","",0.43,6.1758333333333324,1.87,27.4725,1.87,27.4725,0.43,6.1758333333333324]
[2025,3,22,4,45738.166666665435,4.21,"Valid",6.2270833333333329,4.9800000000000004,"Valid",26.605,"","",4.21,6.2270833333333329,4.9800000000000004,26.605,4.9800000000000004,26.605,4.21,6.2270833333333329]
[2025,3,22,5,45738.208333332099,3.33,"Valid",5.915,4.55,"Valid",23.83166666666666,"","",3.33,5.915,4.55,23.83166666666666,4.55,23.83166666666666,3.33,5.915]
[2025,3,22,6,45738.249999998763,2.92,"Valid",4.6895833333333341,3.72,"Valid",15.62916666666667,"","",2.92,4.6895833333333341,3.72,15.62916666666667,3.72,15.62916666666667,2.92,4.6895833333333341]
[2025,3,22,7,45738.291666665427,-0.4,"Valid",3.7237500000000003,0.18,"Valid",9.3833333333333346,"","",-0.4,3.7237500000000003,0.18,9.3833333333333346,0.18,9.3833333333333346,-0.4,3.7237500000000003]
[2025,3,22,8,45738.333333332092,2.99,"Valid",3.4120833333333329,3.68,"Valid",7.771250000000002,"","",{"$f":"IF(G514=\"Valid\", F514, NA())","v":2.99},{"$f":"IF(G514=\"Valid\", H514, NA())","v":3.4120833333333329},{"$f":"IF(J514=\"Valid\", I514, NA())","v":3.68},{"$f":"IF(J514=\"Valid\", K514, NA())","v":7.771250000000002},3.68,7.771250000000002,2.99,3.4120833333333329]
[2025,3,22,9,45738.374999998756,2.29,"Valid",3.3104166666666663,2.72,"Valid",7.0370833333333342,"","",2.29,3.3104166666666663,2.72,7.0370833333333342,2.72,7.0370833333333342,2.29,3.3104166666666663]
[2025,3,22,{"$f":"IF(D515=23,0,D515+1)","v":10},{"$f":"E515+0.0416666666666666","v":45738.41666666542},2.06,"Valid",3.1891666666666669,2.75,"Valid",6.6812500000000012,"","",2.06,3.1891666666666669,2.75,6.6812500000000012,2.75,6.6812500000000012,2.06,3.1891666666666669]
[2025,3,22,11,45738.458333332084,2.4300000000000002,"Valid",3.105,3.21,"Valid",6.325000000000002,"","",2.4300000000000002,3.105,3.21,6.325000000000002,3.21,6.325000000000002,2.4300000000000002,3.105]
[2025,3,22,12,45738.499999998749,3.95,"Valid",3.0941666666666676,5.1100000000000003,"Valid",6.0450000000000017,"","",3.95,3.0941666666666676,5.1100000000000003,6.0450000000000017,5.1100000000000003,6.0450000000000017,3.95,3.0941666666666676]
[2025,3,22,13,45738.541666665413,2.4900000000000002,"Valid",3.0291666666666668,3.82,"Valid",5.7366666666666672,"","",2.4900000000000002,3.0291666666666668,3.82,5.7366666666666672,3.82,5.7366666666666672,2.4900000000000002,3.0291666666666668]
[2025,3,22,14,45738.583333332077,6.4,"Valid",3.09375,7.29,"Valid",5.3162500000000001,"","",6.4,3.09375,7.29,5.3162500000000001,7.29,5.3162500000000001,6.4,3.09375]
[2025,3,22,15,45738.624999998741,8.57,"Valid",2.5062500000000001,9.52,"Valid",4.6004166666666668,"","",8.57,2.5062500000000001,9.52,4.6004166666666668,9.52,4.6004166666666668,8.57,2.5062500000000001]
[2025,3,22,16,45738.666666665406,7.91,"Valid",2.8879166666666669,9.1,"Valid",4.9695833333333326,"","",7.91,2.8879166666666669,9.1,4.9695833333333326,9.1,4.9695833333333326,7.91,2.8879166666666669]
[2025,3,22,17,45738.70833333207,6.77,"Valid",2.9091666666666671,8.8000000000000007,"Valid",5.0095833333333326,"","",6.77,2.9091666666666671,8.8000000000000007,5.0095833333333326,8.8000000000000007,5.0095833333333326,6.77,2.9091666666666671]
[2025,3,22,18,45738.749999998734,4.6100000000000003,"Valid",2.8770833333333332,6.74,"Valid",4.9983333333333322,"","",4.6100000000000003,2.8770833333333332,6.74,4.9983333333333322,6.74,4.9983333333333322,4.6100000000000003,2.8770833333333332]
[2025,3,22,19,45738.791666665398,3.61,"Valid",2.9587499999999998,5.62,"Valid",5.0699999999999985,"","",3.61,2.9587499999999998,5.62,5.0699999999999985,5.62,5.0699999999999985,3.61,2.9587499999999998]
[2025,3,22,20,45738.833333332062,2.85,"Valid",3.0604166666666663,5.21,"Valid",5.0579166666666664,"","",2.85,3.0604166666666663,5.21,5.0579166666666664,5.21,5.0579166666666664,2.85,3.0604166666666663]
[2025,3,22,21,45738.874999998727,2.56,"Valid",3.2112499999999997,5.26,"Valid",5.1929166666666662,"","",2.56,3.2112499999999997,5.26,5.1929166666666662,5.26,5.1929166666666662,2.56,3.2112499999999997]
[2025,3,22,22,45738.916666665391,5.79,"Valid",3.3454166666666665,8.17,"Valid",5.2808333333333328,"","",5.79,3.3454166666666665,8.17,5.2808333333333328,8.17,5.2808333333333328,5.79,3.3454166666666665]
[2025,3,22,23,45738.958333332055,11.17,"Valid",3.83,13.49,"Valid",5.6820833333333338,"","",11.17,3.83,13.49,5.6820833333333338,13.49,5.6820833333333338,11.17,3.83]
[2025,3,23,0,45738.999999998719,11.16,"Valid",4.21,13.59,"Valid",5.7874999999999988,"","",11.16,4.21,13.59,5.7874999999999988,13.59,5.7874999999999988,11.16,4.21]
[2025,3,23,1,45739.041666665384,9.32,"Valid",4.4649999999999999,11.38,"Valid",5.9783333333333326,"","",9.32,4.4649999999999999,11.38,5.9783333333333326,11.38,5.9783333333333326,9.32,4.4649999999999999]
[2025,3,23,2,45739.083333332048,10.26,"Valid",4.9033333333333333,12.62,"Valid",6.3908333333333331,"","",10.26,4.9033333333333333,12.62,6.3908333333333331,12.62,6.3908333333333331,10.26,4.9033333333333333]
[2025,3,23,3,45739.124999998712,15.25,"Valid",5.520833333333333,17.309999999999999,"Valid",7.0341666666666676,"","",15.25,5.520833333333333,17.309999999999999,7.0341666666666676,17.309999999999999,7.0341666666666676,15.25,5.520833333333333]
[2025,3,23,4,45739.166666665376,8.3000000000000007,"Valid",5.691250000000001,10.68,"Valid",7.2716666666666674,"","",8.3000000000000007,5.691250000000001,10.68,7.2716666666666674,10.68,7.2716666666666674,8.3000000000000007,5.691250000000001]
[2025,3,23,5,45739.208333332041,9.67,"Valid",5.9554166666666655,12,"Valid",7.5820833333333342,"","",9.67,5.9554166666666655,12,7.5820833333333342,12,7.5820833333333342,9.67,5.9554166666666655]
[2025,3,23,6,45739.249999998705,4.88,"Valid",6.0370833333333325,8.74,"Valid",7.7912500000000007,"","",4.88,6.0370833333333325,8.74,7.7912500000000007,8.74,7.7912500000000007,4.88,6.0370833333333325]
[2025,3,23,7,45739.291666665369,9.32,"Valid",6.4420833333333327,11.86,"Valid",8.2779166666666679,"","",9.32,6.4420833333333327,11.86,8.2779166666666679,11.86,8.2779166666666679,9.32,6.4420833333333327]
[2025,3,23,8,45739.333333332033,6.73,"Valid",6.5979166666666655,8.99,"Valid",8.4991666666666674,"","",6.73,6.5979166666666655,8.99,8.4991666666666674,8.99,8.4991666666666674,6.73,6.5979166666666655]
[2025,3,{"$f":"C515+1","v":23},9,45739.374999998698,8.41,"Valid",6.8529166666666654,11.18,"Valid",8.8516666666666666,"","",8.41,6.8529166666666654,11.18,8.8516666666666666,11.18,8.8516666666666666,8.41,6.8529166666666654]
[2025,3,23,10,45739.416666665362,11.54,"Valid",7.247916666666665,13.62,"Valid",9.3045833333333334,"","",11.54,7.247916666666665,13.62,9.3045833333333334,13.62,9.3045833333333334,11.54,7.247916666666665]
[2025,3,23,11,45739.458333332026,7.98,"Valid",7.4791666666666643,10.23,"Valid",9.5970833333333339,"","",7.98,7.4791666666666643,10.23,9.5970833333333339,10.23,9.5970833333333339,7.98,7.4791666666666643]
[2025,3,23,12,45739.49999999869,10.91,"Valid",7.7691666666666661,14.03,"Valid",9.96875,"","",10.91,7.7691666666666661,14.03,9.96875,14.03,9.96875,10.91,7.7691666666666661]
[2025,3,23,13,45739.541666665355,10.41,"Valid",8.0991666666666653,13.55,"Valid",10.374166666666667,"","",10.41,8.0991666666666653,13.55,10.374166666666667,13.55,10.374166666666667,10.41,8.0991666666666653]
[2025,3,23,14,45739.583333332019,8.89,"Valid",8.2029166666666651,13.85,"Valid",10.647500000000003,"","",8.89,8.2029166666666651,13.85,10.647500000000003,13.85,10.647500000000003,8.89,8.2029166666666651]
[2025,3,23,15,45739.624999998683,8.23,"Valid",8.1887499999999971,10.29,"Valid",10.679583333333333,"","",8.23,8.1887499999999971,10.29,10.679583333333333,10.29,10.679583333333333,8.23,8.1887499999999971]
[2025,3,23,16,45739.666666665347,5.73,"Valid",8.0979166666666647,11.42,"Valid",10.776250000000003,"","",5.73,8.0979166666666647,11.42,10.776250000000003,11.42,10.776250000000003,5.73,8.0979166666666647]
[2025,3,23,17,45739.708333332012,9.57,"Valid",8.2145833333333318,13.35,"Valid",10.965833333333334,"","",9.57,8.2145833333333318,13.35,10.965833333333334,13.35,10.965833333333334,9.57,8.2145833333333318]
[2025,3,23,18,45739.749999998676,3.23,"Valid",8.1570833333333308,6.05,"Valid",10.937083333333334,"","",3.23,8.1570833333333308,6.05,10.937083333333334,6.05,10.937083333333334,3.23,8.1570833333333308]
[2025,3,23,19,45739.79166666534,2.84,"Valid",8.1249999999999982,5.67,"Valid",10.939166666666667,"","",2.84,8.1249999999999982,5.67,10.939166666666667,5.67,10.939166666666667,2.84,8.1249999999999982]
[2025,3,23,20,45739.833333332004,2.4900000000000002,"Valid",8.1099999999999977,6.52,"Valid",10.993749999999999,"","",2.4900000000000002,8.1099999999999977,6.52,10.993749999999999,6.52,10.993749999999999,2.4900000000000002,8.1099999999999977]
[2025,3,23,21,45739.874999998668,1.68,"Valid",8.0733333333333324,5.13,"Valid",10.988333333333332,"","",1.68,8.0733333333333324,5.13,10.988333333333332,5.13,10.988333333333332,1.68,8.0733333333333324]
[2025,3,23,22,45739.916666665333,5.0199999999999996,"Valid",8.0412499999999998,8.07,"Valid",10.984166666666665,"","",5.0199999999999996,8.0412499999999998,8.07,10.984166666666665,8.07,10.984166666666665,5.0199999999999996,8.0412499999999998]
[2025,3,23,23,45739.958333331997,7.19,"Valid",7.8754166666666672,10.199999999999999,"Valid",10.84708333333333,"","",7.19,7.8754166666666672,10.199999999999999,10.84708333333333,10.199999999999999,10.84708333333333,7.19,7.8754166666666672]
[2025,3,24,0,45739.999999998661,3.98,"Valid",7.576249999999999,6.1,"Valid",10.534999999999998,null,null,3.98,7.576249999999999,6.1,10.534999999999998,6.1,10.534999999999998,3.98,7.576249999999999]
[2025,3,24,1,45740.041666665325,4.9400000000000004,"Valid",7.3937499999999998,7.76,"Valid",10.384166666666664,null,null,4.9400000000000004,7.3937499999999998,7.76,10.384166666666664,7.76,10.384166666666664,4.9400000000000004,7.3937499999999998]
[2025,3,24,2,45740.08333333199,0.6,"Valid",6.99125,3.56,"Valid",10.006666666666664,null,null,0.6,6.99125,3.56,10.006666666666664,3.56,10.006666666666664,0.6,6.99125]
[2025,3,24,3,45740.124999998654,2.93,"Valid",6.4779166666666663,5.7,"Valid",9.5229166666666654,null,null,2.93,6.4779166666666663,5.7,9.5229166666666654,5.7,9.5229166666666654,2.93,6.4779166666666663]
[2025,3,24,4,45740.166666665318,2.7,"Valid",6.2445833333333338,5.76,"Valid",9.3179166666666635,null,null,2.7,6.2445833333333338,5.76,9.3179166666666635,5.76,9.3179166666666635,2.7,6.2445833333333338]
[2025,3,24,5,45740.208333331982,2.54,"Valid",5.9474999999999989,5.03,"Valid",9.0274999999999981,null,null,2.54,5.9474999999999989,5.03,9.0274999999999981,5.03,9.0274999999999981,2.54,5.9474999999999989]
[2025,3,24,6,45740.249999998647,3.5,"Valid",5.89,7,"Valid",8.9549999999999983,null,null,3.5,5.89,7,8.9549999999999983,7,8.9549999999999983,3.5,5.89]
[2025,3,24,7,45740.291666665311,2.2999999999999998,"Valid",5.597500000000001,6.99,"Valid",8.7520833333333297,null,null,2.2999999999999998,5.597500000000001,6.99,8.7520833333333297,6.99,8.7520833333333297,2.2999999999999998,5.597500000000001]
[2025,3,24,8,45740.333333331975,5.64,"Valid",5.5520833333333348,11.45,"Valid",8.8545833333333306,null,null,5.64,5.5520833333333348,11.45,8.8545833333333306,11.45,8.8545833333333306,5.64,5.5520833333333348]
[2025,3,24,9,45740.374999998639,1.83,"Valid",5.2779166666666679,4.7300000000000004,"Valid",8.5858333333333299,null,null,1.83,5.2779166666666679,4.7300000000000004,8.5858333333333299,4.7300000000000004,8.5858333333333299,1.83,5.2779166666666679]
[2025,3,24,10,45740.416666665304,1.69,"Valid",4.8675000000000006,3.95,"Valid",8.1829166666666637,null,null,1.69,4.8675000000000006,3.95,8.1829166666666637,3.95,8.1829166666666637,1.69,4.8675000000000006]
[2025,3,24,11,45740.458333331968,1.61,"Valid",4.6020833333333337,4.25,"Valid",7.9337499999999972,null,null,1.61,4.6020833333333337,4.25,7.9337499999999972,4.25,7.9337499999999972,1.61,4.6020833333333337]
[2025,3,24,12,45740.499999998632,5.8,"Valid",4.3891666666666671,8.31,"Valid",7.6954166666666666,null,null,5.8,4.3891666666666671,8.31,7.6954166666666666,8.31,7.6954166666666666,5.8,4.3891666666666671]
[2025,3,24,13,45740.541666665296,0.89,"Valid",3.9924999999999997,3.63,"Valid",7.2820833333333326,null,null,0.89,3.9924999999999997,3.63,7.2820833333333326,3.63,7.2820833333333326,0.89,3.9924999999999997]
[2025,3,24,14,45740.583333331961,6.07,"Valid",3.875,7.58,"Valid",7.020833333333333,null,null,6.07,3.875,7.58,7.020833333333333,7.58,7.020833333333333,6.07,3.875]
[2025,3,24,15,45740.624999998625,0.16,"Valid",3.538749999999999,2.29,"Valid",6.6875,null,null,0.16,3.538749999999999,2.29,6.6875,2.29,6.6875,0.16,3.538749999999999]
[2025,3,24,16,45740.666666665289,3.94,"Valid",3.464166666666666,6.3,"Valid",6.474166666666668,null,null,3.94,3.464166666666666,6.3,6.474166666666668,6.3,6.474166666666668,3.94,3.464166666666666]
[2025,3,24,17,45740.708333331953,4.6900000000000004,"Valid",3.2608333333333328,6.92,"Valid",6.2062500000000007,null,null,4.6900000000000004,3.2608333333333328,6.92,6.2062500000000007,6.92,6.2062500000000007,4.6900000000000004,3.2608333333333328]
[2025,3,24,18,45740.749999998618,5.7,"Valid",3.3637499999999996,7.55,"Valid",6.2687500000000007,null,null,5.7,3.3637499999999996,7.55,6.2687500000000007,7.55,6.2687500000000007,5.7,3.3637499999999996]
[2025,3,24,19,45740.791666665282,1.21,"Valid",3.2958333333333325,5.03,"Valid",6.2420833333333334,null,null,1.21,3.2958333333333325,5.03,6.2420833333333334,5.03,6.2420833333333334,1.21,3.2958333333333325]
[2025,3,24,20,45740.833333331946,0.15,"Valid",3.1983333333333328,2.71,"Valid",6.0833333333333348,null,null,0.15,3.1983333333333328,2.71,6.0833333333333348,2.71,6.0833333333333348,0.15,3.1983333333333328]
[2025,3,24,21,45740.87499999861,3.91,"Valid",3.2912499999999998,7.41,"Valid",6.1783333333333346,null,null,3.91,3.2912499999999998,7.41,6.1783333333333346,7.41,6.1783333333333346,3.91,3.2912499999999998]
[2025,3,24,22,45740.916666665275,2.2000000000000002,"Valid",3.1737499999999996,6.46,"Valid",6.111250000000001,null,null,2.2000000000000002,3.1737499999999996,6.46,6.111250000000001,6.46,6.111250000000001,2.2000000000000002,3.1737499999999996]
[2025,3,24,23,45740.958333331939,6.39,"Valid",3.1404166666666664,13.55,"Valid",6.2508333333333335,null,null,6.39,3.1404166666666664,13.55,6.2508333333333335,13.55,6.2508333333333335,6.39,3.1404166666666664]
[2025,3,25,0,45740.999999998603,3.92,"Valid",3.1379166666666669,13.59,"Valid",6.5629166666666672,null,null,{"$f":"IF(G578=\"Valid\", F578, NA())","v":3.92},{"$f":"IF(G578=\"Valid\", H578, NA())","v":3.1379166666666669},{"$f":"IF(J578=\"Valid\", I578, NA())","v":13.59},{"$f":"IF(J578=\"Valid\", K578, NA())","v":6.5629166666666672},13.59,6.5629166666666672,3.92,3.1379166666666669]
[2025,3,25,1,45741.041666665267,-1.52,"Valid",2.8687500000000004,1.21,"Valid",6.29,null,null,-1.52,2.8687500000000004,1.21,6.29,1.21,6.29,-1.52,2.8687500000000004]
[2025,3,25,{"$f":"IF(D579=23,0,D579+1)","v":2},{"$f":"E579+0.0416666666666666","v":45741.083333331931},1.66,"Valid",2.9129166666666673,2.89,"Valid",6.262083333333333,null,null,1.66,2.9129166666666673,2.89,6.262083333333333,2.89,6.262083333333333,1.66,2.9129166666666673]
[2025,3,25,3,45741.124999998596,-0.43,"Valid",2.7729166666666667,0.7,"Valid",6.05375,null,null,-0.43,2.7729166666666667,0.7,6.05375,0.7,6.05375,-0.43,2.7729166666666667]
[2025,3,25,4,45741.16666666526,1.88,"Valid",2.73875,2.79,"Valid",5.9299999999999988,null,null,1.88,2.73875,2.79,5.9299999999999988,2.79,5.9299999999999988,1.88,2.73875]
[2025,3,25,5,45741.208333331924,2.74,"Valid",2.7470833333333338,4.5199999999999996,"Valid",5.9087499999999986,null,null,2.74,2.7470833333333338,4.5199999999999996,5.9087499999999986,4.5199999999999996,5.9087499999999986,2.74,2.7470833333333338]
[2025,3,25,6,45741.249999998588,0.42,"Valid",2.6187500000000004,3.6,"Valid",5.767083333333332,null,null,0.42,2.6187500000000004,3.6,5.767083333333332,3.6,5.767083333333332,0.42,2.6187500000000004]
[2025,3,25,7,45741.291666665253,-0.84,"Valid",2.487916666666667,1.64,"Valid",5.5441666666666656,null,null,-0.84,2.487916666666667,1.64,5.5441666666666656,1.64,5.5441666666666656,-0.84,2.487916666666667]
[2025,3,25,8,45741.333333331917,-0.74,"Valid",2.2220833333333334,2.0499999999999998,"Valid",5.152499999999999,null,null,-0.74,2.2220833333333334,2.0499999999999998,5.152499999999999,2.0499999999999998,5.152499999999999,-0.74,2.2220833333333334]
[2025,3,25,9,45741.374999998581,1.67,"Valid",2.215416666666667,4.84,"Valid",5.1570833333333326,null,null,1.67,2.215416666666667,4.84,5.1570833333333326,4.84,5.1570833333333326,1.67,2.215416666666667]
[2025,3,25,10,45741.416666665245,0.16,"Valid",2.1516666666666668,3.13,"Valid",5.1229166666666659,null,null,0.16,2.1516666666666668,3.13,5.1229166666666659,3.13,5.1229166666666659,0.16,2.1516666666666668]
[2025,3,25,11,45741.45833333191,0.52,"Valid",2.1062499999999997,2.8,"Valid",5.0624999999999991,null,null,0.52,2.1062499999999997,2.8,5.0624999999999991,2.8,5.0624999999999991,0.52,2.1062499999999997]
[2025,3,25,12,45741.499999998574,6,"Valid",2.114583333333333,7.27,"Valid",5.0191666666666661,null,null,6,2.114583333333333,7.27,5.0191666666666661,7.27,5.0191666666666661,6,2.114583333333333]
[2025,3,25,13,45741.541666665238,2.63,"Valid",2.1870833333333333,4.5599999999999996,"Valid",5.0579166666666664,null,null,2.63,2.1870833333333333,4.5599999999999996,5.0579166666666664,4.5599999999999996,5.0579166666666664,2.63,2.1870833333333333]
[2025,3,25,14,45741.583333331902,2.85,"Valid",2.0529166666666669,4.67,"Valid",4.9366666666666665,null,null,2.85,2.0529166666666669,4.67,4.9366666666666665,4.67,4.9366666666666665,2.85,2.0529166666666669]
[2025,3,25,15,45741.624999998567,1.97,"Valid",2.1283333333333334,3.44,"Valid",4.9845833333333331,null,null,1.97,2.1283333333333334,3.44,4.9845833333333331,3.44,4.9845833333333331,1.97,2.1283333333333334]
[2025,3,25,16,45741.666666665231,3.68,"Valid",2.1175000000000002,5.92,"Valid",4.9687499999999991,null,null,3.68,2.1175000000000002,5.92,4.9687499999999991,5.92,4.9687499999999991,3.68,2.1175000000000002]
[2025,3,25,17,45741.708333331895,-0.62,"Valid",1.8962500000000004,5.78,"Valid",4.9212499999999997,null,null,-0.62,1.8962500000000004,5.78,4.9212499999999997,5.78,4.9212499999999997,-0.62,1.8962500000000004]
[2025,3,25,18,45741.749999998559,0.3,"Valid",1.6712499999999999,6,"Valid",4.8566666666666665,null,null,0.3,1.6712499999999999,6,4.8566666666666665,6,4.8566666666666665,0.3,1.6712499999999999]
[2025,3,25,19,45741.791666665224,1.9,"Valid",1.7,5.9,"Valid",4.8929166666666664,null,null,1.9,1.7,5.9,4.8929166666666664,5.9,4.8929166666666664,1.9,1.7]
[2025,3,25,20,45741.833333331888,-0.91,"Valid",1.6558333333333335,0.59,"Valid",4.8045833333333334,null,null,-0.91,1.6558333333333335,0.59,4.8045833333333334,0.59,4.8045833333333334,-0.91,1.6558333333333335]
[2025,3,25,21,45741.874999998552,4.92,"Valid",1.697916666666667,7.32,"Valid",4.8008333333333342,null,null,4.92,1.697916666666667,7.32,4.8008333333333342,7.32,4.8008333333333342,4.92,1.697916666666667]
[2025,3,25,22,45741.916666665216,-0.54,"Valid",1.5837500000000002,1.7,"Valid",4.6025000000000009,null,null,-0.54,1.5837500000000002,1.7,4.6025000000000009,1.7,4.6025000000000009,-0.54,1.5837500000000002]
[2025,3,25,23,45741.958333331881,2.12,"Valid",1.405833333333333,8.48,"Valid",4.3912500000000003,null,null,2.12,1.405833333333333,8.48,4.3912500000000003,8.48,4.3912500000000003,2.12,1.405833333333333]
[2025,3,26,0,45741.999999998545,1.76,"Valid",1.3158333333333332,5.4,"Valid",4.0500000000000007,null,null,1.76,1.3158333333333332,5.4,4.0500000000000007,5.4,4.0500000000000007,1.76,1.3158333333333332]
[2025,3,{"$f":"C579+1","v":26},1,45742.041666665209,1.77,"Valid",1.4529166666666669,4.9800000000000004,"Valid",4.2070833333333342,null,null,1.77,1.4529166666666669,4.9800000000000004,4.2070833333333342,4.9800000000000004,4.2070833333333342,1.77,1.4529166666666669]
[2025,3,26,2,45742.083333331873,1.81,"Valid",1.4591666666666672,3.48,"Valid",4.2316666666666682,null,null,1.81,1.4591666666666672,3.48,4.2316666666666682,3.48,4.2316666666666682,1.81,1.4591666666666672]
[2025,3,26,3,45742.124999998538,3.65,"Valid",1.6291666666666671,4.75,"Valid",4.4004166666666684,null,null,3.65,1.6291666666666671,4.75,4.4004166666666684,4.75,4.4004166666666684,3.65,1.6291666666666671]
[2025,3,26,4,45742.166666665202,-2.33,"Valid",1.4537500000000001,-0.97,"Valid",4.2437500000000012,null,null,-2.33,1.4537500000000001,-0.97,4.2437500000000012,-0.97,4.2437500000000012,-2.33,1.4537500000000001]
[2025,3,26,5,45742.208333331866,1.71,"Valid",1.4108333333333334,2.86,"Valid",4.1745833333333335,null,null,1.71,1.4108333333333334,2.86,4.1745833333333335,2.86,4.1745833333333335,1.71,1.4108333333333334]
[2025,3,26,6,45742.24999999853,1.1200000000000001,"Valid",1.4399999999999997,6.77,"Valid",4.3066666666666675,null,null,1.1200000000000001,1.4399999999999997,6.77,4.3066666666666675,6.77,4.3066666666666675,1.1200000000000001,1.4399999999999997]
[2025,3,26,7,45742.291666665194,-0.01,"Valid",1.4745833333333334,4.4000000000000004,"Valid",4.4216666666666677,null,null,-0.01,1.4745833333333334,4.4000000000000004,4.4216666666666677,4.4000000000000004,4.4216666666666677,-0.01,1.4745833333333334]
[2025,3,26,8,45742.333333331859,6.49,"Valid",1.7758333333333336,10.36,"Valid",4.7679166666666672,null,null,6.49,1.7758333333333336,10.36,4.7679166666666672,10.36,4.7679166666666672,6.49,1.7758333333333336]
[2025,3,26,9,45742.374999998523,2.2999999999999998,"Valid",1.8020833333333333,6.57,"Valid",4.8400000000000007,null,null,2.2999999999999998,1.8020833333333333,6.57,4.8400000000000007,6.57,4.8400000000000007,2.2999999999999998,1.8020833333333333]
[2025,3,26,10,45742.416666665187,1.24,"Valid",1.8470833333333332,5.71,"Valid",4.9475000000000007,null,null,1.24,1.8470833333333332,5.71,4.9475000000000007,5.71,4.9475000000000007,1.24,1.8470833333333332]
[2025,3,26,11,45742.458333331851,2.4300000000000002,"Valid",1.9266666666666667,6.53,"Valid",5.1029166666666672,null,null,2.4300000000000002,1.9266666666666667,6.53,5.1029166666666672,6.53,5.1029166666666672,2.4300000000000002,1.9266666666666667]
[2025,3,26,12,45742.499999998516,2.39,"Valid",1.7762500000000001,7.1,"Valid",5.0958333333333332,null,null,2.39,1.7762500000000001,7.1,5.0958333333333332,7.1,5.0958333333333332,2.39,1.7762500000000001]
[2025,3,26,13,45742.54166666518,-1.47,"Valid",1.6054166666666667,5.03,"Valid",5.1154166666666665,null,null,-1.47,1.6054166666666667,5.03,5.1154166666666665,5.03,5.1154166666666665,-1.47,1.6054166666666667]
[2025,3,26,14,45742.583333331844,1.46,"Valid",1.5475000000000001,8.02,"Valid",5.2549999999999999,null,null,1.46,1.5475000000000001,8.02,5.2549999999999999,8.02,5.2549999999999999,1.46,1.5475000000000001]
[2025,3,26,15,45742.624999998508,2.2799999999999998,"Valid",1.5604166666666668,6.46,"Valid",5.3808333333333325,null,null,2.2799999999999998,1.5604166666666668,6.46,5.3808333333333325,6.46,5.3808333333333325,2.2799999999999998,1.5604166666666668]
[2025,3,26,16,45742.666666665173,3.46,"Valid",1.5512500000000002,11.03,"Valid",5.5937499999999991,null,null,3.46,1.5512500000000002,11.03,5.5937499999999991,11.03,5.5937499999999991,3.46,1.5512500000000002]
[2025,3,26,17,45742.708333331837,1.84,"Valid",1.6537500000000003,7.87,"Valid",5.6808333333333323,null,null,1.84,1.6537500000000003,7.87,5.6808333333333323,7.87,5.6808333333333323,1.84,1.6537500000000003]
[2025,3,26,18,45742.749999998501,1.6,"Valid",1.707916666666667,6.88,"Valid",5.7174999999999985,null,null,1.6,1.707916666666667,6.88,5.7174999999999985,6.88,5.7174999999999985,1.6,1.707916666666667]
[2025,3,26,19,45742.791666665165,2.36,"Valid",1.7270833333333337,8.9700000000000006,"Valid",5.845416666666666,null,null,2.36,1.7270833333333337,8.9700000000000006,5.845416666666666,8.9700000000000006,5.845416666666666,2.36,1.7270833333333337]
[2025,3,26,20,45742.83333333183,-1.38,"Valid",1.7075000000000002,0.97,"Valid",5.8612499999999992,null,null,-1.38,1.7075000000000002,0.97,5.8612499999999992,0.97,5.8612499999999992,-1.38,1.7075000000000002]
[2025,3,26,21,45742.874999998494,-0.14000000000000001,"Valid",1.4966666666666668,1.9,"Valid",5.635416666666667,null,null,-0.14000000000000001,1.4966666666666668,1.9,5.635416666666667,1.9,5.635416666666667,-0.14000000000000001,1.4966666666666668]
[2025,3,26,22,45742.916666665158,2.2799999999999998,"Valid",1.614166666666667,3.09,"Valid",5.6933333333333325,null,null,2.2799999999999998,1.614166666666667,3.09,5.6933333333333325,3.09,5.6933333333333325,2.2799999999999998,1.614166666666667]
[2025,3,26,23,45742.958333331822,-1.1599999999999999,"Valid",1.4775000000000003,-0.45,"Valid",5.32125,null,null,-1.1599999999999999,1.4775000000000003,-0.45,5.32125,-0.45,5.32125,-1.1599999999999999,1.4775000000000003]
[2025,3,27,0,45742.999999998487,1.48,"Valid",1.4658333333333335,8.66,"Valid",5.4570833333333333,null,null,1.48,1.4658333333333335,8.66,5.4570833333333333,8.66,5.4570833333333333,1.48,1.4658333333333335]
[2025,3,27,1,45743.041666665151,0.01,"Valid",1.3925000000000003,3.4,"Valid",5.3912499999999994,null,null,0.01,1.3925000000000003,3.4,5.3912499999999994,3.4,5.3912499999999994,0.01,1.3925000000000003]
[2025,3,27,2,45743.083333331815,0.06,"Valid",1.3195833333333338,2.81,"Valid",5.3633333333333333,null,null,0.06,1.3195833333333338,2.81,5.3633333333333333,2.81,5.3633333333333333,0.06,1.3195833333333338]
[2025,3,27,3,45743.124999998479,-0.31,"Valid",1.1545833333333337,2.54,"Valid",5.2712500000000011,null,null,-0.31,1.1545833333333337,2.54,5.2712500000000011,2.54,5.2712500000000011,-0.31,1.1545833333333337]
[2025,3,27,4,45743.166666665144,2.42,"Valid",1.3525000000000003,4.59,"Valid",5.5029166666666676,null,null,2.42,1.3525000000000003,4.59,5.5029166666666676,4.59,5.5029166666666676,2.42,1.3525000000000003]
[2025,3,27,5,45743.208333331808,5.32,"Valid",1.5029166666666669,12.63,"Valid",5.91,null,null,5.32,1.5029166666666669,12.63,5.91,12.63,5.91,5.32,1.5029166666666669]
[2025,3,27,6,45743.249999998472,2.87,"Valid",1.5758333333333336,11.1,"Valid",6.090416666666667,null,null,2.87,1.5758333333333336,11.1,6.090416666666667,11.1,6.090416666666667,2.87,1.5758333333333336]
[2025,3,27,7,45743.291666665136,2.2999999999999998,"Valid",1.6720833333333334,10.58,"Valid",6.3479166666666673,null,null,2.2999999999999998,1.6720833333333334,10.58,6.3479166666666673,10.58,6.3479166666666673,2.2999999999999998,1.6720833333333334]
[2025,3,27,8,45743.333333331801,3.16,"Valid",1.5333333333333339,5.54,"Valid",6.1470833333333346,null,null,3.16,1.5333333333333339,5.54,6.1470833333333346,5.54,6.1470833333333346,3.16,1.5333333333333339]
[2025,3,27,9,45743.374999998465,-1.85,"Valid",1.3604166666666666,1.81,"Valid",5.9487500000000004,null,null,-1.85,1.3604166666666666,1.81,5.9487500000000004,1.81,5.9487500000000004,-1.85,1.3604166666666666]
[2025,3,27,10,45743.416666665129,-2.39,"Valid",1.2091666666666667,1.4,"Valid",5.769166666666667,null,null,-2.39,1.2091666666666667,1.4,5.769166666666667,1.4,5.769166666666667,-2.39,1.2091666666666667]
[2025,3,27,11,45743.458333331793,1.02,"Valid",1.1504166666666666,5.03,"Valid",5.706666666666667,null,null,1.02,1.1504166666666666,5.03,5.706666666666667,5.03,5.706666666666667,1.02,1.1504166666666666]
[2025,3,27,12,45743.499999998457,-0.08,"Valid",1.0475000000000001,4.37,"Valid",5.5929166666666674,null,null,-0.08,1.0475000000000001,4.37,5.5929166666666674,4.37,5.5929166666666674,-0.08,1.0475000000000001]
[2025,3,27,13,45743.541666665122,3.11,"Valid",1.2383333333333333,5.95,"Valid",5.6312500000000005,null,null,3.11,1.2383333333333333,5.95,5.6312500000000005,5.95,5.6312500000000005,3.11,1.2383333333333333]
[2025,3,27,14,45743.583333331786,3.36,"Valid",1.3174999999999999,7.36,"Valid",5.6037500000000007,null,null,3.36,1.3174999999999999,7.36,5.6037500000000007,7.36,5.6037500000000007,3.36,1.3174999999999999]
[2025,3,27,15,45743.62499999845,3.82,"Valid",1.3816666666666666,6.97,"Valid",5.625,null,null,3.82,1.3816666666666666,6.97,5.625,6.97,5.625,3.82,1.3816666666666666]
[2025,3,27,16,45743.666666665114,4.76,"Valid",1.4358333333333333,7.7,"Valid",5.486250000000001,null,null,{"$f":"IF(G642=\"Valid\", F642, NA())","v":4.76},{"$f":"IF(G642=\"Valid\", H642, NA())","v":1.4358333333333333},{"$f":"IF(J642=\"Valid\", I642, NA())","v":7.7},{"$f":"IF(J642=\"Valid\", K642, NA())","v":5.486250000000001},7.7,5.486250000000001,4.76,1.4358333333333333]
[2025,3,27,17,45743.708333331779,2.06,"Valid",1.4450000000000001,5.24,"Valid",5.3766666666666678,null,null,2.06,1.4450000000000001,5.24,5.3766666666666678,5.24,5.3766666666666678,2.06,1.4450000000000001]
[2025,3,27,{"$f":"IF(D643=23,0,D643+1)","v":18},{"$f":"E643+0.0416666666666666","v":45743.749999998443},2.52,"Valid",1.4833333333333334,6.66,"Valid",5.3675000000000006,null,null,2.52,1.4833333333333334,6.66,5.3675000000000006,6.66,5.3675000000000006,2.52,1.4833333333333334]
[2025,3,27,19,45743.791666665107,1.39,"Valid",1.4429166666666664,4.43,"Valid",5.1783333333333337,null,null,1.39,1.4429166666666664,4.43,5.1783333333333337,4.43,5.1783333333333337,1.39,1.4429166666666664]
[2025,3,27,20,45743.833333331771,1.5,"Valid",1.562916666666667,4.97,"Valid",5.3449999999999998,null,null,1.5,1.562916666666667,4.97,5.3449999999999998,4.97,5.3449999999999998,1.5,1.562916666666667]
[2025,3,27,21,45743.874999998436,5.21,"Valid",1.7858333333333336,7.98,"Valid",5.5983333333333336,null,null,5.21,1.7858333333333336,7.98,5.5983333333333336,7.98,5.5983333333333336,5.21,1.7858333333333336]
[2025,3,27,22,45743.9166666651,3.01,"Valid",1.8162499999999999,6.28,"Valid",5.7312499999999993,null,null,3.01,1.8162499999999999,6.28,5.7312499999999993,6.28,5.7312499999999993,3.01,1.8162499999999999]
[2025,3,27,23,45743.958333331764,7.0000000000000007E-2,"Valid",1.8674999999999999,2.97,"Valid",5.8737500000000002,null,null,7.0000000000000007E-2,1.8674999999999999,2.97,5.8737500000000002,2.97,5.8737500000000002,7.0000000000000007E-2,1.8674999999999999]
[2025,3,28,0,45743.999999998428,1.0900000000000001,"Valid",1.8512500000000001,3.89,"Valid",5.674999999999998,null,null,1.0900000000000001,1.8512500000000001,3.89,5.674999999999998,3.89,5.674999999999998,1.0900000000000001,1.8512500000000001]
[2025,3,28,1,45744.041666665093,1.82,"Valid",1.9266666666666667,4.8899999999999997,"Valid",5.7370833333333318,null,null,1.82,1.9266666666666667,4.8899999999999997,5.7370833333333318,4.8899999999999997,5.7370833333333318,1.82,1.9266666666666667]
[2025,3,28,2,45744.083333331757,3.14,"Valid",2.0550000000000002,6.37,"Valid",5.8854166666666652,null,null,3.14,2.0550000000000002,6.37,5.8854166666666652,6.37,5.8854166666666652,3.14,2.0550000000000002]
[2025,3,28,3,45744.124999998421,1.25,"Valid",2.12,4.8099999999999996,"Valid",5.9799999999999995,null,null,1.25,2.12,4.8099999999999996,5.9799999999999995,4.8099999999999996,5.9799999999999995,1.25,2.12]
[2025,3,28,4,45744.166666665085,3.29,"Valid",2.15625,5.94,"Valid",6.0362499999999999,null,null,3.29,2.15625,5.94,6.0362499999999999,5.94,6.0362499999999999,3.29,2.15625]
[2025,3,28,5,45744.20833333175,2.34,"Valid",2.032083333333333,5,"Valid",5.7183333333333337,null,null,2.34,2.032083333333333,5,5.7183333333333337,5,5.7183333333333337,2.34,2.032083333333333]
[2025,3,28,6,45744.249999998414,-1.29,"Valid",1.8587500000000003,0.81,"Valid",5.2895833333333337,null,null,-1.29,1.8587500000000003,0.81,5.2895833333333337,0.81,5.2895833333333337,-1.29,1.8587500000000003]
[2025,3,28,7,45744.291666665078,2.08,"Valid",1.8495833333333331,4.49,"Valid",5.0358333333333336,null,null,2.08,1.8495833333333331,4.49,5.0358333333333336,4.49,5.0358333333333336,2.08,1.8495833333333331]
[2025,3,28,8,45744.333333331742,2.9,"Valid",1.8387499999999999,5.65,"Valid",5.0404166666666672,null,null,2.9,1.8387499999999999,5.65,5.0404166666666672,5.65,5.0404166666666672,2.9,1.8387499999999999]
[2025,3,28,9,45744.374999998407,3.26,"Valid",2.0516666666666663,6.74,"Valid",5.2458333333333336,null,null,3.26,2.0516666666666663,6.74,5.2458333333333336,6.74,5.2458333333333336,3.26,2.0516666666666663]
[2025,3,28,10,45744.416666665071,3.71,"Valid",2.3058333333333336,7.94,"Valid",5.5183333333333335,null,null,3.71,2.3058333333333336,7.94,5.5183333333333335,7.94,5.5183333333333335,3.71,2.3058333333333336]
[2025,3,28,11,45744.458333331735,3.81,"Valid",2.4220833333333331,7.34,"Valid",5.614583333333333,null,null,3.81,2.4220833333333331,7.34,5.614583333333333,7.34,5.614583333333333,3.81,2.4220833333333331]
[2025,3,28,12,45744.499999998399,2.89,"Valid",2.5458333333333329,8.11,"Valid",5.7704166666666667,null,null,2.89,2.5458333333333329,8.11,5.7704166666666667,8.11,5.7704166666666667,2.89,2.5458333333333329]
[2025,3,28,13,45744.541666665064,0.9,"Valid",2.4537499999999999,4.6399999999999997,"Valid",5.7158333333333333,null,null,0.9,2.4537499999999999,4.6399999999999997,5.7158333333333333,4.6399999999999997,5.7158333333333333,0.9,2.4537499999999999]
[2025,3,28,14,45744.583333331728,4,"Valid",2.4804166666666672,6.31,"Valid",5.6720833333333331,null,null,4,2.4804166666666672,6.31,5.6720833333333331,6.31,5.6720833333333331,4,2.4804166666666672]
[2025,3,28,15,45744.624999998392,-0.12,"Valid",2.3162500000000001,2.9,"Valid",5.5025000000000004,null,null,-0.12,2.3162500000000001,2.9,5.5025000000000004,2.9,5.5025000000000004,-0.12,2.3162500000000001]
[2025,3,28,16,45744.666666665056,3.07,"Valid",2.2458333333333336,4.51,"Valid",5.3695833333333338,null,null,3.07,2.2458333333333336,4.51,5.3695833333333338,4.51,5.3695833333333338,3.07,2.2458333333333336]
[2025,3,{"$f":"C643+1","v":28},17,45744.70833333172,2.8,"Valid",2.2766666666666668,4.1900000000000004,"Valid",5.3258333333333336,null,null,2.8,2.2766666666666668,4.1900000000000004,5.3258333333333336,4.1900000000000004,5.3258333333333336,2.8,2.2766666666666668]
[2025,3,28,18,45744.749999998385,0.37,"Valid",2.1870833333333333,1.81,"Valid",5.1237500000000002,null,null,0.37,2.1870833333333333,1.81,5.1237500000000002,1.81,5.1237500000000002,0.37,2.1870833333333333]
[2025,3,28,19,45744.791666665049,-5.0199999999999996,"Valid",1.92,-3.28,"Valid",4.8025000000000011,null,null,-5.0199999999999996,1.92,-3.28,4.8025000000000011,-3.28,4.8025000000000011,-5.0199999999999996,1.92]
[2025,3,28,20,45744.833333331713,4.87,"Valid",2.0604166666666663,5.8,"Valid",4.8370833333333341,null,null,4.87,2.0604166666666663,5.8,4.8370833333333341,5.8,4.8370833333333341,4.87,2.0604166666666663]
[2025,3,28,21,45744.874999998377,1.18,"Valid",1.8924999999999994,2.52,"Valid",4.609583333333334,null,null,1.18,1.8924999999999994,2.52,4.609583333333334,2.52,4.609583333333334,1.18,1.8924999999999994]
[2025,3,28,22,45744.916666665042,1.2,"Valid",1.8170833333333334,2.33,"Valid",4.4450000000000003,null,null,1.2,1.8170833333333334,2.33,4.4450000000000003,2.33,4.4450000000000003,1.2,1.8170833333333334]
[2025,3,28,23,45744.958333331706,-4.05,"Valid",1.6454166666666665,-2.31,"Valid",4.2249999999999996,null,null,-4.05,1.6454166666666665,-2.31,4.2249999999999996,-2.31,4.2249999999999996,-4.05,1.6454166666666665]
[2025,3,29,0,45744.99999999837,2.16,"Valid",1.6899999999999995,3.08,"Valid",4.1912500000000001,null,null,2.16,1.6899999999999995,3.08,4.1912500000000001,3.08,4.1912500000000001,2.16,1.6899999999999995]
[2025,3,29,1,45745.041666665034,-3.27,"Valid",1.4779166666666663,-2.0099999999999998,"Valid",3.9037500000000001,null,null,-3.27,1.4779166666666663,-2.0099999999999998,3.9037500000000001,-2.0099999999999998,3.9037500000000001,-3.27,1.4779166666666663]
[2025,3,29,2,45745.083333331699,0.31,"Valid",1.3599999999999997,1.56,"Valid",3.7033333333333331,null,null,0.31,1.3599999999999997,1.56,3.7033333333333331,1.56,3.7033333333333331,0.31,1.3599999999999997]
[2025,3,29,3,45745.124999998363,1.66,"Valid",1.377083333333333,2.37,"Valid",3.6016666666666666,null,null,1.66,1.377083333333333,2.37,3.6016666666666666,2.37,3.6016666666666666,1.66,1.377083333333333]
[2025,3,29,4,45745.166666665027,2.74,"Valid",1.3541666666666667,3.35,"Valid",3.493749999999999,null,null,2.74,1.3541666666666667,3.35,3.493749999999999,3.35,3.493749999999999,2.74,1.3541666666666667]
[2025,3,29,5,45745.208333331691,2.1800000000000002,"Valid",1.3474999999999999,3,"Valid",3.410416666666666,null,null,2.1800000000000002,1.3474999999999999,3,3.410416666666666,3,3.410416666666666,2.1800000000000002,1.3474999999999999]
[2025,3,29,6,45745.249999998356,2.77,"Valid",1.5166666666666666,2.5099999999999998,"Valid",3.4812499999999993,null,null,2.77,1.5166666666666666,2.5099999999999998,3.4812499999999993,2.5099999999999998,3.4812499999999993,2.77,1.5166666666666666]
[2025,3,29,7,45745.29166666502,0.38,"Valid",1.4458333333333335,0.96,"Valid",3.3341666666666661,null,null,0.38,1.4458333333333335,0.96,3.3341666666666661,0.96,3.3341666666666661,0.38,1.4458333333333335]
[2025,3,29,8,45745.333333331684,0.51,"Valid",1.3462499999999997,0.76,"Valid",3.1304166666666666,null,null,0.51,1.3462499999999997,0.76,3.1304166666666666,0.76,3.1304166666666666,0.51,1.3462499999999997]
[2025,3,29,9,45745.374999998348,-1.94,"Valid",1.1295833333333334,-1.1299999999999999,"Valid",2.8025000000000002,null,null,-1.94,1.1295833333333334,-1.1299999999999999,2.8025000000000002,-1.1299999999999999,2.8025000000000002,-1.94,1.1295833333333334]
[2025,3,29,10,45745.416666665013,1.1200000000000001,"Valid",1.0216666666666667,1.41,"Valid",2.5304166666666661,null,null,1.1200000000000001,1.0216666666666667,1.41,2.5304166666666661,1.41,2.5304166666666661,1.1200000000000001,1.0216666666666667]
[2025,3,29,11,45745.458333331677,4.12,"Valid",1.0345833333333332,4.29,"Valid",2.4033333333333329,null,null,4.12,1.0345833333333332,4.29,2.4033333333333329,4.29,2.4033333333333329,4.12,1.0345833333333332]
[2025,3,29,12,45745.499999998341,-5.25,"Valid",0.69541666666666657,-4.74,"Valid",1.8679166666666662,null,null,-5.25,0.69541666666666657,-4.74,1.8679166666666662,-4.74,1.8679166666666662,-5.25,0.69541666666666657]
[2025,3,29,13,45745.541666665005,-0.26,"Valid",0.64708333333333334,-0.33,"Valid",1.6608333333333329,null,null,-0.26,0.64708333333333334,-0.33,1.6608333333333329,-0.33,1.6608333333333329,-0.26,0.64708333333333334]
[2025,3,29,14,45745.58333333167,3.02,"Valid",0.60625000000000007,3.51,"Valid",1.5441666666666665,null,null,3.02,0.60625000000000007,3.51,1.5441666666666665,3.51,1.5441666666666665,3.02,0.60625000000000007]
[2025,3,29,15,45745.624999998334,-1.1299999999999999,"Valid",0.56416666666666659,-0.96,"Valid",1.3833333333333335,null,null,-1.1299999999999999,0.56416666666666659,-0.96,1.3833333333333335,-0.96,1.3833333333333335,-1.1299999999999999,0.56416666666666659]
[2025,3,29,16,45745.666666664998,1.59,"Valid",0.50250000000000006,2.2599999999999998,"Valid",1.2895833333333335,null,null,1.59,0.50250000000000006,2.2599999999999998,1.2895833333333335,2.2599999999999998,1.2895833333333335,1.59,0.50250000000000006]
[2025,3,29,17,45745.708333331662,-2.42,"Valid",0.28500000000000009,-2.0699999999999998,"Valid",1.0287499999999998,null,null,-2.42,0.28500000000000009,-2.0699999999999998,1.0287499999999998,-2.0699999999999998,1.0287499999999998,-2.42,0.28500000000000009]
[2025,3,29,18,45745.749999998327,2.98,"Valid",0.39375000000000004,3.44,"Valid",1.0966666666666669,null,null,2.98,0.39375000000000004,3.44,1.0966666666666669,3.44,1.0966666666666669,2.98,0.39375000000000004]
[2025,3,29,19,45745.791666664991,2.29,"Valid",0.69833333333333336,2.96,"Valid",1.3566666666666667,null,null,2.29,0.69833333333333336,2.96,1.3566666666666667,2.96,1.3566666666666667,2.29,0.69833333333333336]
[2025,3,29,20,45745.833333331655,-1.08,"Valid",0.45041666666666669,0.15,"Valid",1.1212500000000001,null,null,-1.08,0.45041666666666669,0.15,1.1212500000000001,0.15,1.1212500000000001,-1.08,0.45041666666666669]
[2025,3,29,21,45745.874999998319,1,"Valid",0.44291666666666668,3.21,"Valid",1.1499999999999999,null,null,1,0.44291666666666668,3.21,1.1499999999999999,3.21,1.1499999999999999,1,0.44291666666666668]
[2025,3,29,22,45745.916666664983,-0.05,"Valid",0.39083333333333337,2.78,"Valid",1.16875,null,null,-0.05,0.39083333333333337,2.78,1.16875,2.78,1.16875,-0.05,0.39083333333333337]
[2025,3,29,23,45745.958333331648,3.44,"Valid",0.70291666666666675,6.46,"Valid",1.5341666666666665,null,null,3.44,0.70291666666666675,6.46,1.5341666666666665,6.46,1.5341666666666665,3.44,0.70291666666666675]
[2025,3,30,0,45745.999999998312,-1.24,"Valid",0.56125000000000003,2.02,"Valid",1.49,null,null,-1.24,0.56125000000000003,2.02,1.49,2.02,1.49,-1.24,0.56125000000000003]
[2025,3,30,1,45746.041666664976,0.75,"Valid",0.72875000000000012,4.3499999999999996,"Valid",1.7549999999999999,null,null,0.75,0.72875000000000012,4.3499999999999996,1.7549999999999999,4.3499999999999996,1.7549999999999999,0.75,0.72875000000000012]
[2025,3,30,2,45746.08333333164,1.9,"Valid",0.79500000000000004,4.24,"Valid",1.8666666666666669,null,null,1.9,0.79500000000000004,4.24,1.8666666666666669,4.24,1.8666666666666669,1.9,0.79500000000000004]
[2025,3,30,3,45746.124999998305,1.37,"Valid",0.78291666666666682,2.35,"Valid",1.8658333333333337,null,null,1.37,0.78291666666666682,2.35,1.8658333333333337,2.35,1.8658333333333337,1.37,0.78291666666666682]
[2025,3,30,4,45746.166666664969,1.1100000000000001,"Valid",0.71499999999999997,2.82,"Valid",1.8437500000000002,null,null,1.1100000000000001,0.71499999999999997,2.82,1.8437500000000002,2.82,1.8437500000000002,1.1100000000000001,0.71499999999999997]
[2025,3,30,5,45746.208333331633,2.5299999999999998,"Valid",0.72958333333333336,4.7,"Valid",1.9145833333333335,null,null,2.5299999999999998,0.72958333333333336,4.7,1.9145833333333335,4.7,1.9145833333333335,2.5299999999999998,0.72958333333333336]
[2025,3,30,6,45746.249999998297,2.92,"Valid",0.73583333333333334,4.6399999999999997,"Valid",2.0033333333333334,null,null,2.92,0.73583333333333334,4.6399999999999997,2.0033333333333334,4.6399999999999997,2.0033333333333334,2.92,0.73583333333333334]
[2025,3,30,7,45746.291666664962,1.48,"Valid",0.78166666666666673,2.5499999999999998,"Valid",2.0695833333333336,null,null,1.48,0.78166666666666673,2.5499999999999998,2.0695833333333336,2.5499999999999998,2.0695833333333336,1.48,0.78166666666666673]
[2025,3,30,8,45746.333333331626,-0.91,"Valid",0.72250000000000003,0.39,"Valid",2.0541666666666667,null,null,{"$f":"IF(G706=\"Valid\", F706, NA())","v":-0.91},{"$f":"IF(G706=\"Valid\", H706, NA())","v":0.72250000000000003},{"$f":"IF(J706=\"Valid\", I706, NA())","v":0.39},{"$f":"IF(J706=\"Valid\", K706, NA())","v":2.0541666666666667},0.39,2.0541666666666667,-0.91,0.72250000000000003]
[2025,3,30,9,45746.37499999829,2.54,"Valid",0.90916666666666668,4.22,"Valid",2.2770833333333331,null,null,2.54,0.90916666666666668,4.22,2.2770833333333331,4.22,2.2770833333333331,2.54,0.90916666666666668]
[2025,3,30,{"$f":"IF(D707=23,0,D707+1)","v":10},{"$f":"E707+0.0416666666666666","v":45746.416666664954},5.66,"Valid",1.0983333333333334,7.88,"Valid",2.5466666666666669,null,null,5.66,1.0983333333333334,7.88,2.5466666666666669,7.88,2.5466666666666669,5.66,1.0983333333333334]
[2025,3,30,11,45746.458333331619,1.1299999999999999,"Valid",0.97375,3.96,"Valid",2.5329166666666669,null,null,1.1299999999999999,0.97375,3.96,2.5329166666666669,3.96,2.5329166666666669,1.1299999999999999,0.97375]
[2025,3,30,12,45746.499999998283,3.2,"Valid",1.3258333333333332,5.62,"Valid",2.9645833333333336,null,null,3.2,1.3258333333333332,5.62,2.9645833333333336,5.62,2.9645833333333336,3.2,1.3258333333333332]
[2025,3,30,13,45746.541666664947,3.17,"Valid",1.4687500000000002,5.58,"Valid",3.2108333333333334,null,null,3.17,1.4687500000000002,5.58,3.2108333333333334,5.58,3.2108333333333334,3.17,1.4687500000000002]
[2025,3,30,14,45746.583333331611,3.17,"Valid",1.4749999999999999,5.0999999999999996,"Valid",3.2770833333333336,null,null,3.17,1.4749999999999999,5.0999999999999996,3.2770833333333336,5.0999999999999996,3.2770833333333336,3.17,1.4749999999999999]
[2025,3,30,15,45746.624999998276,3.55,"Valid",1.67,5.56,"Valid",3.5487500000000001,null,null,3.55,1.67,5.56,3.5487500000000001,5.56,3.5487500000000001,3.55,1.67]
[2025,3,30,16,45746.66666666494,2.94,"Valid",1.7262499999999996,5.54,"Valid",3.6854166666666668,null,null,2.94,1.7262499999999996,5.54,3.6854166666666668,5.54,3.6854166666666668,2.94,1.7262499999999996]
[2025,3,30,17,45746.708333331604,2.19,"Valid",1.918333333333333,4.01,"Valid",3.9387500000000006,null,null,2.19,1.918333333333333,4.01,3.9387500000000006,4.01,3.9387500000000006,2.19,1.918333333333333]
[2025,3,30,18,45746.749999998268,0.56000000000000005,"Valid",1.8174999999999997,3.07,"Valid",3.9233333333333338,null,null,0.56000000000000005,1.8174999999999997,3.07,3.9233333333333338,3.07,3.9233333333333338,0.56000000000000005,1.8174999999999997]
[2025,3,30,19,45746.791666664933,3.46,"Valid",1.86625,6.47,"Valid",4.0695833333333331,null,null,3.46,1.86625,6.47,4.0695833333333331,6.47,4.0695833333333331,3.46,1.86625]
[2025,3,30,20,45746.833333331597,3.53,"Valid",2.0583333333333331,6.07,"Valid",4.3162500000000001,null,null,3.53,2.0583333333333331,6.07,4.3162500000000001,6.07,4.3162500000000001,3.53,2.0583333333333331]
[2025,3,30,21,45746.874999998261,1.85,"Valid",2.09375,7.6,"Valid",4.4991666666666665,null,null,1.85,2.09375,7.6,4.4991666666666665,7.6,4.4991666666666665,1.85,2.09375]
[2025,3,30,22,45746.916666664925,5.48,"Valid",2.3241666666666667,8.83,"Valid",4.7512499999999998,null,null,5.48,2.3241666666666667,8.83,4.7512499999999998,8.83,4.7512499999999998,5.48,2.3241666666666667]
[2025,3,30,23,45746.95833333159,1.92,"Valid",2.2608333333333337,4.33,"Valid",4.6625000000000005,null,null,1.92,2.2608333333333337,4.33,4.6625000000000005,4.33,4.6625000000000005,1.92,2.2608333333333337]
[2025,3,31,0,45746.999999998254,2.61,"Valid",2.4212500000000001,5.03,"Valid",4.7879166666666668,null,null,{"$f":"IF(G722=\"Valid\", F722, NA())","v":2.61},{"$f":"IF(G722=\"Valid\", H722, NA())","v":2.4212500000000001},{"$f":"IF(J722=\"Valid\", I722, NA())","v":5.03},{"$f":"IF(J722=\"Valid\", K722, NA())","v":4.7879166666666668},5.03,4.7879166666666668,2.61,2.4212500000000001]
[2025,3,31,1,45747.041666664918,-0.8,"Valid",2.3566666666666669,2.3199999999999998,"Valid",4.7033333333333331,null,null,-0.8,2.3566666666666669,2.3199999999999998,4.7033333333333331,2.3199999999999998,4.7033333333333331,-0.8,2.3566666666666669]
[2025,3,31,2,45747.083333331582,2.13,"Valid",2.3662500000000004,5.08,"Valid",4.7383333333333324,null,null,2.13,2.3662500000000004,5.08,4.7383333333333324,5.08,4.7383333333333324,2.13,2.3662500000000004]
[2025,3,31,3,45747.124999998246,2.19,"Valid",2.4004166666666671,5.57,"Valid",4.8724999999999996,null,null,2.19,2.4004166666666671,5.57,4.8724999999999996,5.57,4.8724999999999996,2.19,2.4004166666666671]
[2025,3,31,4,45747.166666664911,4.16,"Valid",2.5275000000000003,7.29,"Valid",5.0587500000000007,null,null,4.16,2.5275000000000003,7.29,5.0587500000000007,7.29,5.0587500000000007,4.16,2.5275000000000003]
[2025,3,31,5,45747.208333331575,0.08,"Valid",2.425416666666667,3.13,"Valid",4.9933333333333332,null,null,0.08,2.425416666666667,3.13,4.9933333333333332,3.13,4.9933333333333332,0.08,2.425416666666667]
[2025,3,31,6,45747.249999998239,2.5499999999999998,"Valid",2.41,4.8099999999999996,"Valid",5.0004166666666672,null,null,2.5499999999999998,2.41,4.8099999999999996,5.0004166666666672,4.8099999999999996,5.0004166666666672,2.5499999999999998,2.41]
[2025,3,31,7,45747.291666664903,-2.78,"Valid",2.2325000000000004,-0.39,"Valid",4.8779166666666667,null,null,-2.78,2.2325000000000004,-0.39,4.8779166666666667,-0.39,4.8779166666666667,-2.78,2.2325000000000004]
[2025,3,31,8,45747.333333331568,1.25,"Valid",2.3225000000000002,3.08,"Valid",4.9899999999999993,null,null,1.25,2.3225000000000002,3.08,4.9899999999999993,3.08,4.9899999999999993,1.25,2.3225000000000002]
[2025,3,{"$f":"C707+1","v":31},9,45747.374999998232,2,"Valid",2.3000000000000003,3.81,"Valid",4.9729166666666655,null,null,2,2.3000000000000003,3.81,4.9729166666666655,3.81,4.9729166666666655,2,2.3000000000000003]
[2025,3,31,10,45747.416666664896,3.72,"Valid",2.2191666666666667,5.49,"Valid",4.8733333333333322,null,null,3.72,2.2191666666666667,5.49,4.8733333333333322,5.49,4.8733333333333322,3.72,2.2191666666666667]
[2025,3,31,11,45747.45833333156,2.81,"Valid",2.289166666666667,4.5999999999999996,"Valid",4.8999999999999995,null,null,2.81,2.289166666666667,4.5999999999999996,4.8999999999999995,4.5999999999999996,4.8999999999999995,2.81,2.289166666666667]
[2025,3,31,12,45747.499999998225,1.58,"Valid",2.2216666666666662,3.39,"Valid",4.8070833333333329,null,null,1.58,2.2216666666666662,3.39,4.8070833333333329,3.39,4.8070833333333329,1.58,2.2216666666666662]
[2025,3,31,13,45747.541666664889,3.89,"Valid",2.2516666666666665,5.6,"Valid",4.8079166666666664,null,null,3.89,2.2516666666666665,5.6,4.8079166666666664,5.6,4.8079166666666664,3.89,2.2516666666666665]
[2025,3,31,14,45747.583333331553,2.69,"Valid",2.2316666666666665,4.18,"Valid",4.7695833333333324,null,null,2.69,2.2316666666666665,4.18,4.7695833333333324,4.18,4.7695833333333324,2.69,2.2316666666666665]
[2025,3,31,15,45747.624999998217,6.43,"Valid",2.3516666666666661,8.2899999999999991,"Valid",4.883333333333332,null,null,6.43,2.3516666666666661,8.2899999999999991,4.883333333333332,8.2899999999999991,4.883333333333332,6.43,2.3516666666666661]
[2025,3,31,16,45747.666666664882,8.59,"Valid",2.5870833333333327,9.7799999999999994,"Valid",5.0599999999999987,null,null,8.59,2.5870833333333327,9.7799999999999994,5.0599999999999987,9.7799999999999994,5.0599999999999987,8.59,2.5870833333333327]
[2025,3,31,17,45747.708333331546,7.93,"Valid",2.8262499999999995,10.59,"Valid",5.3341666666666656,null,null,7.93,2.8262499999999995,10.59,5.3341666666666656,10.59,5.3341666666666656,7.93,2.8262499999999995]
[2025,3,31,18,45747.74999999821,0.01,"Valid",2.8033333333333341,3.57,"Valid",5.3549999999999995,null,null,0.01,2.8033333333333341,3.57,5.3549999999999995,3.57,5.3549999999999995,0.01,2.8033333333333341]
[2025,3,31,19,45747.791666664874,-0.35,"Valid",2.6445833333333328,2.31,"Valid",5.1816666666666658,null,null,-0.35,2.6445833333333328,2.31,5.1816666666666658,2.31,5.1816666666666658,-0.35,2.6445833333333328]
[2025,3,31,20,45747.833333331539,5.1100000000000003,"Valid",2.7104166666666667,8.31,"Valid",5.2749999999999995,null,null,5.1100000000000003,2.7104166666666667,8.31,5.2749999999999995,8.31,5.2749999999999995,5.1100000000000003,2.7104166666666667]
[2025,3,31,21,45747.874999998203,-1.61,"Valid",2.5662499999999993,1.43,"Valid",5.0179166666666672,null,null,-1.61,2.5662499999999993,1.43,5.0179166666666672,1.43,5.0179166666666672,-1.61,2.5662499999999993]
[2025,3,31,22,45747.916666664867,-0.5,"Valid",2.3170833333333336,2.2200000000000002,"Valid",4.7425000000000006,null,null,-0.5,2.3170833333333336,2.2200000000000002,4.7425000000000006,2.2200000000000002,4.7425000000000006,-0.5,2.3170833333333336]
[2025,3,31,23,45747.958333331531,0.02,"Valid",2.237916666666667,1.75,"Valid",4.6350000000000007,null,null,0.02,2.237916666666667,1.75,4.6350000000000007,1.75,4.6350000000000007,0.02,2.237916666666667]