{"text_format":"1","workbook":"xlsx","n_sheets":7,"sheets":["Instructions","Meta data_sheet","Meta data_lookup","Raw data_sheet","Raw data_format","24hr_PM10_chart","24hr_PM2.5_chart"],"not_rendered":{"charts":4,"images":0,"macros":1,"external_links":0,"defined_names":10,"comments":0,"pivot_tables":0},"unopened":[{"sheet":"24hr_PM10_chart","index":5,"reason":"not_a_worksheet"},{"sheet":"24hr_PM2.5_chart","index":6,"reason":"not_a_worksheet"}],"bounds":{"document_bytes":16777216,"sheet_cells":100000,"rows_first":2000,"rows_last":500,"rows_between":2000,"halvings":0,"cell_chars":16384,"cell_head_chars":4096},"cells_cut":0,"cells_raw":0,"read":"whole","date_system":"1900"}

{"sheet":"Instructions","index":0,"n_rows":0,"n_cols":0,"rows_kept":0,"cut":false,"hidden":false,"merged":[]}

{"sheet":"Meta data_sheet","index":1,"n_rows":17,"n_cols":5,"rows_kept":17,"cut":false,"hidden":false,"merged":[[18,0,18,1],[16,0,16,1]]}
["Ambient Monitoring Station","Details",null,"Ambient Monitoring Results","Details"]
["Location","Werris Creek",null,"PM2.5 monitoring start (dd/mm/yyyy hh:mm)","2023-01-01"]
["Easting",{"$f":"VLOOKUP($B$2,'Meta data_lookup'!$A$2:$D$5,2,FALSE)","v":276783},null,"PM2.5 monitoring end","2023-01-23"]
["Northing",{"$f":"VLOOKUP($B$2,'Meta data_lookup'!$A$2:$D$5,3,FALSE)","v":6528734},null,"PM2.5 monitoring period (h)",{"$f":"(E3-E2)*24","v":528}]
["Site elevation (m)",{"$f":"VLOOKUP($B$2,'Meta data_lookup'!$A$2:$D$5,4,FALSE)","v":"ND"},null,"Number of valid PM2.5 results",{"$f":"COUNTIF('Raw data_sheet'!G2:G745,\"Valid\")","v":528}]
["Description of surrounding land use","Agriculture/Mining",null,"Proportion of valid PM2.5 results (%)",{"$f":"E5/E4","v":1}]
["Typical sources impacting on the site","Agriculture",null,"PM10 monitoring start (dd/mm/yyyy hh:mm)","2023-01-01"]
["Site compliance with AS/NZS 3580.1.1:2007","Yes",null,"PM10 monitoring end","2023-01-23"]
["PM2.5 method compliance with AS/NZS 3580.9.13:2013\n","Yes",null,"PM10 monitoring period (h)",{"$f":"(E8-E7)*24","v":528}]
["PM2.5 instrument make","Thermo Scientific",null,"Number of valid PM10 results",{"$f":"COUNTIF('Raw data_sheet'!J2:J745,\"Valid\")","v":528}]
["PM2.5 instrument model","1405DF",null,"Proportion of valid PM10 results (%)",{"$f":"E10/E9","v":1}]
["PM2.5 instrument intake height (m)",3.5]
["PM10 method compliance with AS 3580.9.8-2008\n","No*"]
["PM10 instrument make","Thermo Scientific"]
["PM10 instrument model","1405DF"]
["PM10 instrument intake height (m)",3.5]
["*The 1405DF TEOM used at this site measures PM10 indirectly rather than directly. The unit does however meet the intent of AS 3580.9.8-2008, and this method has been accredited by the USEPA. It is considered scientifically robust and is used extensively throughout NSW with EPA's knowledge and informal acceptance."]

{"sheet":"Meta data_lookup","index":2,"n_rows":5,"n_cols":4,"rows_kept":5,"cut":false,"hidden":false,"merged":[]}
["Location","Easting","Northing","Site elevation (m)"]
["Maules Creek",225302,6623037,"ND"]
["Breeza",237993,6542606,"ND"]
["Will-gai",231804,6596392,"ND"]
["Werris Creek",276783,6528734,"ND"]

{"sheet":"Raw data_sheet","index":3,"n_rows":745,"n_cols":21,"rows_kept":745,"cut":false,"hidden":false,"merged":[]}
["Year","Month","Day","Hour","Date and time","PM2.5_hourly","PM2.5_Data_Status","PM2.5_24hr_rolling_average","PM10_hourly","PM10_Data_Status","PM10_24hr_rolling_average","Cause of data invalidity, if applicable","Detailed comments","PM2.5_hourly_valid_plot","PM2.5_24hr_rolling_ave_valid_plot","PM10_hourly_valid_plot","PM10_24hr_rolling_ave_valid_plot","PM10_hourly_valid_plot_series","PM10_24hr_rolling_average_valid_plot_series","PM2.5_hourly_valid_plot_series","PM2.5_24hr_rolling_average_valid_plot_series"]
[2023,1,1,0,{"$f":"DATE(A2,B2,C2)+TIME(D2,0,0)","v":44927},3.7,"Valid",4.3,6.7,"Valid",8.5,null,null,{"$f":"IF(G2=\"Valid\", F2, NA())","v":3.7},{"$f":"IF(G2=\"Valid\", H2, NA())","v":4.3},{"$f":"IF(J2=\"Valid\", I2, NA())","v":6.7},{"$f":"IF(J2=\"Valid\", K2, NA())","v":8.5},6.7,8.5,3.7,4.3]
[{"$f":"A2","v":2023},{"$f":"B2","v":1},{"$f":"C2","v":1},{"$f":"IF(D2=23,0,D2+1)","v":1},{"$f":"E2+0.0416666666666666","v":44927.041666666664},4.0999999999999996,"Valid",4.3,7.3,"Valid",8.5,null,null,4.0999999999999996,4.3,7.3,8.5,7.3,8.5,4.0999999999999996,4.3]
[{"$f":"A3","v":2023},{"$f":"B3","v":1},1,{"$f":"IF(D3=23,0,D3+1)","v":2},{"$f":"E3+0.0416666666666666","v":44927.083333333328},2.9,"Valid",4.2,5.9,"Valid",8.3000000000000007,null,null,2.9,4.2,5.9,8.3000000000000007,5.9,8.3000000000000007,2.9,4.2]
[2023,1,1,3,44927.124999999993,3.7,"Valid",4.2,6.5,"Valid",8.1999999999999993,null,null,3.7,4.2,6.5,8.1999999999999993,6.5,8.1999999999999993,3.7,4.2]
[2023,1,1,4,44927.166666666657,4.0999999999999996,"Valid",4.0999999999999996,7.5,"Valid",8,null,null,4.0999999999999996,4.0999999999999996,7.5,8,7.5,8,4.0999999999999996,4.0999999999999996]
[2023,1,1,5,44927.208333333321,5.0999999999999996,"Valid",4,8.8000000000000007,"Valid",8,null,null,5.0999999999999996,4,8.8000000000000007,8,8.8000000000000007,8,5.0999999999999996,4]
[2023,1,1,6,44927.249999999985,6.4,"Valid",4.2,10.5,"Valid",8.1,null,null,6.4,4.2,10.5,8.1,10.5,8.1,6.4,4.2]
[2023,1,1,7,44927.29166666665,0.1,"Valid",4,4.4000000000000004,"Valid",8,null,null,0.1,4,4.4000000000000004,8,4.4000000000000004,8,0.1,4]
[2023,1,1,8,44927.333333333314,7.5,"Valid",4.3,11,"Valid",8.3000000000000007,null,null,7.5,4.3,11,8.3000000000000007,11,8.3000000000000007,7.5,4.3]
[2023,1,1,9,44927.374999999978,-2.6,"Valid",4.3,0.3,"Valid",8.4,null,null,-2.6,4.3,0.3,8.4,0.3,8.4,-2.6,4.3]
[2023,1,1,10,44927.416666666642,3,"Valid",4.4000000000000004,5.5,"Valid",8.6,null,null,3,4.4000000000000004,5.5,8.6,5.5,8.6,3,4.4000000000000004]
[2023,1,1,11,44927.458333333307,4.5999999999999996,"Valid",4.5999999999999996,7.7,"Valid",8.6999999999999993,null,null,4.5999999999999996,4.5999999999999996,7.7,8.6999999999999993,7.7,8.6999999999999993,4.5999999999999996,4.5999999999999996]
[2023,1,1,12,44927.499999999971,6.7,"Valid",4.9000000000000004,9.9,"Valid",9,null,null,6.7,4.9000000000000004,9.9,9,9.9,9,6.7,4.9000000000000004]
[2023,1,1,13,44927.541666666635,6.1,"Valid",4.8,10.6,"Valid",8.9,null,null,6.1,4.8,10.6,8.9,10.6,8.9,6.1,4.8]
[2023,1,1,14,44927.583333333299,8.1999999999999993,"Valid",4.8,12,"Valid",8.6999999999999993,null,null,8.1999999999999993,4.8,12,8.6999999999999993,12,8.6999999999999993,8.1999999999999993,4.8]
[2023,1,1,15,44927.624999999964,8,"Valid",4.9000000000000004,12.3,"Valid",8.8000000000000007,null,null,8,4.9000000000000004,12.3,8.8000000000000007,12.3,8.8000000000000007,8,4.9000000000000004]
[2023,1,1,16,44927.666666666628,6.3,"Valid",5,9.6,"Valid",8.9,null,null,6.3,5,9.6,8.9,9.6,8.9,6.3,5]
[2023,1,1,17,44927.708333333292,7.7,"Valid",5,10.4,"Valid",8.9,null,null,7.7,5,10.4,8.9,10.4,8.9,7.7,5]
[2023,1,1,18,44927.749999999956,3.7,"Valid",4.9000000000000004,6.5,"Valid",8.6999999999999993,null,null,3.7,4.9000000000000004,6.5,8.6999999999999993,6.5,8.6999999999999993,3.7,4.9000000000000004]
[2023,1,1,19,44927.791666666621,5.2,"Valid",4.9000000000000004,9,"Valid",8.6999999999999993,null,null,5.2,4.9000000000000004,9,8.6999999999999993,9,8.6999999999999993,5.2,4.9000000000000004]
[2023,1,1,20,44927.833333333285,3.7,"Valid",4.8,6.6,"Valid",8.5,null,null,3.7,4.8,6.6,8.5,6.6,8.5,3.7,4.8]
[2023,1,1,21,44927.874999999949,5,"Valid",4.7,7.5,"Valid",8.1999999999999993,null,null,5,4.7,7.5,8.1999999999999993,7.5,8.1999999999999993,5,4.7]
[2023,1,1,22,44927.916666666613,5.9,"Valid",4.7,23,"Valid",8.6999999999999993,null,null,5.9,4.7,23,8.6999999999999993,23,8.6999999999999993,5.9,4.7]
[2023,{"$f":"B24","v":1},{"$f":"C24","v":1},23,44927.958333333278,2.2999999999999998,"Valid",4.5999999999999996,4.5999999999999996,"Valid",8.4,null,null,2.2999999999999998,4.5999999999999996,4.5999999999999996,8.4,4.5999999999999996,8.4,2.2999999999999998,4.5999999999999996]
[2023,{"$f":"B25","v":1},{"$f":"C2+1","v":2},0,44927.999999999942,0.4,"Valid",4.4000000000000004,3.8,"Valid",8.3000000000000007,null,null,0.4,4.4000000000000004,3.8,8.3000000000000007,3.8,8.3000000000000007,0.4,4.4000000000000004]
[2023,{"$f":"B26","v":1},{"$f":"C3+1","v":2},1,44928.041666666606,4.5999999999999996,"Valid",4.4000000000000004,6.2,"Valid",8.1999999999999993,null,null,4.5999999999999996,4.4000000000000004,6.2,8.1999999999999993,6.2,8.1999999999999993,4.5999999999999996,4.4000000000000004]
[2023,1,2,2,44928.08333333327,2.9,"Valid",4.5,5.4,"Valid",8.1999999999999993,null,null,2.9,4.5,5.4,8.1999999999999993,5.4,8.1999999999999993,2.9,4.5]
[2023,1,2,3,44928.124999999935,1.9,"Valid",4.4000000000000004,5,"Valid",8.1,null,null,1.9,4.4000000000000004,5,8.1,5,8.1,1.9,4.4000000000000004]
[2023,1,2,4,44928.166666666599,2.6,"Valid",4.3,5.0999999999999996,"Valid",8,null,null,2.6,4.3,5.0999999999999996,8,5.0999999999999996,8,2.6,4.3]
[2023,1,2,5,44928.208333333263,0.4,"Valid",4.0999999999999996,3.4,"Valid",7.7,null,null,0.4,4.0999999999999996,3.4,7.7,3.4,7.7,0.4,4.0999999999999996]
[2023,1,2,6,44928.249999999927,4.0999999999999996,"Valid",4,6.1,"Valid",7.5,null,null,4.0999999999999996,4,6.1,7.5,6.1,7.5,4.0999999999999996,4]
[2023,1,2,7,44928.291666666591,3.7,"Valid",4.2,6.8,"Valid",7.7,null,null,3.7,4.2,6.8,7.7,6.8,7.7,3.7,4.2]
[2023,1,2,8,44928.333333333256,1.7,"Valid",4,4.5999999999999996,"Valid",7.5,null,null,1.7,4,4.5999999999999996,7.5,4.5999999999999996,7.5,1.7,4]
[2023,1,2,9,44928.37499999992,0.8,"Valid",4.0999999999999996,3.9,"Valid",7.7,null,null,0.8,4.0999999999999996,3.9,7.7,3.9,7.7,0.8,4.0999999999999996]
[2023,1,2,10,44928.416666666584,2.7,"Valid",4.0999999999999996,5.0999999999999996,"Valid",7.7,null,null,2.7,4.0999999999999996,5.0999999999999996,7.7,5.0999999999999996,7.7,2.7,4.0999999999999996]
[2023,1,2,11,44928.458333333248,1.4,"Valid",4,4.8,"Valid",7.6,null,null,1.4,4,4.8,7.6,4.8,7.6,1.4,4]
[2023,1,2,12,44928.499999999913,1.8,"Valid",3.8,5.4,"Valid",7.5,null,null,1.8,3.8,5.4,7.5,5.4,7.5,1.8,3.8]
[2023,1,2,13,44928.541666666577,2.9,"Valid",3.7,6.2,"Valid",7.3,null,null,2.9,3.7,6.2,7.3,6.2,7.3,2.9,3.7]
[2023,1,2,14,44928.583333333241,6.2,"Valid",3.7,14,"Valid",7.4,null,null,6.2,3.7,14,7.4,14,7.4,6.2,3.7]
[2023,1,2,15,44928.624999999905,3.8,"Valid",3.5,8.3000000000000007,"Valid",7.3,null,null,3.8,3.5,8.3000000000000007,7.3,8.3000000000000007,7.3,3.8,3.5]
[2023,1,2,16,44928.66666666657,6.7,"Valid",3.5,9.1,"Valid",7.3,null,null,6.7,3.5,9.1,7.3,9.1,7.3,6.7,3.5]
[2023,1,2,17,44928.708333333234,5.4,"Valid",3.4,8.4,"Valid",7.2,null,null,5.4,3.4,8.4,7.2,8.4,7.2,5.4,3.4]
[2023,1,2,18,44928.749999999898,9,"Valid",3.6,12,"Valid",7.4,null,null,9,3.6,12,7.4,12,7.4,9,3.6]
[2023,1,2,19,44928.791666666562,8.3000000000000007,"Valid",3.8,11.6,"Valid",7.5,null,null,8.3000000000000007,3.8,11.6,7.5,11.6,7.5,8.3000000000000007,3.8]
[2023,1,2,20,44928.833333333227,12.8,"Valid",4.0999999999999996,16,"Valid",7.8,null,null,12.8,4.0999999999999996,16,7.8,16,7.8,12.8,4.0999999999999996]
[2023,1,2,21,44928.874999999891,12.8,"Valid",4.4000000000000004,17.399999999999999,"Valid",8.1999999999999993,null,null,{"$f":"IF(G47=\"Valid\", F47, NA())","v":12.8},{"$f":"IF(G47=\"Valid\", H47, NA())","v":4.4000000000000004},17.399999999999999,8.1999999999999993,17.399999999999999,8.1999999999999993,12.8,4.4000000000000004]
[2023,1,2,22,44928.916666666555,8.6999999999999993,"Valid",4.5,13.5,"Valid",7.7,null,null,8.6999999999999993,4.5,13.5,7.7,13.5,7.7,8.6999999999999993,4.5]
[2023,1,2,23,44928.958333333219,8.5,"Valid",4.7,15.7,"Valid",8.1999999999999993,null,null,8.5,4.7,15.7,8.1999999999999993,15.7,8.1999999999999993,8.5,4.7]
[2023,1,3,0,44928.999999999884,9.6999999999999993,"Valid",5.0999999999999996,14.2,"Valid",8.6,null,null,9.6999999999999993,5.0999999999999996,14.2,8.6,14.2,8.6,9.6999999999999993,5.0999999999999996]
[2023,1,3,1,44929.041666666548,7.3,"Valid",5.2,11.1,"Valid",8.8000000000000007,null,null,7.3,5.2,11.1,8.8000000000000007,11.1,8.8000000000000007,7.3,5.2]
[2023,1,3,2,44929.083333333212,4.5999999999999996,"Valid",5.3,10,"Valid",9,null,null,4.5999999999999996,5.3,10,9,10,9,4.5999999999999996,5.3]
[2023,1,3,3,44929.124999999876,12.1,"Valid",5.7,17.2,"Valid",9.5,null,null,12.1,5.7,17.2,9.5,17.2,9.5,12.1,5.7]
[2023,1,3,4,44929.166666666541,10.9,"Valid",6,17.100000000000001,"Valid",10,null,null,10.9,6,17.100000000000001,10,17.100000000000001,10,10.9,6]
[2023,1,3,5,44929.208333333205,4.9000000000000004,"Valid",6.2,11.4,"Valid",10.3,null,null,4.9000000000000004,6.2,11.4,10.3,11.4,10.3,4.9000000000000004,6.2]
[2023,1,3,6,44929.249999999869,7.6,"Valid",6.3,11.1,"Valid",10.5,null,null,7.6,6.3,11.1,10.5,11.1,10.5,7.6,6.3]
[2023,1,3,7,44929.291666666533,4.7,"Valid",6.4,11.3,"Valid",10.7,null,null,4.7,6.4,11.3,10.7,11.3,10.7,4.7,6.4]
[2023,1,3,8,44929.333333333198,9.6999999999999993,"Valid",6.8,15.4,"Valid",11.2,null,null,9.6999999999999993,6.8,15.4,11.2,15.4,11.2,9.6999999999999993,6.8]
[2023,1,3,9,44929.374999999862,8.5,"Valid",7.1,14.6,"Valid",11.7,null,null,8.5,7.1,14.6,11.7,14.6,11.7,8.5,7.1]
[2023,1,3,10,44929.416666666526,4.5,"Valid",7.2,11.9,"Valid",12,null,null,4.5,7.2,11.9,12,11.9,12,4.5,7.2]
[2023,1,3,11,44929.45833333319,-0.2,"Valid",7.2,9.6999999999999993,"Valid",12.3,null,null,-0.2,7.2,9.6999999999999993,12.3,9.6999999999999993,12.3,-0.2,7.2]
[2023,1,3,12,44929.499999999854,8.1999999999999993,"Valid",7.5,16.399999999999999,"Valid",12.8,null,null,8.1999999999999993,7.5,16.399999999999999,12.8,16.399999999999999,12.8,8.1999999999999993,7.5]
[2023,1,3,13,44929.541666666519,9.8000000000000007,"Valid",7.8,15.7,"Valid",13.2,null,null,9.8000000000000007,7.8,15.7,13.2,15.7,13.2,9.8000000000000007,7.8]
[2023,1,3,14,44929.583333333183,8,"Valid",7.9,15,"Valid",13.3,null,null,8,7.9,15,13.3,15,13.3,8,7.9]
[2023,1,3,15,44929.624999999847,10.3,"Valid",8.1999999999999993,16.7,"Valid",13.8,null,null,10.3,8.1999999999999993,16.7,13.8,16.7,13.8,10.3,8.1999999999999993]
[2023,1,3,16,44929.666666666511,9.8000000000000007,"Valid",8.3000000000000007,16.600000000000001,"Valid",14.1,null,null,9.8000000000000007,8.3000000000000007,{"$f":"IF(J66=\"Valid\", I66, NA())","v":16.600000000000001},{"$f":"IF(J66=\"Valid\", K66, NA())","v":14.1},16.600000000000001,14.1,9.8000000000000007,8.3000000000000007]
[2023,1,3,17,44929.708333333176,6.6,"Valid",8.4,12.5,"Valid",14.3,null,null,6.6,8.4,12.5,14.3,12.5,14.3,6.6,8.4]
[{"$f":"A67","v":2023},1,3,{"$f":"IF(D67=23,0,D67+1)","v":18},{"$f":"E67+0.0416666666666666","v":44929.74999999984},9.8000000000000007,"Valid",8.4,15.4,"Valid",14.4,null,null,9.8000000000000007,8.4,15.4,14.4,15.4,14.4,9.8000000000000007,8.4]
[2023,1,3,19,44929.791666666504,5.8,"Valid",8.3000000000000007,13,"Valid",14.5,null,null,5.8,8.3000000000000007,13,14.5,13,14.5,5.8,8.3000000000000007]
[2023,1,3,20,44929.833333333168,7.5,"Valid",8,19.100000000000001,"Valid",14.4,null,null,7.5,8,19.100000000000001,14.4,19.100000000000001,14.4,7.5,8]
[2023,1,3,21,44929.874999999833,12.2,"Valid",7.9,17.899999999999999,"Valid",14.3,null,null,12.2,7.9,17.899999999999999,14.3,17.899999999999999,14.3,12.2,7.9]
[2023,1,3,22,44929.916666666497,10.7,"Valid",8,17.3,"Valid",14.4,null,null,10.7,8,17.3,14.4,17.3,14.4,10.7,8]
[2023,1,3,23,44929.958333333161,12.2,"Valid",8.1,19.100000000000001,"Valid",14.5,null,null,12.2,8.1,19.100000000000001,14.5,19.100000000000001,14.5,12.2,8.1]
[2023,1,4,0,44929.999999999825,10.3,"Valid",8.1,17.600000000000001,"Valid",14.6,null,null,{"$f":"IF(G74=\"Valid\", F74, NA())","v":10.3},{"$f":"IF(G74=\"Valid\", H74, NA())","v":8.1},17.600000000000001,14.6,17.600000000000001,14.6,10.3,8.1]
[2023,1,4,1,44930.04166666649,11.9,"Valid",8.3000000000000007,17.2,"Valid",14.8,null,null,11.9,8.3000000000000007,17.2,14.8,17.2,14.8,11.9,8.3000000000000007]
[2023,1,4,2,44930.083333333154,8.3000000000000007,"Valid",8.4,13.1,"Valid",14.9,null,null,8.3000000000000007,8.4,13.1,14.9,13.1,14.9,8.3000000000000007,8.4]
[2023,1,4,3,44930.124999999818,6.1,"Valid",8.1999999999999993,11.6,"Valid",14.7,null,null,6.1,8.1999999999999993,11.6,14.7,11.6,14.7,6.1,8.1999999999999993]
[2023,1,4,4,44930.166666666482,9.1,"Valid",8,15.4,"Valid",14.6,null,null,9.1,8,15.4,14.6,15.4,14.6,9.1,8]
[2023,1,4,5,44930.208333333147,9,"Valid",8.1999999999999993,17.899999999999999,"Valid",14.8,null,null,9,8.1999999999999993,17.899999999999999,14.8,17.899999999999999,14.8,9,8.1999999999999993]
[2023,1,4,6,44930.249999999811,8,"Valid",8.1999999999999993,15.5,"Valid",15,null,null,8,8.1999999999999993,15.5,15,15.5,15,8,8.1999999999999993]
[2023,1,4,7,44930.291666666475,9.3000000000000007,"Valid",8.4,20,"Valid",15.3,null,null,9.3000000000000007,8.4,20,15.3,20,15.3,9.3000000000000007,8.4]
[2023,1,4,8,44930.333333333139,1.3,"Valid",8.1999999999999993,8.3000000000000007,"Valid",15.3,null,null,1.3,8.1999999999999993,8.3000000000000007,15.3,8.3000000000000007,15.3,1.3,8.1999999999999993]
[2023,1,4,9,44930.374999999804,4.8,"Valid",8.1,10.4,"Valid",15.2,null,null,4.8,8.1,10.4,15.2,10.4,15.2,4.8,8.1]
[2023,1,4,10,44930.416666666468,7.9,"Valid",8.3000000000000007,14.8,"Valid",15.4,null,null,7.9,8.3000000000000007,14.8,15.4,14.8,15.4,7.9,8.3000000000000007]
[2023,1,4,11,44930.458333333132,4.9000000000000004,"Valid",8.5,12,"Valid",15.5,null,null,4.9000000000000004,8.5,12,15.5,12,15.5,4.9000000000000004,8.5]
[2023,1,4,12,44930.499999999796,9.1,"Valid",8.6,18.100000000000001,"Valid",15.7,null,null,9.1,8.6,18.100000000000001,15.7,18.100000000000001,15.7,9.1,8.6]
[2023,1,4,13,44930.541666666461,3.1,"Valid",8.3000000000000007,10.6,"Valid",15.5,null,null,3.1,8.3000000000000007,10.6,15.5,10.6,15.5,3.1,8.3000000000000007]
[2023,1,4,14,44930.583333333125,11,"Valid",8.4,20.100000000000001,"Valid",15.7,null,null,11,8.4,20.100000000000001,15.7,20.100000000000001,15.7,11,8.4]
[2023,1,4,15,44930.624999999789,13.3,"Valid",8.6,33.200000000000003,"Valid",16.399999999999999,null,null,13.3,8.6,33.200000000000003,16.399999999999999,33.200000000000003,16.399999999999999,13.3,8.6]
[2023,1,4,16,44930.666666666453,7.4,"Valid",8.5,16.600000000000001,"Valid",16.399999999999999,null,null,7.4,8.5,16.600000000000001,16.399999999999999,16.600000000000001,16.399999999999999,7.4,8.5]
[2023,{"$f":"B90","v":1},{"$f":"C67+1","v":4},17,44930.708333333117,10.3,"Valid",8.6999999999999993,31.8,"Valid",17.3,null,null,10.3,8.6999999999999993,31.8,17.3,31.8,17.3,10.3,8.6999999999999993]
[2023,1,4,18,44930.749999999782,11.3,"Valid",8.6999999999999993,19.100000000000001,"Valid",17.3,null,null,11.3,8.6999999999999993,19.100000000000001,17.3,19.100000000000001,17.3,11.3,8.6999999999999993]
[2023,1,4,19,44930.791666666446,7.3,"Valid",8.6,14,"Valid",17.2,null,null,7.3,8.6,14,17.2,14,17.2,7.3,8.6]
[2023,1,4,20,44930.83333333311,12.7,"Valid",8.8000000000000007,18.899999999999999,"Valid",17.100000000000001,null,null,12.7,8.8000000000000007,18.899999999999999,17.100000000000001,18.899999999999999,17.100000000000001,12.7,8.8000000000000007]
[2023,1,4,21,44930.874999999774,10.7,"Valid",8.6999999999999993,16,"Valid",16.899999999999999,null,null,10.7,8.6999999999999993,16,16.899999999999999,16,16.899999999999999,10.7,8.6999999999999993]
[2023,1,4,22,44930.916666666439,9.9,"Valid",8.6,14.8,"Valid",16.7,null,null,9.9,8.6,14.8,16.7,14.8,16.7,9.9,8.6]
[2023,1,4,23,44930.958333333103,11.4,"Valid",8.6,16.5,"Valid",16.600000000000001,null,null,11.4,8.6,16.5,16.600000000000001,16.5,16.600000000000001,11.4,8.6]
[2023,1,5,0,44930.999999999767,5.7,"Valid",8.4,10.5,"Valid",16.2,null,null,5.7,8.4,10.5,16.2,10.5,16.2,5.7,8.4]
[2023,1,5,1,44931.041666666431,5.6,"Valid",8.1,9.6,"Valid",15.9,null,null,5.6,8.1,9.6,15.9,9.6,15.9,5.6,8.1]
[2023,1,5,2,44931.083333333096,1.8,"Valid",7.8,4.2,"Valid",15.5,null,null,1.8,7.8,4.2,15.5,4.2,15.5,1.8,7.8]
[2023,1,5,3,44931.12499999976,7.3,"Valid",7.8,10.3,"Valid",15.4,null,null,7.3,7.8,10.3,15.4,10.3,15.4,7.3,7.8]
[2023,1,5,4,44931.166666666424,1.5,"Valid",7.5,4.7,"Valid",15,null,null,1.5,7.5,4.7,15,4.7,15,1.5,7.5]
[2023,1,5,5,44931.208333333088,2,"Valid",7.2,4.9000000000000004,"Valid",14.4,null,null,2,7.2,4.9000000000000004,14.4,4.9000000000000004,14.4,2,7.2]
[2023,1,5,6,44931.249999999753,5.6,"Valid",7.1,8.3000000000000007,"Valid",14.1,null,null,5.6,7.1,8.3000000000000007,14.1,8.3000000000000007,14.1,5.6,7.1]
[2023,1,5,7,44931.291666666417,3.7,"Valid",6.9,7.1,"Valid",13.6,null,null,3.7,6.9,7.1,13.6,7.1,13.6,3.7,6.9]
[2023,1,5,8,44931.333333333081,-2.1,"Valid",6.8,0.9,"Valid",13.3,null,null,-2.1,6.8,0.9,13.3,0.9,13.3,-2.1,6.8]
[2023,1,5,9,44931.374999999745,0.3,"Valid",6.6,3.3,"Valid",13,null,null,0.3,6.6,3.3,13,3.3,13,0.3,6.6]
[2023,1,5,10,44931.41666666641,2.2999999999999998,"Valid",6.4,6.6,"Valid",12.7,null,null,2.2999999999999998,6.4,6.6,12.7,6.6,12.7,2.2999999999999998,6.4]
[2023,1,5,11,44931.458333333074,-2.9,"Valid",6.1,1.5,"Valid",12.4,null,null,-2.9,6.1,1.5,12.4,1.5,12.4,-2.9,6.1]
[2023,1,5,12,44931.499999999738,2.4,"Valid",5.8,5.8,"Valid",11.9,null,null,2.4,5.8,5.8,11.9,5.8,11.9,2.4,5.8]
[2023,1,5,13,44931.541666666402,4.5999999999999996,"Valid",5.9,7.5,"Valid",11.8,null,null,4.5999999999999996,5.9,7.5,11.8,7.5,11.8,4.5999999999999996,5.9]
[2023,1,5,14,44931.583333333067,9.1,"Valid",5.9,12.7,"Valid",11.6,null,null,9.1,5.9,12.7,11.6,12.7,11.6,9.1,5.9]
[2023,1,5,15,44931.624999999731,5,"Valid",5.5,10.3,"Valid",10.6,null,null,5,5.5,10.3,10.6,10.3,10.6,5,5.5]
[2023,1,5,16,44931.666666666395,3.7,"Valid",5.4,7.8,"Valid",10.3,null,null,3.7,5.4,7.8,10.3,7.8,10.3,3.7,5.4]
[2023,1,5,17,44931.708333333059,6.4,"Valid",5.2,10.3,"Valid",9.4,null,null,6.4,5.2,10.3,9.4,10.3,9.4,6.4,5.2]
[2023,1,5,18,44931.749999999724,6.4,"Valid",5,10.199999999999999,"Valid",9,null,null,6.4,5,10.199999999999999,9,10.199999999999999,9,6.4,5]
[2023,1,5,19,44931.791666666388,7.2,"Valid",4.9000000000000004,12.6,"Valid",8.9,null,null,7.2,4.9000000000000004,12.6,8.9,12.6,8.9,7.2,4.9000000000000004]
[2023,1,5,20,44931.833333333052,3.4,"Valid",4.5,8.3000000000000007,"Valid",8.4,null,null,3.4,4.5,8.3000000000000007,8.4,8.3000000000000007,8.4,3.4,4.5]
[2023,1,5,21,44931.874999999716,2.8,"Valid",4.2,7.6,"Valid",8,null,null,2.8,4.2,7.6,8,7.6,8,2.8,4.2]
[2023,1,5,22,44931.91666666638,7.5,"Valid",4.0999999999999996,13.3,"Valid",7.9,null,null,7.5,4.0999999999999996,13.3,7.9,13.3,7.9,7.5,4.0999999999999996]
[2023,1,5,23,44931.958333333045,2.2000000000000002,"Valid",3.7,7.2,"Valid",7.5,null,null,2.2000000000000002,3.7,7.2,7.5,7.2,7.5,2.2000000000000002,3.7]
[2023,1,6,0,44931.999999999709,0.3,"Valid",3.5,3.7,"Valid",7.3,null,null,0.3,3.5,3.7,7.3,3.7,7.3,0.3,3.5]
[2023,1,6,1,44932.041666666373,-2,"Valid",3.2,1,"Valid",6.9,null,null,-2,3.2,1,6.9,1,6.9,-2,3.2]
[2023,1,6,2,44932.083333333037,6.4,"Valid",3.4,8.9,"Valid",7.1,null,null,6.4,3.4,8.9,7.1,8.9,7.1,6.4,3.4]
[2023,1,6,3,44932.124999999702,3.5,"Valid",3.2,7.7,"Valid",7,null,null,3.5,3.2,7.7,7,7.7,7,3.5,3.2]
[2023,1,6,4,44932.166666666366,-2.7,"Valid",3.1,2.4,"Valid",6.9,null,null,-2.7,3.1,2.4,6.9,2.4,6.9,-2.7,3.1]
[2023,1,6,5,44932.20833333303,2.2999999999999998,"Valid",3.1,7.5,"Valid",7,null,null,2.2999999999999998,3.1,7.5,7,7.5,7,2.2999999999999998,3.1]
[2023,1,6,6,44932.249999999694,-0.3,"Valid",2.8,3.8,"Valid",6.9,null,null,-0.3,2.8,3.8,6.9,3.8,6.9,-0.3,2.8]
[2023,1,6,7,44932.291666666359,0.8,"Valid",2.7,4.3,"Valid",6.7,null,null,0.8,2.7,4.3,6.7,4.3,6.7,0.8,2.7]
[2023,1,6,8,44932.333333333023,2.6,"Valid",2.9,5.9,"Valid",7,null,null,{"$f":"IF(G130=\"Valid\", F130, NA())","v":2.6},{"$f":"IF(G130=\"Valid\", H130, NA())","v":2.9},{"$f":"IF(J130=\"Valid\", I130, NA())","v":5.9},{"$f":"IF(J130=\"Valid\", K130, NA())","v":7},5.9,7,2.6,2.9]
[2023,1,6,9,44932.374999999687,7.8,"Valid",3.2,10.9,"Valid",7.3,null,null,7.8,3.2,10.9,7.3,10.9,7.3,7.8,3.2]
[{"$f":"A131","v":2023},1,6,{"$f":"IF(D131=23,0,D131+1)","v":10},{"$f":"E131+0.0416666666666666","v":44932.416666666351},5.4,"Valid",3.4,9.3000000000000007,"Valid",7.6,null,null,5.4,3.4,9.3000000000000007,7.6,9.3000000000000007,7.6,5.4,3.4]
[2023,1,6,11,44932.458333333016,3.7,"Valid",3.7,7.6,"Valid",7.8,null,null,3.7,3.7,7.6,7.8,7.6,7.8,3.7,3.7]
[2023,1,6,12,44932.49999999968,6.1,"Valid",3.9,10,"Valid",8.1,null,null,6.1,3.9,10,8.1,10,8.1,6.1,3.9]
[2023,1,6,13,44932.541666666344,3.5,"Valid",3.9,5.5,"Valid",8,null,null,3.5,3.9,5.5,8,5.5,8,3.5,3.9]
[2023,1,6,14,44932.583333333008,2.9,"Valid",3.6,5.5,"Valid",7.7,null,null,2.9,3.6,5.5,7.7,5.5,7.7,2.9,3.6]
[2023,1,6,15,44932.624999999673,7.8,"Valid",3.7,11.4,"Valid",7.8,null,null,7.8,3.7,11.4,7.8,11.4,7.8,7.8,3.7]
[2023,1,6,16,44932.666666666337,9.8000000000000007,"Valid",4,13.1,"Valid",8,null,null,9.8000000000000007,4,13.1,8,13.1,8,9.8000000000000007,4]
[2023,1,6,17,44932.708333333001,10.1,"Valid",4.0999999999999996,13.9,"Valid",8.1999999999999993,null,null,10.1,4.0999999999999996,13.9,8.1999999999999993,13.9,8.1999999999999993,10.1,4.0999999999999996]
[2023,1,6,18,44932.749999999665,10.5,"Valid",4.3,15.4,"Valid",8.4,null,null,10.5,4.3,15.4,8.4,15.4,8.4,10.5,4.3]
[2023,1,6,19,44932.79166666633,6.9,"Valid",4.3,13.8,"Valid",8.3000000000000007,null,null,6.9,4.3,13.8,8.3000000000000007,13.8,8.3000000000000007,6.9,4.3]
[2023,1,6,20,44932.833333332994,4,"Valid",4.2,9.1,"Valid",8.3000000000000007,null,null,4,4.2,9.1,8.3000000000000007,9.1,8.3000000000000007,4,4.2]
[2023,1,6,21,44932.874999999658,5.0999999999999996,"Valid",4.3,10.1,"Valid",8.3000000000000007,null,null,5.0999999999999996,4.3,10.1,8.3000000000000007,10.1,8.3000000000000007,5.0999999999999996,4.3]
[2023,1,6,22,44932.916666666322,2.5,"Valid",4.0999999999999996,6.3,"Valid",8,null,null,2.5,4.0999999999999996,6.3,8,6.3,8,2.5,4.0999999999999996]
[2023,1,6,23,44932.958333332987,5.0999999999999996,"Valid",4.2,7.8,"Valid",8,null,null,5.0999999999999996,4.2,7.8,8,7.8,8,5.0999999999999996,4.2]
[2023,1,7,0,44932.999999999651,2.2000000000000002,"Valid",4.2,5.0999999999999996,"Valid",8,null,null,2.2000000000000002,4.2,5.0999999999999996,8,5.0999999999999996,8,2.2000000000000002,4.2]
[2023,1,7,1,44933.041666666315,0.4,"Valid",4.3,3,"Valid",8.1,null,null,0.4,4.3,3,8.1,3,8.1,0.4,4.3]
[2023,1,7,2,44933.083333332979,0.7,"Valid",4.0999999999999996,2.8,"Valid",7.8,null,null,0.7,4.0999999999999996,2.8,7.8,2.8,7.8,0.7,4.0999999999999996]
[2023,1,7,3,44933.124999999643,1.5,"Valid",4,3.6,"Valid",7.6,null,null,1.5,4,3.6,7.6,3.6,7.6,1.5,4]
[2023,1,7,4,44933.166666666308,0.4,"Valid",4.0999999999999996,3.1,"Valid",7.7,null,null,0.4,4.0999999999999996,3.1,7.7,3.1,7.7,0.4,4.0999999999999996]
[2023,1,7,5,44933.208333332972,-0.1,"Valid",4,2.6,"Valid",7.5,null,null,-0.1,4,2.6,7.5,2.6,7.5,-0.1,4]
[2023,1,7,6,44933.249999999636,1.2,"Valid",4.0999999999999996,3,"Valid",7.5,null,null,1.2,4.0999999999999996,3,7.5,3,7.5,1.2,4.0999999999999996]
[2023,1,7,7,44933.2916666663,-1.6,"Valid",4,0.9,"Valid",7.3,null,null,-1.6,4,0.9,7.3,0.9,7.3,-1.6,4]
[2023,1,7,8,44933.333333332965,-5.6,"Valid",3.7,-2.9,"Valid",7,null,null,-5.6,3.7,-2.9,7,-2.9,7,-5.6,3.7]
[2023,{"$f":"B154","v":1},{"$f":"C131+1","v":7},9,44933.374999999629,-1.7,"Valid",3.3,0.3,"Valid",6.6,null,null,-1.7,3.3,0.3,6.6,0.3,6.6,-1.7,3.3]
[2023,1,7,10,44933.416666666293,1.1000000000000001,"Valid",3.2,4.7,"Valid",6.5,null,null,1.1000000000000001,3.2,4.7,6.5,4.7,6.5,1.1000000000000001,3.2]
[2023,1,7,11,44933.458333332957,1.6,"Valid",3.1,4.5,"Valid",6.4,null,null,1.6,3.1,4.5,6.4,4.5,6.4,1.6,3.1]
[2023,1,7,12,44933.499999999622,1.6,"Valid",2.9,4.9000000000000004,"Valid",6.2,null,null,1.6,2.9,4.9000000000000004,6.2,4.9000000000000004,6.2,1.6,2.9]
[2023,1,7,13,44933.541666666286,2.4,"Valid",2.9,6.9,"Valid",6.3,null,null,2.4,2.9,6.9,6.3,6.9,6.3,2.4,2.9]
[2023,1,7,14,44933.58333333295,9.4,"Valid",3.2,57.1,"Valid",8.4,null,null,9.4,3.2,57.1,8.4,57.1,8.4,9.4,3.2]
[2023,1,7,15,44933.624999999614,1.3,"Valid",2.9,3.9,"Valid",8.1,null,null,1.3,2.9,3.9,8.1,3.9,8.1,1.3,2.9]
[2023,1,7,16,44933.666666666279,5.9,"Valid",2.7,8.8000000000000007,"Valid",8,null,null,5.9,2.7,8.8000000000000007,8,8.8000000000000007,8,5.9,2.7]
[2023,1,7,17,44933.708333332943,3.9,"Valid",2.5,7.6,"Valid",7.7,null,null,3.9,2.5,7.6,7.7,7.6,7.7,3.9,2.5]
[2023,1,7,18,44933.749999999607,5.7,"Valid",2.2999999999999998,9.6999999999999993,"Valid",7.4,null,null,5.7,2.2999999999999998,9.6999999999999993,7.4,9.6999999999999993,7.4,5.7,2.2999999999999998]
[2023,1,7,19,44933.791666666271,10.9,"Valid",2.4,14.5,"Valid",7.4,null,null,10.9,2.4,14.5,7.4,14.5,7.4,10.9,2.4]
[2023,1,7,20,44933.833333332936,7.6,"Valid",2.5,11.7,"Valid",7.5,null,null,7.6,2.5,11.7,7.5,11.7,7.5,7.6,2.5]
[2023,1,7,21,44933.8749999996,5.6,"Valid",2.5,12.5,"Valid",7.5,null,null,5.6,2.5,12.5,7.5,12.5,7.5,5.6,2.5]
[2023,1,7,22,44933.916666666264,2.1,"Valid",2.5,5.2,"Valid",7.4,null,null,2.1,2.5,5.2,7.4,5.2,7.4,2.1,2.5]
[2023,1,7,23,44933.958333332928,4.5999999999999996,"Valid",2.5,6.8,"Valid",7.4,null,null,4.5999999999999996,2.5,6.8,7.4,6.8,7.4,4.5999999999999996,2.5]
[2023,1,8,0,44933.999999999593,4.2,"Valid",2.6,6.3,"Valid",7.4,null,null,4.2,2.6,6.3,7.4,6.3,7.4,4.2,2.6]
[2023,1,8,1,44934.041666666257,2.5,"Valid",2.7,5.2,"Valid",7.5,null,null,2.5,2.7,5.2,7.5,5.2,7.5,2.5,2.7]
[2023,1,8,2,44934.083333332921,-2.1,"Valid",2.5,0.3,"Valid",7.4,null,null,-2.1,2.5,0.3,7.4,0.3,7.4,-2.1,2.5]
[2023,1,8,3,44934.124999999585,-2.6,"Valid",2.4,0,"Valid",7.2,null,null,-2.6,2.4,0,7.2,0,7.2,-2.6,2.4]
[2023,1,8,4,44934.16666666625,2.4,"Valid",2.4,4.3,"Valid",7.2,null,null,2.4,2.4,4.3,7.2,4.3,7.2,2.4,2.4]
[2023,1,8,5,44934.208333332914,-2.2999999999999998,"Valid",2.2999999999999998,0.7,"Valid",7.1,null,null,-2.2999999999999998,2.2999999999999998,0.7,7.1,0.7,7.1,-2.2999999999999998,2.2999999999999998]
[2023,1,8,6,44934.249999999578,-4,"Valid",2.1,-0.4,"Valid",7,null,null,-4,2.1,-0.4,7,-0.4,7,-4,2.1]
[2023,1,8,7,44934.291666666242,3.1,"Valid",2.2999999999999998,6.4,"Valid",7.2,null,null,3.1,2.2999999999999998,6.4,7.2,6.4,7.2,3.1,2.2999999999999998]
[2023,1,8,8,44934.333333332906,-2.2000000000000002,"Valid",2.5,1,"Valid",7.5,null,null,-2.2000000000000002,2.5,1,7.5,1,7.5,-2.2000000000000002,2.5]
[2023,1,8,9,44934.374999999571,-0.6,"Valid",2.6,2,"Valid",7.6,null,null,-0.6,2.6,2,7.6,2,7.6,-0.6,2.6]
[2023,1,8,10,44934.416666666235,0.3,"Valid",2.5,4.4000000000000004,"Valid",7.6,null,null,0.3,2.5,4.4000000000000004,7.6,4.4000000000000004,7.6,0.3,2.5]
[2023,1,8,11,44934.458333332899,1.8,"Valid",2.6,6.5,"Valid",7.8,null,null,1.8,2.6,6.5,7.8,6.5,7.8,1.8,2.6]
[2023,1,8,12,44934.499999999563,4.7,"Valid",2.7,10.4,"Valid",8,null,null,4.7,2.7,10.4,8,10.4,8,4.7,2.7]
[2023,1,8,13,44934.541666666228,7.1,"Valid",2.9,14,"Valid",8.4,null,null,7.1,2.9,14,8.4,14,8.4,7.1,2.9]
[2023,1,8,14,44934.583333332892,7.6,"Valid",2.9,11.7,"Valid",6.5,null,null,7.6,2.9,11.7,6.5,11.7,6.5,7.6,2.9]
[2023,1,8,15,44934.624999999556,7.9,"Valid",3.1,13.2,"Valid",6.9,null,null,7.9,3.1,13.2,6.9,13.2,6.9,7.9,3.1]
[2023,1,8,16,44934.66666666622,5.3,"Valid",3.1,9.4,"Valid",7,null,null,5.3,3.1,9.4,7,9.4,7,5.3,3.1]
[2023,1,8,17,44934.708333332885,9.6999999999999993,"Valid",3.4,14.4,"Valid",7.2,null,null,9.6999999999999993,3.4,14.4,7.2,14.4,7.2,9.6999999999999993,3.4]
[2023,1,8,18,44934.749999999549,9,"Valid",3.5,20.8,"Valid",7.7,null,null,9,3.5,20.8,7.7,20.8,7.7,9,3.5]
[2023,1,8,19,44934.791666666213,12.7,"Valid",3.5,22.3,"Valid",7.9,null,null,12.7,3.5,22.3,7.9,22.3,7.9,12.7,3.5]
[2023,1,8,20,44934.833333332877,7,"Valid",3.5,14.7,"Valid",8,null,null,7,3.5,14.7,8,14.7,8,7,3.5]
[2023,1,8,21,44934.874999999542,9.3000000000000007,"Valid",3.6,15.5,"Valid",8.1,null,null,9.3000000000000007,3.6,15.5,8.1,15.5,8.1,9.3000000000000007,3.6]
[2023,1,8,22,44934.916666666206,0.5,"Valid",3.5,7,"Valid",8.1,null,null,0.5,3.5,7,8.1,7,8.1,0.5,3.5]
[2023,1,8,23,44934.95833333287,-0.2,"Valid",3.3,4.8,"Valid",8,null,null,-0.2,3.3,4.8,8,4.8,8,-0.2,3.3]
[2023,1,9,0,44934.999999999534,5.6,"Valid",3.4,10.4,"Valid",8.1999999999999993,null,null,{"$f":"IF(G194=\"Valid\", F194, NA())","v":5.6},{"$f":"IF(G194=\"Valid\", H194, NA())","v":3.4},{"$f":"IF(J194=\"Valid\", I194, NA())","v":10.4},{"$f":"IF(J194=\"Valid\", K194, NA())","v":8.1999999999999993},10.4,8.1999999999999993,5.6,3.4]
[2023,1,9,1,44935.041666666199,9.6999999999999993,"Valid",3.6,14.6,"Valid",8.5,null,null,9.6999999999999993,3.6,14.6,8.5,14.6,8.5,9.6999999999999993,3.6]
[{"$f":"A195","v":2023},1,9,{"$f":"IF(D195=23,0,D195+1)","v":2},{"$f":"E195+0.0416666666666666","v":44935.083333332863},1.1000000000000001,"Valid",3.8,5.5,"Valid",8.6999999999999993,null,null,1.1000000000000001,3.8,5.5,8.6999999999999993,5.5,8.6999999999999993,1.1000000000000001,3.8]
[2023,1,9,3,44935.124999999527,3.4,"Valid",4,8.6,"Valid",9,null,null,3.4,4,8.6,9,8.6,9,3.4,4]
[2023,1,9,4,44935.166666666191,3.2,"Valid",4,7.7,"Valid",9.1,null,null,3.2,4,7.7,9.1,7.7,9.1,3.2,4]
[2023,1,9,5,44935.208333332856,-1.1000000000000001,"Valid",4,4.4000000000000004,"Valid",9.1999999999999993,null,null,-1.1000000000000001,4,4.4000000000000004,9.1999999999999993,4.4000000000000004,9.1999999999999993,-1.1000000000000001,4]
[2023,1,9,6,44935.24999999952,0.8,"Valid",4.2,6.4,"Valid",9.5,null,null,0.8,4.2,6.4,9.5,6.4,9.5,0.8,4.2]
[2023,1,9,7,44935.291666666184,6.7,"Valid",4.4000000000000004,17.399999999999999,"Valid",10,null,null,6.7,4.4000000000000004,17.399999999999999,10,17.399999999999999,10,6.7,4.4000000000000004]
[2023,1,9,8,44935.333333332848,2.8,"Valid",4.7,22.7,"Valid",11.1,null,null,2.8,4.7,22.7,11.1,22.7,11.1,2.8,4.7]
[2023,1,9,9,44935.374999999513,10.3,"Valid",5.2,47.8,"Valid",13.1,null,null,10.3,5.2,47.8,13.1,47.8,13.1,10.3,5.2]
[2023,1,9,10,44935.416666666177,10.9,"Valid",5.7,44.5,"Valid",14.9,null,null,10.9,5.7,44.5,14.9,44.5,14.9,10.9,5.7]
[2023,1,9,11,44935.458333332841,6.1,"Valid",5.9,18.3,"Valid",15.5,null,null,6.1,5.9,18.3,15.5,18.3,15.5,6.1,5.9]
[2023,1,9,12,44935.499999999505,5.6,"Valid",6,16.3,"Valid",15.8,null,null,5.6,6,16.3,15.8,16.3,15.8,5.6,6]
[2023,1,9,13,44935.541666666169,4.5999999999999996,"Valid",5.9,10.7,"Valid",15.7,null,null,4.5999999999999996,5.9,10.7,15.7,10.7,15.7,4.5999999999999996,5.9]
[2023,1,9,14,44935.583333332834,4.4000000000000004,"Valid",5.8,10.4,"Valid",15.7,null,null,4.4000000000000004,5.8,10.4,15.7,10.4,15.7,4.4000000000000004,5.8]
[2023,1,9,15,44935.624999999498,1.2,"Valid",5.5,7.8,"Valid",15.6,null,null,1.2,5.5,7.8,15.6,7.8,15.6,1.2,5.5]
[2023,1,9,16,44935.666666666162,3,"Valid",5.4,10,"Valid",15.7,null,null,3,5.4,10,15.7,10,15.7,3,5.4]
[2023,1,9,17,44935.708333332826,3.3,"Valid",5.0999999999999996,10.199999999999999,"Valid",15.5,null,null,3.3,5.0999999999999996,10.199999999999999,15.5,10.199999999999999,15.5,3.3,5.0999999999999996]
[2023,1,9,18,44935.749999999491,6,"Valid",5,14.7,"Valid",15.2,null,null,6,5,14.7,15.2,14.7,15.2,6,5]
[2023,1,9,19,44935.791666666155,8.6999999999999993,"Valid",4.8,13.5,"Valid",14.8,null,null,8.6999999999999993,4.8,13.5,14.8,13.5,14.8,8.6999999999999993,4.8]
[2023,1,9,20,44935.833333332819,5.0999999999999996,"Valid",4.7,9.4,"Valid",14.4,null,null,5.0999999999999996,4.7,9.4,14.4,9.4,14.4,5.0999999999999996,4.7]
[2023,1,9,21,44935.874999999483,8,"Valid",4.5999999999999996,16.3,"Valid",14.2,null,null,8,4.5999999999999996,16.3,14.2,16.3,14.2,8,4.5999999999999996]
[2023,1,9,22,44935.916666666148,8.9,"Valid",4.9000000000000004,13.6,"Valid",14.5,null,null,8.9,4.9000000000000004,13.6,14.5,13.6,14.5,8.9,4.9000000000000004]
[2023,1,9,23,44935.958333332812,6.4,"Valid",5.2,12.1,"Valid",14.7,null,null,6.4,5.2,12.1,14.7,12.1,14.7,6.4,5.2]
[2023,1,10,0,44935.999999999476,8.1,"Valid",5.3,13,"Valid",14.8,null,null,8.1,5.3,13,14.8,13,14.8,8.1,5.3]
[2023,{"$f":"B218","v":1},{"$f":"C195+1","v":10},1,44936.04166666614,9.9,"Valid",5.3,14.2,"Valid",14.7,null,null,9.9,5.3,14.2,14.7,14.2,14.7,9.9,5.3]
[2023,1,10,2,44936.083333332805,4.8,"Valid",5.4,8.4,"Valid",14.8,null,null,4.8,5.4,8.4,14.8,8.4,14.8,4.8,5.4]
[2023,1,10,3,44936.124999999469,7.9,"Valid",5.6,11.4,"Valid",14.9,null,null,7.9,5.6,11.4,14.9,11.4,14.9,7.9,5.6]
[2023,1,10,4,44936.166666666133,6.6,"Valid",5.6,9.6999999999999993,"Valid",14.8,null,null,6.6,5.6,9.6999999999999993,14.8,9.6999999999999993,14.8,6.6,5.6]
[2023,1,10,5,44936.208333332797,4.4000000000000004,"Valid",5.9,8.8000000000000007,"Valid",14.9,null,null,4.4000000000000004,5.9,8.8000000000000007,14.9,8.8000000000000007,14.9,4.4000000000000004,5.9]
[2023,1,10,6,44936.249999999462,-3.2,"Valid",5.6,1.6,"Valid",14.6,null,null,-3.2,5.6,1.6,14.6,1.6,14.6,-3.2,5.6]
[2023,1,10,7,44936.291666666126,4.5,"Valid",5.5,27.8,"Valid",15,null,null,4.5,5.5,27.8,15,27.8,15,4.5,5.5]
[2023,1,10,8,44936.33333333279,7.4,"Valid",5.8,34.4,"Valid",15.8,null,null,7.4,5.8,34.4,15.8,34.4,15.8,7.4,5.8]
[2023,1,10,9,44936.374999999454,6.4,"Valid",5.7,18.899999999999999,"Valid",14.7,null,null,6.4,5.7,18.899999999999999,14.7,18.899999999999999,14.7,6.4,5.7]
[2023,1,10,10,44936.416666666119,4.9000000000000004,"Valid",5.5,19.2,"Valid",13.8,null,null,4.9000000000000004,5.5,19.2,13.8,19.2,13.8,4.9000000000000004,5.5]
[2023,1,10,11,44936.458333332783,3.6,"Valid",5.5,12.4,"Valid",13.7,null,null,3.6,5.5,12.4,13.7,12.4,13.7,3.6,5.5]
[2023,1,10,12,44936.499999999447,4.9000000000000004,"Valid",5.5,12.5,"Valid",13.7,null,null,4.9000000000000004,5.5,12.5,13.7,12.5,13.7,4.9000000000000004,5.5]
[2023,1,10,13,44936.541666666111,1.5,"Valid",5.4,5.4,"Valid",13.5,null,null,1.5,5.4,5.4,13.5,5.4,13.5,1.5,5.4]
[2023,1,10,14,44936.583333332776,1.7,"Valid",5.3,4.9000000000000004,"Valid",13.3,null,null,1.7,5.3,4.9000000000000004,13.3,4.9000000000000004,13.3,1.7,5.3]
[2023,1,10,15,44936.62499999944,5.2,"Valid",5.5,8.4,"Valid",13.3,null,null,5.2,5.5,8.4,13.3,8.4,13.3,5.2,5.5]
[2023,1,10,16,44936.666666666104,0.3,"Valid",5.4,16.100000000000001,"Valid",13.6,null,null,0.3,5.4,16.100000000000001,13.6,16.100000000000001,13.6,0.3,5.4]
[2023,1,10,17,44936.708333332768,4.3,"Valid",5.4,8.1,"Valid",13.5,null,null,4.3,5.4,8.1,13.5,8.1,13.5,4.3,5.4]
[2023,1,10,18,44936.749999999432,4.2,"Valid",5.3,9.5,"Valid",13.3,null,null,4.2,5.3,9.5,13.3,9.5,13.3,4.2,5.3]
[2023,1,10,19,44936.791666666097,4.9000000000000004,"Valid",5.0999999999999996,9.1,"Valid",13,null,null,4.9000000000000004,5.0999999999999996,9.1,13,9.1,13,4.9000000000000004,5.0999999999999996]
[2023,1,10,20,44936.833333332761,6,"Valid",5.0999999999999996,10.8,"Valid",12.9,null,null,6,5.0999999999999996,10.8,12.9,10.8,12.9,6,5.0999999999999996]
[2023,1,10,21,44936.874999999425,8.3000000000000007,"Valid",5.0999999999999996,14.1,"Valid",12.7,null,null,8.3000000000000007,5.0999999999999996,14.1,12.7,14.1,12.7,8.3000000000000007,5.0999999999999996]
[2023,1,10,22,44936.916666666089,8,"Valid",5,14,"Valid",12.6,null,null,8,5,14,12.6,14,12.6,8,5]
[2023,1,10,23,44936.958333332754,3.5,"Valid",4.9000000000000004,8.6999999999999993,"Valid",12.5,null,null,3.5,4.9000000000000004,8.6999999999999993,12.5,8.6999999999999993,12.5,3.5,4.9000000000000004]
[2023,1,11,0,44936.999999999418,3.9,"Valid",4.7,8.8000000000000007,"Valid",12.3,null,null,3.9,4.7,8.8000000000000007,12.3,8.8000000000000007,12.3,3.9,4.7]
[2023,1,11,1,44937.041666666082,-0.4,"Valid",4.2,4.8,"Valid",11.8,null,null,-0.4,4.2,4.8,11.8,4.8,11.8,-0.4,4.2]
[2023,1,11,2,44937.083333332746,1.6,"Valid",4.0999999999999996,6.5,"Valid",11.7,null,null,1.6,4.0999999999999996,6.5,11.7,6.5,11.7,1.6,4.0999999999999996]
[2023,1,11,3,44937.124999999411,3.9,"Valid",3.9,7.6,"Valid",11.5,null,null,3.9,3.9,7.6,11.5,7.6,11.5,3.9,3.9]
[2023,1,11,4,44937.166666666075,0.4,"Valid",3.6,4.4000000000000004,"Valid",11.2,null,null,0.4,3.6,4.4000000000000004,11.2,4.4000000000000004,11.2,0.4,3.6]
[2023,1,11,5,44937.208333332739,4.0999999999999996,"Valid",3.6,8.1,"Valid",11.1,null,null,4.0999999999999996,3.6,8.1,11.1,8.1,11.1,4.0999999999999996,3.6]
[2023,1,11,6,44937.249999999403,8.1999999999999993,"Valid",4.0999999999999996,12.4,"Valid",11.5,null,null,8.1999999999999993,4.0999999999999996,12.4,11.5,12.4,11.5,8.1999999999999993,4.0999999999999996]
[2023,1,11,7,44937.291666666068,-4.7,"Valid",3.7,1.3,"Valid",10.5,null,null,-4.7,3.7,1.3,10.5,1.3,10.5,-4.7,3.7]
[2023,1,11,8,44937.333333332732,2.9,"Valid",3.6,18.899999999999999,"Valid",10,null,null,2.9,3.6,18.899999999999999,10,18.899999999999999,10,2.9,3.6]
[2023,1,11,9,44937.374999999396,3.2,"Valid",3.5,16,"Valid",9.9,null,null,3.2,3.5,16,9.9,16,9.9,3.2,3.5]
[2023,1,11,10,44937.41666666606,4.0999999999999996,"Valid",3.5,12,"Valid",9.6999999999999993,null,null,4.0999999999999996,3.5,12,9.6999999999999993,12,9.6999999999999993,4.0999999999999996,3.5]
[2023,1,11,11,44937.458333332725,2.9,"Valid",3.5,9.4,"Valid",9.6999999999999993,null,null,2.9,3.5,9.4,9.6999999999999993,9.4,9.6999999999999993,2.9,3.5]
[2023,1,11,12,44937.499999999389,4.2,"Valid",3.4,12.3,"Valid",9.6999999999999993,null,null,4.2,3.4,12.3,9.6999999999999993,12.3,9.6999999999999993,4.2,3.4]
[2023,1,11,13,44937.541666666053,8.6,"Valid",3.8,17.899999999999999,"Valid",10.3,null,null,8.6,3.8,17.899999999999999,10.3,17.899999999999999,10.3,8.6,3.8]
[2023,1,11,14,44937.583333332717,6.7,"Valid",4,16.5,"Valid",10.9,null,null,6.7,4,16.5,10.9,16.5,10.9,6.7,4]
[2023,1,11,15,44937.624999999382,6.2,"Valid",4.0999999999999996,19.5,"Valid",11.4,null,null,6.2,4.0999999999999996,19.5,11.4,19.5,11.4,6.2,4.0999999999999996]
[2023,1,11,16,44937.666666666046,6.6,"Valid",4.3,15.5,"Valid",11.4,null,null,{"$f":"IF(G258=\"Valid\", F258, NA())","v":6.6},{"$f":"IF(G258=\"Valid\", H258, NA())","v":4.3},{"$f":"IF(J258=\"Valid\", I258, NA())","v":15.5},{"$f":"IF(J258=\"Valid\", K258, NA())","v":11.4},15.5,11.4,6.6,4.3]
[2023,1,11,17,44937.70833333271,8.3000000000000007,"Valid",4.5,16.399999999999999,"Valid",11.8,null,null,8.3000000000000007,4.5,16.399999999999999,11.8,16.399999999999999,11.8,8.3000000000000007,4.5]
[{"$f":"A259","v":2023},1,11,{"$f":"IF(D259=23,0,D259+1)","v":18},{"$f":"E259+0.0416666666666666","v":44937.749999999374},10,"Valid",4.8,16.7,"Valid",12.1,null,null,10,4.8,16.7,12.1,16.7,12.1,10,4.8]
[2023,1,11,19,44937.791666666039,9.4,"Valid",4.9000000000000004,16.399999999999999,"Valid",12.3,null,null,9.4,4.9000000000000004,16.399999999999999,12.3,16.399999999999999,12.3,9.4,4.9000000000000004]
[2023,1,11,20,44937.833333332703,7.4,"Valid",4.9000000000000004,13.6,"Valid",12.3,null,null,7.4,4.9000000000000004,13.6,12.3,13.6,12.3,7.4,4.9000000000000004]
[2023,1,11,21,44937.874999999367,9.1999999999999993,"Valid",4.9000000000000004,17.399999999999999,"Valid",12.3,null,null,9.1999999999999993,4.9000000000000004,17.399999999999999,12.3,17.399999999999999,12.3,9.1999999999999993,4.9000000000000004]
[2023,1,11,22,44937.916666666031,8.6999999999999993,"Valid",4.9000000000000004,15.7,"Valid",12.3,null,null,8.6999999999999993,4.9000000000000004,15.7,12.3,15.7,12.3,8.6999999999999993,4.9000000000000004]
[2023,1,11,23,44937.958333332695,6.7,"Valid",5,13.6,"Valid",12.4,null,null,6.7,5,13.6,12.4,13.6,12.4,6.7,5]
[2023,1,12,0,44937.99999999936,6.9,"Valid",5.0999999999999996,13.8,"Valid",12.6,null,null,6.9,5.0999999999999996,13.8,12.6,13.8,12.6,6.9,5.0999999999999996]
[2023,1,12,1,44938.041666666024,6.8,"Valid",5.4,13.8,"Valid",12.9,null,null,6.8,5.4,13.8,12.9,13.8,12.9,6.8,5.4]
[2023,1,12,2,44938.083333332688,8.1,"Valid",5.7,14.7,"Valid",13.3,null,null,8.1,5.7,14.7,13.3,14.7,13.3,8.1,5.7]
[2023,1,12,3,44938.124999999352,4.8,"Valid",5.7,11.3,"Valid",13.5,null,null,4.8,5.7,11.3,13.5,11.3,13.5,4.8,5.7]
[2023,1,12,4,44938.166666666017,-1.3,"Valid",5.6,5.8,"Valid",13.3,null,null,-1.3,5.6,5.8,13.3,5.8,13.3,-1.3,5.6]
[2023,1,12,5,44938.208333332681,1.6,"Valid",5.5,7.7,"Valid",13.4,null,null,1.6,5.5,7.7,13.4,7.7,13.4,1.6,5.5]
[2023,1,12,6,44938.249999999345,0.3,"Valid",5.2,5.7,"Valid",13.1,null,null,0.3,5.2,5.7,13.1,5.7,13.1,0.3,5.2]
[2023,1,12,7,44938.291666666009,5.3,"Valid",5.6,19.2,"Valid",13.8,null,null,5.3,5.6,19.2,13.8,19.2,13.8,5.3,5.6]
[2023,1,12,8,44938.333333332674,6.2,"Valid",5.8,18.7,"Valid",13.9,null,null,6.2,5.8,18.7,13.9,18.7,13.9,6.2,5.8]
[2023,1,12,9,44938.374999999338,5.4,"Valid",5.9,13.7,"Valid",14,null,null,5.4,5.9,13.7,14,13.7,14,5.4,5.9]
[2023,1,12,10,44938.416666666002,4.5,"Valid",5.9,15,"Valid",14.2,null,null,4.5,5.9,15,14.2,15,14.2,4.5,5.9]
[2023,1,12,11,44938.458333332666,11.3,"Valid",6.4,19.600000000000001,"Valid",14.7,null,null,11.3,6.4,19.600000000000001,14.7,19.600000000000001,14.7,11.3,6.4]
[2023,1,12,12,44938.499999999331,7.5,"Valid",6.5,15.6,"Valid",14.9,null,null,7.5,6.5,15.6,14.9,15.6,14.9,7.5,6.5]
[2023,1,12,13,44938.541666665995,6.4,"Valid",6.4,16.100000000000001,"Valid",14.9,null,null,6.4,6.4,16.100000000000001,14.9,16.100000000000001,14.9,6.4,6.4]
[2023,1,12,14,44938.583333332659,6.2,"Valid",6.4,16,"Valid",14.9,null,null,6.2,6.4,16,14.9,16,14.9,6.2,6.4]
[2023,1,12,15,44938.624999999323,13,"Valid",6.8,21.9,"Valid",15.1,null,null,13,6.8,21.9,15.1,21.9,15.1,13,6.8]
[2023,1,12,16,44938.666666665988,11,"Valid",7,20.7,"Valid",15.4,null,null,11,7,20.7,15.4,20.7,15.4,11,7]
[2023,{"$f":"B282","v":1},{"$f":"C259+1","v":12},17,44938.708333332652,7.9,"Valid",6.9,15.7,"Valid",15.3,null,null,7.9,6.9,15.7,15.3,15.7,15.3,7.9,6.9]
[2023,1,12,18,44938.749999999316,7.4,"Valid",6.8,15.6,"Valid",15.1,null,null,7.4,6.8,15.6,15.1,15.6,15.1,7.4,6.8]
[2023,1,12,19,44938.79166666598,12.7,"Valid",6.9,21.3,"Valid",15.3,null,null,12.7,6.9,21.3,15.3,21.3,15.3,12.7,6.9]
[2023,1,12,20,44938.833333332645,12.6,"Valid",7.1,39,"Valid",16.3,null,null,12.6,7.1,39,16.3,39,16.3,12.6,7.1]
[2023,1,12,21,44938.874999999309,8.6,"Valid",7,31.4,"Valid",16.7,null,null,8.6,7,31.4,16.7,31.4,16.7,8.6,7]
[2023,1,12,22,44938.916666665973,11.1,"Valid",7.1,19.5,"Valid",16.8,null,null,11.1,7.1,19.5,16.8,19.5,16.8,11.1,7.1]
[2023,1,12,23,44938.958333332637,7.2,"Valid",7.1,14.5,"Valid",16.8,null,null,7.2,7.1,14.5,16.8,14.5,16.8,7.2,7.1]
[2023,1,13,0,44938.999999999302,8.6999999999999993,"Valid",7.1,18.399999999999999,"Valid",16.899999999999999,null,null,8.6999999999999993,7.1,18.399999999999999,16.899999999999999,18.399999999999999,16.899999999999999,8.6999999999999993,7.1]
[2023,1,13,1,44939.041666665966,11.2,"Valid",7.3,20.5,"Valid",17.100000000000001,null,null,11.2,7.3,20.5,17.100000000000001,20.5,17.100000000000001,11.2,7.3]
[2023,1,13,2,44939.08333333263,6.1,"Valid",7.2,15.1,"Valid",17.100000000000001,null,null,6.1,7.2,15.1,17.100000000000001,15.1,17.100000000000001,6.1,7.2]
[2023,1,13,3,44939.124999999294,4.5999999999999996,"Valid",7.1,12.5,"Valid",17.100000000000001,null,null,4.5999999999999996,7.1,12.5,17.100000000000001,12.5,17.100000000000001,4.5999999999999996,7.1]
[2023,1,13,4,44939.166666665958,6.5,"Valid",7.5,13.4,"Valid",17.399999999999999,null,null,6.5,7.5,13.4,17.399999999999999,13.4,17.399999999999999,6.5,7.5]
[2023,1,13,5,44939.208333332623,2.9,"Valid",7.5,9.6999999999999993,"Valid",17.5,null,null,2.9,7.5,9.6999999999999993,17.5,9.6999999999999993,17.5,2.9,7.5]
[2023,1,13,6,44939.249999999287,4.2,"Valid",7.6,11.4,"Valid",17.600000000000001,null,null,4.2,7.6,11.4,17.600000000000001,11.4,17.600000000000001,4.2,7.6]
[2023,1,13,7,44939.291666665951,5.4,"Valid",7.7,16.8,"Valid",17.600000000000001,null,null,5.4,7.7,16.8,17.600000000000001,16.8,17.600000000000001,5.4,7.7]
[2023,1,13,8,44939.333333332615,18.5,"Valid",8.1999999999999993,44,"Valid",18.8,null,null,18.5,8.1999999999999993,44,18.8,44,18.8,18.5,8.1999999999999993]
[2023,1,13,9,44939.37499999928,10.3,"Valid",8.5,17.600000000000001,"Valid",19.100000000000001,null,null,10.3,8.5,17.600000000000001,19.100000000000001,17.600000000000001,19.100000000000001,10.3,8.5]
[2023,1,13,10,44939.416666665944,8.6,"Valid",8.6999999999999993,18,"Valid",19.3,null,null,8.6,8.6999999999999993,18,19.3,18,19.3,8.6,8.6999999999999993]
[2023,1,13,11,44939.458333332608,6.9,"Valid",8.6,12.7,"Valid",19.2,null,null,6.9,8.6,12.7,19.2,12.7,19.2,6.9,8.6]
[2023,1,13,12,44939.499999999272,13,"Valid",8.8000000000000007,21,"Valid",19.399999999999999,null,null,13,8.8000000000000007,21,19.399999999999999,21,19.399999999999999,13,8.8000000000000007]
[2023,1,13,13,44939.541666665937,8.1,"Valid",8.9,21.8,"Valid",19.7,null,null,8.1,8.9,21.8,19.7,21.8,19.7,8.1,8.9]
[2023,1,13,14,44939.583333332601,10.3,"Valid",9.1,18.3,"Valid",19.899999999999999,null,null,10.3,9.1,18.3,19.899999999999999,18.3,19.899999999999999,10.3,9.1]
[2023,1,13,15,44939.624999999265,11.7,"Valid",9.1,24.5,"Valid",20.100000000000001,null,null,11.7,9.1,24.5,20.100000000000001,24.5,20.100000000000001,11.7,9.1]
[2023,1,13,16,44939.666666665929,5.5,"Valid",8.9,13.5,"Valid",19.899999999999999,null,null,5.5,8.9,13.5,19.899999999999999,13.5,19.899999999999999,5.5,8.9]
[2023,1,13,17,44939.708333332594,7.7,"Valid",8.9,14.1,"Valid",19.7,null,null,7.7,8.9,14.1,19.7,14.1,19.7,7.7,8.9]
[2023,1,13,18,44939.749999999258,9,"Valid",8.9,15.8,"Valid",19.600000000000001,null,null,9,8.9,15.8,19.600000000000001,15.8,19.600000000000001,9,8.9]
[2023,1,13,19,44939.791666665922,8.5,"Valid",8.6999999999999993,15.3,"Valid",19.3,null,null,8.5,8.6999999999999993,15.3,19.3,15.3,19.3,8.5,8.6999999999999993]
[2023,1,13,20,44939.833333332586,6.3,"Valid",8.4,13.2,"Valid",18.100000000000001,null,null,6.3,8.4,13.2,18.100000000000001,13.2,18.100000000000001,6.3,8.4]
[2023,1,13,21,44939.874999999251,7.8,"Valid",8.3000000000000007,13.8,"Valid",17.2,null,null,7.8,8.3000000000000007,13.8,17.2,13.8,17.2,7.8,8.3000000000000007]
[2023,1,13,22,44939.916666665915,8.9,"Valid",8.1999999999999993,14.6,"Valid",17,null,null,8.9,8.1999999999999993,14.6,17,14.6,17,8.9,8.1999999999999993]
[2023,1,13,23,44939.958333332579,4.2,"Valid",8,14.4,"Valid",16.899999999999999,null,null,4.2,8,14.4,16.899999999999999,14.4,16.899999999999999,4.2,8]
[2023,1,14,0,44939.999999999243,3.5,"Valid",7.8,10.8,"Valid",16.600000000000001,null,null,3.5,7.8,10.8,16.600000000000001,10.8,16.600000000000001,3.5,7.8]
[2023,1,14,1,44940.041666665908,3.3,"Valid",7.4,11.6,"Valid",16.2,null,null,3.3,7.4,11.6,16.2,11.6,16.2,3.3,7.4]
[2023,1,14,2,44940.083333332572,4.4000000000000004,"Valid",7.4,10,"Valid",15.9,null,null,4.4000000000000004,7.4,10,15.9,10,15.9,4.4000000000000004,7.4]
[2023,1,14,3,44940.124999999236,0.6,"Valid",7.2,5.3,"Valid",15.6,null,null,0.6,7.2,5.3,15.6,5.3,15.6,0.6,7.2]
[2023,1,14,4,44940.1666666659,0,"Valid",6.9,4.5,"Valid",15.2,null,null,0,6.9,4.5,15.2,4.5,15.2,0,6.9]
[2023,1,14,5,44940.208333332565,-0.7,"Valid",6.7,3.9,"Valid",14.9,null,null,-0.7,6.7,3.9,14.9,3.9,14.9,-0.7,6.7]
[2023,1,14,6,44940.249999999229,0.2,"Valid",6.6,4.5999999999999996,"Valid",14.6,null,null,0.2,6.6,4.5999999999999996,14.6,4.5999999999999996,14.6,0.2,6.6]
[2023,1,14,7,44940.291666665893,1.2,"Valid",6.4,11.3,"Valid",14.4,null,null,1.2,6.4,11.3,14.4,11.3,14.4,1.2,6.4]
[2023,1,14,8,44940.333333332557,2.2000000000000002,"Valid",5.8,9.5,"Valid",13.1,null,null,{"$f":"IF(G322=\"Valid\", F322, NA())","v":2.2000000000000002},{"$f":"IF(G322=\"Valid\", H322, NA())","v":5.8},{"$f":"IF(J322=\"Valid\", I322, NA())","v":9.5},{"$f":"IF(J322=\"Valid\", K322, NA())","v":13.1},9.5,13.1,2.2000000000000002,5.8]
[2023,1,14,9,44940.374999999221,2.1,"Valid",5.5,7.4,"Valid",12.7,null,null,2.1,5.5,7.4,12.7,7.4,12.7,2.1,5.5]
[{"$f":"A323","v":2023},1,14,{"$f":"IF(D323=23,0,D323+1)","v":10},{"$f":"E323+0.0416666666666666","v":44940.416666665886},5.7,"Valid",5.4,13.2,"Valid",12.6,null,null,5.7,5.4,13.2,12.6,13.2,12.6,5.7,5.4]
[2023,1,14,11,44940.45833333255,5.5,"Valid",5.3,14.6,"Valid",12.7,null,null,5.5,5.3,14.6,12.7,14.6,12.7,5.5,5.3]
[2023,1,14,12,44940.499999999214,5.9,"Valid",5.0999999999999996,10.3,"Valid",12.4,null,null,5.9,5.0999999999999996,10.3,12.4,10.3,12.4,5.9,5.0999999999999996]
[2023,1,14,13,44940.541666665878,5.4,"Valid",5,10,"Valid",11.9,null,null,5.4,5,10,11.9,10,11.9,5.4,5]
[2023,1,14,14,44940.583333332543,3.9,"Valid",4.8,9,"Valid",11.7,null,null,3.9,4.8,9,11.7,9,11.7,3.9,4.8]
[2023,1,14,15,44940.624999999207,6.4,"Valid",4.5,12,"Valid",11.1,null,null,6.4,4.5,12,11.1,12,11.1,6.4,4.5]
[2023,1,14,16,44940.666666665871,4.8,"Valid",4.5,10.4,"Valid",11,null,null,4.8,4.5,10.4,11,10.4,11,4.8,4.5]
[2023,1,14,17,44940.708333332535,3.8,"Valid",4.4000000000000004,9.6,"Valid",10.9,null,null,3.8,4.4000000000000004,9.6,10.9,9.6,10.9,3.8,4.4000000000000004]
[2023,1,14,18,44940.7499999992,4.7,"Valid",4.2,8.6999999999999993,"Valid",10.6,null,null,4.7,4.2,8.6999999999999993,10.6,8.6999999999999993,10.6,4.7,4.2]
[2023,1,14,19,44940.791666665864,7,"Valid",4.0999999999999996,10.4,"Valid",10.3,null,null,7,4.0999999999999996,10.4,10.3,10.4,10.3,7,4.0999999999999996]
[2023,1,14,20,44940.833333332528,6,"Valid",4.0999999999999996,10.5,"Valid",10.1,null,null,6,4.0999999999999996,10.5,10.1,10.5,10.1,6,4.0999999999999996]
[2023,1,14,21,44940.874999999192,4.9000000000000004,"Valid",3.9,9.4,"Valid",9.8000000000000007,null,null,4.9000000000000004,3.9,9.4,9.8000000000000007,9.4,9.8000000000000007,4.9000000000000004,3.9]
[2023,1,14,22,44940.916666665857,11.4,"Valid",4,40.299999999999997,"Valid",10.9,null,null,11.4,4,40.299999999999997,10.9,40.299999999999997,10.9,11.4,4]
[2023,1,14,23,44940.958333332521,3.3,"Valid",4,9.5,"Valid",10.6,null,null,3.3,4,9.5,10.6,9.5,10.6,3.3,4]
[2023,1,15,0,44940.999999999185,7.3,"Valid",4.0999999999999996,12.9,"Valid",10.7,null,null,7.3,4.0999999999999996,12.9,10.7,12.9,10.7,7.3,4.0999999999999996]
[2023,1,15,1,44941.041666665849,1.7,"Valid",4,7.2,"Valid",10.5,null,null,1.7,4,7.2,10.5,7.2,10.5,1.7,4]
[2023,1,15,2,44941.083333332514,1.2,"Valid",3.9,6.1,"Valid",10.3,null,null,1.2,3.9,6.1,10.3,6.1,10.3,1.2,3.9]
[2023,1,15,3,44941.124999999178,1.5,"Valid",3.9,6.4,"Valid",10.3,null,null,1.5,3.9,6.4,10.3,6.4,10.3,1.5,3.9]
[2023,1,15,4,44941.166666665842,4.2,"Valid",4.0999999999999996,8.6,"Valid",10.5,null,null,4.2,4.0999999999999996,8.6,10.5,8.6,10.5,4.2,4.0999999999999996]
[2023,1,15,5,44941.208333332506,2.5,"Valid",4.2,7.4,"Valid",10.6,null,null,2.5,4.2,7.4,10.6,7.4,10.6,2.5,4.2]
[2023,1,15,6,44941.249999999171,5.5,"Valid",4.4000000000000004,9.6,"Valid",10.7,null,null,5.5,4.4000000000000004,9.6,10.7,9.6,10.7,5.5,4.4000000000000004]
[2023,1,15,7,44941.291666665835,0.8,"Valid",4.4000000000000004,5.5,"Valid",10.5,null,null,0.8,4.4000000000000004,5.5,10.5,5.5,10.5,0.8,4.4000000000000004]
[2023,1,15,8,44941.333333332499,6,"Valid",4.5999999999999996,14.5,"Valid",10.8,null,null,6,4.5999999999999996,14.5,10.8,14.5,10.8,6,4.5999999999999996]
[2023,{"$f":"B346","v":1},{"$f":"C323+1","v":15},9,44941.374999999163,2.7,"Valid",4.5999999999999996,8.3000000000000007,"Valid",11,null,null,2.7,4.5999999999999996,8.3000000000000007,11,8.3000000000000007,11,2.7,4.5999999999999996]
[2023,1,15,10,44941.416666665828,7.1,"Valid",4.7,12.6,"Valid",11,null,null,7.1,4.7,12.6,11,12.6,11,7.1,4.7]
[2023,1,15,11,44941.458333332492,5.5,"Valid",4.7,11,"Valid",10.9,null,null,5.5,4.7,11,10.9,11,10.9,5.5,4.7]
[2023,1,15,12,44941.499999999156,4.4000000000000004,"Valid",4.7,9.9,"Valid",10.9,null,null,4.4000000000000004,4.7,9.9,10.9,9.9,10.9,4.4000000000000004,4.7]
[2023,1,15,13,44941.54166666582,11.7,"Valid",5,16.5,"Valid",11.3,null,null,11.7,5,16.5,11.3,16.5,11.3,11.7,5]
[2023,1,15,14,44941.583333332484,7,"Valid",5.2,12.4,"Valid",11.4,null,null,7,5.2,12.4,11.4,12.4,11.4,7,5.2]
[2023,1,15,15,44941.624999999149,7.2,"Valid",5.2,13.8,"Valid",11.5,null,null,7.2,5.2,13.8,11.5,13.8,11.5,7.2,5.2]
[2023,1,15,16,44941.666666665813,9.9,"Valid",5.4,15.4,"Valid",11.8,null,null,9.9,5.4,15.4,11.8,15.4,11.8,9.9,5.4]
[2023,1,15,17,44941.708333332477,5.5,"Valid",5.5,10.5,"Valid",11.9,null,null,5.5,5.5,10.5,11.9,10.5,11.9,5.5,5.5]
[2023,1,15,18,44941.749999999141,9.8000000000000007,"Valid",5.7,15,"Valid",12.2,null,null,9.8000000000000007,5.7,15,12.2,15,12.2,9.8000000000000007,5.7]
[2023,1,15,19,44941.791666665806,8,"Valid",5.8,13.3,"Valid",12.2,null,null,8,5.8,13.3,12.2,13.3,12.2,8,5.8]
[2023,1,15,20,44941.83333333247,10.199999999999999,"Valid",5.9,15.5,"Valid",12.3,null,null,10.199999999999999,5.9,15.5,12.3,15.5,12.3,10.199999999999999,5.9]
[2023,1,15,21,44941.874999999134,10.3,"Valid",6,21.5,"Valid",12.7,null,null,10.3,6,21.5,12.7,21.5,12.7,10.3,6]
[2023,1,15,22,44941.916666665798,7.3,"Valid",5.8,14.2,"Valid",11.5,null,null,7.3,5.8,14.2,11.5,14.2,11.5,7.3,5.8]
[2023,1,15,23,44941.958333332463,7.6,"Valid",6,14,"Valid",11.7,null,null,7.6,6,14,11.7,14,11.7,7.6,6]
[2023,1,16,0,44941.999999999127,10.5,"Valid",6.1,16.100000000000001,"Valid",11.8,null,null,10.5,6.1,16.100000000000001,11.8,16.100000000000001,11.8,10.5,6.1]
[2023,1,16,1,44942.041666665791,5.6,"Valid",6.2,11.4,"Valid",11.9,null,null,5.6,6.2,11.4,11.9,11.4,11.9,5.6,6.2]
[2023,1,16,2,44942.083333332455,9.6,"Valid",6.5,15.6,"Valid",12.2,null,null,9.6,6.5,15.6,12.2,15.6,12.2,9.6,6.5]
[2023,1,16,3,44942.12499999912,9,"Valid",6.9,14.7,"Valid",12.6,null,null,9,6.9,14.7,12.6,14.7,12.6,9,6.9]
[2023,1,16,4,44942.166666665784,7.7,"Valid",7,13.3,"Valid",12.7,null,null,7.7,7,13.3,12.7,13.3,12.7,7.7,7]
[2023,1,16,5,44942.208333332448,4.0999999999999996,"Valid",7,9.4,"Valid",12.7,null,null,4.0999999999999996,7,9.4,12.7,9.4,12.7,4.0999999999999996,7]
[2023,1,16,6,44942.249999999112,8.1,"Valid",7.1,14.2,"Valid",13,null,null,8.1,7.1,14.2,13,14.2,13,8.1,7.1]
[2023,1,16,7,44942.291666665777,1.8,"Valid",7.2,10.7,"Valid",13.2,null,null,1.8,7.2,10.7,13.2,10.7,13.2,1.8,7.2]
[2023,1,16,8,44942.333333332441,3.3,"Valid",7.2,12.5,"Valid",13.2,null,null,3.3,7.2,12.5,13.2,12.5,13.2,3.3,7.2]
[2023,1,16,9,44942.374999999105,4.5999999999999996,"Valid",7.2,11.5,"Valid",13.4,null,null,4.5999999999999996,7.2,11.5,13.4,11.5,13.4,4.5999999999999996,7.2]
[2023,1,16,10,44942.416666665769,6.4,"Valid",7.3,12.3,"Valid",13.5,null,null,6.4,7.3,12.3,13.5,12.3,13.5,6.4,7.3]
[2023,1,16,11,44942.458333332434,7.4,"Valid",7.4,13,"Valid",13.6,null,null,7.4,7.4,13,13.6,13,13.6,7.4,7.4]
[2023,1,16,12,44942.499999999098,6.3,"Valid",7.5,12.7,"Valid",13.8,null,null,6.3,7.5,12.7,13.8,12.7,13.8,6.3,7.5]
[2023,1,16,13,44942.541666665762,7.2,"Valid",7.3,17.5,"Valid",13.9,null,null,7.2,7.3,17.5,13.9,17.5,13.9,7.2,7.3]
[2023,1,16,14,44942.583333332426,5.8,"Valid",7.3,10,"Valid",13.9,null,null,5.8,7.3,10,13.9,10,13.9,5.8,7.3]
[2023,1,16,15,44942.624999999091,4.9000000000000004,"Valid",7.3,11.8,"Valid",13.9,null,null,4.9000000000000004,7.3,11.8,13.9,11.8,13.9,4.9000000000000004,7.3]
[2023,1,16,16,44942.666666665755,7.4,"Valid",7.2,12.7,"Valid",13.9,null,null,7.4,7.2,12.7,13.9,12.7,13.9,7.4,7.2]
[2023,1,16,17,44942.708333332419,1.5,"Valid",7,5.5,"Valid",13.5,null,null,1.5,7,5.5,13.5,5.5,13.5,1.5,7]
[2023,1,16,18,44942.749999999083,8.1,"Valid",6.9,32.4,"Valid",14.3,null,null,8.1,6.9,32.4,14.3,32.4,14.3,8.1,6.9]
[2023,1,16,19,44942.791666665747,4.9000000000000004,"Valid",6.7,11.6,"Valid",14.1,null,null,4.9000000000000004,6.7,11.6,14.1,11.6,14.1,4.9000000000000004,6.7]
[2023,1,16,20,44942.833333332412,4,"Valid",6.4,9.1999999999999993,"Valid",13.7,null,null,4,6.4,9.1999999999999993,13.7,9.1999999999999993,13.7,4,6.4]
[2023,1,16,21,44942.874999999076,3.1,"Valid",6.1,20.100000000000001,"Valid",13.6,null,null,3.1,6.1,20.100000000000001,13.6,20.100000000000001,13.6,3.1,6.1]
[2023,1,16,22,44942.91666666574,2.5,"Valid",5.8,10.6,"Valid",13.3,null,null,2.5,5.8,10.6,13.3,10.6,13.3,2.5,5.8]
[2023,1,16,23,44942.958333332404,2,"Valid",5.6,7.4,"Valid",13,null,null,2,5.6,7.4,13,7.4,13,2,5.6]
[2023,1,17,0,44942.999999999069,1.4,"Valid",5.2,7.4,"Valid",12.6,null,null,{"$f":"IF(G386=\"Valid\", F386, NA())","v":1.4},{"$f":"IF(G386=\"Valid\", H386, NA())","v":5.2},{"$f":"IF(J386=\"Valid\", I386, NA())","v":7.4},{"$f":"IF(J386=\"Valid\", K386, NA())","v":12.6},7.4,12.6,1.4,5.2]
[2023,1,17,1,44943.041666665733,3.9,"Valid",5.0999999999999996,7.7,"Valid",12.4,null,null,3.9,5.0999999999999996,7.7,12.4,7.7,12.4,3.9,5.0999999999999996]
[{"$f":"A387","v":2023},1,17,{"$f":"IF(D387=23,0,D387+1)","v":2},{"$f":"E387+0.0416666666666666","v":44943.083333332397},6.4,"Valid",5,10.3,"Valid",12.2,null,null,6.4,5,10.3,12.2,10.3,12.2,6.4,5]
[2023,1,17,3,44943.124999999061,3.9,"Valid",4.8,8.3000000000000007,"Valid",11.9,null,null,3.9,4.8,8.3000000000000007,11.9,8.3000000000000007,11.9,3.9,4.8]
[2023,1,17,4,44943.166666665726,2.9,"Valid",4.5999999999999996,7.1,"Valid",11.6,null,null,2.9,4.5999999999999996,7.1,11.6,7.1,11.6,2.9,4.5999999999999996]
[2023,1,17,5,44943.20833333239,2.4,"Valid",4.4000000000000004,6.1,"Valid",11.4,null,null,2.4,4.4000000000000004,6.1,11.4,6.1,11.4,2.4,4.4000000000000004]
[2023,1,17,6,44943.249999999054,-1.4,"Valid",4,4.4000000000000004,"Valid",11,null,null,-1.4,4,4.4000000000000004,11,4.4000000000000004,11,-1.4,4]
[2023,1,17,7,44943.291666665718,3.8,"Valid",4.0999999999999996,11.3,"Valid",11,null,null,3.8,4.0999999999999996,11.3,11,11.3,11,3.8,4.0999999999999996]
[2023,1,17,8,44943.333333332383,8.6999999999999993,"Valid",4.4000000000000004,46.1,"Valid",12.6,null,null,8.6999999999999993,4.4000000000000004,46.1,12.6,46.1,12.6,8.6999999999999993,4.4000000000000004]
[2023,1,17,9,44943.374999999047,4.9000000000000004,"Valid",4.5,22,"Valid",13.1,null,null,4.9000000000000004,4.5,22,13.1,22,13.1,4.9000000000000004,4.5]
[2023,1,17,10,44943.416666665711,4.0999999999999996,"Valid",4.4000000000000004,8.4,"Valid",13,null,null,4.0999999999999996,4.4000000000000004,8.4,13,8.4,13,4.0999999999999996,4.4000000000000004]
[2023,1,17,11,44943.458333332375,7.7,"Valid",4.4000000000000004,15.6,"Valid",13.2,null,null,7.7,4.4000000000000004,15.6,13.2,15.6,13.2,7.7,4.4000000000000004]
[2023,1,17,12,44943.49999999904,1,"Valid",4.2,4.0999999999999996,"Valid",12.9,null,null,1,4.2,4.0999999999999996,12.9,4.0999999999999996,12.9,1,4.2]
[2023,1,17,13,44943.541666665704,3.9,"Valid",4.0999999999999996,8.9,"Valid",12.7,null,null,3.9,4.0999999999999996,8.9,12.7,8.9,12.7,3.9,4.0999999999999996]
[2023,1,17,14,44943.583333332368,6.4,"Valid",4.2,11.8,"Valid",12.8,null,null,6.4,4.2,11.8,12.8,11.8,12.8,6.4,4.2]
[2023,1,17,15,44943.624999999032,4.8,"Valid",4.2,8.6999999999999993,"Valid",12.7,null,null,4.8,4.2,8.6999999999999993,12.7,8.6999999999999993,12.7,4.8,4.2]
[2023,1,17,16,44943.666666665697,5.9,"Valid",4.0999999999999996,9.9,"Valid",12.6,null,null,5.9,4.0999999999999996,9.9,12.6,9.9,12.6,5.9,4.0999999999999996]
[2023,1,17,17,44943.708333332361,3.5,"Valid",4.2,8.1,"Valid",12.8,null,null,3.5,4.2,8.1,12.8,8.1,12.8,3.5,4.2]
[2023,1,17,18,44943.749999999025,5.4,"Valid",4.0999999999999996,10,"Valid",11.8,null,null,5.4,4.0999999999999996,10,11.8,10,11.8,5.4,4.0999999999999996]
[2023,1,17,19,44943.791666665689,3.8,"Valid",4.0999999999999996,9.9,"Valid",11.7,null,null,3.8,4.0999999999999996,9.9,11.7,9.9,11.7,3.8,4.0999999999999996]
[2023,1,17,20,44943.833333332354,5.5,"Valid",4.0999999999999996,9.5,"Valid",11.6,null,null,5.5,4.0999999999999996,9.5,11.6,9.5,11.6,5.5,4.0999999999999996]
[2023,1,17,21,44943.874999999018,3.6,"Valid",4.0999999999999996,9.1,"Valid",11,null,null,3.6,4.0999999999999996,9.1,11,9.1,11,3.6,4.0999999999999996]
[2023,1,17,22,44943.916666665682,4.5,"Valid",4.0999999999999996,10.3,"Valid",11,null,null,4.5,4.0999999999999996,10.3,11,10.3,11,4.5,4.0999999999999996]
[2023,1,17,23,44943.958333332346,1.2,"Valid",4.0999999999999996,5,"Valid",10.8,null,null,1.2,4.0999999999999996,5,10.8,5,10.8,1.2,4.0999999999999996]
[2023,1,18,0,44943.99999999901,1.7,"Valid",4.0999999999999996,5.5,"Valid",10.7,null,null,1.7,4.0999999999999996,5.5,10.7,5.5,10.7,1.7,4.0999999999999996]
[2023,{"$f":"B410","v":1},{"$f":"C387+1","v":18},1,44944.041666665675,3.5,"Valid",4,7.4,"Valid",10.7,null,null,3.5,4,7.4,10.7,7.4,10.7,3.5,4]
[2023,1,18,2,44944.083333332339,-3.3,"Valid",3.6,0.2,"Valid",10.199999999999999,null,null,-3.3,3.6,0.2,10.199999999999999,0.2,10.199999999999999,-3.3,3.6]
[2023,1,18,3,44944.124999999003,-1.3,"Valid",3.4,2.2999999999999998,"Valid",9.9,null,null,-1.3,3.4,2.2999999999999998,9.9,2.2999999999999998,9.9,-1.3,3.4]
[2023,1,18,4,44944.166666665667,1.4,"Valid",3.3,5.2,"Valid",9.8000000000000007,null,null,1.4,3.3,5.2,9.8000000000000007,5.2,9.8000000000000007,1.4,3.3]
[2023,1,18,5,44944.208333332332,-0.6,"Valid",3.2,3.1,"Valid",9.6999999999999993,null,null,-0.6,3.2,3.1,9.6999999999999993,3.1,9.6999999999999993,-0.6,3.2]
[2023,1,18,6,44944.249999998996,-0.8,"Valid",3.2,3.7,"Valid",9.6,null,null,-0.8,3.2,3.7,9.6,3.7,9.6,-0.8,3.2]
[2023,1,18,7,44944.29166666566,6.1,"Valid",3.3,13.5,"Valid",9.6999999999999993,null,null,6.1,3.3,13.5,9.6999999999999993,13.5,9.6999999999999993,6.1,3.3]
[2023,1,18,8,44944.333333332324,1.9,"Valid",3.1,8.4,"Valid",8.3000000000000007,null,null,1.9,3.1,8.4,8.3000000000000007,8.4,8.3000000000000007,1.9,3.1]
[2023,1,18,9,44944.374999998989,6.9,"Valid",3.2,11.9,"Valid",7.9,null,null,6.9,3.2,11.9,7.9,11.9,7.9,6.9,3.2]
[2023,1,18,10,44944.416666665653,4.5999999999999996,"Valid",3.2,10.1,"Valid",8,null,null,4.5999999999999996,3.2,10.1,8,10.1,8,4.5999999999999996,3.2]
[2023,1,18,11,44944.458333332317,5.9,"Valid",3.1,12.3,"Valid",7.9,null,null,5.9,3.1,12.3,7.9,12.3,7.9,5.9,3.1]
[2023,1,18,12,44944.499999998981,4.5,"Valid",3.3,10.8,"Valid",8.1999999999999993,null,null,4.5,3.3,10.8,8.1999999999999993,10.8,8.1999999999999993,4.5,3.3]
[2023,1,18,13,44944.541666665646,7.7,"Valid",3.5,12.8,"Valid",8.4,null,null,7.7,3.5,12.8,8.4,12.8,8.4,7.7,3.5]
[2023,1,18,14,44944.58333333231,9.1,"Valid",3.6,15.8,"Valid",8.6,null,null,9.1,3.6,15.8,8.6,15.8,8.6,9.1,3.6]
[2023,1,18,15,44944.624999998974,5.3,"Valid",3.7,15.1,"Valid",9,null,null,5.3,3.7,15.1,9,15.1,9,5.3,3.7]
[2023,1,18,16,44944.666666665638,6.7,"Valid",3.7,16.2,"Valid",9.1999999999999993,null,null,6.7,3.7,16.2,9.1999999999999993,16.2,9.1999999999999993,6.7,3.7]
[2023,1,18,17,44944.708333332303,7.6,"Valid",3.9,16.5,"Valid",9.6,null,null,7.6,3.9,16.5,9.6,16.5,9.6,7.6,3.9]
[2023,1,18,18,44944.749999998967,4.8,"Valid",3.9,11.5,"Valid",9.6999999999999993,null,null,4.8,3.9,11.5,9.6999999999999993,11.5,9.6999999999999993,4.8,3.9]
[2023,1,18,19,44944.791666665631,2.2999999999999998,"Valid",3.8,10.199999999999999,"Valid",9.6,null,null,2.2999999999999998,3.8,10.199999999999999,9.6,10.199999999999999,9.6,2.2999999999999998,3.8]
[2023,1,18,20,44944.833333332295,5.0999999999999996,"Valid",3.7,13.9,"Valid",9.6999999999999993,null,null,5.0999999999999996,3.7,13.9,9.6999999999999993,13.9,9.6999999999999993,5.0999999999999996,3.7]
[2023,1,18,21,44944.87499999896,7.2,"Valid",3.9,20.3,"Valid",10.199999999999999,null,null,7.2,3.9,20.3,10.199999999999999,20.3,10.199999999999999,7.2,3.9]
[2023,1,18,22,44944.916666665624,9.6,"Valid",4,21.7,"Valid",10.5,null,null,9.6,4,21.7,10.5,21.7,10.5,9.6,4]
[2023,1,18,23,44944.958333332288,8.8000000000000007,"Valid",4.3,17.3,"Valid",11,null,null,8.8000000000000007,4.3,17.3,11,17.3,11,8.8000000000000007,4.3]
[2023,1,19,0,44944.999999998952,8.6,"Valid",4.5999999999999996,17.3,"Valid",11.5,null,null,8.6,4.5999999999999996,17.3,11.5,17.3,11.5,8.6,4.5999999999999996]
[2023,1,19,1,44945.041666665617,6.4,"Valid",4.7,18.399999999999999,"Valid",11.9,null,null,6.4,4.7,18.399999999999999,11.9,18.399999999999999,11.9,6.4,4.7]
[2023,1,19,2,44945.083333332281,6.3,"Valid",5.0999999999999996,18.600000000000001,"Valid",12.7,null,null,6.3,5.0999999999999996,18.600000000000001,12.7,18.600000000000001,12.7,6.3,5.0999999999999996]
[2023,1,19,3,44945.124999998945,12.8,"Valid",5.7,30.4,"Valid",13.8,null,null,12.8,5.7,30.4,13.8,30.4,13.8,12.8,5.7]
[2023,1,19,4,44945.166666665609,6.3,"Valid",5.9,17,"Valid",14.3,null,null,6.3,5.9,17,14.3,17,14.3,6.3,5.9]
[2023,1,19,5,44945.208333332273,3.4,"Valid",6,9.1,"Valid",14.5,null,null,3.4,6,9.1,14.5,9.1,14.5,3.4,6]
[2023,1,19,6,44945.249999998938,7.4,"Valid",6.4,11.4,"Valid",14.8,null,null,7.4,6.4,11.4,14.8,11.4,14.8,7.4,6.4]
[2023,1,19,7,44945.291666665602,8.6999999999999993,"Valid",6.5,16.899999999999999,"Valid",14.9,null,null,8.6999999999999993,6.5,16.899999999999999,14.9,16.899999999999999,14.9,8.6999999999999993,6.5]
[2023,1,19,8,44945.333333332266,2.4,"Valid",6.4,12.1,"Valid",14.9,null,null,2.4,6.4,12.1,14.9,12.1,14.9,2.4,6.4]
[2023,1,19,9,44945.37499999893,8.3000000000000007,"Valid",6.5,15.9,"Valid",15.1,null,null,8.3000000000000007,6.5,15.9,15.1,15.9,15.1,8.3000000000000007,6.5]
[2023,1,19,10,44945.416666665595,9.8000000000000007,"Valid",6.7,15.1,"Valid",15.3,null,null,9.8000000000000007,6.7,15.1,15.3,15.1,15.3,9.8000000000000007,6.7]
[2023,1,19,11,44945.458333332259,9.1999999999999993,"Valid",6.9,14.4,"Valid",15.5,null,null,9.1999999999999993,6.9,14.4,15.5,14.4,15.5,9.1999999999999993,6.9]
[2023,1,19,12,44945.499999998923,10.4,"Valid",7.2,14,"Valid",15.7,null,null,10.4,7.2,14,15.7,14,15.7,10.4,7.2]
[2023,1,19,13,44945.541666665587,7.8,"Valid",7.2,11.5,"Valid",15.8,null,null,7.8,7.2,11.5,15.8,11.5,15.8,7.8,7.2]
[2023,1,19,14,44945.583333332252,-4.4000000000000004,"Valid",6.7,-0.5,"Valid",15.2,null,null,-4.4000000000000004,6.7,-0.5,15.2,-0.5,15.2,-4.4000000000000004,6.7]
[2023,1,19,15,44945.624999998916,2.1,"Valid",6.6,5.2,"Valid",14.8,null,null,2.1,6.6,5.2,14.8,5.2,14.8,2.1,6.6]
[2023,1,19,16,44945.66666666558,0.1,"Valid",6.3,4.3,"Valid",14.3,null,null,{"$f":"IF(G450=\"Valid\", F450, NA())","v":0.1},{"$f":"IF(G450=\"Valid\", H450, NA())","v":6.3},{"$f":"IF(J450=\"Valid\", I450, NA())","v":4.3},{"$f":"IF(J450=\"Valid\", K450, NA())","v":14.3},4.3,14.3,0.1,6.3]
[2023,1,19,17,44945.708333332244,0.9,"Valid",6,4.4000000000000004,"Valid",13.8,null,null,0.9,6,4.4000000000000004,13.8,4.4000000000000004,13.8,0.9,6]
[{"$f":"A451","v":2023},1,19,{"$f":"IF(D451=23,0,D451+1)","v":18},{"$f":"E451+0.0416666666666666","v":44945.749999998909},3.7,"Valid",6,6.7,"Valid",13.7,null,null,3.7,6,6.7,13.7,6.7,13.7,3.7,6]
[2023,1,19,19,44945.791666665573,4.5,"Valid",6.1,7.2,"Valid",13.5,null,null,4.5,6.1,7.2,13.5,7.2,13.5,4.5,6.1]
[2023,1,19,20,44945.833333332237,4.7,"Valid",6,7.4,"Valid",13.1,null,null,4.7,6,7.4,13.1,7.4,13.1,4.7,6]
[2023,1,19,21,44945.874999998901,3.5,"Valid",5.8,6,"Valid",12.4,null,null,3.5,5.8,6,12.4,6,12.4,3.5,5.8]
[2023,1,19,22,44945.916666665566,1,"Valid",5.4,4.3,"Valid",11.6,null,null,1,5.4,4.3,11.6,4.3,11.6,1,5.4]
[2023,1,19,23,44945.95833333223,11.3,"Valid",5.5,14.4,"Valid",11.5,null,null,11.3,5.5,14.4,11.5,14.4,11.5,11.3,5.5]
[2023,1,20,0,44945.999999998894,-1.7,"Valid",5.0999999999999996,0.5,"Valid",10.8,null,null,-1.7,5.0999999999999996,0.5,10.8,0.5,10.8,-1.7,5.0999999999999996]
[2023,1,20,1,44946.041666665558,0.2,"Valid",4.8,2.9,"Valid",10.199999999999999,null,null,0.2,4.8,2.9,10.199999999999999,2.9,10.199999999999999,0.2,4.8]
[2023,1,20,2,44946.083333332223,2,"Valid",4.7,4.2,"Valid",9.6,null,null,2,4.7,4.2,9.6,4.2,9.6,2,4.7]
[2023,1,20,3,44946.124999998887,0.6,"Valid",4.2,2.8,"Valid",8.5,null,null,0.6,4.2,2.8,8.5,2.8,8.5,0.6,4.2]
[2023,1,20,4,44946.166666665551,-0.5,"Valid",3.9,1.4,"Valid",7.8,null,null,-0.5,3.9,1.4,7.8,1.4,7.8,-0.5,3.9]
[2023,1,20,5,44946.208333332215,6.2,"Valid",4,8.1999999999999993,"Valid",7.8,null,null,6.2,4,8.1999999999999993,7.8,8.1999999999999993,7.8,6.2,4]
[2023,1,20,6,44946.24999999888,3.5,"Valid",3.8,5.5,"Valid",7.5,null,null,3.5,3.8,5.5,7.5,5.5,7.5,3.5,3.8]
[2023,1,20,7,44946.291666665544,0.9,"Valid",3.5,3.3,"Valid",7,null,null,0.9,3.5,3.3,7,3.3,7,0.9,3.5]
[2023,1,20,8,44946.333333332208,1.5,"Valid",3.5,4.3,"Valid",6.8,null,null,1.5,3.5,4.3,6.8,4.3,6.8,1.5,3.5]
[2023,1,20,9,44946.374999998872,-0.8,"Valid",3.2,2,"Valid",6.3,null,null,-0.8,3.2,2,6.3,2,6.3,-0.8,3.2]
[2023,1,20,10,44946.416666665536,-3,"Valid",2.7,1.4,"Valid",5.7,null,null,-3,2.7,1.4,5.7,1.4,5.7,-3,2.7]
[2023,1,20,11,44946.458333332201,0.6,"Valid",2.2999999999999998,6,"Valid",5.4,null,null,0.6,2.2999999999999998,6,5.4,6,5.4,0.6,2.2999999999999998]
[2023,1,20,12,44946.499999998865,4.5,"Valid",2.1,8.1999999999999993,"Valid",5.2,null,null,4.5,2.1,8.1999999999999993,5.2,8.1999999999999993,5.2,4.5,2.1]
[2023,1,20,13,44946.541666665529,9.1999999999999993,"Valid",2.1,13.2,"Valid",5.2,null,null,9.1999999999999993,2.1,13.2,5.2,13.2,5.2,9.1999999999999993,2.1]
[2023,1,20,14,44946.583333332193,3.2,"Valid",2.5,7.3,"Valid",5.6,null,null,3.2,2.5,7.3,5.6,7.3,5.6,3.2,2.5]
[2023,1,20,15,44946.624999998858,5.0999999999999996,"Valid",2.6,9.8000000000000007,"Valid",5.8,null,null,5.0999999999999996,2.6,9.8000000000000007,5.8,9.8000000000000007,5.8,5.0999999999999996,2.6]
[2023,1,20,16,44946.666666665522,7.5,"Valid",2.9,14.2,"Valid",6.2,null,null,7.5,2.9,14.2,6.2,14.2,6.2,7.5,2.9]
[2023,{"$f":"B474","v":1},{"$f":"C451+1","v":20},17,44946.708333332186,0.1,"Valid",2.9,6.1,"Valid",6.3,null,null,0.1,2.9,6.1,6.3,6.1,6.3,0.1,2.9]
[2023,1,20,18,44946.74999999885,6.8,"Valid",3,12.2,"Valid",6.5,null,null,6.8,3,12.2,6.5,12.2,6.5,6.8,3]
[2023,1,20,19,44946.791666665515,7.1,"Valid",3.1,11.4,"Valid",6.6,null,null,7.1,3.1,11.4,6.6,11.4,6.6,7.1,3.1]
[2023,1,20,20,44946.833333332179,1.2,"Valid",2.9,4.5999999999999996,"Valid",6.4,null,null,1.2,2.9,4.5999999999999996,6.4,4.5999999999999996,6.4,1.2,2.9]
[2023,1,20,21,44946.874999998843,-0.2,"Valid",2.7,2.9,"Valid",6.2,null,null,-0.2,2.7,2.9,6.2,2.9,6.2,-0.2,2.7]
[2023,1,20,22,44946.916666665507,-1.7,"Valid",2.6,1.2,"Valid",6,null,null,-1.7,2.6,1.2,6,1.2,6,-1.7,2.6]
[2023,1,20,23,44946.958333332172,1.9,"Valid",2.2000000000000002,4.7,"Valid",5.6,null,null,1.9,2.2000000000000002,4.7,5.6,4.7,5.6,1.9,2.2000000000000002]
[2023,1,21,0,44946.999999998836,0.6,"Valid",2.2999999999999998,3.3,"Valid",5.7,null,null,0.6,2.2999999999999998,3.3,5.7,3.3,5.7,0.6,2.2999999999999998]
[2023,1,21,1,44947.0416666655,0.7,"Valid",2.2999999999999998,3.6,"Valid",5.8,null,null,0.7,2.2999999999999998,3.6,5.8,3.6,5.8,0.7,2.2999999999999998]
[2023,1,21,2,44947.083333332164,1,"Valid",2.2999999999999998,3.2,"Valid",5.7,null,null,1,2.2999999999999998,3.2,5.7,3.2,5.7,1,2.2999999999999998]
[2023,1,21,3,44947.124999998829,2.4,"Valid",2.2999999999999998,5.6,"Valid",5.8,null,null,2.4,2.2999999999999998,5.6,5.8,5.6,5.8,2.4,2.2999999999999998]
[2023,1,21,4,44947.166666665493,0.9,"Valid",2.4,4.2,"Valid",5.9,null,null,0.9,2.4,4.2,5.9,4.2,5.9,0.9,2.4]
[2023,1,21,5,44947.208333332157,1.7,"Valid",2.2000000000000002,5.0999999999999996,"Valid",5.8,null,null,1.7,2.2000000000000002,5.0999999999999996,5.8,5.0999999999999996,5.8,1.7,2.2000000000000002]
[2023,1,21,6,44947.249999998821,-0.2,"Valid",2,2.4,"Valid",5.7,null,null,-0.2,2,2.4,5.7,2.4,5.7,-0.2,2]
[2023,1,21,7,44947.291666665486,3.9,"Valid",2.2000000000000002,7.1,"Valid",5.8,null,null,3.9,2.2000000000000002,7.1,5.8,7.1,5.8,3.9,2.2000000000000002]
[2023,1,21,8,44947.33333333215,0.1,"Valid",2.2000000000000002,3.5,"Valid",5.9,null,null,0.1,2.2000000000000002,3.5,5.9,3.5,5.9,0.1,2.2000000000000002]
[2023,1,21,9,44947.374999998814,6,"Valid",2.4,10.8,"Valid",6.3,null,null,6,2.4,10.8,6.3,10.8,6.3,6,2.4]
[2023,1,21,10,44947.416666665478,3.5,"Valid",2.7,7.5,"Valid",6.6,null,null,3.5,2.7,7.5,6.6,7.5,6.6,3.5,2.7]
[2023,1,21,11,44947.458333332143,3.8,"Valid",2.9,7.8,"Valid",6.7,null,null,3.8,2.9,7.8,6.7,7.8,6.7,3.8,2.9]
[2023,1,21,12,44947.499999998807,2.4,"Valid",2.8,7.9,"Valid",6.7,null,null,2.4,2.8,7.9,6.7,7.9,6.7,2.4,2.8]
[2023,1,21,13,44947.541666665471,6,"Valid",2.7,9.9,"Valid",6.6,null,null,6,2.7,9.9,6.6,9.9,6.6,6,2.7]
[2023,1,21,14,44947.583333332135,5.7,"Valid",2.8,10,"Valid",6.8,null,null,5.7,2.8,10,6.8,10,6.8,5.7,2.8]
[2023,1,21,15,44947.624999998799,6,"Valid",2.9,10.199999999999999,"Valid",6.8,null,null,6,2.9,10.199999999999999,6.8,10.199999999999999,6.8,6,2.9]
[2023,1,21,16,44947.666666665464,6.1,"Valid",2.8,10.1,"Valid",6.7,null,null,6.1,2.8,10.1,6.7,10.1,6.7,6.1,2.8]
[2023,1,21,17,44947.708333332128,5.8,"Valid",3,10.5,"Valid",6.8,null,null,5.8,3,10.5,6.8,10.5,6.8,5.8,3]
[2023,1,21,18,44947.749999998792,6.7,"Valid",3,10.6,"Valid",6.7,null,null,6.7,3,10.6,6.7,10.6,6.7,6.7,3]
[2023,1,21,19,44947.791666665456,2.2999999999999998,"Valid",2.8,7.2,"Valid",6.5,null,null,2.2999999999999998,2.8,7.2,6.5,7.2,6.5,2.2999999999999998,2.8]
[2023,1,21,20,44947.833333332121,6.1,"Valid",3,11,"Valid",6.7,null,null,6.1,3,11,6.7,11,6.7,6.1,3]
[2023,1,21,21,44947.874999998785,1.4,"Valid",3,6.4,"Valid",6.8,null,null,1.4,3,6.4,6.8,6.4,6.8,1.4,3]
[2023,1,21,22,44947.916666665449,3.7,"Valid",3.2,10,"Valid",7.2,null,null,3.7,3.2,10,7.2,10,7.2,3.7,3.2]
[2023,1,21,23,44947.958333332113,3.2,"Valid",3.3,9.6999999999999993,"Valid",7.4,null,null,3.2,3.3,9.6999999999999993,7.4,9.6999999999999993,7.4,3.2,3.3]
[2023,1,22,0,44947.999999998778,1.8,"Valid",3.3,7.9,"Valid",7.5,null,null,1.8,3.3,7.9,7.5,7.9,7.5,1.8,3.3]
[2023,1,22,1,44948.041666665442,4.2,"Valid",3.5,10.6,"Valid",7.8,null,null,4.2,3.5,10.6,7.8,10.6,7.8,4.2,3.5]
[2023,1,22,2,44948.083333332106,0.6,"Valid",3.4,7.6,"Valid",8,null,null,0.6,3.4,7.6,8,7.6,8,0.6,3.4]
[2023,1,22,3,44948.12499999877,2.8,"Valid",3.5,7,"Valid",8,null,null,2.8,3.5,7,8,7,8,2.8,3.5]
[2023,1,22,4,44948.166666665435,1.2,"Valid",3.5,4.9000000000000004,"Valid",8.1,null,null,1.2,3.5,4.9000000000000004,8.1,4.9000000000000004,8.1,1.2,3.5]
[2023,1,22,5,44948.208333332099,-1.1000000000000001,"Valid",3.3,3.3,"Valid",8,null,null,-1.1000000000000001,3.3,3.3,8,3.3,8,-1.1000000000000001,3.3]
[2023,1,22,6,44948.249999998763,3.4,"Valid",3.5,8.3000000000000007,"Valid",8.1999999999999993,null,null,3.4,3.5,8.3000000000000007,8.1999999999999993,8.3000000000000007,8.1999999999999993,3.4,3.5]
[2023,1,22,7,44948.291666665427,3,"Valid",3.4,8.1,"Valid",8.1999999999999993,null,null,3,3.4,8.1,8.1999999999999993,8.1,8.1999999999999993,3,3.4]
[2023,1,22,8,44948.333333332092,3.9,"Valid",3.6,9.6,"Valid",8.4,null,null,{"$f":"IF(G514=\"Valid\", F514, NA())","v":3.9},{"$f":"IF(G514=\"Valid\", H514, NA())","v":3.6},{"$f":"IF(J514=\"Valid\", I514, NA())","v":9.6},{"$f":"IF(J514=\"Valid\", K514, NA())","v":8.4},9.6,8.4,3.9,3.6]
[2023,1,22,9,44948.374999998756,5.0999999999999996,"Valid",3.5,11.4,"Valid",8.4,null,null,5.0999999999999996,3.5,11.4,8.4,11.4,8.4,5.0999999999999996,3.5]
[{"$f":"A515","v":2023},1,22,{"$f":"IF(D515=23,0,D515+1)","v":10},{"$f":"E515+0.0416666666666666","v":44948.41666666542},2.4,"Valid",3.5,8.6,"Valid",8.5,null,null,2.4,3.5,8.6,8.5,8.6,8.5,2.4,3.5]
[2023,1,22,11,44948.458333332084,-0.7,"Valid",3.3,3.7,"Valid",8.4,null,null,-0.7,3.3,3.7,8.4,3.7,8.4,-0.7,3.3]
[2023,1,22,12,44948.499999998749,4.4000000000000004,"Valid",3.4,9.4,"Valid",8.4,null,null,4.4000000000000004,3.4,9.4,8.4,9.4,8.4,4.4000000000000004,3.4]
[2023,1,22,13,44948.541666665413,3.8,"Valid",3.3,9.5,"Valid",8.4,null,null,3.8,3.3,9.5,8.4,9.5,8.4,3.8,3.3]
[2023,1,22,14,44948.583333332077,2.2999999999999998,"Valid",3.2,5.8,"Valid",8.3000000000000007,null,null,2.2999999999999998,3.2,5.8,8.3000000000000007,5.8,8.3000000000000007,2.2999999999999998,3.2]
[2023,1,22,15,44948.624999998741,0.2,"Valid",3,4.2,"Valid",8.1,null,null,0.2,3,4.2,8.1,4.2,8.1,0.2,3]
[2023,1,22,16,44948.666666665406,4.0999999999999996,"Valid",2.9,8.3000000000000007,"Valid",8.1,null,null,4.0999999999999996,2.9,8.3000000000000007,8.1,8.3000000000000007,8.1,4.0999999999999996,2.9]
[2023,1,22,17,44948.70833333207,4.8,"Valid",2.9,10.6,"Valid",8.1,null,null,4.8,2.9,10.6,8.1,10.6,8.1,4.8,2.9]
[2023,1,22,18,44948.749999998734,6.1,"Valid",2.9,10.5,"Valid",8.1,null,null,6.1,2.9,10.5,8.1,10.5,8.1,6.1,2.9]
[2023,1,22,19,44948.791666665398,-0.2,"Valid",2.8,3.8,"Valid",8,null,null,-0.2,2.8,3.8,8,3.8,8,-0.2,2.8]
[2023,1,22,20,44948.833333332062,5.9,"Valid",2.8,9.1,"Valid",7.9,null,null,5.9,2.8,9.1,7.9,9.1,7.9,5.9,2.8]
[2023,1,22,21,44948.874999998727,-0.5,"Valid",2.7,3.2,"Valid",7.7,null,null,-0.5,2.7,3.2,7.7,3.2,7.7,-0.5,2.7]
[2023,1,22,22,44948.916666665391,2.2999999999999998,"Valid",2.6,6,"Valid",7.5,null,null,2.2999999999999998,2.6,6,7.5,6,7.5,2.2999999999999998,2.6]
[2023,1,22,23,44948.958333332055,2.7,"Valid",2.6,7.5,"Valid",7.4,null,null,2.7,2.6,7.5,7.4,7.5,7.4,2.7,2.6]
[2023,1,23,0,44948.999999998719,null,null,null,null,null,null,null,null,{"$error":"#N/A"},{"$error":"#N/A"},{"$error":"#N/A"},{"$error":"#N/A"}]
[2023,1,23,1,44949.041666665384,null,null,null,null,null,null,null,null,{"$error":"#N/A"},{"$error":"#N/A"},{"$error":"#N/A"},{"$error":"#N/A"}]
[2023,1,23,2,44949.083333332048,null,null,null,null,null,null,null,null,{"$error":"#N/A"},{"$error":"#N/A"},{"$error":"#N/A"},{"$error":"#N/A"}]
[2023,1,23,3,44949.124999998712,null,null,null,null,null,null,null,null,{"$error":"#N/A"},{"$error":"#N/A"},{"$error":"#N/A"},{"$error":"#N/A"}]
[2023,1,23,4,44949.166666665376,null,null,null,null,null,null,null,null,{"$error":"#N/A"},{"$error":"#N/A"},{"$error":"#N/A"},{"$error":"#N/A"}]
[2023,1,23,5,44949.208333332041,null,null,null,null,null,null,null,null,{"$error":"#N/A"},{"$error":"#N/A"},{"$error":"#N/A"},{"$error":"#N/A"}]
[2023,1,23,6,44949.249999998705,null,null,null,null,null,null,null,null,{"$error":"#N/A"},{"$error":"#N/A"},{"$error":"#N/A"},{"$error":"#N/A"}]
[2023,1,23,7,44949.291666665369,null,null,null,null,null,null,null,null,{"$error":"#N/A"},{"$error":"#N/A"},{"$error":"#N/A"},{"$error":"#N/A"}]
[2023,1,23,8,44949.333333332033,null,null,null,null,null,null,null,null,{"$error":"#N/A"},{"$error":"#N/A"},{"$error":"#N/A"},{"$error":"#N/A"}]
[2023,{"$f":"B538","v":1},{"$f":"C515+1","v":23},9,44949.374999998698,null,null,null,null,null,null,null,null,{"$error":"#N/A"},{"$error":"#N/A"},{"$error":"#N/A"},{"$error":"#N/A"}]
[2023,1,23,10,44949.416666665362,null,null,null,null,null,null,null,null,{"$error":"#N/A"},{"$error":"#N/A"},{"$error":"#N/A"},{"$error":"#N/A"}]
[2023,1,23,11,44949.458333332026,null,null,null,null,null,null,null,null,{"$error":"#N/A"},{"$error":"#N/A"},{"$error":"#N/A"},{"$error":"#N/A"}]
[2023,1,23,12,44949.49999999869,null,null,null,null,null,null,null,null,{"$error":"#N/A"},{"$error":"#N/A"},{"$error":"#N/A"},{"$error":"#N/A"}]
[2023,1,23,13,44949.541666665355,null,null,null,null,null,null,null,null,{"$error":"#N/A"},{"$error":"#N/A"},{"$error":"#N/A"},{"$error":"#N/A"}]
[2023,1,23,14,44949.583333332019,null,null,null,null,null,null,null,null,{"$error":"#N/A"},{"$error":"#N/A"},{"$error":"#N/A"},{"$error":"#N/A"}]
[2023,1,23,15,44949.624999998683,null,null,null,null,null,null,null,null,{"$error":"#N/A"},{"$error":"#N/A"},{"$error":"#N/A"},{"$error":"#N/A"}]
[2023,1,23,16,44949.666666665347,null,null,null,null,null,null,null,null,{"$error":"#N/A"},{"$error":"#N/A"},{"$error":"#N/A"},{"$error":"#N/A"}]
[2023,1,23,17,44949.708333332012,null,null,null,null,null,null,null,null,{"$error":"#N/A"},{"$error":"#N/A"},{"$error":"#N/A"},{"$error":"#N/A"}]
[2023,1,23,18,44949.749999998676,null,null,null,null,null,null,null,null,{"$error":"#N/A"},{"$error":"#N/A"},{"$error":"#N/A"},{"$error":"#N/A"}]
[2023,1,23,19,44949.79166666534,null,null,null,null,null,null,null,null,{"$error":"#N/A"},{"$error":"#N/A"},{"$error":"#N/A"},{"$error":"#N/A"}]
[2023,1,23,20,44949.833333332004,null,null,null,null,null,null,null,null,{"$error":"#N/A"},{"$error":"#N/A"},{"$error":"#N/A"},{"$error":"#N/A"}]
[2023,1,23,21,44949.874999998668,null,null,null,null,null,null,null,null,{"$error":"#N/A"},{"$error":"#N/A"},{"$error":"#N/A"},{"$error":"#N/A"}]
[2023,1,23,22,44949.916666665333,null,null,null,null,null,null,null,null,{"$error":"#N/A"},{"$error":"#N/A"},{"$error":"#N/A"},{"$error":"#N/A"}]
[2023,1,23,23,44949.958333331997,null,null,null,null,null,null,null,null,{"$error":"#N/A"},{"$error":"#N/A"},{"$error":"#N/A"},{"$error":"#N/A"}]
[2023,1,24,0,44949.999999998661,null,null,null,null,null,null,null,null,{"$error":"#N/A"},{"$error":"#N/A"},{"$error":"#N/A"},{"$error":"#N/A"}]
[2023,1,24,1,44950.041666665325,null,null,null,null,null,null,null,null,{"$error":"#N/A"},{"$error":"#N/A"},{"$error":"#N/A"},{"$error":"#N/A"}]
[2023,1,24,2,44950.08333333199,null,null,null,null,null,null,null,null,{"$error":"#N/A"},{"$error":"#N/A"},{"$error":"#N/A"},{"$error":"#N/A"}]
[2023,1,24,3,44950.124999998654,null,null,null,null,null,null,null,null,{"$error":"#N/A"},{"$error":"#N/A"},{"$error":"#N/A"},{"$error":"#N/A"}]
[2023,1,24,4,44950.166666665318,null,null,null,null,null,null,null,null,{"$error":"#N/A"},{"$error":"#N/A"},{"$error":"#N/A"},{"$error":"#N/A"}]
[2023,1,24,5,44950.208333331982,null,null,null,null,null,null,null,null,{"$error":"#N/A"},{"$error":"#N/A"},{"$error":"#N/A"},{"$error":"#N/A"}]
[2023,1,24,6,44950.249999998647,null,null,null,null,null,null,null,null,{"$error":"#N/A"},{"$error":"#N/A"},{"$error":"#N/A"},{"$error":"#N/A"}]
[2023,1,24,7,44950.291666665311,null,null,null,null,null,null,null,null,{"$error":"#N/A"},{"$error":"#N/A"},{"$error":"#N/A"},{"$error":"#N/A"}]
[2023,1,24,8,44950.333333331975,null,null,null,null,null,null,null,null,{"$error":"#N/A"},{"$error":"#N/A"},{"$error":"#N/A"},{"$error":"#N/A"}]
[2023,1,24,9,44950.374999998639,null,null,null,null,null,null,null,null,{"$error":"#N/A"},{"$error":"#N/A"},{"$error":"#N/A"},{"$error":"#N/A"}]
[2023,1,24,10,44950.416666665304,null,null,null,null,null,null,null,null,{"$error":"#N/A"},{"$error":"#N/A"},{"$error":"#N/A"},{"$error":"#N/A"}]
[2023,1,24,11,44950.458333331968,null,null,null,null,null,null,null,null,{"$error":"#N/A"},{"$error":"#N/A"},{"$error":"#N/A"},{"$error":"#N/A"}]
[2023,1,24,12,44950.499999998632,null,null,null,null,null,null,null,null,{"$error":"#N/A"},{"$error":"#N/A"},{"$error":"#N/A"},{"$error":"#N/A"}]
[2023,1,24,13,44950.541666665296,null,null,null,null,null,null,null,null,{"$error":"#N/A"},{"$error":"#N/A"},{"$error":"#N/A"},{"$error":"#N/A"}]
[2023,1,24,14,44950.583333331961,null,null,null,null,null,null,null,null,{"$error":"#N/A"},{"$error":"#N/A"},{"$error":"#N/A"},{"$error":"#N/A"}]
[2023,1,24,15,44950.624999998625,null,null,null,null,null,null,null,null,{"$error":"#N/A"},{"$error":"#N/A"},{"$error":"#N/A"},{"$error":"#N/A"}]
[2023,1,24,16,44950.666666665289,null,null,null,null,null,null,null,null,{"$error":"#N/A"},{"$error":"#N/A"},{"$error":"#N/A"},{"$error":"#N/A"}]
[2023,1,24,17,44950.708333331953,null,null,null,null,null,null,null,null,{"$error":"#N/A"},{"$error":"#N/A"},{"$error":"#N/A"},{"$error":"#N/A"}]
[2023,1,24,18,44950.749999998618,null,null,null,null,null,null,null,null,{"$error":"#N/A"},{"$error":"#N/A"},{"$error":"#N/A"},{"$error":"#N/A"}]
[2023,1,24,19,44950.791666665282,null,null,null,null,null,null,null,null,{"$error":"#N/A"},{"$error":"#N/A"},{"$error":"#N/A"},{"$error":"#N/A"}]
[2023,1,24,20,44950.833333331946,null,null,null,null,null,null,null,null,{"$error":"#N/A"},{"$error":"#N/A"},{"$error":"#N/A"},{"$error":"#N/A"}]
[2023,1,24,21,44950.87499999861,null,null,null,null,null,null,null,null,{"$error":"#N/A"},{"$error":"#N/A"},{"$error":"#N/A"},{"$error":"#N/A"}]
[2023,1,24,22,44950.916666665275,null,null,null,null,null,null,null,null,{"$error":"#N/A"},{"$error":"#N/A"},{"$error":"#N/A"},{"$error":"#N/A"}]
[2023,1,24,23,44950.958333331939,null,null,null,null,null,null,null,null,{"$error":"#N/A"},{"$error":"#N/A"},{"$error":"#N/A"},{"$error":"#N/A"}]
[2023,1,25,0,44950.999999998603,null,null,null,null,null,null,null,null,{"$f":"IF(G578=\"Valid\", F578, NA())","v":{"$error":"#N/A"}},{"$f":"IF(G578=\"Valid\", H578, NA())","v":{"$error":"#N/A"}},{"$f":"IF(J578=\"Valid\", I578, NA())","v":{"$error":"#N/A"}},{"$f":"IF(J578=\"Valid\", K578, NA())","v":{"$error":"#N/A"}}]
[2023,1,25,1,44951.041666665267,null,null,null,null,null,null,null,null,{"$error":"#N/A"},{"$error":"#N/A"},{"$error":"#N/A"},{"$error":"#N/A"}]
[{"$f":"A579","v":2023},1,25,{"$f":"IF(D579=23,0,D579+1)","v":2},{"$f":"E579+0.0416666666666666","v":44951.083333331931},null,null,null,null,null,null,null,null,{"$error":"#N/A"},{"$error":"#N/A"},{"$error":"#N/A"},{"$error":"#N/A"}]
[2023,1,25,3,44951.124999998596,null,null,null,null,null,null,null,null,{"$error":"#N/A"},{"$error":"#N/A"},{"$error":"#N/A"},{"$error":"#N/A"}]
[2023,1,25,4,44951.16666666526,null,null,null,null,null,null,null,null,{"$error":"#N/A"},{"$error":"#N/A"},{"$error":"#N/A"},{"$error":"#N/A"}]
[2023,1,25,5,44951.208333331924,null,null,null,null,null,null,null,null,{"$error":"#N/A"},{"$error":"#N/A"},{"$error":"#N/A"},{"$error":"#N/A"}]
[2023,1,25,6,44951.249999998588,null,null,null,null,null,null,null,null,{"$error":"#N/A"},{"$error":"#N/A"},{"$error":"#N/A"},{"$error":"#N/A"}]
[2023,1,25,7,44951.291666665253,null,null,null,null,null,null,null,null,{"$error":"#N/A"},{"$error":"#N/A"},{"$error":"#N/A"},{"$error":"#N/A"}]
[2023,1,25,8,44951.333333331917,null,null,null,null,null,null,null,null,{"$error":"#N/A"},{"$error":"#N/A"},{"$error":"#N/A"},{"$error":"#N/A"}]
[2023,1,25,9,44951.374999998581,null,null,null,null,null,null,null,null,{"$error":"#N/A"},{"$error":"#N/A"},{"$error":"#N/A"},{"$error":"#N/A"}]
[2023,1,25,10,44951.416666665245,null,null,null,null,null,null,null,null,{"$error":"#N/A"},{"$error":"#N/A"},{"$error":"#N/A"},{"$error":"#N/A"}]
[2023,1,25,11,44951.45833333191,null,null,null,null,null,null,null,null,{"$error":"#N/A"},{"$error":"#N/A"},{"$error":"#N/A"},{"$error":"#N/A"}]
[2023,1,25,12,44951.499999998574,null,null,null,null,null,null,null,null,{"$error":"#N/A"},{"$error":"#N/A"},{"$error":"#N/A"},{"$error":"#N/A"}]
[2023,1,25,13,44951.541666665238,null,null,null,null,null,null,null,null,{"$error":"#N/A"},{"$error":"#N/A"},{"$error":"#N/A"},{"$error":"#N/A"}]
[2023,1,25,14,44951.583333331902,null,null,null,null,null,null,null,null,{"$error":"#N/A"},{"$error":"#N/A"},{"$error":"#N/A"},{"$error":"#N/A"}]
[2023,1,25,15,44951.624999998567,null,null,null,null,null,null,null,null,{"$error":"#N/A"},{"$error":"#N/A"},{"$error":"#N/A"},{"$error":"#N/A"}]
[2023,1,25,16,44951.666666665231,null,null,null,null,null,null,null,null,{"$error":"#N/A"},{"$error":"#N/A"},{"$error":"#N/A"},{"$error":"#N/A"}]
[2023,1,25,17,44951.708333331895,null,null,null,null,null,null,null,null,{"$error":"#N/A"},{"$error":"#N/A"},{"$error":"#N/A"},{"$error":"#N/A"}]
[2023,1,25,18,44951.749999998559,null,null,null,null,null,null,null,null,{"$error":"#N/A"},{"$error":"#N/A"},{"$error":"#N/A"},{"$error":"#N/A"}]
[2023,1,25,19,44951.791666665224,null,null,null,null,null,null,null,null,{"$error":"#N/A"},{"$error":"#N/A"},{"$error":"#N/A"},{"$error":"#N/A"}]
[2023,1,25,20,44951.833333331888,null,null,null,null,null,null,null,null,{"$error":"#N/A"},{"$error":"#N/A"},{"$error":"#N/A"},{"$error":"#N/A"}]
[2023,1,25,21,44951.874999998552,null,null,null,null,null,null,null,null,{"$error":"#N/A"},{"$error":"#N/A"},{"$error":"#N/A"},{"$error":"#N/A"}]
[2023,1,25,22,44951.916666665216,null,null,null,null,null,null,null,null,{"$error":"#N/A"},{"$error":"#N/A"},{"$error":"#N/A"},{"$error":"#N/A"}]
[2023,1,25,23,44951.958333331881,null,null,null,null,null,null,null,null,{"$error":"#N/A"},{"$error":"#N/A"},{"$error":"#N/A"},{"$error":"#N/A"}]
[2023,1,26,0,44951.999999998545,null,null,null,null,null,null,null,null,{"$error":"#N/A"},{"$error":"#N/A"},{"$error":"#N/A"},{"$error":"#N/A"}]
[2023,{"$f":"B602","v":1},{"$f":"C579+1","v":26},1,44952.041666665209,null,null,null,null,null,null,null,null,{"$error":"#N/A"},{"$error":"#N/A"},{"$error":"#N/A"},{"$error":"#N/A"}]
[2023,1,26,2,44952.083333331873,null,null,null,null,null,null,null,null,{"$error":"#N/A"},{"$error":"#N/A"},{"$error":"#N/A"},{"$error":"#N/A"}]
[2023,1,26,3,44952.124999998538,null,null,null,null,null,null,null,null,{"$error":"#N/A"},{"$error":"#N/A"},{"$error":"#N/A"},{"$error":"#N/A"}]
[2023,1,26,4,44952.166666665202,null,null,null,null,null,null,null,null,{"$error":"#N/A"},{"$error":"#N/A"},{"$error":"#N/A"},{"$error":"#N/A"}]
[2023,1,26,5,44952.208333331866,null,null,null,null,null,null,null,null,{"$error":"#N/A"},{"$error":"#N/A"},{"$error":"#N/A"},{"$error":"#N/A"}]
[2023,1,26,6,44952.24999999853,null,null,null,null,null,null,null,null,{"$error":"#N/A"},{"$error":"#N/A"},{"$error":"#N/A"},{"$error":"#N/A"}]
[2023,1,26,7,44952.291666665194,null,null,null,null,null,null,null,null,{"$error":"#N/A"},{"$error":"#N/A"},{"$error":"#N/A"},{"$error":"#N/A"}]
[2023,1,26,8,44952.333333331859,null,null,null,null,null,null,null,null,{"$error":"#N/A"},{"$error":"#N/A"},{"$error":"#N/A"},{"$error":"#N/A"}]
[2023,1,26,9,44952.374999998523,null,null,null,null,null,null,null,null,{"$error":"#N/A"},{"$error":"#N/A"},{"$error":"#N/A"},{"$error":"#N/A"}]
[2023,1,26,10,44952.416666665187,null,null,null,null,null,null,null,null,{"$error":"#N/A"},{"$error":"#N/A"},{"$error":"#N/A"},{"$error":"#N/A"}]
[2023,1,26,11,44952.458333331851,null,null,null,null,null,null,null,null,{"$error":"#N/A"},{"$error":"#N/A"},{"$error":"#N/A"},{"$error":"#N/A"}]
[2023,1,26,12,44952.499999998516,null,null,null,null,null,null,null,null,{"$error":"#N/A"},{"$error":"#N/A"},{"$error":"#N/A"},{"$error":"#N/A"}]
[2023,1,26,13,44952.54166666518,null,null,null,null,null,null,null,null,{"$error":"#N/A"},{"$error":"#N/A"},{"$error":"#N/A"},{"$error":"#N/A"}]
[2023,1,26,14,44952.583333331844,null,null,null,null,null,null,null,null,{"$error":"#N/A"},{"$error":"#N/A"},{"$error":"#N/A"},{"$error":"#N/A"}]
[2023,1,26,15,44952.624999998508,null,null,null,null,null,null,null,null,{"$error":"#N/A"},{"$error":"#N/A"},{"$error":"#N/A"},{"$error":"#N/A"}]
[2023,1,26,16,44952.666666665173,null,null,null,null,null,null,null,null,{"$error":"#N/A"},{"$error":"#N/A"},{"$error":"#N/A"},{"$error":"#N/A"}]
[2023,1,26,17,44952.708333331837,null,null,null,null,null,null,null,null,{"$error":"#N/A"},{"$error":"#N/A"},{"$error":"#N/A"},{"$error":"#N/A"}]
[2023,1,26,18,44952.749999998501,null,null,null,null,null,null,null,null,{"$error":"#N/A"},{"$error":"#N/A"},{"$error":"#N/A"},{"$error":"#N/A"}]
[2023,1,26,19,44952.791666665165,null,null,null,null,null,null,null,null,{"$error":"#N/A"},{"$error":"#N/A"},{"$error":"#N/A"},{"$error":"#N/A"}]
[2023,1,26,20,44952.83333333183,null,null,null,null,null,null,null,null,{"$error":"#N/A"},{"$error":"#N/A"},{"$error":"#N/A"},{"$error":"#N/A"}]
[2023,1,26,21,44952.874999998494,null,null,null,null,null,null,null,null,{"$error":"#N/A"},{"$error":"#N/A"},{"$error":"#N/A"},{"$error":"#N/A"}]
[2023,1,26,22,44952.916666665158,null,null,null,null,null,null,null,null,{"$error":"#N/A"},{"$error":"#N/A"},{"$error":"#N/A"},{"$error":"#N/A"}]
[2023,1,26,23,44952.958333331822,null,null,null,null,null,null,null,null,{"$error":"#N/A"},{"$error":"#N/A"},{"$error":"#N/A"},{"$error":"#N/A"}]
[2023,1,27,0,44952.999999998487,null,null,null,null,null,null,null,null,{"$error":"#N/A"},{"$error":"#N/A"},{"$error":"#N/A"},{"$error":"#N/A"}]
[2023,1,27,1,44953.041666665151,null,null,null,null,null,null,null,null,{"$error":"#N/A"},{"$error":"#N/A"},{"$error":"#N/A"},{"$error":"#N/A"}]
[2023,1,27,2,44953.083333331815,null,null,null,null,null,null,null,null,{"$error":"#N/A"},{"$error":"#N/A"},{"$error":"#N/A"},{"$error":"#N/A"}]
[2023,1,27,3,44953.124999998479,null,null,null,null,null,null,null,null,{"$error":"#N/A"},{"$error":"#N/A"},{"$error":"#N/A"},{"$error":"#N/A"}]
[2023,1,27,4,44953.166666665144,null,null,null,null,null,null,null,null,{"$error":"#N/A"},{"$error":"#N/A"},{"$error":"#N/A"},{"$error":"#N/A"}]
[2023,1,27,5,44953.208333331808,null,null,null,null,null,null,null,null,{"$error":"#N/A"},{"$error":"#N/A"},{"$error":"#N/A"},{"$error":"#N/A"}]
[2023,1,27,6,44953.249999998472,null,null,null,null,null,null,null,null,{"$error":"#N/A"},{"$error":"#N/A"},{"$error":"#N/A"},{"$error":"#N/A"}]
[2023,1,27,7,44953.291666665136,null,null,null,null,null,null,null,null,{"$error":"#N/A"},{"$error":"#N/A"},{"$error":"#N/A"},{"$error":"#N/A"}]
[2023,1,27,8,44953.333333331801,null,null,null,null,null,null,null,null,{"$error":"#N/A"},{"$error":"#N/A"},{"$error":"#N/A"},{"$error":"#N/A"}]
[2023,1,27,9,44953.374999998465,null,null,null,null,null,null,null,null,{"$error":"#N/A"},{"$error":"#N/A"},{"$error":"#N/A"},{"$error":"#N/A"}]
[2023,1,27,10,44953.416666665129,null,null,null,null,null,null,null,null,{"$error":"#N/A"},{"$error":"#N/A"},{"$error":"#N/A"},{"$error":"#N/A"}]
[2023,1,27,11,44953.458333331793,null,null,null,null,null,null,null,null,{"$error":"#N/A"},{"$error":"#N/A"},{"$error":"#N/A"},{"$error":"#N/A"}]
[2023,1,27,12,44953.499999998457,null,null,null,null,null,null,null,null,{"$error":"#N/A"},{"$error":"#N/A"},{"$error":"#N/A"},{"$error":"#N/A"}]
[2023,1,27,13,44953.541666665122,null,null,null,null,null,null,null,null,{"$error":"#N/A"},{"$error":"#N/A"},{"$error":"#N/A"},{"$error":"#N/A"}]
[2023,1,27,14,44953.583333331786,null,null,null,null,null,null,null,null,{"$error":"#N/A"},{"$error":"#N/A"},{"$error":"#N/A"},{"$error":"#N/A"}]
[2023,1,27,15,44953.62499999845,null,null,null,null,null,null,null,null,{"$error":"#N/A"},{"$error":"#N/A"},{"$error":"#N/A"},{"$error":"#N/A"}]
[2023,1,27,16,44953.666666665114,null,null,null,null,null,null,null,null,{"$f":"IF(G642=\"Valid\", F642, NA())","v":{"$error":"#N/A"}},{"$f":"IF(G642=\"Valid\", H642, NA())","v":{"$error":"#N/A"}},{"$f":"IF(J642=\"Valid\", I642, NA())","v":{"$error":"#N/A"}},{"$f":"IF(J642=\"Valid\", K642, NA())","v":{"$error":"#N/A"}}]
[2023,1,27,17,44953.708333331779,null,null,null,null,null,null,null,null,{"$error":"#N/A"},{"$error":"#N/A"},{"$error":"#N/A"},{"$error":"#N/A"}]
[{"$f":"A643","v":2023},1,27,{"$f":"IF(D643=23,0,D643+1)","v":18},{"$f":"E643+0.0416666666666666","v":44953.749999998443},null,null,null,null,null,null,null,null,{"$error":"#N/A"},{"$error":"#N/A"},{"$error":"#N/A"},{"$error":"#N/A"}]
[2023,1,27,19,44953.791666665107,null,null,null,null,null,null,null,null,{"$error":"#N/A"},{"$error":"#N/A"},{"$error":"#N/A"},{"$error":"#N/A"}]
[2023,1,27,20,44953.833333331771,null,null,null,null,null,null,null,null,{"$error":"#N/A"},{"$error":"#N/A"},{"$error":"#N/A"},{"$error":"#N/A"}]
[2023,1,27,21,44953.874999998436,null,null,null,null,null,null,null,null,{"$error":"#N/A"},{"$error":"#N/A"},{"$error":"#N/A"},{"$error":"#N/A"}]
[2023,1,27,22,44953.9166666651,null,null,null,null,null,null,null,null,{"$error":"#N/A"},{"$error":"#N/A"},{"$error":"#N/A"},{"$error":"#N/A"}]
[2023,1,27,23,44953.958333331764,null,null,null,null,null,null,null,null,{"$error":"#N/A"},{"$error":"#N/A"},{"$error":"#N/A"},{"$error":"#N/A"}]
[2023,1,28,0,44953.999999998428,null,null,null,null,null,null,null,null,{"$error":"#N/A"},{"$error":"#N/A"},{"$error":"#N/A"},{"$error":"#N/A"}]
[2023,1,28,1,44954.041666665093,null,null,null,null,null,null,null,null,{"$error":"#N/A"},{"$error":"#N/A"},{"$error":"#N/A"},{"$error":"#N/A"}]
[2023,1,28,2,44954.083333331757,null,null,null,null,null,null,null,null,{"$error":"#N/A"},{"$error":"#N/A"},{"$error":"#N/A"},{"$error":"#N/A"}]
[2023,1,28,3,44954.124999998421,null,null,null,null,null,null,null,null,{"$error":"#N/A"},{"$error":"#N/A"},{"$error":"#N/A"},{"$error":"#N/A"}]
[2023,1,28,4,44954.166666665085,null,null,null,null,null,null,null,null,{"$error":"#N/A"},{"$error":"#N/A"},{"$error":"#N/A"},{"$error":"#N/A"}]
[2023,1,28,5,44954.20833333175,null,null,null,null,null,null,null,null,{"$error":"#N/A"},{"$error":"#N/A"},{"$error":"#N/A"},{"$error":"#N/A"}]
[2023,1,28,6,44954.249999998414,null,null,null,null,null,null,null,null,{"$error":"#N/A"},{"$error":"#N/A"},{"$error":"#N/A"},{"$error":"#N/A"}]
[2023,1,28,7,44954.291666665078,null,null,null,null,null,null,null,null,{"$error":"#N/A"},{"$error":"#N/A"},{"$error":"#N/A"},{"$error":"#N/A"}]
[2023,1,28,8,44954.333333331742,null,null,null,null,null,null,null,null,{"$error":"#N/A"},{"$error":"#N/A"},{"$error":"#N/A"},{"$error":"#N/A"}]
[2023,1,28,9,44954.374999998407,null,null,null,null,null,null,null,null,{"$error":"#N/A"},{"$error":"#N/A"},{"$error":"#N/A"},{"$error":"#N/A"}]
[2023,1,28,10,44954.416666665071,null,null,null,null,null,null,null,null,{"$error":"#N/A"},{"$error":"#N/A"},{"$error":"#N/A"},{"$error":"#N/A"}]
[2023,1,28,11,44954.458333331735,null,null,null,null,null,null,null,null,{"$error":"#N/A"},{"$error":"#N/A"},{"$error":"#N/A"},{"$error":"#N/A"}]
[2023,1,28,12,44954.499999998399,null,null,null,null,null,null,null,null,{"$error":"#N/A"},{"$error":"#N/A"},{"$error":"#N/A"},{"$error":"#N/A"}]
[2023,1,28,13,44954.541666665064,null,null,null,null,null,null,null,null,{"$error":"#N/A"},{"$error":"#N/A"},{"$error":"#N/A"},{"$error":"#N/A"}]
[2023,1,28,14,44954.583333331728,null,null,null,null,null,null,null,null,{"$error":"#N/A"},{"$error":"#N/A"},{"$error":"#N/A"},{"$error":"#N/A"}]
[2023,1,28,15,44954.624999998392,null,null,null,null,null,null,null,null,{"$error":"#N/A"},{"$error":"#N/A"},{"$error":"#N/A"},{"$error":"#N/A"}]
[2023,1,28,16,44954.666666665056,null,null,null,null,null,null,null,null,{"$error":"#N/A"},{"$error":"#N/A"},{"$error":"#N/A"},{"$error":"#N/A"}]
[2023,{"$f":"B666","v":1},{"$f":"C643+1","v":28},17,44954.70833333172,null,null,null,null,null,null,null,null,{"$error":"#N/A"},{"$error":"#N/A"},{"$error":"#N/A"},{"$error":"#N/A"}]
[2023,1,28,18,44954.749999998385,null,null,null,null,null,null,null,null,{"$error":"#N/A"},{"$error":"#N/A"},{"$error":"#N/A"},{"$error":"#N/A"}]
[2023,1,28,19,44954.791666665049,null,null,null,null,null,null,null,null,{"$error":"#N/A"},{"$error":"#N/A"},{"$error":"#N/A"},{"$error":"#N/A"}]
[2023,1,28,20,44954.833333331713,null,null,null,null,null,null,null,null,{"$error":"#N/A"},{"$error":"#N/A"},{"$error":"#N/A"},{"$error":"#N/A"}]
[2023,1,28,21,44954.874999998377,null,null,null,null,null,null,null,null,{"$error":"#N/A"},{"$error":"#N/A"},{"$error":"#N/A"},{"$error":"#N/A"}]
[2023,1,28,22,44954.916666665042,null,null,null,null,null,null,null,null,{"$error":"#N/A"},{"$error":"#N/A"},{"$error":"#N/A"},{"$error":"#N/A"}]
[2023,1,28,23,44954.958333331706,null,null,null,null,null,null,null,null,{"$error":"#N/A"},{"$error":"#N/A"},{"$error":"#N/A"},{"$error":"#N/A"}]
[2023,1,29,0,44954.99999999837,null,null,null,null,null,null,null,null,{"$error":"#N/A"},{"$error":"#N/A"},{"$error":"#N/A"},{"$error":"#N/A"}]
[2023,1,29,1,44955.041666665034,null,null,null,null,null,null,null,null,{"$error":"#N/A"},{"$error":"#N/A"},{"$error":"#N/A"},{"$error":"#N/A"}]
[2023,1,29,2,44955.083333331699,null,null,null,null,null,null,null,null,{"$error":"#N/A"},{"$error":"#N/A"},{"$error":"#N/A"},{"$error":"#N/A"}]
[2023,1,29,3,44955.124999998363,null,null,null,null,null,null,null,null,{"$error":"#N/A"},{"$error":"#N/A"},{"$error":"#N/A"},{"$error":"#N/A"}]
[2023,1,29,4,44955.166666665027,null,null,null,null,null,null,null,null,{"$error":"#N/A"},{"$error":"#N/A"},{"$error":"#N/A"},{"$error":"#N/A"}]
[2023,1,29,5,44955.208333331691,null,null,null,null,null,null,null,null,{"$error":"#N/A"},{"$error":"#N/A"},{"$error":"#N/A"},{"$error":"#N/A"}]
[2023,1,29,6,44955.249999998356,null,null,null,null,null,null,null,null,{"$error":"#N/A"},{"$error":"#N/A"},{"$error":"#N/A"},{"$error":"#N/A"}]
[2023,1,29,7,44955.29166666502,null,null,null,null,null,null,null,null,{"$error":"#N/A"},{"$error":"#N/A"},{"$error":"#N/A"},{"$error":"#N/A"}]
[2023,1,29,8,44955.333333331684,null,null,null,null,null,null,null,null,{"$error":"#N/A"},{"$error":"#N/A"},{"$error":"#N/A"},{"$error":"#N/A"}]
[2023,1,29,9,44955.374999998348,null,null,null,null,null,null,null,null,{"$error":"#N/A"},{"$error":"#N/A"},{"$error":"#N/A"},{"$error":"#N/A"}]
[2023,1,29,10,44955.416666665013,null,null,null,null,null,null,null,null,{"$error":"#N/A"},{"$error":"#N/A"},{"$error":"#N/A"},{"$error":"#N/A"}]
[2023,1,29,11,44955.458333331677,null,null,null,null,null,null,null,null,{"$error":"#N/A"},{"$error":"#N/A"},{"$error":"#N/A"},{"$error":"#N/A"}]
[2023,1,29,12,44955.499999998341,null,null,null,null,null,null,null,null,{"$error":"#N/A"},{"$error":"#N/A"},{"$error":"#N/A"},{"$error":"#N/A"}]
[2023,1,29,13,44955.541666665005,null,null,null,null,null,null,null,null,{"$error":"#N/A"},{"$error":"#N/A"},{"$error":"#N/A"},{"$error":"#N/A"}]
[2023,1,29,14,44955.58333333167,null,null,null,null,null,null,null,null,{"$error":"#N/A"},{"$error":"#N/A"},{"$error":"#N/A"},{"$error":"#N/A"}]
[2023,1,29,15,44955.624999998334,null,null,null,null,null,null,null,null,{"$error":"#N/A"},{"$error":"#N/A"},{"$error":"#N/A"},{"$error":"#N/A"}]
[2023,1,29,16,44955.666666664998,null,null,null,null,null,null,null,null,{"$error":"#N/A"},{"$error":"#N/A"},{"$error":"#N/A"},{"$error":"#N/A"}]
[2023,1,29,17,44955.708333331662,null,null,null,null,null,null,null,null,{"$error":"#N/A"},{"$error":"#N/A"},{"$error":"#N/A"},{"$error":"#N/A"}]
[2023,1,29,18,44955.749999998327,null,null,null,null,null,null,null,null,{"$error":"#N/A"},{"$error":"#N/A"},{"$error":"#N/A"},{"$error":"#N/A"}]
[2023,1,29,19,44955.791666664991,null,null,null,null,null,null,null,null,{"$error":"#N/A"},{"$error":"#N/A"},{"$error":"#N/A"},{"$error":"#N/A"}]
[2023,1,29,20,44955.833333331655,null,null,null,null,null,null,null,null,{"$error":"#N/A"},{"$error":"#N/A"},{"$error":"#N/A"},{"$error":"#N/A"}]
[2023,1,29,21,44955.874999998319,null,null,null,null,null,null,null,null,{"$error":"#N/A"},{"$error":"#N/A"},{"$error":"#N/A"},{"$error":"#N/A"}]
[2023,1,29,22,44955.916666664983,null,null,null,null,null,null,null,null,{"$error":"#N/A"},{"$error":"#N/A"},{"$error":"#N/A"},{"$error":"#N/A"}]
[2023,1,29,23,44955.958333331648,null,null,null,null,null,null,null,null,{"$error":"#N/A"},{"$error":"#N/A"},{"$error":"#N/A"},{"$error":"#N/A"}]
[2023,1,30,0,44955.999999998312,null,null,null,null,null,null,null,null,{"$error":"#N/A"},{"$error":"#N/A"},{"$error":"#N/A"},{"$error":"#N/A"}]
[2023,1,30,1,44956.041666664976,null,null,null,null,null,null,null,null,{"$error":"#N/A"},{"$error":"#N/A"},{"$error":"#N/A"},{"$error":"#N/A"}]
[2023,1,30,2,44956.08333333164,null,null,null,null,null,null,null,null,{"$error":"#N/A"},{"$error":"#N/A"},{"$error":"#N/A"},{"$error":"#N/A"}]
[2023,1,30,3,44956.124999998305,null,null,null,null,null,null,null,null,{"$error":"#N/A"},{"$error":"#N/A"},{"$error":"#N/A"},{"$error":"#N/A"}]
[2023,1,30,4,44956.166666664969,null,null,null,null,null,null,null,null,{"$error":"#N/A"},{"$error":"#N/A"},{"$error":"#N/A"},{"$error":"#N/A"}]
[2023,1,30,5,44956.208333331633,null,null,null,null,null,null,null,null,{"$error":"#N/A"},{"$error":"#N/A"},{"$error":"#N/A"},{"$error":"#N/A"}]
[2023,1,30,6,44956.249999998297,null,null,null,null,null,null,null,null,{"$error":"#N/A"},{"$error":"#N/A"},{"$error":"#N/A"},{"$error":"#N/A"}]
[2023,1,30,7,44956.291666664962,null,null,null,null,null,null,null,null,{"$error":"#N/A"},{"$error":"#N/A"},{"$error":"#N/A"},{"$error":"#N/A"}]
[2023,1,30,8,44956.333333331626,null,null,null,null,null,null,null,null,{"$f":"IF(G706=\"Valid\", F706, NA())","v":{"$error":"#N/A"}},{"$f":"IF(G706=\"Valid\", H706, NA())","v":{"$error":"#N/A"}},{"$f":"IF(J706=\"Valid\", I706, NA())","v":{"$error":"#N/A"}},{"$f":"IF(J706=\"Valid\", K706, NA())","v":{"$error":"#N/A"}}]
[2023,1,30,9,44956.37499999829,null,null,null,null,null,null,null,null,{"$error":"#N/A"},{"$error":"#N/A"},{"$error":"#N/A"},{"$error":"#N/A"}]
[{"$f":"A707","v":2023},1,30,{"$f":"IF(D707=23,0,D707+1)","v":10},{"$f":"E707+0.0416666666666666","v":44956.416666664954},null,null,null,null,null,null,null,null,{"$error":"#N/A"},{"$error":"#N/A"},{"$error":"#N/A"},{"$error":"#N/A"}]
[2023,1,30,11,44956.458333331619,null,null,null,null,null,null,null,null,{"$error":"#N/A"},{"$error":"#N/A"},{"$error":"#N/A"},{"$error":"#N/A"}]
[2023,1,30,12,44956.499999998283,null,null,null,null,null,null,null,null,{"$error":"#N/A"},{"$error":"#N/A"},{"$error":"#N/A"},{"$error":"#N/A"}]
[2023,1,30,13,44956.541666664947,null,null,null,null,null,null,null,null,{"$error":"#N/A"},{"$error":"#N/A"},{"$error":"#N/A"},{"$error":"#N/A"}]
[2023,1,30,14,44956.583333331611,null,null,null,null,null,null,null,null,{"$error":"#N/A"},{"$error":"#N/A"},{"$error":"#N/A"},{"$error":"#N/A"}]
[2023,1,30,15,44956.624999998276,null,null,null,null,null,null,null,null,{"$error":"#N/A"},{"$error":"#N/A"},{"$error":"#N/A"},{"$error":"#N/A"}]
[2023,1,30,16,44956.66666666494,null,null,null,null,null,null,null,null,{"$error":"#N/A"},{"$error":"#N/A"},{"$error":"#N/A"},{"$error":"#N/A"}]
[2023,1,30,17,44956.708333331604,null,null,null,null,null,null,null,null,{"$error":"#N/A"},{"$error":"#N/A"},{"$error":"#N/A"},{"$error":"#N/A"}]
[2023,1,30,18,44956.749999998268,null,null,null,null,null,null,null,null,{"$error":"#N/A"},{"$error":"#N/A"},{"$error":"#N/A"},{"$error":"#N/A"}]
[2023,1,30,19,44956.791666664933,null,null,null,null,null,null,null,null,{"$error":"#N/A"},{"$error":"#N/A"},{"$error":"#N/A"},{"$error":"#N/A"}]
[2023,1,30,20,44956.833333331597,null,null,null,null,null,null,null,null,{"$error":"#N/A"},{"$error":"#N/A"},{"$error":"#N/A"},{"$error":"#N/A"}]
[2023,1,30,21,44956.874999998261,null,null,null,null,null,null,null,null,{"$error":"#N/A"},{"$error":"#N/A"},{"$error":"#N/A"},{"$error":"#N/A"}]
[2023,1,30,22,44956.916666664925,null,null,null,null,null,null,null,null,{"$error":"#N/A"},{"$error":"#N/A"},{"$error":"#N/A"},{"$error":"#N/A"}]
[2023,1,30,23,44956.95833333159,null,null,null,null,null,null,null,null,{"$error":"#N/A"},{"$error":"#N/A"},{"$error":"#N/A"},{"$error":"#N/A"}]
[null,null,null,null,null,null,null,null,null,null,null,null,null,{"$error":"#N/A"},{"$error":"#N/A"},{"$error":"#N/A"},{"$error":"#N/A"}]
[null,null,null,null,null,null,null,null,null,null,null,null,null,{"$error":"#N/A"},{"$error":"#N/A"},{"$error":"#N/A"},{"$error":"#N/A"}]
[null,null,null,null,null,null,null,null,null,null,null,null,null,{"$error":"#N/A"},{"$error":"#N/A"},{"$error":"#N/A"},{"$error":"#N/A"}]
[null,null,null,null,null,null,null,null,null,null,null,null,null,{"$error":"#N/A"},{"$error":"#N/A"},{"$error":"#N/A"},{"$error":"#N/A"}]
[null,null,null,null,null,null,null,null,null,null,null,null,null,{"$error":"#N/A"},{"$error":"#N/A"},{"$error":"#N/A"},{"$error":"#N/A"}]
[null,null,null,null,null,null,null,null,null,null,null,null,null,{"$error":"#N/A"},{"$error":"#N/A"},{"$error":"#N/A"},{"$error":"#N/A"}]
[null,null,null,null,null,null,null,null,null,null,null,null,null,{"$error":"#N/A"},{"$error":"#N/A"},{"$error":"#N/A"},{"$error":"#N/A"}]
[null,null,null,null,null,null,null,null,null,null,null,null,null,{"$error":"#N/A"},{"$error":"#N/A"},{"$error":"#N/A"},{"$error":"#N/A"}]
[null,null,null,null,null,null,null,null,null,null,null,null,null,{"$error":"#N/A"},{"$error":"#N/A"},{"$error":"#N/A"},{"$error":"#N/A"}]
[null,null,null,null,null,null,null,null,null,null,null,null,null,{"$error":"#N/A"},{"$error":"#N/A"},{"$error":"#N/A"},{"$error":"#N/A"}]
[null,null,null,null,null,null,null,null,null,null,null,null,null,{"$error":"#N/A"},{"$error":"#N/A"},{"$error":"#N/A"},{"$error":"#N/A"}]
[null,null,null,null,null,null,null,null,null,null,null,null,null,{"$error":"#N/A"},{"$error":"#N/A"},{"$error":"#N/A"},{"$error":"#N/A"}]
[null,null,null,null,null,null,null,null,null,null,null,null,null,{"$error":"#N/A"},{"$error":"#N/A"},{"$error":"#N/A"},{"$error":"#N/A"}]
[null,null,null,null,null,null,null,null,null,null,null,null,null,{"$error":"#N/A"},{"$error":"#N/A"},{"$error":"#N/A"},{"$error":"#N/A"}]
[null,null,null,null,null,null,null,null,null,null,null,null,null,{"$error":"#N/A"},{"$error":"#N/A"},{"$error":"#N/A"},{"$error":"#N/A"}]
[null,null,null,null,null,null,null,null,null,null,null,null,null,{"$error":"#N/A"},{"$error":"#N/A"},{"$error":"#N/A"},{"$error":"#N/A"}]
[null,null,null,null,null,null,null,null,null,null,null,null,null,{"$error":"#N/A"},{"$error":"#N/A"},{"$error":"#N/A"},{"$error":"#N/A"}]
[null,null,null,null,null,null,null,null,null,null,null,null,null,{"$error":"#N/A"},{"$error":"#N/A"},{"$error":"#N/A"},{"$error":"#N/A"}]
[null,null,null,null,null,null,null,null,null,null,null,null,null,{"$error":"#N/A"},{"$error":"#N/A"},{"$error":"#N/A"},{"$error":"#N/A"}]
[null,null,null,null,null,null,null,null,null,null,null,null,null,{"$error":"#N/A"},{"$error":"#N/A"},{"$error":"#N/A"},{"$error":"#N/A"}]
[null,null,null,null,null,null,null,null,null,null,null,null,null,{"$error":"#N/A"},{"$error":"#N/A"},{"$error":"#N/A"},{"$error":"#N/A"}]
[null,null,null,null,null,null,null,null,null,null,null,null,null,{"$error":"#N/A"},{"$error":"#N/A"},{"$error":"#N/A"},{"$error":"#N/A"}]
[null,null,null,null,null,null,null,null,null,null,null,null,null,{"$error":"#N/A"},{"$error":"#N/A"},{"$error":"#N/A"},{"$error":"#N/A"}]
[null,null,null,null,null,null,null,null,null,null,null,null,null,{"$error":"#N/A"},{"$error":"#N/A"},{"$error":"#N/A"},{"$error":"#N/A"}]

{"sheet":"Raw data_format","index":4,"n_rows":8,"n_cols":6,"rows_kept":8,"cut":false,"hidden":false,"merged":[]}
["Parameter","Format","Comment","Units of measure","Minimum","Maximum"]
["Year","yyyy","4 integer format","Not applicable",2015,"Until reporting ceases"]
["Month","mm","2 integer format","Not applicable",1,12]
["Day","dd","2 integer format","Not applicable",1,31]
["Hour","hh","2 integer format","Not applicable",0,23]
["PM10",0,"1 decimal place resolution","µg/m3","Negative","Instrument specific"]
["PM2.5",0,"2 decimal place resolution","µg/m3","Negative","Instrument specific"]
["Status","Text","7 character format","Not applicable","Valid","Invalid"]